66.249.74.192 - - [27/Aug/2026:02:48:53 -0700] "GET /ajax/productstorestocklist/?sku=76497889307&pref_cd= HTTP/1.1" 200 58485 "-" "Mozilla/5.0 (Linux; Android 6.0.1; Nexus 5X Build/MMB29P) AppleWebKit/537.36 (KHTML, like Gecko) Chrome/151.0.7922.173 Mobile Safari/537.36 (compatible; Googlebot/2.1; +http://www.google.com/bot.html)"
193.70.33.35 - - [27/Aug/2026:02:48:54 -0700] "GET /2026/08/27/no-deposit-added-bonus-southern-area-casino-madame-chance-no-deposit-bonus-africa-casinos-tested-2026/feed/ HTTP/1.1" 200 6839 "-" "Mozilla/5.0 (compatible; MJ12bot/v1.4.8; http://mj12bot.com/)"
66.249.74.194 - - [27/Aug/2026:02:48:54 -0700] "GET /?m=28971109923 HTTP/1.1" 200 62430 "-" "Mozilla/5.0 (Linux; Android 6.0.1; Nexus 5X Build/MMB29P) AppleWebKit/537.36 (KHTML, like Gecko) Chrome/151.0.7922.173 Mobile Safari/537.36 (compatible; GoogleOther)"
66.249.74.193 - - [27/Aug/2026:02:48:55 -0700] "GET /goods.php?n=55740751389 HTTP/1.1" 200 33334 "-" "Mozilla/5.0 (Linux; Android 6.0.1; Nexus 5X Build/MMB29P) AppleWebKit/537.36 (KHTML, like Gecko) Chrome/151.0.7922.173 Mobile Safari/537.36 (compatible; Googlebot/2.1; +http://www.google.com/bot.html)"
193.70.33.35 - - [27/Aug/2026:02:48:56 -0700] "GET /2026/08/27/no-deposit-bonus-australian-continent-finest-bonus-codes-2026/feed/ HTTP/1.1" 200 6793 "-" "Mozilla/5.0 (compatible; MJ12bot/v1.4.8; http://mj12bot.com/)"
57.141.0.69 - - [27/Aug/2026:02:48:56 -0700] "GET /?m=35658608875 HTTP/2.0" 200 19788 "-" "Mozilla/5.0 (Macintosh; Intel Mac OS X 10_15_7) AppleWebKit/537.36 (KHTML, like Gecko) Chrome/145.0.0.0 Safari/537.36 (compatible; meta-externalagent/1.1 (+https://developers.facebook.com/docs/sharing/webmasters/crawler))"
66.249.74.194 - - [27/Aug/2026:02:48:58 -0700] "GET /?m=33764450316 HTTP/1.1" 200 58181 "-" "Mozilla/5.0 (Linux; Android 6.0.1; Nexus 5X Build/MMB29P) AppleWebKit/537.36 (KHTML, like Gecko) Chrome/151.0.7922.173 Mobile Safari/537.36 (compatible; GoogleOther)"
91.214.143.60 - - [27/Aug/2026:02:48:57 -0700] "POST /xmlrpc.php HTTP/1.1" 200 5047 "-" "Mozilla/5.0 (Macintosh; Intel Mac OS X 10_15_7) AppleWebKit/605.1.15 (KHTML, like Gecko) Version/17.6 Safari/605.1.15"
193.70.33.35 - - [27/Aug/2026:02:48:58 -0700] "GET /2026/08/27/no-deposit-extra-rules-august-2026-low-wagering-verified-every-day/feed/ HTTP/1.1" 200 6813 "-" "Mozilla/5.0 (compatible; MJ12bot/v1.4.8; http://mj12bot.com/)"
193.70.33.35 - - [27/Aug/2026:02:49:00 -0700] "GET /2026/08/27/no-deposit-free-spins-august-2026-royalgame-casino-australia-100-free-revolves-now-offers-to-the-indication-up-in-britain/ HTTP/1.1" 200 30275 "-" "Mozilla/5.0 (compatible; MJ12bot/v1.4.8; http://mj12bot.com/)"
66.249.74.193 - - [27/Aug/2026:02:49:01 -0700] "GET /pc/index.php?m=59207093962 HTTP/1.1" 200 67840 "-" "Mozilla/5.0 (Linux; Android 6.0.1; Nexus 5X Build/MMB29P) AppleWebKit/537.36 (KHTML, like Gecko) Chrome/151.0.7922.173 Mobile Safari/537.36 (compatible; GoogleOther)"
91.214.143.60 - - [27/Aug/2026:02:49:02 -0700] "POST /xmlrpc.php HTTP/1.1" 200 5407 "-" "Mozilla/5.0 (Windows NT 10.0; Win64; x64) AppleWebKit/537.36 (KHTML, like Gecko) Chrome/134.0.0.0 Safari/537.36 Edg/134.0.0.0"
57.141.0.65 - - [27/Aug/2026:02:49:02 -0700] "GET /?m=11721670508 HTTP/2.0" 200 19795 "-" "Mozilla/5.0 (Windows NT 10.0; Win64; x64) AppleWebKit/537.36 (KHTML, like Gecko) Chrome/145.0.0.0 Safari/537.36 (compatible; meta-externalagent/1.1 (+https://developers.facebook.com/docs/sharing/webmasters/crawler))"
75.119.195.61 - - [27/Aug/2026:02:48:57 -0700] "POST /wp-cron.php?doing_wp_cron=1787824137.7793519496917724609375 HTTP/1.1" 200 6592 "-" "WordPress/7.1; https://www.ablogformylove.com"
193.70.33.35 - - [27/Aug/2026:02:49:03 -0700] "GET /2026/08/27/no-deposit-totally-free-spins-to-possess-mr-bet-casino-no-deposit-bonus-raging-rhino-by-the-wms-gambling/ HTTP/1.1" 200 30926 "-" "Mozilla/5.0 (compatible; MJ12bot/v1.4.8; http://mj12bot.com/)"
66.249.74.192 - - [27/Aug/2026:02:49:05 -0700] "GET /?m=45271730427 HTTP/1.1" 200 63261 "-" "Mozilla/5.0 (Linux; Android 6.0.1; Nexus 5X Build/MMB29P) AppleWebKit/537.36 (KHTML, like Gecko) Chrome/151.0.7922.173 Mobile Safari/537.36 (compatible; GoogleOther)"
91.214.143.60 - - [27/Aug/2026:02:49:04 -0700] "GET /2026/08/27/premio-escludendo-deposito-casino-adm-miglior-sito-online-rise-of-ra-tabella-autorizzato-2026/ HTTP/1.1" 200 25767 "-" "Mozilla/5.0 (Windows NT 10.0; Win64; x64) AppleWebKit/537.36 (KHTML, like Gecko) Chrome/124.0.0.0 Safari/537.36"
193.70.33.35 - - [27/Aug/2026:02:49:06 -0700] "GET /2026/08/27/official-position-trial-real-cash/ HTTP/1.1" 200 30683 "-" "Mozilla/5.0 (compatible; MJ12bot/v1.4.8; http://mj12bot.com/)"
114.119.155.153 - - [27/Aug/2026:02:49:05 -0700] "GET /2026/08/21/vliianie-nastavnichestva-na-vashu-pervuiu-pobedu/ HTTP/1.1" 200 29296 "https://www.ablogformylove.com/2026/08/21/" "Mozilla/5.0 (Linux; Android 7.0;) AppleWebKit/537.36 (HTML, like Gecko) Mobile Safari/537.36 (compatible; PetalBot;+https://webmaster.petalsearch.com/site/petalbot)"
66.249.74.192 - - [27/Aug/2026:02:49:08 -0700] "GET /pc/index.php?m=33388003306 HTTP/1.1" 200 60623 "-" "Mozilla/5.0 (Linux; Android 6.0.1; Nexus 5X Build/MMB29P) AppleWebKit/537.36 (KHTML, like Gecko) Chrome/151.0.7922.173 Mobile Safari/537.36 (compatible; GoogleOther)"
193.70.33.35 - - [27/Aug/2026:02:49:09 -0700] "GET /2026/08/27/on-line-pokies-australian-continent-sizzling-hot-install-slot-machine-play-harbors-for-real-money-at-the-ignition/ HTTP/1.1" 200 29833 "-" "Mozilla/5.0 (compatible; MJ12bot/v1.4.8; http://mj12bot.com/)"
193.70.33.35 - - [27/Aug/2026:02:49:11 -0700] "GET /2026/08/27/online-casino-mobile-app-im-test-spielerlebnis-jederzeit-und-uberall-geniessen/ HTTP/1.1" 200 29258 "-" "Mozilla/5.0 (compatible; MJ12bot/v1.4.8; http://mj12bot.com/)"
66.249.74.192 - - [27/Aug/2026:02:49:12 -0700] "GET /?m=85946571390 HTTP/1.1" 200 59213 "-" "Mozilla/5.0 (Linux; Android 6.0.1; Nexus 5X Build/MMB29P) AppleWebKit/537.36 (KHTML, like Gecko) Chrome/151.0.7922.173 Mobile Safari/537.36 (compatible; GoogleOther)"
57.141.8.38 - - [27/Aug/2026:02:49:14 -0700] "GET / HTTP/2.0" 200 25229 "-" "facebookexternalhit/1.1 (+http://www.facebook.com/externalhit_uatext.php)"
193.70.33.35 - - [27/Aug/2026:02:49:14 -0700] "GET /2026/08/27/online-ports-enjoy-local-casino-slots-enjoyment/ HTTP/1.1" 200 29775 "-" "Mozilla/5.0 (compatible; MJ12bot/v1.4.8; http://mj12bot.com/)"
66.249.74.192 - - [27/Aug/2026:02:49:15 -0700] "GET /?m=65677835269 HTTP/1.1" 200 58831 "-" "Mozilla/5.0 (Linux; Android 6.0.1; Nexus 5X Build/MMB29P) AppleWebKit/537.36 (KHTML, like Gecko) Chrome/151.0.7922.173 Mobile Safari/537.36 (compatible; GoogleOther)"
193.70.33.35 - - [27/Aug/2026:02:49:17 -0700] "GET /2026/08/27/page/2/ HTTP/1.1" 200 29986 "-" "Mozilla/5.0 (compatible; MJ12bot/v1.4.8; http://mj12bot.com/)"
66.249.74.192 - - [27/Aug/2026:02:49:19 -0700] "GET /?m=78428789335 HTTP/1.1" 200 58189 "-" "Mozilla/5.0 (Linux; Android 6.0.1; Nexus 5X Build/MMB29P) AppleWebKit/537.36 (KHTML, like Gecko) Chrome/151.0.7922.173 Mobile Safari/537.36 (compatible; GoogleOther)"
107.20.105.74 - - [27/Aug/2026:02:49:20 -0700] "HEAD / HTTP/2.0" 200 105 "http://75.119.195.61" "DreamHost SiteMonitor 1.0"
193.70.33.35 - - [27/Aug/2026:02:49:20 -0700] "GET /2026/08/27/peace-slot-by-the-microgaming-casino-red-stag-casino-sign-up-bonus-remark-enjoy-on-the-web-at-no-cost/ HTTP/1.1" 200 29949 "-" "Mozilla/5.0 (compatible; MJ12bot/v1.4.8; http://mj12bot.com/)"
66.249.74.192 - - [27/Aug/2026:02:49:22 -0700] "GET /ajax/productstorestocklist/?sku=44839977360&my_store=1 HTTP/1.1" 200 58824 "-" "Mozilla/5.0 (Linux; Android 6.0.1; Nexus 5X Build/MMB29P) AppleWebKit/537.36 (KHTML, like Gecko) Chrome/151.0.7922.173 Mobile Safari/537.36 (compatible; GoogleOther)"
193.70.33.35 - - [27/Aug/2026:02:49:22 -0700] "GET /2026/08/27/pirates-charm-totally-free-pokies-game-away-from-casino-ignition-100-free-spins-quickspin-that-have-limitless-loans/ HTTP/1.1" 200 29963 "-" "Mozilla/5.0 (compatible; MJ12bot/v1.4.8; http://mj12bot.com/)"
193.70.33.35 - - [27/Aug/2026:02:49:25 -0700] "GET /2026/08/27/play-casino-flamingo-club-goldilocks-as-well-as-the-nuts-holds-slot-free-spins-no-deposit-welcome-extra/feed/ HTTP/1.1" 200 6860 "-" "Mozilla/5.0 (compatible; MJ12bot/v1.4.8; http://mj12bot.com/)"
66.249.74.193 - - [27/Aug/2026:02:49:26 -0700] "GET /?m=2646817543 HTTP/1.1" 200 64232 "-" "Mozilla/5.0 (Linux; Android 6.0.1; Nexus 5X Build/MMB29P) AppleWebKit/537.36 (KHTML, like Gecko) Chrome/151.0.7922.173 Mobile Safari/537.36 (compatible; GoogleOther)"
193.70.33.35 - - [27/Aug/2026:02:49:27 -0700] "GET /2026/08/27/queen-of-ones-nile-sizzling-hot-paypal-slot-free-spins-dos-position-comment-2026-100-percent-free-play-demonstration/ HTTP/1.1" 200 29341 "-" "Mozilla/5.0 (compatible; MJ12bot/v1.4.8; http://mj12bot.com/)"
66.249.74.192 - - [27/Aug/2026:02:49:29 -0700] "GET /goods.php?o=83576403158 HTTP/1.1" 200 32458 "-" "Mozilla/5.0 (Linux; Android 6.0.1; Nexus 5X Build/MMB29P) AppleWebKit/537.36 (KHTML, like Gecko) Chrome/151.0.7922.173 Mobile Safari/537.36 (compatible; GoogleOther)"
193.70.33.35 - - [27/Aug/2026:02:49:30 -0700] "GET /2026/08/27/ramses-grand-eagle-90-free-spins-no-deposit-bonus-2023-book-real-day-analytics-rtp-and-srp/feed/ HTTP/1.1" 200 6852 "-" "Mozilla/5.0 (compatible; MJ12bot/v1.4.8; http://mj12bot.com/)"
57.141.0.54 - - [27/Aug/2026:02:49:32 -0700] "GET /?m=60466367303 HTTP/2.0" 200 19795 "-" "Mozilla/5.0 (Macintosh; Intel Mac OS X 10_15_7) AppleWebKit/537.36 (KHTML, like Gecko) Chrome/145.0.0.0 Safari/537.36 (compatible; meta-externalagent/1.1 (+https://developers.facebook.com/docs/sharing/webmasters/crawler))"
66.249.74.193 - - [27/Aug/2026:02:49:32 -0700] "GET /?m=12032269727 HTTP/1.1" 200 63058 "-" "Mozilla/5.0 (Linux; Android 6.0.1; Nexus 5X Build/MMB29P) AppleWebKit/537.36 (KHTML, like Gecko) Chrome/151.0.7922.173 Mobile Safari/537.36 (compatible; GoogleOther)"
193.70.33.35 - - [27/Aug/2026:02:49:32 -0700] "GET /2026/08/27/ramses-primebetz-original-app-revenge-relax-gambling-trial-and-you-will-slot-remark/ HTTP/1.1" 200 30324 "-" "Mozilla/5.0 (compatible; MJ12bot/v1.4.8; http://mj12bot.com/)"
57.141.0.60 - - [27/Aug/2026:02:49:33 -0700] "GET /?m=98868249194 HTTP/2.0" 200 19797 "-" "Mozilla/5.0 (Windows NT 10.0; Win64; x64) AppleWebKit/537.36 (KHTML, like Gecko) Chrome/145.0.0.0 Safari/537.36 (compatible; meta-externalagent/1.1 (+https://developers.facebook.com/docs/sharing/webmasters/crawler))"
193.70.33.35 - - [27/Aug/2026:02:49:35 -0700] "GET /2026/08/27/raspadinha-online-10-melhores-sites-uma-vez-que-arruii-aparelhamento-infantilidade-raspar-2026/ HTTP/1.1" 200 31020 "-" "Mozilla/5.0 (compatible; MJ12bot/v1.4.8; http://mj12bot.com/)"
66.249.74.193 - - [27/Aug/2026:02:49:35 -0700] "GET /?m=63015664393 HTTP/1.1" 200 58675 "-" "Mozilla/5.0 (Linux; Android 6.0.1; Nexus 5X Build/MMB29P) AppleWebKit/537.36 (KHTML, like Gecko) Chrome/151.0.7922.173 Mobile Safari/537.36 (compatible; GoogleOther)"
193.70.33.35 - - [27/Aug/2026:02:49:38 -0700] "GET /2026/08/27/rather-cat-slot-review-97percent-playojo-50-free-spins-no-deposit-bonus-rtp-microgaming-2026/ HTTP/1.1" 200 29408 "-" "Mozilla/5.0 (compatible; MJ12bot/v1.4.8; http://mj12bot.com/)"
66.249.74.194 - - [27/Aug/2026:02:49:39 -0700] "GET /shop.php?e=14585724206944 HTTP/1.1" 200 32044 "-" "Mozilla/5.0 (Linux; Android 6.0.1; Nexus 5X Build/MMB29P) AppleWebKit/537.36 (KHTML, like Gecko) Chrome/151.0.7922.173 Mobile Safari/537.36 (compatible; GoogleOther)"
193.70.33.35 - - [27/Aug/2026:02:49:40 -0700] "GET /2026/08/27/rather-kitty-winners-reviews-and-greatest-casinos/feed/ HTTP/1.1" 200 6793 "-" "Mozilla/5.0 (compatible; MJ12bot/v1.4.8; http://mj12bot.com/)"
66.249.74.192 - - [27/Aug/2026:02:49:42 -0700] "GET /?m=78362246009 HTTP/1.1" 200 63474 "-" "Mozilla/5.0 (Linux; Android 6.0.1; Nexus 5X Build/MMB29P) AppleWebKit/537.36 (KHTML, like Gecko) Chrome/151.0.7922.173 Mobile Safari/537.36 (compatible; GoogleOther)"
193.70.33.35 - - [27/Aug/2026:02:49:43 -0700] "GET /2026/08/27/real-cash-harbors-us-best-online-position-sites-2026/ HTTP/1.1" 200 29546 "-" "Mozilla/5.0 (compatible; MJ12bot/v1.4.8; http://mj12bot.com/)"
57.141.0.5 - - [27/Aug/2026:02:49:44 -0700] "GET /wp-json/oembed/1.0/embed?url=https%3A%2F%2Fwww.ablogformylove.com%2F2026%2F08%2F24%2Fcasino-non-aams-faq-common-questions-answered-3%2F HTTP/2.0" 200 2757 "-" "Mozilla/5.0 (Windows NT 10.0; Win64; x64) AppleWebKit/537.36 (KHTML, like Gecko) Chrome/145.0.0.0 Safari/537.36 (compatible; meta-externalagent/1.1 (+https://developers.facebook.com/docs/sharing/webmasters/crawler))"
193.70.33.35 - - [27/Aug/2026:02:49:45 -0700] "GET /2026/08/27/slot-minimum-deposit-5-online-casino-machines-zero-download-gamble-online-slot-video-game-enjoyment/feed/ HTTP/1.1" 200 6846 "-" "Mozilla/5.0 (compatible; MJ12bot/v1.4.8; http://mj12bot.com/)"
66.249.74.192 - - [27/Aug/2026:02:49:46 -0700] "GET /ajax/productdeliverycalendar/?sku=58961889638&offset= HTTP/1.1" 200 59310 "-" "Mozilla/5.0 (Linux; Android 6.0.1; Nexus 5X Build/MMB29P) AppleWebKit/537.36 (KHTML, like Gecko) Chrome/151.0.7922.173 Mobile Safari/537.36 (compatible; GoogleOther)"
57.141.0.9 - - [27/Aug/2026:02:49:48 -0700] "GET /?m=77248710119 HTTP/2.0" 200 19797 "-" "Mozilla/5.0 (Windows NT 10.0; Win64; x64) AppleWebKit/537.36 (KHTML, like Gecko) Chrome/145.0.0.0 Safari/537.36 (compatible; meta-externalagent/1.1 (+https://developers.facebook.com/docs/sharing/webmasters/crawler))"
193.70.33.35 - - [27/Aug/2026:02:49:48 -0700] "GET /2026/08/27/slot-rtp-database-2026-examine-11299-position-rtps/ HTTP/1.1" 200 30634 "-" "Mozilla/5.0 (compatible; MJ12bot/v1.4.8; http://mj12bot.com/)"
57.141.0.19 - - [27/Aug/2026:02:49:48 -0700] "GET /?m=83817580625 HTTP/2.0" 200 19797 "-" "Mozilla/5.0 (Windows NT 10.0; Win64; x64) AppleWebKit/537.36 (KHTML, like Gecko) Chrome/145.0.0.0 Safari/537.36 (compatible; meta-externalagent/1.1 (+https://developers.facebook.com/docs/sharing/webmasters/crawler))"
66.249.74.192 - - [27/Aug/2026:02:49:49 -0700] "GET /?m=17613424684 HTTP/1.1" 200 59122 "-" "Mozilla/5.0 (Linux; Android 6.0.1; Nexus 5X Build/MMB29P) AppleWebKit/537.36 (KHTML, like Gecko) Chrome/151.0.7922.173 Mobile Safari/537.36 (compatible; GoogleOther)"
57.141.0.7 - - [27/Aug/2026:02:49:49 -0700] "GET /?m=98404004354 HTTP/2.0" 200 19797 "-" "Mozilla/5.0 (Windows NT 10.0; Win64; x64) AppleWebKit/537.36 (KHTML, like Gecko) Chrome/145.0.0.0 Safari/537.36 (compatible; meta-externalagent/1.1 (+https://developers.facebook.com/docs/sharing/webmasters/crawler))"
193.70.33.35 - - [27/Aug/2026:02:49:50 -0700] "GET /2026/08/27/small-strike-betprimeiro-aviator-app-download-precious-metal-slots-totally-free-triple-blazing-7s-by-bally/ HTTP/1.1" 200 30366 "-" "Mozilla/5.0 (compatible; MJ12bot/v1.4.8; http://mj12bot.com/)"
66.249.74.193 - - [27/Aug/2026:02:49:52 -0700] "GET /?m=80232786009 HTTP/1.1" 200 63091 "-" "Mozilla/5.0 (Linux; Android 6.0.1; Nexus 5X Build/MMB29P) AppleWebKit/537.36 (KHTML, like Gecko) Chrome/151.0.7922.173 Mobile Safari/537.36 (compatible; GoogleOther)"
193.70.33.35 - - [27/Aug/2026:02:49:53 -0700] "GET /2026/08/27/southern-area-park/ HTTP/1.1" 200 29976 "-" "Mozilla/5.0 (compatible; MJ12bot/v1.4.8; http://mj12bot.com/)"
193.70.33.35 - - [27/Aug/2026:02:49:56 -0700] "GET /2026/08/27/specific-online-game-such-as-jackpot-ports-otherwise-dining-table-games-will-most-likely-not-amount-to-your-the-newest-playthrough-plus-specific-claims-its-limited-to-ports-you-have-made/feed/ HTTP/1.1" 200 7238 "-" "Mozilla/5.0 (compatible; MJ12bot/v1.4.8; http://mj12bot.com/)"
66.249.74.195 - - [27/Aug/2026:02:49:56 -0700] "GET /shop.php?e=42277324360221 HTTP/1.1" 200 31614 "-" "Mozilla/5.0 (Linux; Android 6.0.1; Nexus 5X Build/MMB29P) AppleWebKit/537.36 (KHTML, like Gecko) Chrome/151.0.7922.173 Mobile Safari/537.36 (compatible; GoogleOther)"
193.70.33.35 - - [27/Aug/2026:02:49:58 -0700] "GET /2026/08/27/step-one-deposit-casinos-uk-tested-verified-august-2026/feed/ HTTP/1.1" 200 6814 "-" "Mozilla/5.0 (compatible; MJ12bot/v1.4.8; http://mj12bot.com/)"
66.249.74.194 - - [27/Aug/2026:02:49:59 -0700] "GET /?m=82730015559 HTTP/1.1" 200 63436 "-" "Mozilla/5.0 (Linux; Android 6.0.1; Nexus 5X Build/MMB29P) AppleWebKit/537.36 (KHTML, like Gecko) Chrome/151.0.7922.173 Mobile Safari/537.36 (compatible; GoogleOther)"
193.70.33.35 - - [27/Aug/2026:02:50:00 -0700] "GET /2026/08/27/super-casino-secret-romance-joker-ports/feed/ HTTP/1.1" 200 6780 "-" "Mozilla/5.0 (compatible; MJ12bot/v1.4.8; http://mj12bot.com/)"
66.249.74.193 - - [27/Aug/2026:02:50:02 -0700] "GET /pc/index.php?m=41882686909 HTTP/1.1" 200 63469 "-" "Mozilla/5.0 (Linux; Android 6.0.1; Nexus 5X Build/MMB29P) AppleWebKit/537.36 (KHTML, like Gecko) Chrome/151.0.7922.173 Mobile Safari/537.36 (compatible; GoogleOther)"
57.141.0.30 - - [27/Aug/2026:02:50:03 -0700] "GET /?m=39611004851 HTTP/2.0" 200 19795 "-" "Mozilla/5.0 (X11; Linux x86_64) AppleWebKit/537.36 (KHTML, like Gecko) Chrome/145.0.0.0 Safari/537.36 (compatible; meta-externalagent/1.1 (+https://developers.facebook.com/docs/sharing/webmasters/crawler))"
193.70.33.35 - - [27/Aug/2026:02:50:03 -0700] "GET /2026/08/27/ten-casino-gala-mobile-best-web-based-casinos-a-real-income-united-states-of-america-aug-2026/ HTTP/1.1" 200 31315 "-" "Mozilla/5.0 (compatible; MJ12bot/v1.4.8; http://mj12bot.com/)"
66.249.74.192 - - [27/Aug/2026:02:50:06 -0700] "GET /goods.php?k=32423757485 HTTP/1.1" 200 32795 "-" "Mozilla/5.0 (Linux; Android 6.0.1; Nexus 5X Build/MMB29P) AppleWebKit/537.36 (KHTML, like Gecko) Chrome/151.0.7922.173 Mobile Safari/537.36 (compatible; GoogleOther)"
193.70.33.35 - - [27/Aug/2026:02:50:06 -0700] "GET /2026/08/27/the-best-the-brand-new-online-casinos-well-worth-seeking-to-inside-the-august-2026/feed/ HTTP/1.1" 200 6827 "-" "Mozilla/5.0 (compatible; MJ12bot/v1.4.8; http://mj12bot.com/)"
193.70.33.35 - - [27/Aug/2026:02:50:08 -0700] "GET /2026/08/27/the-newest-loki-50-free-spins-no-deposit-required-web-based-casinos-2025-top-ten-newest-gambling-establishment-websites/feed/ HTTP/1.1" 200 6867 "-" "Mozilla/5.0 (compatible; MJ12bot/v1.4.8; http://mj12bot.com/)"
66.249.74.193 - - [27/Aug/2026:02:50:09 -0700] "GET /?m=32806466065 HTTP/1.1" 200 65171 "-" "Mozilla/5.0 (Linux; Android 6.0.1; Nexus 5X Build/MMB29P) AppleWebKit/537.36 (KHTML, like Gecko) Chrome/151.0.7922.173 Mobile Safari/537.36 (compatible; GoogleOther)"
193.70.33.35 - - [27/Aug/2026:02:50:10 -0700] "GET /2026/08/27/thunderbolt-casino-coupon-codes-2026-100-percent-free-chips-suits-incentives/ HTTP/1.1" 200 30063 "-" "Mozilla/5.0 (compatible; MJ12bot/v1.4.8; http://mj12bot.com/)"
57.141.0.62 - - [27/Aug/2026:02:50:11 -0700] "GET /?m=63637829041 HTTP/2.0" 200 19794 "-" "Mozilla/5.0 (Macintosh; Intel Mac OS X 10_15_7) AppleWebKit/537.36 (KHTML, like Gecko) Chrome/145.0.0.0 Safari/537.36 (compatible; meta-externalagent/1.1 (+https://developers.facebook.com/docs/sharing/webmasters/crawler))"
66.249.74.193 - - [27/Aug/2026:02:50:12 -0700] "GET /?m=22664901544 HTTP/1.1" 200 58165 "-" "Mozilla/5.0 (Linux; Android 6.0.1; Nexus 5X Build/MMB29P) AppleWebKit/537.36 (KHTML, like Gecko) Chrome/151.0.7922.173 Mobile Safari/537.36 (compatible; GoogleOther)"
193.70.33.35 - - [27/Aug/2026:02:50:13 -0700] "GET /2026/08/27/thunderstruck-on-the-web-demonstration-play-slots-at-no-cost/ HTTP/1.1" 200 30830 "-" "Mozilla/5.0 (compatible; MJ12bot/v1.4.8; http://mj12bot.com/)"
193.70.33.35 - - [27/Aug/2026:02:50:16 -0700] "GET /2026/08/27/tomb-raider-slot-by-microgaming-casino-joy-real-money-gamble-totally-free-trial/ HTTP/1.1" 200 30368 "-" "Mozilla/5.0 (compatible; MJ12bot/v1.4.8; http://mj12bot.com/)"
66.249.74.192 - - [27/Aug/2026:02:50:16 -0700] "GET /?m=15873088593 HTTP/1.1" 200 63764 "-" "Mozilla/5.0 (Linux; Android 6.0.1; Nexus 5X Build/MMB29P) AppleWebKit/537.36 (KHTML, like Gecko) Chrome/151.0.7922.173 Mobile Safari/537.36 (compatible; GoogleOther)"
193.70.33.35 - - [27/Aug/2026:02:50:18 -0700] "GET /2026/08/27/totally-casino-dwarfs-gone-wild-rtp-free-spins-no-deposit-required/ HTTP/1.1" 200 30463 "-" "Mozilla/5.0 (compatible; MJ12bot/v1.4.8; http://mj12bot.com/)"
66.249.74.192 - - [27/Aug/2026:02:50:19 -0700] "GET /ajax/productstorestocklist/?sku=75597641879&lat= HTTP/1.1" 200 59309 "-" "Mozilla/5.0 (Linux; Android 6.0.1; Nexus 5X Build/MMB29P) AppleWebKit/537.36 (KHTML, like Gecko) Chrome/151.0.7922.173 Mobile Safari/537.36 (compatible; Googlebot/2.1; +http://www.google.com/bot.html)"
66.249.74.192 - - [27/Aug/2026:02:50:20 -0700] "GET /pc/index.php?m=44322875888 HTTP/1.1" 200 58571 "-" "Mozilla/5.0 (Linux; Android 6.0.1; Nexus 5X Build/MMB29P) AppleWebKit/537.36 (KHTML, like Gecko) Chrome/151.0.7922.173 Mobile Safari/537.36 (compatible; GoogleOther)"
193.70.33.35 - - [27/Aug/2026:02:50:21 -0700] "GET /2026/08/27/totally-free-sweeps-coins-gambling-enterprises-no-deposit-incentives-at-the-sweeps-casinos/feed/ HTTP/1.1" 200 6828 "-" "Mozilla/5.0 (compatible; MJ12bot/v1.4.8; http://mj12bot.com/)"
114.119.145.7 - - [27/Aug/2026:02:50:20 -0700] "GET /2026/08/15/fenomenul-slot-urilor-la-casa-de-jocuri/ HTTP/1.1" 200 28306 "https://www.ablogformylove.com/2026/08/15/page/2/" "Mozilla/5.0 (Linux; Android 7.0;) AppleWebKit/537.36 (HTML, like Gecko) Mobile Safari/537.36 (compatible; PetalBot;+https://webmaster.petalsearch.com/site/petalbot)"
66.249.74.193 - - [27/Aug/2026:02:50:23 -0700] "GET /ajax/productstorestocklist/?sku=92677116226&pref_cd= HTTP/1.1" 200 63633 "-" "Mozilla/5.0 (Linux; Android 6.0.1; Nexus 5X Build/MMB29P) AppleWebKit/537.36 (KHTML, like Gecko) Chrome/151.0.7922.173 Mobile Safari/537.36 (compatible; GoogleOther)"
193.70.33.35 - - [27/Aug/2026:02:50:23 -0700] "GET /2026/08/27/trolls-position-info-100-percent-free-revolves-and-more/ HTTP/1.1" 200 28954 "-" "Mozilla/5.0 (compatible; MJ12bot/v1.4.8; http://mj12bot.com/)"
193.70.33.35 - - [27/Aug/2026:02:50:26 -0700] "GET /2026/08/27/usa-lottery-overall-performance-payout-charts-investigation/feed/ HTTP/1.1" 200 6808 "-" "Mozilla/5.0 (compatible; MJ12bot/v1.4.8; http://mj12bot.com/)"
57.141.0.64 - - [27/Aug/2026:02:50:25 -0700] "GET /?m=3151920967 HTTP/2.0" 200 19795 "-" "Mozilla/5.0 (Windows NT 10.0; Win64; x64) AppleWebKit/537.36 (KHTML, like Gecko) Chrome/145.0.0.0 Safari/537.36 (compatible; meta-externalagent/1.1 (+https://developers.facebook.com/docs/sharing/webmasters/crawler))"
66.249.74.192 - - [27/Aug/2026:02:50:26 -0700] "GET /shop.php?e=16691591984836 HTTP/1.1" 200 31695 "-" "Mozilla/5.0 (Linux; Android 6.0.1; Nexus 5X Build/MMB29P) AppleWebKit/537.36 (KHTML, like Gecko) Chrome/151.0.7922.173 Mobile Safari/537.36 (compatible; GoogleOther)"
193.70.33.35 - - [27/Aug/2026:02:50:28 -0700] "GET /2026/08/27/very-successful-small-company-play-sizzling-hot-fixed-ideas-for-2026/ HTTP/1.1" 200 30149 "-" "Mozilla/5.0 (compatible; MJ12bot/v1.4.8; http://mj12bot.com/)"
66.249.74.193 - - [27/Aug/2026:02:50:30 -0700] "GET /goods.php?g=84642462611 HTTP/1.1" 200 32970 "-" "Mozilla/5.0 (Linux; Android 6.0.1; Nexus 5X Build/MMB29P) AppleWebKit/537.36 (KHTML, like Gecko) Chrome/151.0.7922.173 Mobile Safari/537.36 (compatible; GoogleOther)"
193.70.33.35 - - [27/Aug/2026:02:50:31 -0700] "GET /2026/08/27/wonders-easy-methods-to-winnings-to-the-app-bet-spybet-pokies-includes-free-bonus-money/ HTTP/1.1" 200 30751 "-" "Mozilla/5.0 (compatible; MJ12bot/v1.4.8; http://mj12bot.com/)"
66.249.74.192 - - [27/Aug/2026:02:50:33 -0700] "GET /?m=17876700431 HTTP/1.1" 200 62868 "-" "Mozilla/5.0 (Linux; Android 6.0.1; Nexus 5X Build/MMB29P) AppleWebKit/537.36 (KHTML, like Gecko) Chrome/151.0.7922.173 Mobile Safari/537.36 (compatible; GoogleOther)"
193.70.33.35 - - [27/Aug/2026:02:50:33 -0700] "GET /2026/08/27/yahtzee-instant-faucet-light-wonder-comment/ HTTP/1.1" 200 29304 "-" "Mozilla/5.0 (compatible; MJ12bot/v1.4.8; http://mj12bot.com/)"
66.249.74.194 - - [27/Aug/2026:02:50:36 -0700] "GET /goods.php?z=25017168962 HTTP/1.1" 200 34446 "-" "Mozilla/5.0 (Linux; Android 6.0.1; Nexus 5X Build/MMB29P) AppleWebKit/537.36 (KHTML, like Gecko) Chrome/151.0.7922.173 Mobile Safari/537.36 (compatible; GoogleOther)"
193.70.33.35 - - [27/Aug/2026:02:50:36 -0700] "GET /2026/08/27/zodiac-casino-remark-2026-withdrawals-places-and-casino-oceanbets-100-free-spins-security/feed/ HTTP/1.1" 200 6840 "-" "Mozilla/5.0 (compatible; MJ12bot/v1.4.8; http://mj12bot.com/)"
193.70.33.35 - - [27/Aug/2026:02:50:39 -0700] "GET /2026/08/page/4/ HTTP/1.1" 200 29986 "-" "Mozilla/5.0 (compatible; MJ12bot/v1.4.8; http://mj12bot.com/)"
66.249.74.193 - - [27/Aug/2026:02:50:39 -0700] "GET /?m=10932780885 HTTP/1.1" 200 64374 "-" "Mozilla/5.0 (Linux; Android 6.0.1; Nexus 5X Build/MMB29P) AppleWebKit/537.36 (KHTML, like Gecko) Chrome/151.0.7922.173 Mobile Safari/537.36 (compatible; GoogleOther)"
193.70.33.35 - - [27/Aug/2026:02:50:42 -0700] "GET /2026/page/4/ HTTP/1.1" 200 29977 "-" "Mozilla/5.0 (compatible; MJ12bot/v1.4.8; http://mj12bot.com/)"
66.249.74.192 - - [27/Aug/2026:02:50:43 -0700] "GET /?m=91107307354 HTTP/1.1" 200 63341 "-" "Mozilla/5.0 (Linux; Android 6.0.1; Nexus 5X Build/MMB29P) AppleWebKit/537.36 (KHTML, like Gecko) Chrome/151.0.7922.173 Mobile Safari/537.36 (compatible; GoogleOther)"
193.70.33.35 - - [27/Aug/2026:02:50:44 -0700] "GET /author/wp-support-openai-env/page/5/ HTTP/1.1" 200 29341 "-" "Mozilla/5.0 (compatible; MJ12bot/v1.4.8; http://mj12bot.com/)"
66.249.74.193 - - [27/Aug/2026:02:50:46 -0700] "GET /shop.php?e=44259409073363 HTTP/1.1" 200 31647 "-" "Mozilla/5.0 (Linux; Android 6.0.1; Nexus 5X Build/MMB29P) AppleWebKit/537.36 (KHTML, like Gecko) Chrome/151.0.7922.173 Mobile Safari/537.36 (compatible; GoogleOther)"
66.249.74.193 - - [27/Aug/2026:02:50:49 -0700] "GET /?m=48755309656 HTTP/1.1" 200 58200 "-" "Mozilla/5.0 (Linux; Android 6.0.1; Nexus 5X Build/MMB29P) AppleWebKit/537.36 (KHTML, like Gecko) Chrome/151.0.7922.173 Mobile Safari/537.36 (compatible; GoogleOther)"
66.249.74.193 - - [27/Aug/2026:02:50:53 -0700] "GET /?m=32984654962 HTTP/1.1" 200 57888 "-" "Mozilla/5.0 (Linux; Android 6.0.1; Nexus 5X Build/MMB29P) AppleWebKit/537.36 (KHTML, like Gecko) Chrome/151.0.7922.173 Mobile Safari/537.36 (compatible; GoogleOther)"
66.249.74.195 - - [27/Aug/2026:02:50:57 -0700] "GET /shop.php?e=15985396290342 HTTP/1.1" 200 31232 "-" "Mozilla/5.0 (Linux; Android 6.0.1; Nexus 5X Build/MMB29P) AppleWebKit/537.36 (KHTML, like Gecko) Chrome/151.0.7922.173 Mobile Safari/537.36 (compatible; GoogleOther)"
66.249.74.194 - - [27/Aug/2026:02:51:00 -0700] "GET /kaden/mtalk/?sku=28122220070 HTTP/1.1" 200 63905 "-" "Mozilla/5.0 (Linux; Android 6.0.1; Nexus 5X Build/MMB29P) AppleWebKit/537.36 (KHTML, like Gecko) Chrome/151.0.7922.173 Mobile Safari/537.36 (compatible; GoogleOther)"
66.249.74.192 - - [27/Aug/2026:02:51:04 -0700] "GET /?m=42917248910 HTTP/1.1" 200 63956 "-" "Mozilla/5.0 (Linux; Android 6.0.1; Nexus 5X Build/MMB29P) AppleWebKit/537.36 (KHTML, like Gecko) Chrome/151.0.7922.173 Mobile Safari/537.36 (compatible; GoogleOther)"
66.249.74.192 - - [27/Aug/2026:02:51:07 -0700] "GET /goods.php?z=72548625621 HTTP/1.1" 200 28400 "-" "Mozilla/5.0 (Linux; Android 6.0.1; Nexus 5X Build/MMB29P) AppleWebKit/537.36 (KHTML, like Gecko) Chrome/151.0.7922.173 Mobile Safari/537.36 (compatible; GoogleOther)"
66.249.74.193 - - [27/Aug/2026:02:51:08 -0700] "GET /goods.php?k=32423757485 HTTP/1.1" 200 32795 "-" "Mozilla/5.0 (Linux; Android 6.0.1; Nexus 5X Build/MMB29P) AppleWebKit/537.36 (KHTML, like Gecko) Chrome/151.0.7922.173 Mobile Safari/537.36 (compatible; Googlebot/2.1; +http://www.google.com/bot.html)"
57.141.0.21 - - [27/Aug/2026:02:51:08 -0700] "GET /?m=1458352814 HTTP/2.0" 200 19795 "-" "Mozilla/5.0 (Windows NT 10.0; Win64; x64) AppleWebKit/537.36 (KHTML, like Gecko) Chrome/145.0.0.0 Safari/537.36 (compatible; meta-externalagent/1.1 (+https://developers.facebook.com/docs/sharing/webmasters/crawler))"
66.249.74.192 - - [27/Aug/2026:02:51:10 -0700] "GET /?m=76136420778/ HTTP/1.1" 200 65432 "-" "Mozilla/5.0 (Linux; Android 6.0.1; Nexus 5X Build/MMB29P) AppleWebKit/537.36 (KHTML, like Gecko) Chrome/151.0.7922.173 Mobile Safari/537.36 (compatible; Googlebot/2.1; +http://www.google.com/bot.html)"
66.249.74.192 - - [27/Aug/2026:02:51:11 -0700] "GET /?m=90176757728 HTTP/1.1" 200 58176 "-" "Mozilla/5.0 (Linux; Android 6.0.1; Nexus 5X Build/MMB29P) AppleWebKit/537.36 (KHTML, like Gecko) Chrome/151.0.7922.173 Mobile Safari/537.36 (compatible; Googlebot/2.1; +http://www.google.com/bot.html)"
66.249.74.192 - - [27/Aug/2026:02:51:12 -0700] "GET /?m=36179239039 HTTP/1.1" 200 64165 "-" "Mozilla/5.0 (Linux; Android 6.0.1; Nexus 5X Build/MMB29P) AppleWebKit/537.36 (KHTML, like Gecko) Chrome/151.0.7922.173 Mobile Safari/537.36 (compatible; GoogleOther)"
66.249.74.193 - - [27/Aug/2026:02:51:15 -0700] "GET /shop.php?e=40947974507850 HTTP/1.1" 200 31924 "-" "Mozilla/5.0 (Linux; Android 6.0.1; Nexus 5X Build/MMB29P) AppleWebKit/537.36 (KHTML, like Gecko) Chrome/151.0.7922.173 Mobile Safari/537.36 (compatible; GoogleOther)"
66.249.74.193 - - [27/Aug/2026:02:51:19 -0700] "GET /?m=38414464762 HTTP/1.1" 200 59397 "-" "Mozilla/5.0 (Linux; Android 6.0.1; Nexus 5X Build/MMB29P) AppleWebKit/537.36 (KHTML, like Gecko) Chrome/151.0.7922.173 Mobile Safari/537.36 (compatible; GoogleOther)"
66.249.74.193 - - [27/Aug/2026:02:51:23 -0700] "GET /?m=41018360068 HTTP/1.1" 200 59156 "-" "Mozilla/5.0 (Linux; Android 6.0.1; Nexus 5X Build/MMB29P) AppleWebKit/537.36 (KHTML, like Gecko) Chrome/151.0.7922.173 Mobile Safari/537.36 (compatible; GoogleOther)"
57.141.0.13 - - [27/Aug/2026:02:51:22 -0700] "GET /?m=41476436822 HTTP/2.0" 200 19795 "-" "Mozilla/5.0 (Windows NT 10.0; Win64; x64) AppleWebKit/537.36 (KHTML, like Gecko) Chrome/145.0.0.0 Safari/537.36 (compatible; meta-externalagent/1.1 (+https://developers.facebook.com/docs/sharing/webmasters/crawler))"
57.141.0.46 - - [27/Aug/2026:02:51:25 -0700] "GET /?m=15414291392 HTTP/2.0" 200 19796 "-" "Mozilla/5.0 (Macintosh; Intel Mac OS X 10_15_7) AppleWebKit/537.36 (KHTML, like Gecko) Chrome/145.0.0.0 Safari/537.36 (compatible; meta-externalagent/1.1 (+https://developers.facebook.com/docs/sharing/webmasters/crawler))"
66.249.74.193 - - [27/Aug/2026:02:51:26 -0700] "GET /?m=59941674918 HTTP/1.1" 200 58129 "-" "Mozilla/5.0 (Linux; Android 6.0.1; Nexus 5X Build/MMB29P) AppleWebKit/537.36 (KHTML, like Gecko) Chrome/151.0.7922.173 Mobile Safari/537.36 (compatible; GoogleOther)"
66.249.74.194 - - [27/Aug/2026:02:51:30 -0700] "GET /pc/index.php?m=27776099721 HTTP/1.1" 200 64374 "-" "Mozilla/5.0 (Linux; Android 6.0.1; Nexus 5X Build/MMB29P) AppleWebKit/537.36 (KHTML, like Gecko) Chrome/151.0.7922.173 Mobile Safari/537.36 (compatible; GoogleOther)"
57.141.0.54 - - [27/Aug/2026:02:51:31 -0700] "GET /?m=69999784434 HTTP/2.0" 200 19795 "-" "Mozilla/5.0 (Windows NT 10.0; Win64; x64) AppleWebKit/537.36 (KHTML, like Gecko) Chrome/145.0.0.0 Safari/537.36 (compatible; meta-externalagent/1.1 (+https://developers.facebook.com/docs/sharing/webmasters/crawler))"
66.249.74.193 - - [27/Aug/2026:02:51:34 -0700] "GET /goods.php?s=53045822027 HTTP/1.1" 200 33090 "-" "Mozilla/5.0 (Linux; Android 6.0.1; Nexus 5X Build/MMB29P) AppleWebKit/537.36 (KHTML, like Gecko) Chrome/151.0.7922.173 Mobile Safari/537.36 (compatible; GoogleOther)"
66.249.74.194 - - [27/Aug/2026:02:51:37 -0700] "GET /?m=6983011596 HTTP/1.1" 200 64211 "-" "Mozilla/5.0 (Linux; Android 6.0.1; Nexus 5X Build/MMB29P) AppleWebKit/537.36 (KHTML, like Gecko) Chrome/151.0.7922.173 Mobile Safari/537.36 (compatible; GoogleOther)"
66.249.74.193 - - [27/Aug/2026:02:51:41 -0700] "GET /ajax/productstorestocklist/?sku=91687984685&pref_cd= HTTP/1.1" 200 64548 "-" "Mozilla/5.0 (Linux; Android 6.0.1; Nexus 5X Build/MMB29P) AppleWebKit/537.36 (KHTML, like Gecko) Chrome/151.0.7922.173 Mobile Safari/537.36 (compatible; GoogleOther)"
114.119.146.109 - - [27/Aug/2026:02:51:43 -0700] "GET /?m=78351725586 HTTP/1.1" 200 24946 "https://www.ablogformylove.com/sitemap.xml" "Mozilla/5.0 (Linux; Android 7.0;) AppleWebKit/537.36 (HTML, like Gecko) Mobile Safari/537.36 (compatible; PetalBot;+https://webmaster.petalsearch.com/site/petalbot)"
66.249.74.193 - - [27/Aug/2026:02:51:44 -0700] "GET /?m=11518412742 HTTP/1.1" 200 57908 "-" "Mozilla/5.0 (Linux; Android 6.0.1; Nexus 5X Build/MMB29P) AppleWebKit/537.36 (KHTML, like Gecko) Chrome/151.0.7922.173 Mobile Safari/537.36 (compatible; GoogleOther)"
66.249.74.193 - - [27/Aug/2026:02:51:45 -0700] "GET /ajax/productstorestocklist/?sku=72813467013&my_store=1 HTTP/1.1" 200 58435 "-" "Mozilla/5.0 (Linux; Android 6.0.1; Nexus 5X Build/MMB29P) AppleWebKit/537.36 (KHTML, like Gecko) Chrome/151.0.7922.173 Mobile Safari/537.36 (compatible; Googlebot/2.1; +http://www.google.com/bot.html)"
66.249.74.194 - - [27/Aug/2026:02:51:48 -0700] "GET /?m=26945260322 HTTP/1.1" 200 64921 "-" "Mozilla/5.0 (Linux; Android 6.0.1; Nexus 5X Build/MMB29P) AppleWebKit/537.36 (KHTML, like Gecko) Chrome/151.0.7922.173 Mobile Safari/537.36 (compatible; GoogleOther)"
66.249.74.194 - - [27/Aug/2026:02:51:52 -0700] "GET /pc/index.php?m=46402321209 HTTP/1.1" 200 59643 "-" "Mozilla/5.0 (Linux; Android 6.0.1; Nexus 5X Build/MMB29P) AppleWebKit/537.36 (KHTML, like Gecko) Chrome/151.0.7922.173 Mobile Safari/537.36 (compatible; GoogleOther)"
57.141.0.48 - - [27/Aug/2026:02:51:53 -0700] "GET /?m=53622396983 HTTP/2.0" 200 19795 "-" "Mozilla/5.0 (Windows NT 10.0; Win64; x64) AppleWebKit/537.36 (KHTML, like Gecko) Chrome/145.0.0.0 Safari/537.36 Edg/145.0.0.0 (compatible; meta-externalagent/1.1 (+https://developers.facebook.com/docs/sharing/webmasters/crawler))"
66.249.74.194 - - [27/Aug/2026:02:51:55 -0700] "GET /ajax/productstorestocklist/?sku=70778620718&lat= HTTP/1.1" 200 59598 "-" "Mozilla/5.0 (Linux; Android 6.0.1; Nexus 5X Build/MMB29P) AppleWebKit/537.36 (KHTML, like Gecko) Chrome/151.0.7922.173 Mobile Safari/537.36 (compatible; GoogleOther)"
57.141.0.65 - - [27/Aug/2026:02:51:56 -0700] "GET /?m=91011505223 HTTP/2.0" 200 19795 "-" "Mozilla/5.0 (Macintosh; Intel Mac OS X 10_15_7) AppleWebKit/537.36 (KHTML, like Gecko) Chrome/145.0.0.0 Safari/537.36 (compatible; meta-externalagent/1.1 (+https://developers.facebook.com/docs/sharing/webmasters/crawler))"
17.246.19.241 - - [27/Aug/2026:02:51:59 -0700] "GET /robots.txt HTTP/2.0" 200 272 "-" "Mozilla/5.0 (Macintosh; Intel Mac OS X 10_15_7) AppleWebKit/605.1.15 (KHTML, like Gecko) Version/17.4 Safari/605.1.15 (Applebot/0.1; +http://www.apple.com/go/applebot)"
66.249.74.194 - - [27/Aug/2026:02:51:59 -0700] "GET /?m=5041050608 HTTP/1.1" 200 58782 "-" "Mozilla/5.0 (Linux; Android 6.0.1; Nexus 5X Build/MMB29P) AppleWebKit/537.36 (KHTML, like Gecko) Chrome/151.0.7922.173 Mobile Safari/537.36 (compatible; GoogleOther)"
17.246.19.241 - - [27/Aug/2026:02:51:59 -0700] "GET /2015/09/11/ HTTP/2.0" 200 20158 "-" "Mozilla/5.0 (Macintosh; Intel Mac OS X 10_15_7) AppleWebKit/605.1.15 (KHTML, like Gecko) Version/17.4 Safari/605.1.15 (Applebot/0.1; +http://www.apple.com/go/applebot)"
66.249.74.192 - - [27/Aug/2026:02:52:02 -0700] "GET /goods.php?k=63721708829 HTTP/1.1" 200 33919 "-" "Mozilla/5.0 (Linux; Android 6.0.1; Nexus 5X Build/MMB29P) AppleWebKit/537.36 (KHTML, like Gecko) Chrome/151.0.7922.173 Mobile Safari/537.36 (compatible; GoogleOther)"
66.249.74.192 - - [27/Aug/2026:02:52:06 -0700] "GET /shop.php?e=35016181520050 HTTP/1.1" 200 26369 "-" "Mozilla/5.0 (Linux; Android 6.0.1; Nexus 5X Build/MMB29P) AppleWebKit/537.36 (KHTML, like Gecko) Chrome/151.0.7922.173 Mobile Safari/537.36 (compatible; GoogleOther)"
57.141.0.71 - - [27/Aug/2026:02:52:06 -0700] "GET /?m=69083934919 HTTP/2.0" 200 19795 "-" "Mozilla/5.0 (Windows NT 10.0; Win64; x64) AppleWebKit/537.36 (KHTML, like Gecko) Chrome/145.0.0.0 Safari/537.36 Edg/145.0.0.0 (compatible; meta-externalagent/1.1 (+https://developers.facebook.com/docs/sharing/webmasters/crawler))"
66.249.74.192 - - [27/Aug/2026:02:52:09 -0700] "GET /?m=55034595012 HTTP/1.1" 200 59546 "-" "Mozilla/5.0 (Linux; Android 6.0.1; Nexus 5X Build/MMB29P) AppleWebKit/537.36 (KHTML, like Gecko) Chrome/151.0.7922.173 Mobile Safari/537.36 (compatible; GoogleOther)"
57.141.0.15 - - [27/Aug/2026:02:52:09 -0700] "GET /?m=65269456045 HTTP/2.0" 200 19795 "-" "Mozilla/5.0 (Macintosh; Intel Mac OS X 10_15_7) AppleWebKit/537.36 (KHTML, like Gecko) Chrome/145.0.0.0 Safari/537.36 (compatible; meta-externalagent/1.1 (+https://developers.facebook.com/docs/sharing/webmasters/crawler))"
57.141.0.56 - - [27/Aug/2026:02:52:10 -0700] "GET /?m=52278591181 HTTP/2.0" 200 19786 "-" "Mozilla/5.0 (Windows NT 10.0; Win64; x64) AppleWebKit/537.36 (KHTML, like Gecko) Chrome/145.0.0.0 Safari/537.36 (compatible; meta-externalagent/1.1 (+https://developers.facebook.com/docs/sharing/webmasters/crawler))"
57.141.0.28 - - [27/Aug/2026:02:52:11 -0700] "GET /?m=45180952626 HTTP/2.0" 200 19795 "-" "Mozilla/5.0 (Windows NT 10.0; Win64; x64) AppleWebKit/537.36 (KHTML, like Gecko) Chrome/145.0.0.0 Safari/537.36 Edg/145.0.0.0 (compatible; meta-externalagent/1.1 (+https://developers.facebook.com/docs/sharing/webmasters/crawler))"
57.141.0.33 - - [27/Aug/2026:02:52:12 -0700] "GET /?m=39113476601 HTTP/2.0" 200 19795 "-" "Mozilla/5.0 (Windows NT 10.0; Win64; x64) AppleWebKit/537.36 (KHTML, like Gecko) Chrome/145.0.0.0 Safari/537.36 (compatible; meta-externalagent/1.1 (+https://developers.facebook.com/docs/sharing/webmasters/crawler))"
66.249.74.193 - - [27/Aug/2026:02:52:12 -0700] "GET /pc/index.php?m=20464917933 HTTP/1.1" 200 63862 "-" "Mozilla/5.0 (Linux; Android 6.0.1; Nexus 5X Build/MMB29P) AppleWebKit/537.36 (KHTML, like Gecko) Chrome/151.0.7922.173 Mobile Safari/537.36 (compatible; GoogleOther)"
66.249.74.192 - - [27/Aug/2026:02:52:13 -0700] "GET /?m=99029336306 HTTP/1.1" 200 63217 "-" "Mozilla/5.0 (Linux; Android 6.0.1; Nexus 5X Build/MMB29P) AppleWebKit/537.36 (KHTML, like Gecko) Chrome/151.0.7922.173 Mobile Safari/537.36 (compatible; Googlebot/2.1; +http://www.google.com/bot.html)"
66.249.74.192 - - [27/Aug/2026:02:52:15 -0700] "GET /?m=84812705482 HTTP/1.1" 200 64113 "-" "Mozilla/5.0 (Linux; Android 6.0.1; Nexus 5X Build/MMB29P) AppleWebKit/537.36 (KHTML, like Gecko) Chrome/151.0.7922.173 Mobile Safari/537.36 (compatible; GoogleOther)"
66.249.74.192 - - [27/Aug/2026:02:52:18 -0700] "GET /pc/index.php?m=89061665882 HTTP/1.1" 200 58465 "-" "Mozilla/5.0 (Linux; Android 6.0.1; Nexus 5X Build/MMB29P) AppleWebKit/537.36 (KHTML, like Gecko) Chrome/151.0.7922.173 Mobile Safari/537.36 (compatible; GoogleOther)"
57.141.0.6 - - [27/Aug/2026:02:52:21 -0700] "GET /?p=6827 HTTP/2.0" 200 1556 "-" "Mozilla/5.0 (Windows NT 10.0; Win64; x64) AppleWebKit/537.36 (KHTML, like Gecko) Chrome/145.0.0.0 Safari/537.36 (compatible; meta-externalagent/1.1 (+https://developers.facebook.com/docs/sharing/webmasters/crawler))"
66.249.74.193 - - [27/Aug/2026:02:52:21 -0700] "GET /goods.php?v=94728356097 HTTP/1.1" 200 33387 "-" "Mozilla/5.0 (Linux; Android 6.0.1; Nexus 5X Build/MMB29P) AppleWebKit/537.36 (KHTML, like Gecko) Chrome/151.0.7922.173 Mobile Safari/537.36 (compatible; GoogleOther)"
66.249.74.193 - - [27/Aug/2026:02:52:24 -0700] "GET /?m=28526693906 HTTP/1.1" 200 58749 "-" "Mozilla/5.0 (Linux; Android 6.0.1; Nexus 5X Build/MMB29P) AppleWebKit/537.36 (KHTML, like Gecko) Chrome/151.0.7922.173 Mobile Safari/537.36 (compatible; GoogleOther)"
66.249.74.192 - - [27/Aug/2026:02:52:28 -0700] "GET /?m=38274966018 HTTP/1.1" 200 64023 "-" "Mozilla/5.0 (Linux; Android 6.0.1; Nexus 5X Build/MMB29P) AppleWebKit/537.36 (KHTML, like Gecko) Chrome/151.0.7922.173 Mobile Safari/537.36 (compatible; GoogleOther)"
66.249.74.192 - - [27/Aug/2026:02:52:31 -0700] "GET /goods.php?n=25043187645 HTTP/1.1" 200 29022 "-" "Mozilla/5.0 (Linux; Android 6.0.1; Nexus 5X Build/MMB29P) AppleWebKit/537.36 (KHTML, like Gecko) Chrome/151.0.7922.173 Mobile Safari/537.36 (compatible; GoogleOther)"
66.249.74.192 - - [27/Aug/2026:02:52:34 -0700] "GET /?m=86744880850 HTTP/1.1" 200 59606 "-" "Mozilla/5.0 (Linux; Android 6.0.1; Nexus 5X Build/MMB29P) AppleWebKit/537.36 (KHTML, like Gecko) Chrome/151.0.7922.173 Mobile Safari/537.36 (compatible; GoogleOther)"
57.141.0.60 - - [27/Aug/2026:02:52:34 -0700] "GET /?m=1810557111 HTTP/2.0" 200 19795 "-" "Mozilla/5.0 (Windows NT 10.0; Win64; x64) AppleWebKit/537.36 (KHTML, like Gecko) Chrome/145.0.0.0 Safari/537.36 (compatible; meta-externalagent/1.1 (+https://developers.facebook.com/docs/sharing/webmasters/crawler))"
66.249.74.193 - - [27/Aug/2026:02:52:37 -0700] "GET /shop.php?e=67515769583617 HTTP/1.1" 200 31587 "-" "Mozilla/5.0 (Linux; Android 6.0.1; Nexus 5X Build/MMB29P) AppleWebKit/537.36 (KHTML, like Gecko) Chrome/151.0.7922.173 Mobile Safari/537.36 (compatible; GoogleOther)"
66.249.74.194 - - [27/Aug/2026:02:52:40 -0700] "GET /?m=6313014916 HTTP/1.1" 200 63042 "-" "Mozilla/5.0 (Linux; Android 6.0.1; Nexus 5X Build/MMB29P) AppleWebKit/537.36 (KHTML, like Gecko) Chrome/151.0.7922.173 Mobile Safari/537.36 (compatible; GoogleOther)"
66.249.74.192 - - [27/Aug/2026:02:52:43 -0700] "GET /?m=59090108638 HTTP/1.1" 200 63188 "-" "Mozilla/5.0 (Linux; Android 6.0.1; Nexus 5X Build/MMB29P) AppleWebKit/537.36 (KHTML, like Gecko) Chrome/151.0.7922.173 Mobile Safari/537.36 (compatible; GoogleOther)"
57.141.0.6 - - [27/Aug/2026:02:52:43 -0700] "GET / HTTP/2.0" 200 25229 "-" "facebookexternalhit/1.1 (+http://www.facebook.com/externalhit_uatext.php)"
66.249.74.193 - - [27/Aug/2026:02:52:46 -0700] "GET /ajax/productstorestocklist/?sku=45975139768&pref_cd= HTTP/1.1" 200 63392 "-" "Mozilla/5.0 (Linux; Android 6.0.1; Nexus 5X Build/MMB29P) AppleWebKit/537.36 (KHTML, like Gecko) Chrome/151.0.7922.173 Mobile Safari/537.36 (compatible; GoogleOther)"
66.249.74.194 - - [27/Aug/2026:02:52:49 -0700] "GET /kaden/mtalk/?sku=81082004188 HTTP/1.1" 200 64252 "-" "Mozilla/5.0 (Linux; Android 6.0.1; Nexus 5X Build/MMB29P) AppleWebKit/537.36 (KHTML, like Gecko) Chrome/151.0.7922.173 Mobile Safari/537.36 (compatible; GoogleOther)"
66.249.74.192 - - [27/Aug/2026:02:52:52 -0700] "GET /goods.php?l=83624576352 HTTP/1.1" 200 34254 "-" "Mozilla/5.0 (Linux; Android 6.0.1; Nexus 5X Build/MMB29P) AppleWebKit/537.36 (KHTML, like Gecko) Chrome/151.0.7922.173 Mobile Safari/537.36 (compatible; GoogleOther)"
66.249.74.194 - - [27/Aug/2026:02:52:56 -0700] "GET /shop.php?e=83212043983693 HTTP/1.1" 200 32615 "-" "Mozilla/5.0 (Linux; Android 6.0.1; Nexus 5X Build/MMB29P) AppleWebKit/537.36 (KHTML, like Gecko) Chrome/151.0.7922.173 Mobile Safari/537.36 (compatible; GoogleOther)"
66.249.74.194 - - [27/Aug/2026:02:52:59 -0700] "GET /?m=91699057532 HTTP/1.1" 200 57842 "-" "Mozilla/5.0 (Linux; Android 6.0.1; Nexus 5X Build/MMB29P) AppleWebKit/537.36 (KHTML, like Gecko) Chrome/151.0.7922.173 Mobile Safari/537.36 (compatible; GoogleOther)"
57.141.0.28 - - [27/Aug/2026:02:53:01 -0700] "GET /?m=27041065453 HTTP/2.0" 200 19786 "-" "Mozilla/5.0 (Windows NT 10.0; Win64; x64) AppleWebKit/537.36 (KHTML, like Gecko) Chrome/145.0.0.0 Safari/537.36 (compatible; meta-externalagent/1.1 (+https://developers.facebook.com/docs/sharing/webmasters/crawler))"
66.249.74.193 - - [27/Aug/2026:02:53:02 -0700] "GET /?m=81463647372 HTTP/1.1" 200 63064 "-" "Mozilla/5.0 (Linux; Android 6.0.1; Nexus 5X Build/MMB29P) AppleWebKit/537.36 (KHTML, like Gecko) Chrome/151.0.7922.173 Mobile Safari/537.36 (compatible; GoogleOther)"
66.249.74.194 - - [27/Aug/2026:02:53:06 -0700] "GET /?m=61998293323 HTTP/1.1" 200 62881 "-" "Mozilla/5.0 (Linux; Android 6.0.1; Nexus 5X Build/MMB29P) AppleWebKit/537.36 (KHTML, like Gecko) Chrome/151.0.7922.173 Mobile Safari/537.36 (compatible; GoogleOther)"
114.119.140.13 - - [27/Aug/2026:02:53:07 -0700] "GET /2016/page/3/ HTTP/1.1" 200 28521 "https://www.ablogformylove.com/2016/page/4/" "Mozilla/5.0 (Linux; Android 7.0;) AppleWebKit/537.36 (HTML, like Gecko) Mobile Safari/537.36 (compatible; PetalBot;+https://webmaster.petalsearch.com/site/petalbot)"
66.249.74.192 - - [27/Aug/2026:02:53:09 -0700] "GET /?m=50772186682 HTTP/1.1" 200 62915 "-" "Mozilla/5.0 (Linux; Android 6.0.1; Nexus 5X Build/MMB29P) AppleWebKit/537.36 (KHTML, like Gecko) Chrome/151.0.7922.173 Mobile Safari/537.36 (compatible; GoogleOther)"
66.249.74.192 - - [27/Aug/2026:02:53:10 -0700] "GET /kaden/mtalk/?sku=17711768227 HTTP/1.1" 200 58522 "-" "Mozilla/5.0 (Linux; Android 6.0.1; Nexus 5X Build/MMB29P) AppleWebKit/537.36 (KHTML, like Gecko) Chrome/151.0.7922.173 Mobile Safari/537.36 (compatible; Googlebot/2.1; +http://www.google.com/bot.html)"
66.249.74.193 - - [27/Aug/2026:02:53:13 -0700] "GET /?m=63294518737 HTTP/1.1" 200 65143 "-" "Mozilla/5.0 (Linux; Android 6.0.1; Nexus 5X Build/MMB29P) AppleWebKit/537.36 (KHTML, like Gecko) Chrome/151.0.7922.173 Mobile Safari/537.36 (compatible; GoogleOther)"
57.141.0.9 - - [27/Aug/2026:02:53:15 -0700] "GET /?m=67349087956 HTTP/2.0" 200 19795 "-" "Mozilla/5.0 (Windows NT 10.0; Win64; x64) AppleWebKit/537.36 (KHTML, like Gecko) Chrome/145.0.0.0 Safari/537.36 (compatible; meta-externalagent/1.1 (+https://developers.facebook.com/docs/sharing/webmasters/crawler))"
40.77.167.16 - - [27/Aug/2026:02:53:16 -0700] "GET /pc/index.php?m=28353300827 HTTP/2.0" 200 58539 "-" "Mozilla/5.0 AppleWebKit/537.36 (KHTML, like Gecko; compatible; bingbot/2.0; +http://www.bing.com/bingbot.htm) Chrome/116.0.1938.76 Safari/537.36"
66.249.74.193 - - [27/Aug/2026:02:53:16 -0700] "GET /?m=40454713712 HTTP/1.1" 200 58941 "-" "Mozilla/5.0 (Linux; Android 6.0.1; Nexus 5X Build/MMB29P) AppleWebKit/537.36 (KHTML, like Gecko) Chrome/151.0.7922.173 Mobile Safari/537.36 (compatible; GoogleOther)"
66.249.74.193 - - [27/Aug/2026:02:53:20 -0700] "GET /?m=54874590148 HTTP/1.1" 200 59243 "-" "Mozilla/5.0 (Linux; Android 6.0.1; Nexus 5X Build/MMB29P) AppleWebKit/537.36 (KHTML, like Gecko) Chrome/151.0.7922.173 Mobile Safari/537.36 (compatible; GoogleOther)"
66.249.74.193 - - [27/Aug/2026:02:53:24 -0700] "GET /?m=98724987755 HTTP/1.1" 200 58248 "-" "Mozilla/5.0 (Linux; Android 6.0.1; Nexus 5X Build/MMB29P) AppleWebKit/537.36 (KHTML, like Gecko) Chrome/151.0.7922.173 Mobile Safari/537.36 (compatible; GoogleOther)"
57.141.0.33 - - [27/Aug/2026:02:53:24 -0700] "GET /?m=80756454768 HTTP/2.0" 200 19795 "-" "Mozilla/5.0 (Macintosh; Intel Mac OS X 10_15_7) AppleWebKit/537.36 (KHTML, like Gecko) Chrome/145.0.0.0 Safari/537.36 (compatible; meta-externalagent/1.1 (+https://developers.facebook.com/docs/sharing/webmasters/crawler))"
66.249.74.193 - - [27/Aug/2026:02:53:27 -0700] "GET /?m=36375052369 HTTP/1.1" 200 58652 "-" "Mozilla/5.0 (Linux; Android 6.0.1; Nexus 5X Build/MMB29P) AppleWebKit/537.36 (KHTML, like Gecko) Chrome/151.0.7922.173 Mobile Safari/537.36 (compatible; GoogleOther)"
66.249.74.192 - - [27/Aug/2026:02:53:31 -0700] "GET /goods.php?f=41851737104 HTTP/1.1" 200 33667 "-" "Mozilla/5.0 (Linux; Android 6.0.1; Nexus 5X Build/MMB29P) AppleWebKit/537.36 (KHTML, like Gecko) Chrome/151.0.7922.173 Mobile Safari/537.36 (compatible; GoogleOther)"
66.249.74.193 - - [27/Aug/2026:02:53:34 -0700] "GET /shop.php?e=53481044159464 HTTP/1.1" 200 31777 "-" "Mozilla/5.0 (Linux; Android 6.0.1; Nexus 5X Build/MMB29P) AppleWebKit/537.36 (KHTML, like Gecko) Chrome/151.0.7922.173 Mobile Safari/537.36 (compatible; GoogleOther)"
57.141.0.24 - - [27/Aug/2026:02:53:36 -0700] "GET /?m=45554578525 HTTP/2.0" 200 19796 "-" "Mozilla/5.0 (Macintosh; Intel Mac OS X 10_15_7) AppleWebKit/537.36 (KHTML, like Gecko) Chrome/145.0.0.0 Safari/537.36 (compatible; meta-externalagent/1.1 (+https://developers.facebook.com/docs/sharing/webmasters/crawler))"
66.249.74.192 - - [27/Aug/2026:02:53:37 -0700] "GET /?m=13674300624 HTTP/1.1" 200 64216 "-" "Mozilla/5.0 (Linux; Android 6.0.1; Nexus 5X Build/MMB29P) AppleWebKit/537.36 (KHTML, like Gecko) Chrome/151.0.7922.173 Mobile Safari/537.36 (compatible; GoogleOther)"
66.249.74.193 - - [27/Aug/2026:02:53:41 -0700] "GET /shop.php?e=58942472075477 HTTP/1.1" 200 31538 "-" "Mozilla/5.0 (Linux; Android 6.0.1; Nexus 5X Build/MMB29P) AppleWebKit/537.36 (KHTML, like Gecko) Chrome/151.0.7922.173 Mobile Safari/537.36 (compatible; GoogleOther)"
66.249.74.194 - - [27/Aug/2026:02:53:44 -0700] "GET /?m=34281610231 HTTP/1.1" 200 65356 "-" "Mozilla/5.0 (Linux; Android 6.0.1; Nexus 5X Build/MMB29P) AppleWebKit/537.36 (KHTML, like Gecko) Chrome/151.0.7922.173 Mobile Safari/537.36 (compatible; GoogleOther)"
57.141.0.35 - - [27/Aug/2026:02:53:47 -0700] "GET /?m=39861130121 HTTP/2.0" 200 19796 "-" "Mozilla/5.0 (Windows NT 10.0; Win64; x64) AppleWebKit/537.36 (KHTML, like Gecko) Chrome/145.0.0.0 Safari/537.36 (compatible; meta-externalagent/1.1 (+https://developers.facebook.com/docs/sharing/webmasters/crawler))"
66.249.74.193 - - [27/Aug/2026:02:53:48 -0700] "GET /?m=37806656284 HTTP/1.1" 200 63351 "-" "Mozilla/5.0 (Linux; Android 6.0.1; Nexus 5X Build/MMB29P) AppleWebKit/537.36 (KHTML, like Gecko) Chrome/151.0.7922.173 Mobile Safari/537.36 (compatible; GoogleOther)"
57.141.0.13 - - [27/Aug/2026:02:53:50 -0700] "GET /?m=12950183927 HTTP/2.0" 200 19795 "-" "Mozilla/5.0 (Windows NT 10.0; Win64; x64) AppleWebKit/537.36 (KHTML, like Gecko) Chrome/145.0.0.0 Safari/537.36 (compatible; meta-externalagent/1.1 (+https://developers.facebook.com/docs/sharing/webmasters/crawler))"
57.141.0.12 - - [27/Aug/2026:02:53:51 -0700] "GET /?m=76339300448 HTTP/2.0" 200 19795 "-" "Mozilla/5.0 (Windows NT 10.0; Win64; x64) AppleWebKit/537.36 (KHTML, like Gecko) Chrome/145.0.0.0 Safari/537.36 (compatible; meta-externalagent/1.1 (+https://developers.facebook.com/docs/sharing/webmasters/crawler))"
66.249.74.193 - - [27/Aug/2026:02:53:52 -0700] "GET /ajax/productstorestocklist/?sku=14313057955&lat= HTTP/1.1" 200 58760 "-" "Mozilla/5.0 (Linux; Android 6.0.1; Nexus 5X Build/MMB29P) AppleWebKit/537.36 (KHTML, like Gecko) Chrome/151.0.7922.173 Mobile Safari/537.36 (compatible; GoogleOther)"
57.141.0.39 - - [27/Aug/2026:02:53:51 -0700] "GET /?m=8431876508 HTTP/2.0" 200 19795 "-" "Mozilla/5.0 (Macintosh; Intel Mac OS X 10_15_7) AppleWebKit/537.36 (KHTML, like Gecko) Chrome/145.0.0.0 Safari/537.36 (compatible; meta-externalagent/1.1 (+https://developers.facebook.com/docs/sharing/webmasters/crawler))"
