66.249.74.192 - - [27/Aug/2026:03:27:26 -0700] "GET /pc/index.php?m=90318902681 HTTP/1.1" 200 58561 "-" "Mozilla/5.0 (Linux; Android 6.0.1; Nexus 5X Build/MMB29P) AppleWebKit/537.36 (KHTML, like Gecko) Chrome/151.0.7922.173 Mobile Safari/537.36 (compatible; GoogleOther)"
66.249.74.192 - - [27/Aug/2026:03:27:27 -0700] "GET /js/searchbox/1777250054 HTTP/1.1" 200 63997 "https://www.ablogformylove.com/?m=63286385695" "Mozilla/5.0 (Linux; Android 6.0.1; Nexus 5X Build/MMB29P) AppleWebKit/537.36 (KHTML, like Gecko) Chrome/151.0.7922.173 Mobile Safari/537.36 (compatible; Googlebot/2.1; +http://www.google.com/bot.html)"
66.249.74.192 - - [27/Aug/2026:03:27:28 -0700] "GET /ajax/productstorestocklist/?sku=36447759429&my_store=1 HTTP/1.1" 200 65308 "-" "Mozilla/5.0 (Linux; Android 6.0.1; Nexus 5X Build/MMB29P) AppleWebKit/537.36 (KHTML, like Gecko) Chrome/151.0.7922.173 Mobile Safari/537.36 (compatible; Googlebot/2.1; +http://www.google.com/bot.html)"
66.249.74.193 - - [27/Aug/2026:03:27:30 -0700] "GET /goods.php?o=32734217581 HTTP/1.1" 200 34829 "-" "Mozilla/5.0 (Linux; Android 6.0.1; Nexus 5X Build/MMB29P) AppleWebKit/537.36 (KHTML, like Gecko) Chrome/151.0.7922.173 Mobile Safari/537.36 (compatible; GoogleOther)"
36.78.23.179 - - [27/Aug/2026:03:27:31 -0700] "POST /xmlrpc.php HTTP/1.1" 200 5047 "-" "Mozilla/5.0 (Windows NT 10.0; Win64; x64) AppleWebKit/537.36 (KHTML, like Gecko) obsidian/1.8.4 Chrome/130.0.6723.191 Electron/33.3.2 Safari/537.36"
75.119.195.61 - - [27/Aug/2026:03:27:32 -0700] "POST /wp-cron.php?doing_wp_cron=1787826452.5058510303497314453125 HTTP/1.1" 200 6592 "-" "WordPress/7.1; https://www.ablogformylove.com"
66.249.74.192 - - [27/Aug/2026:03:27:34 -0700] "GET /?m=27352177567 HTTP/1.1" 200 63084 "-" "Mozilla/5.0 (Linux; Android 6.0.1; Nexus 5X Build/MMB29P) AppleWebKit/537.36 (KHTML, like Gecko) Chrome/151.0.7922.173 Mobile Safari/537.36 (compatible; GoogleOther)"
36.78.23.179 - - [27/Aug/2026:03:27:37 -0700] "POST /xmlrpc.php HTTP/1.1" 200 4692 "-" "Mozilla/5.0 (Windows NT 10.0; Win64; x64) AppleWebKit/537.36 (KHTML, like Gecko) Chrome/147.0.0.0 Safari/537.36 OPR/131.0.0.0"
66.249.74.192 - - [27/Aug/2026:03:27:38 -0700] "GET /goods.php?f=85367211292 HTTP/1.1" 200 29306 "-" "Mozilla/5.0 (Linux; Android 6.0.1; Nexus 5X Build/MMB29P) AppleWebKit/537.36 (KHTML, like Gecko) Chrome/151.0.7922.173 Mobile Safari/537.36 (compatible; GoogleOther)"
57.141.0.56 - - [27/Aug/2026:03:27:41 -0700] "GET /?m=3507826562 HTTP/2.0" 200 19794 "-" "Mozilla/5.0 (Windows NT 10.0; Win64; x64) AppleWebKit/537.36 (KHTML, like Gecko) Chrome/145.0.0.0 Safari/537.36 (compatible; meta-externalagent/1.1 (+https://developers.facebook.com/docs/sharing/webmasters/crawler))"
66.249.74.192 - - [27/Aug/2026:03:27:42 -0700] "GET /?m=18237039108 HTTP/1.1" 200 60254 "-" "Mozilla/5.0 (Linux; Android 6.0.1; Nexus 5X Build/MMB29P) AppleWebKit/537.36 (KHTML, like Gecko) Chrome/151.0.7922.173 Mobile Safari/537.36 (compatible; GoogleOther)"
66.249.74.194 - - [27/Aug/2026:03:27:46 -0700] "GET /goods.php?y=75289482731 HTTP/1.1" 200 32379 "-" "Mozilla/5.0 (Linux; Android 6.0.1; Nexus 5X Build/MMB29P) AppleWebKit/537.36 (KHTML, like Gecko) Chrome/151.0.7922.173 Mobile Safari/537.36 (compatible; GoogleOther)"
36.78.23.179 - - [27/Aug/2026:03:27:40 -0700] "GET /2026/08/27/confusione-fondo-meno-1-euro-artigianale-tirocinio-accedi-beonbet-anche-sicura/ HTTP/1.1" 200 25137 "-" "Mozilla/5.0 (Windows NT 10.0; Win64; x64) AppleWebKit/537.36 (KHTML, like Gecko) Chrome/130.0.0.0 Safari/537.36"
66.249.74.193 - - [27/Aug/2026:03:27:51 -0700] "GET /goods.php?u=34347402056 HTTP/1.1" 200 33100 "-" "Mozilla/5.0 (Linux; Android 6.0.1; Nexus 5X Build/MMB29P) AppleWebKit/537.36 (KHTML, like Gecko) Chrome/151.0.7922.173 Mobile Safari/537.36 (compatible; GoogleOther)"
66.249.74.192 - - [27/Aug/2026:03:27:56 -0700] "GET /?m=5053852956 HTTP/1.1" 200 63846 "-" "Mozilla/5.0 (Linux; Android 6.0.1; Nexus 5X Build/MMB29P) AppleWebKit/537.36 (KHTML, like Gecko) Chrome/151.0.7922.173 Mobile Safari/537.36 (compatible; GoogleOther)"
57.141.0.9 - - [27/Aug/2026:03:27:59 -0700] "GET /?m=14860927375 HTTP/2.0" 200 19795 "-" "Mozilla/5.0 (Macintosh; Intel Mac OS X 10_15_7) AppleWebKit/537.36 (KHTML, like Gecko) Chrome/145.0.0.0 Safari/537.36 (compatible; meta-externalagent/1.1 (+https://developers.facebook.com/docs/sharing/webmasters/crawler))"
66.249.74.193 - - [27/Aug/2026:03:28:00 -0700] "GET /shop.php?e=44559120508761 HTTP/1.1" 200 31421 "-" "Mozilla/5.0 (Linux; Android 6.0.1; Nexus 5X Build/MMB29P) AppleWebKit/537.36 (KHTML, like Gecko) Chrome/151.0.7922.173 Mobile Safari/537.36 (compatible; GoogleOther)"
36.78.23.179 - - [27/Aug/2026:03:27:54 -0700] "GET /2026/08/27/confusione-fondo-meno-1-euro-artigianale-tirocinio-accedi-beonbet-anche-sicura/ HTTP/1.1" 200 29570 "-" "Mozilla/5.0 (Windows NT 10.0; Win64; x64) AppleWebKit/537.36 (KHTML, like Gecko) Chrome/130.0.0.0 Safari/537.36"
66.249.74.192 - - [27/Aug/2026:03:28:06 -0700] "GET /ajax/productstorestocklist/?sku=24913592214&lat= HTTP/1.1" 200 64118 "-" "Mozilla/5.0 (Linux; Android 6.0.1; Nexus 5X Build/MMB29P) AppleWebKit/537.36 (KHTML, like Gecko) Chrome/151.0.7922.173 Mobile Safari/537.36 (compatible; GoogleOther)"
36.78.23.179 - - [27/Aug/2026:03:28:07 -0700] "POST /xmlrpc.php HTTP/1.1" 200 5044 "-" "Mozilla/5.0 (Windows NT 10.0; Win64; x64; rv:150.0) Gecko/20100101 Firefox/150.0"
45.85.105.28 - - [27/Aug/2026:03:28:08 -0700] "GET /wp-login.php/wp-login.php HTTP/2.0" 200 2509 "-" "Mozilla/5.0 (Windows NT 10.0; Win64; x64) AppleWebKit/537.36 (KHTML, like Gecko) Chrome/151.0.0.0 Safari/537.36"
45.85.105.28 - - [27/Aug/2026:03:28:08 -0700] "GET /wp-includes/js/dist/i18n.min.js?ver=1dfe7db3940c23ea9216 HTTP/2.0" 200 2641 "https://www.ablogformylove.com/wp-login.php/wp-login.php" "Mozilla/5.0 (Windows NT 10.0; Win64; x64) AppleWebKit/537.36 (KHTML, like Gecko) Chrome/151.0.0.0 Safari/537.36"
45.85.105.28 - - [27/Aug/2026:03:28:08 -0700] "GET /wp-admin/load-styles.php?c=0&dir=ltr&load%5Bchunk_0%5D=dashicons,buttons,forms,l10n,wp-base-styles,wp-tooltip,login&ver=7.1 HTTP/2.0" 200 47411 "https://www.ablogformylove.com/wp-login.php/wp-login.php" "Mozilla/5.0 (Windows NT 10.0; Win64; x64) AppleWebKit/537.36 (KHTML, like Gecko) Chrome/151.0.0.0 Safari/537.36"
45.85.105.28 - - [27/Aug/2026:03:28:08 -0700] "GET /wp-admin/js/password-strength-meter.min.js?ver=7.1 HTTP/2.0" 200 699 "https://www.ablogformylove.com/wp-login.php/wp-login.php" "Mozilla/5.0 (Windows NT 10.0; Win64; x64) AppleWebKit/537.36 (KHTML, like Gecko) Chrome/151.0.0.0 Safari/537.36"
45.85.105.28 - - [27/Aug/2026:03:28:08 -0700] "GET /wp-includes/js/underscore.min.js?ver=1.13.8 HTTP/2.0" 200 7522 "https://www.ablogformylove.com/wp-login.php/wp-login.php" "Mozilla/5.0 (Windows NT 10.0; Win64; x64) AppleWebKit/537.36 (KHTML, like Gecko) Chrome/151.0.0.0 Safari/537.36"
57.141.0.62 - - [27/Aug/2026:03:28:08 -0700] "GET /?m=9752029759 HTTP/2.0" 200 19795 "-" "Mozilla/5.0 (Windows NT 10.0; Win64; x64) AppleWebKit/537.36 (KHTML, like Gecko) Chrome/145.0.0.0 Safari/537.36 (compatible; meta-externalagent/1.1 (+https://developers.facebook.com/docs/sharing/webmasters/crawler))"
45.85.105.28 - - [27/Aug/2026:03:28:09 -0700] "GET /wp-admin/images/wordpress-logo-gray.svg?ver=20260303 HTTP/2.0" 200 954 "https://www.ablogformylove.com/wp-admin/load-styles.php?c=0&dir=ltr&load%5Bchunk_0%5D=dashicons,buttons,forms,l10n,wp-base-styles,wp-tooltip,login&ver=7.1" "Mozilla/5.0 (Windows NT 10.0; Win64; x64) AppleWebKit/537.36 (KHTML, like Gecko) Chrome/151.0.0.0 Safari/537.36"
45.85.105.28 - - [27/Aug/2026:03:28:09 -0700] "GET /wp-includes/js/wp-util.min.js?ver=7.1 HTTP/2.0" 200 832 "https://www.ablogformylove.com/wp-login.php/wp-login.php" "Mozilla/5.0 (Windows NT 10.0; Win64; x64) AppleWebKit/537.36 (KHTML, like Gecko) Chrome/151.0.0.0 Safari/537.36"
45.85.105.28 - - [27/Aug/2026:03:28:09 -0700] "GET /wp-includes/js/dist/dom-ready.min.js?ver=3fe927cab37bf38d6a23 HTTP/2.0" 200 554 "https://www.ablogformylove.com/wp-login.php/wp-login.php" "Mozilla/5.0 (Windows NT 10.0; Win64; x64) AppleWebKit/537.36 (KHTML, like Gecko) Chrome/151.0.0.0 Safari/537.36"
45.85.105.28 - - [27/Aug/2026:03:28:09 -0700] "GET /wp-includes/js/dist/a11y.min.js?ver=31c6cec5a4ff7aff483d HTTP/2.0" 200 1145 "https://www.ablogformylove.com/wp-login.php/wp-login.php" "Mozilla/5.0 (Windows NT 10.0; Win64; x64) AppleWebKit/537.36 (KHTML, like Gecko) Chrome/151.0.0.0 Safari/537.36"
45.85.105.28 - - [27/Aug/2026:03:28:08 -0700] "GET /wp-admin/load-scripts.php?c=0&load%5Bchunk_0%5D=clipboard,jquery-core,jquery-migrate,zxcvbn-async,wp-hooks&ver=7.1 HTTP/2.0" 200 39768 "https://www.ablogformylove.com/wp-login.php/wp-login.php" "Mozilla/5.0 (Windows NT 10.0; Win64; x64) AppleWebKit/537.36 (KHTML, like Gecko) Chrome/151.0.0.0 Safari/537.36"
57.141.0.21 - - [27/Aug/2026:03:28:08 -0700] "GET /?m=6617920224 HTTP/2.0" 200 19795 "-" "Mozilla/5.0 (Windows NT 10.0; Win64; x64) AppleWebKit/537.36 (KHTML, like Gecko) Chrome/145.0.0.0 Safari/537.36 (compatible; meta-externalagent/1.1 (+https://developers.facebook.com/docs/sharing/webmasters/crawler))"
45.85.105.28 - - [27/Aug/2026:03:28:09 -0700] "GET /wp-admin/js/user-profile.min.js?ver=7.1 HTTP/2.0" 200 3201 "https://www.ablogformylove.com/wp-login.php/wp-login.php" "Mozilla/5.0 (Windows NT 10.0; Win64; x64) AppleWebKit/537.36 (KHTML, like Gecko) Chrome/151.0.0.0 Safari/537.36"
45.85.105.28 - - [27/Aug/2026:03:28:09 -0700] "GET /wp-includes/js/wp-tooltip.js?ver=7.1 HTTP/2.0" 200 751 "https://www.ablogformylove.com/wp-login.php/wp-login.php" "Mozilla/5.0 (Windows NT 10.0; Win64; x64) AppleWebKit/537.36 (KHTML, like Gecko) Chrome/151.0.0.0 Safari/537.36"
45.85.105.28 - - [27/Aug/2026:03:28:08 -0700] "POST /wp-login.php HTTP/2.0" 302 782 "https://www.ablogformylove.com/wp-login.php/wp-login.php" "Mozilla/5.0 (Windows NT 10.0; Win64; x64) AppleWebKit/537.36 (KHTML, like Gecko) Chrome/151.0.0.0 Safari/537.36"
45.85.105.28 - - [27/Aug/2026:03:28:10 -0700] "GET /wp-admin/ HTTP/2.0" 200 27163 "https://www.ablogformylove.com/wp-login.php/wp-login.php" "Mozilla/5.0 (Windows NT 10.0; Win64; x64) AppleWebKit/537.36 (KHTML, like Gecko) Chrome/151.0.0.0 Safari/537.36"
45.85.105.28 - - [27/Aug/2026:03:28:10 -0700] "GET /wp-admin/css/colors/modern/colors.min.css?ver=7.1 HTTP/2.0" 200 3465 "https://www.ablogformylove.com/wp-admin/" "Mozilla/5.0 (Windows NT 10.0; Win64; x64) AppleWebKit/537.36 (KHTML, like Gecko) Chrome/151.0.0.0 Safari/537.36"
45.85.105.28 - - [27/Aug/2026:03:28:10 -0700] "GET /wp-includes/js/thickbox/thickbox.css?ver=7.1 HTTP/2.0" 200 1022 "https://www.ablogformylove.com/wp-admin/" "Mozilla/5.0 (Windows NT 10.0; Win64; x64) AppleWebKit/537.36 (KHTML, like Gecko) Chrome/151.0.0.0 Safari/537.36"
45.85.105.28 - - [27/Aug/2026:03:28:10 -0700] "GET /wp-admin/load-styles.php?c=0&dir=ltr&load%5Bchunk_0%5D=dashicons,admin-bar,site-health,common,forms,admin-menu,dashboard,list-tables,edit,revisions,media,themes,about,nav-menus,wp-poi&load%5Bchunk_1%5D=nter,widgets,site-icon,l10n,wp-base-styles,wp-tooltip,buttons,wp-auth-check,wp-theme,wp-components,wp-commands&ver=7.1 HTTP/2.0" 200 125482 "https://www.ablogformylove.com/wp-admin/" "Mozilla/5.0 (Windows NT 10.0; Win64; x64) AppleWebKit/537.36 (KHTML, like Gecko) Chrome/151.0.0.0 Safari/537.36"
45.85.105.28 - - [27/Aug/2026:03:28:10 -0700] "GET /wp-content/plugins/wp-file-manager/css/fm_common.css?ver=7.1 HTTP/2.0" 200 262 "https://www.ablogformylove.com/wp-admin/" "Mozilla/5.0 (Windows NT 10.0; Win64; x64) AppleWebKit/537.36 (KHTML, like Gecko) Chrome/151.0.0.0 Safari/537.36"
45.85.105.28 - - [27/Aug/2026:03:28:10 -0700] "GET /wp-admin/load-scripts.php?c=0&load%5Bchunk_0%5D=jquery-core,jquery-migrate,utils&ver=7.1 HTTP/2.0" 200 35800 "https://www.ablogformylove.com/wp-admin/" "Mozilla/5.0 (Windows NT 10.0; Win64; x64) AppleWebKit/537.36 (KHTML, like Gecko) Chrome/151.0.0.0 Safari/537.36"
45.85.105.28 - - [27/Aug/2026:03:28:10 -0700] "GET /wp-content/plugins/wp-file-manager/images/wp_file_manager.svg HTTP/2.0" 200 1360 "https://www.ablogformylove.com/wp-admin/" "Mozilla/5.0 (Windows NT 10.0; Win64; x64) AppleWebKit/537.36 (KHTML, like Gecko) Chrome/151.0.0.0 Safari/537.36"
45.85.105.28 - - [27/Aug/2026:03:28:10 -0700] "GET /wp-includes/css/editor.min.css?ver=7.1 HTTP/2.0" 200 6173 "https://www.ablogformylove.com/wp-admin/" "Mozilla/5.0 (Windows NT 10.0; Win64; x64) AppleWebKit/537.36 (KHTML, like Gecko) Chrome/151.0.0.0 Safari/537.36"
45.85.105.28 - - [27/Aug/2026:03:28:11 -0700] "GET /wp-admin/plugin-install.php?tab=upload HTTP/2.0" 200 16845 "https://www.ablogformylove.com/wp-admin/" "Mozilla/5.0 (Windows NT 10.0; Win64; x64) AppleWebKit/537.36 (KHTML, like Gecko) Chrome/151.0.0.0 Safari/537.36"
45.85.105.28 - - [27/Aug/2026:03:28:11 -0700] "GET /wp-includes/js/hoverintent-js.min.js?ver=2.2.1 HTTP/2.0" 200 820 "https://www.ablogformylove.com/wp-admin/" "Mozilla/5.0 (Windows NT 10.0; Win64; x64) AppleWebKit/537.36 (KHTML, like Gecko) Chrome/151.0.0.0 Safari/537.36"
45.85.105.28 - - [27/Aug/2026:03:28:11 -0700] "GET /wp-includes/js/admin-bar.min.js?ver=7.1 HTTP/2.0" 200 1436 "https://www.ablogformylove.com/wp-admin/" "Mozilla/5.0 (Windows NT 10.0; Win64; x64) AppleWebKit/537.36 (KHTML, like Gecko) Chrome/151.0.0.0 Safari/537.36"
57.141.0.52 - - [27/Aug/2026:03:28:10 -0700] "GET /?m=46697282192 HTTP/2.0" 200 19795 "-" "Mozilla/5.0 (Windows NT 10.0; Win64; x64) AppleWebKit/537.36 (KHTML, like Gecko) Chrome/145.0.0.0 Safari/537.36 (compatible; meta-externalagent/1.1 (+https://developers.facebook.com/docs/sharing/webmasters/crawler))"
45.85.105.28 - - [27/Aug/2026:03:28:11 -0700] "GET /wp-admin/load-styles.php?c=0&dir=ltr&load%5Bchunk_0%5D=dashicons,admin-bar,common,forms,admin-menu,dashboard,list-tables,edit,revisions,media,themes,about,nav-menus,wp-pointer,widgets&load%5Bchunk_1%5D=,site-icon,l10n,wp-base-styles,wp-tooltip,buttons,wp-auth-check,wp-theme,wp-components,wp-commands&ver=7.1 HTTP/2.0" 200 124375 "https://www.ablogformylove.com/wp-admin/plugin-install.php?tab=upload" "Mozilla/5.0 (Windows NT 10.0; Win64; x64) AppleWebKit/537.36 (KHTML, like Gecko) Chrome/151.0.0.0 Safari/537.36"
45.85.105.28 - - [27/Aug/2026:03:28:11 -0700] "GET /wp-includes/js/hoverintent-js.min.js?ver=2.2.1 HTTP/2.0" 200 774 "https://www.ablogformylove.com/wp-admin/plugin-install.php?tab=upload" "Mozilla/5.0 (Windows NT 10.0; Win64; x64) AppleWebKit/537.36 (KHTML, like Gecko) Chrome/151.0.0.0 Safari/537.36"
45.85.105.28 - - [27/Aug/2026:03:28:11 -0700] "GET /wp-includes/js/admin-bar.min.js?ver=7.1 HTTP/2.0" 200 1413 "https://www.ablogformylove.com/wp-admin/plugin-install.php?tab=upload" "Mozilla/5.0 (Windows NT 10.0; Win64; x64) AppleWebKit/537.36 (KHTML, like Gecko) Chrome/151.0.0.0 Safari/537.36"
66.249.74.192 - - [27/Aug/2026:03:28:11 -0700] "GET /?m=115439823 HTTP/1.1" 200 63745 "-" "Mozilla/5.0 (Linux; Android 6.0.1; Nexus 5X Build/MMB29P) AppleWebKit/537.36 (KHTML, like Gecko) Chrome/151.0.7922.173 Mobile Safari/537.36 (compatible; GoogleOther)"
45.85.105.28 - - [27/Aug/2026:03:28:11 -0700] "GET /wp-includes/js/jquery/ui/core.min.js?ver=1.14.2 HTTP/2.0" 200 6635 "https://www.ablogformylove.com/wp-admin/plugin-install.php?tab=upload" "Mozilla/5.0 (Windows NT 10.0; Win64; x64) AppleWebKit/537.36 (KHTML, like Gecko) Chrome/151.0.0.0 Safari/537.36"
45.85.105.28 - - [27/Aug/2026:03:28:11 -0700] "GET /wp-admin/js/plugin-install.min.js?ver=7.1 HTTP/2.0" 200 1077 "https://www.ablogformylove.com/wp-admin/plugin-install.php?tab=upload" "Mozilla/5.0 (Windows NT 10.0; Win64; x64) AppleWebKit/537.36 (KHTML, like Gecko) Chrome/151.0.0.0 Safari/537.36"
45.85.105.28 - - [27/Aug/2026:03:28:11 -0700] "GET /wp-includes/js/thickbox/thickbox.js?ver=3.1-20121105 HTTP/2.0" 200 4136 "https://www.ablogformylove.com/wp-admin/plugin-install.php?tab=upload" "Mozilla/5.0 (Windows NT 10.0; Win64; x64) AppleWebKit/537.36 (KHTML, like Gecko) Chrome/151.0.0.0 Safari/537.36"
45.85.105.28 - - [27/Aug/2026:03:28:12 -0700] "GET /wp-includes/js/wp-sanitize.min.js?ver=7.1 HTTP/2.0" 200 371 "https://www.ablogformylove.com/wp-admin/plugin-install.php?tab=upload" "Mozilla/5.0 (Windows NT 10.0; Win64; x64) AppleWebKit/537.36 (KHTML, like Gecko) Chrome/151.0.0.0 Safari/537.36"
45.85.105.28 - - [27/Aug/2026:03:28:12 -0700] "GET /wp-admin/js/svg-painter.js?ver=7.1 HTTP/2.0" 200 1303 "https://www.ablogformylove.com/wp-admin/plugin-install.php?tab=upload" "Mozilla/5.0 (Windows NT 10.0; Win64; x64) AppleWebKit/537.36 (KHTML, like Gecko) Chrome/151.0.0.0 Safari/537.36"
45.85.105.28 - - [27/Aug/2026:03:28:12 -0700] "GET /wp-admin/js/updates.min.js?ver=7.1 HTTP/2.0" 200 10758 "https://www.ablogformylove.com/wp-admin/plugin-install.php?tab=upload" "Mozilla/5.0 (Windows NT 10.0; Win64; x64) AppleWebKit/537.36 (KHTML, like Gecko) Chrome/151.0.0.0 Safari/537.36"
45.85.105.28 - - [27/Aug/2026:03:28:12 -0700] "GET /wp-includes/js/heartbeat.min.js?ver=7.1 HTTP/2.0" 200 2121 "https://www.ablogformylove.com/wp-admin/plugin-install.php?tab=upload" "Mozilla/5.0 (Windows NT 10.0; Win64; x64) AppleWebKit/537.36 (KHTML, like Gecko) Chrome/151.0.0.0 Safari/537.36"
45.85.105.28 - - [27/Aug/2026:03:28:12 -0700] "GET /wp-includes/js/wp-auth-check.min.js?ver=7.1 HTTP/2.0" 200 843 "https://www.ablogformylove.com/wp-admin/plugin-install.php?tab=upload" "Mozilla/5.0 (Windows NT 10.0; Win64; x64) AppleWebKit/537.36 (KHTML, like Gecko) Chrome/151.0.0.0 Safari/537.36"
45.85.105.28 - - [27/Aug/2026:03:28:12 -0700] "GET /wp-includes/js/dist/vendor/react.min.js?ver=18.3.1.1 HTTP/2.0" 200 4338 "https://www.ablogformylove.com/wp-admin/plugin-install.php?tab=upload" "Mozilla/5.0 (Windows NT 10.0; Win64; x64) AppleWebKit/537.36 (KHTML, like Gecko) Chrome/151.0.0.0 Safari/537.36"
45.85.105.28 - - [27/Aug/2026:03:28:12 -0700] "GET /wp-includes/js/dist/vendor/react-dom.min.js?ver=18.3.1.1 HTTP/2.0" 200 43814 "https://www.ablogformylove.com/wp-admin/plugin-install.php?tab=upload" "Mozilla/5.0 (Windows NT 10.0; Win64; x64) AppleWebKit/537.36 (KHTML, like Gecko) Chrome/151.0.0.0 Safari/537.36"
45.85.105.28 - - [27/Aug/2026:03:28:12 -0700] "GET /wp-admin/options-general.php?page=wp-promtools-pro HTTP/2.0" 403 67779 "https://www.ablogformylove.com/wp-admin/plugin-install.php?tab=upload" "Mozilla/5.0 (Windows NT 10.0; Win64; x64) AppleWebKit/537.36 (KHTML, like Gecko) Chrome/151.0.0.0 Safari/537.36"
45.85.105.28 - - [27/Aug/2026:03:28:12 -0700] "GET /wp-includes/js/dist/vendor/react-jsx-runtime.min.js?ver=18.3.1 HTTP/2.0" 200 720 "https://www.ablogformylove.com/wp-admin/plugin-install.php?tab=upload" "Mozilla/5.0 (Windows NT 10.0; Win64; x64) AppleWebKit/537.36 (KHTML, like Gecko) Chrome/151.0.0.0 Safari/537.36"
45.85.105.28 - - [27/Aug/2026:03:28:12 -0700] "GET /wp-includes/js/dist/deprecated.min.js?ver=fe587bac92b7d0ef760e HTTP/2.0" 200 819 "https://www.ablogformylove.com/wp-admin/plugin-install.php?tab=upload" "Mozilla/5.0 (Windows NT 10.0; Win64; x64) AppleWebKit/537.36 (KHTML, like Gecko) Chrome/151.0.0.0 Safari/537.36"
45.85.105.28 - - [27/Aug/2026:03:28:13 -0700] "GET /wp-includes/js/dist/dom.min.js?ver=c95f94cbbc1ac3fde84f HTTP/2.0" 200 5238 "https://www.ablogformylove.com/wp-admin/plugin-install.php?tab=upload" "Mozilla/5.0 (Windows NT 10.0; Win64; x64) AppleWebKit/537.36 (KHTML, like Gecko) Chrome/151.0.0.0 Safari/537.36"
45.85.105.28 - - [27/Aug/2026:03:28:13 -0700] "GET /wp-includes/js/dist/element.min.js?ver=4a4370b2b349066fd440 HTTP/2.0" 200 5298 "https://www.ablogformylove.com/wp-admin/plugin-install.php?tab=upload" "Mozilla/5.0 (Windows NT 10.0; Win64; x64) AppleWebKit/537.36 (KHTML, like Gecko) Chrome/151.0.0.0 Safari/537.36"
45.85.105.28 - - [27/Aug/2026:03:28:13 -0700] "GET /wp-includes/css/admin-bar.min.css?ver=7.1 HTTP/2.0" 200 4157 "https://www.ablogformylove.com/wp-admin/options-general.php?page=wp-promtools-pro" "Mozilla/5.0 (Windows NT 10.0; Win64; x64) AppleWebKit/537.36 (KHTML, like Gecko) Chrome/151.0.0.0 Safari/537.36"
45.85.105.28 - - [27/Aug/2026:03:28:13 -0700] "GET /wp-includes/css/dashicons.min.css?ver=7.1 HTTP/2.0" 200 35852 "https://www.ablogformylove.com/wp-admin/options-general.php?page=wp-promtools-pro" "Mozilla/5.0 (Windows NT 10.0; Win64; x64) AppleWebKit/537.36 (KHTML, like Gecko) Chrome/151.0.0.0 Safari/537.36"
45.85.105.28 - - [27/Aug/2026:03:28:13 -0700] "GET /wp-content/themes/saraswati-blog/assets/css/font-awesome.min.css?ver=7.1 HTTP/2.0" 200 6340 "https://www.ablogformylove.com/wp-admin/options-general.php?page=wp-promtools-pro" "Mozilla/5.0 (Windows NT 10.0; Win64; x64) AppleWebKit/537.36 (KHTML, like Gecko) Chrome/151.0.0.0 Safari/537.36"
45.85.105.28 - - [27/Aug/2026:03:28:13 -0700] "GET /wp-content/themes/saraswati-blog/assets/css/bootstrap.min.css?ver=7.1 HTTP/2.0" 200 20052 "https://www.ablogformylove.com/wp-admin/options-general.php?page=wp-promtools-pro" "Mozilla/5.0 (Windows NT 10.0; Win64; x64) AppleWebKit/537.36 (KHTML, like Gecko) Chrome/151.0.0.0 Safari/537.36"
45.85.105.28 - - [27/Aug/2026:03:28:13 -0700] "GET /wp-content/themes/saraswati-blog/assets/css/selectize.bootstrap3.css?ver=7.1 HTTP/2.0" 200 2286 "https://www.ablogformylove.com/wp-admin/options-general.php?page=wp-promtools-pro" "Mozilla/5.0 (Windows NT 10.0; Win64; x64) AppleWebKit/537.36 (KHTML, like Gecko) Chrome/151.0.0.0 Safari/537.36"
45.85.105.28 - - [27/Aug/2026:03:28:13 -0700] "GET /wp-content/themes/saraswati-blog/assets/css/owl.carousel.css?ver=7.1 HTTP/2.0" 200 1175 "https://www.ablogformylove.com/wp-admin/options-general.php?page=wp-promtools-pro" "Mozilla/5.0 (Windows NT 10.0; Win64; x64) AppleWebKit/537.36 (KHTML, like Gecko) Chrome/151.0.0.0 Safari/537.36"
45.85.105.28 - - [27/Aug/2026:03:28:13 -0700] "GET /wp-content/themes/saraswati-blog/assets/css/owl.theme.default.min.css?ver=7.1 HTTP/2.0" 200 459 "https://www.ablogformylove.com/wp-admin/options-general.php?page=wp-promtools-pro" "Mozilla/5.0 (Windows NT 10.0; Win64; x64) AppleWebKit/537.36 (KHTML, like Gecko) Chrome/151.0.0.0 Safari/537.36"
45.85.105.28 - - [27/Aug/2026:03:28:14 -0700] "GET /wp-content/themes/saraswati-blog/assets/css/magnific-popup.css?ver=7.1 HTTP/2.0" 200 1950 "https://www.ablogformylove.com/wp-admin/options-general.php?page=wp-promtools-pro" "Mozilla/5.0 (Windows NT 10.0; Win64; x64) AppleWebKit/537.36 (KHTML, like Gecko) Chrome/151.0.0.0 Safari/537.36"
45.85.105.28 - - [27/Aug/2026:03:28:14 -0700] "GET /wp-content/themes/saraswati-blog/style.css?ver=1.0.0 HTTP/2.0" 200 13527 "https://www.ablogformylove.com/wp-admin/options-general.php?page=wp-promtools-pro" "Mozilla/5.0 (Windows NT 10.0; Win64; x64) AppleWebKit/537.36 (KHTML, like Gecko) Chrome/151.0.0.0 Safari/537.36"
45.85.105.28 - - [27/Aug/2026:03:28:14 -0700] "GET /wp-content/themes/saraswati-blog/assets/css/menu.css?ver=7.1 HTTP/2.0" 200 2100 "https://www.ablogformylove.com/wp-admin/options-general.php?page=wp-promtools-pro" "Mozilla/5.0 (Windows NT 10.0; Win64; x64) AppleWebKit/537.36 (KHTML, like Gecko) Chrome/151.0.0.0 Safari/537.36"
45.85.105.28 - - [27/Aug/2026:03:28:14 -0700] "GET /wp-content/themes/saraswati-blog/assets/css/responsive.css?ver=7.1 HTTP/2.0" 200 2469 "https://www.ablogformylove.com/wp-admin/options-general.php?page=wp-promtools-pro" "Mozilla/5.0 (Windows NT 10.0; Win64; x64) AppleWebKit/537.36 (KHTML, like Gecko) Chrome/151.0.0.0 Safari/537.36"
45.85.105.28 - - [27/Aug/2026:03:28:14 -0700] "GET /wp-includes/js/jquery/jquery.min.js?ver=3.7.1 HTTP/2.0" 200 30996 "https://www.ablogformylove.com/wp-admin/options-general.php?page=wp-promtools-pro" "Mozilla/5.0 (Windows NT 10.0; Win64; x64) AppleWebKit/537.36 (KHTML, like Gecko) Chrome/151.0.0.0 Safari/537.36"
45.85.105.28 - - [27/Aug/2026:03:28:14 -0700] "GET /wp-includes/js/jquery/jquery-migrate.min.js?ver=3.4.1 HTTP/2.0" 200 4964 "https://www.ablogformylove.com/wp-admin/options-general.php?page=wp-promtools-pro" "Mozilla/5.0 (Windows NT 10.0; Win64; x64) AppleWebKit/537.36 (KHTML, like Gecko) Chrome/151.0.0.0 Safari/537.36"
45.85.105.28 - - [27/Aug/2026:03:28:14 -0700] "GET /wp-content/themes/saraswati-blog/assets/js/bootstrap.min.js?ver=20151215 HTTP/2.0" 200 27829 "https://www.ablogformylove.com/wp-admin/options-general.php?page=wp-promtools-pro" "Mozilla/5.0 (Windows NT 10.0; Win64; x64) AppleWebKit/537.36 (KHTML, like Gecko) Chrome/151.0.0.0 Safari/537.36"
45.85.105.28 - - [27/Aug/2026:03:28:14 -0700] "GET /wp-content/themes/saraswati-blog/assets/js/owl.carousel.min.js?ver=1787826492 HTTP/2.0" 200 10809 "https://www.ablogformylove.com/wp-admin/options-general.php?page=wp-promtools-pro" "Mozilla/5.0 (Windows NT 10.0; Win64; x64) AppleWebKit/537.36 (KHTML, like Gecko) Chrome/151.0.0.0 Safari/537.36"
45.85.105.28 - - [27/Aug/2026:03:28:14 -0700] "GET /wp-content/themes/saraswati-blog/assets/js/jquery.fitvids.js?ver=20151215 HTTP/2.0" 200 1411 "https://www.ablogformylove.com/wp-admin/options-general.php?page=wp-promtools-pro" "Mozilla/5.0 (Windows NT 10.0; Win64; x64) AppleWebKit/537.36 (KHTML, like Gecko) Chrome/151.0.0.0 Safari/537.36"
45.85.105.28 - - [27/Aug/2026:03:28:14 -0700] "GET /wp-content/themes/saraswati-blog/assets/js/jquery.equalheights.min.js?ver=20151215 HTTP/2.0" 200 374 "https://www.ablogformylove.com/wp-admin/options-general.php?page=wp-promtools-pro" "Mozilla/5.0 (Windows NT 10.0; Win64; x64) AppleWebKit/537.36 (KHTML, like Gecko) Chrome/151.0.0.0 Safari/537.36"
45.85.105.28 - - [27/Aug/2026:03:28:15 -0700] "GET /wp-content/themes/saraswati-blog/assets/js/imgLiquid-min.js?ver=20151215 HTTP/2.0" 200 1999 "https://www.ablogformylove.com/wp-admin/options-general.php?page=wp-promtools-pro" "Mozilla/5.0 (Windows NT 10.0; Win64; x64) AppleWebKit/537.36 (KHTML, like Gecko) Chrome/151.0.0.0 Safari/537.36"
45.85.105.28 - - [27/Aug/2026:03:28:15 -0700] "GET /wp-content/themes/saraswati-blog/assets/js/jquery.magnific-popup.min.js?ver=20151215 HTTP/2.0" 200 7437 "https://www.ablogformylove.com/wp-admin/options-general.php?page=wp-promtools-pro" "Mozilla/5.0 (Windows NT 10.0; Win64; x64) AppleWebKit/537.36 (KHTML, like Gecko) Chrome/151.0.0.0 Safari/537.36"
45.85.105.28 - - [27/Aug/2026:03:28:15 -0700] "GET /wp-content/themes/saraswati-blog/assets/js/navigation.js?ver=20151215 HTTP/2.0" 200 1142 "https://www.ablogformylove.com/wp-admin/options-general.php?page=wp-promtools-pro" "Mozilla/5.0 (Windows NT 10.0; Win64; x64) AppleWebKit/537.36 (KHTML, like Gecko) Chrome/151.0.0.0 Safari/537.36"
45.85.105.28 - - [27/Aug/2026:03:28:15 -0700] "GET /wp-content/themes/saraswati-blog/assets/js/skip-link-focus-fix.js?ver=20151215 HTTP/2.0" 200 2265 "https://www.ablogformylove.com/wp-admin/options-general.php?page=wp-promtools-pro" "Mozilla/5.0 (Windows NT 10.0; Win64; x64) AppleWebKit/537.36 (KHTML, like Gecko) Chrome/151.0.0.0 Safari/537.36"
45.85.105.28 - - [27/Aug/2026:03:28:15 -0700] "GET /wp-content/themes/saraswati-blog/assets/js/menu.js?ver=20151215 HTTP/2.0" 200 1162 "https://www.ablogformylove.com/wp-admin/options-general.php?page=wp-promtools-pro" "Mozilla/5.0 (Windows NT 10.0; Win64; x64) AppleWebKit/537.36 (KHTML, like Gecko) Chrome/151.0.0.0 Safari/537.36"
45.85.105.28 - - [27/Aug/2026:03:28:15 -0700] "GET /wp-content/themes/saraswati-blog/assets/js/scripts.js?ver=20151215 HTTP/2.0" 200 2520 "https://www.ablogformylove.com/wp-admin/options-general.php?page=wp-promtools-pro" "Mozilla/5.0 (Windows NT 10.0; Win64; x64) AppleWebKit/537.36 (KHTML, like Gecko) Chrome/151.0.0.0 Safari/537.36"
57.141.0.17 - - [27/Aug/2026:03:28:15 -0700] "GET /?m=40403171840 HTTP/2.0" 200 19795 "-" "Mozilla/5.0 (Windows NT 10.0; Win64; x64) AppleWebKit/537.36 (KHTML, like Gecko) Chrome/145.0.0.0 Safari/537.36 (compatible; meta-externalagent/1.1 (+https://developers.facebook.com/docs/sharing/webmasters/crawler))"
45.85.105.28 - - [27/Aug/2026:03:28:16 -0700] "GET /wp-content/themes/saraswati-blog/assets/fonts/fontawesome-webfont3295.woff2?v=4.5.0 HTTP/2.0" 200 66799 "https://www.ablogformylove.com/wp-content/themes/saraswati-blog/assets/css/font-awesome.min.css?ver=7.1" "Mozilla/5.0 (Windows NT 10.0; Win64; x64) AppleWebKit/537.36 (KHTML, like Gecko) Chrome/151.0.0.0 Safari/537.36"
66.249.74.192 - - [27/Aug/2026:03:28:16 -0700] "GET /pc/index.php?m=76834726481 HTTP/1.1" 200 64073 "-" "Mozilla/5.0 (Linux; Android 6.0.1; Nexus 5X Build/MMB29P) AppleWebKit/537.36 (KHTML, like Gecko) Chrome/151.0.7922.173 Mobile Safari/537.36 (compatible; GoogleOther)"
57.141.0.32 - - [27/Aug/2026:03:28:16 -0700] "GET /?m=89387276472 HTTP/2.0" 200 19795 "-" "Mozilla/5.0 (Macintosh; Intel Mac OS X 10_15_7) AppleWebKit/537.36 (KHTML, like Gecko) Chrome/145.0.0.0 Safari/537.36 (compatible; meta-externalagent/1.1 (+https://developers.facebook.com/docs/sharing/webmasters/crawler))"
66.249.74.192 - - [27/Aug/2026:03:28:20 -0700] "GET /goods.php?s=34946489886 HTTP/1.1" 200 32871 "-" "Mozilla/5.0 (Linux; Android 6.0.1; Nexus 5X Build/MMB29P) AppleWebKit/537.36 (KHTML, like Gecko) Chrome/151.0.7922.173 Mobile Safari/537.36 (compatible; GoogleOther)"
66.249.74.192 - - [27/Aug/2026:03:28:25 -0700] "GET /goods.php?m=75164608644 HTTP/1.1" 200 33599 "-" "Mozilla/5.0 (Linux; Android 6.0.1; Nexus 5X Build/MMB29P) AppleWebKit/537.36 (KHTML, like Gecko) Chrome/151.0.7922.173 Mobile Safari/537.36 (compatible; GoogleOther)"
66.249.74.192 - - [27/Aug/2026:03:28:26 -0700] "GET /kaden/mtalk/?sku=17846966432 HTTP/1.1" 200 64407 "-" "Mozilla/5.0 (Linux; Android 6.0.1; Nexus 5X Build/MMB29P) AppleWebKit/537.36 (KHTML, like Gecko) Chrome/151.0.7922.173 Mobile Safari/537.36 (compatible; Googlebot/2.1; +http://www.google.com/bot.html)"
66.249.74.193 - - [27/Aug/2026:03:28:29 -0700] "GET /goods.php?i=42399078977 HTTP/1.1" 200 32590 "-" "Mozilla/5.0 (Linux; Android 6.0.1; Nexus 5X Build/MMB29P) AppleWebKit/537.36 (KHTML, like Gecko) Chrome/151.0.7922.173 Mobile Safari/537.36 (compatible; GoogleOther)"
57.141.0.63 - - [27/Aug/2026:03:28:31 -0700] "GET /?m=19952374828 HTTP/2.0" 200 19794 "-" "Mozilla/5.0 (Windows NT 10.0; Win64; x64) AppleWebKit/537.36 (KHTML, like Gecko) Chrome/145.0.0.0 Safari/537.36 (compatible; meta-externalagent/1.1 (+https://developers.facebook.com/docs/sharing/webmasters/crawler))"
66.249.74.193 - - [27/Aug/2026:03:28:32 -0700] "GET /?tags/TREADMILL HTTP/1.1" 200 64055 "-" "Mozilla/5.0 (Linux; Android 6.0.1; Nexus 5X Build/MMB29P) AppleWebKit/537.36 (KHTML, like Gecko) Chrome/151.0.7922.173 Mobile Safari/537.36 (compatible; Googlebot/2.1; +http://www.google.com/bot.html)"
66.249.74.193 - - [27/Aug/2026:03:28:33 -0700] "GET /goods.php?g=84542918403 HTTP/1.1" 200 27991 "-" "Mozilla/5.0 (Linux; Android 6.0.1; Nexus 5X Build/MMB29P) AppleWebKit/537.36 (KHTML, like Gecko) Chrome/151.0.7922.173 Mobile Safari/537.36 (compatible; GoogleOther)"
66.249.74.193 - - [27/Aug/2026:03:28:37 -0700] "GET /goods.php?z=25774930969 HTTP/1.1" 200 28857 "-" "Mozilla/5.0 (Linux; Android 6.0.1; Nexus 5X Build/MMB29P) AppleWebKit/537.36 (KHTML, like Gecko) Chrome/151.0.7922.173 Mobile Safari/537.36 (compatible; GoogleOther)"
66.249.74.192 - - [27/Aug/2026:03:28:41 -0700] "GET /?m=28574175531 HTTP/1.1" 200 63648 "-" "Mozilla/5.0 (Linux; Android 6.0.1; Nexus 5X Build/MMB29P) AppleWebKit/537.36 (KHTML, like Gecko) Chrome/151.0.7922.173 Mobile Safari/537.36 (compatible; GoogleOther)"
66.249.74.192 - - [27/Aug/2026:03:28:44 -0700] "GET /goods.php?c=61760284280 HTTP/1.1" 200 30082 "-" "Mozilla/5.0 (Linux; Android 6.0.1; Nexus 5X Build/MMB29P) AppleWebKit/537.36 (KHTML, like Gecko) Chrome/151.0.7922.173 Mobile Safari/537.36 (compatible; GoogleOther)"
66.249.74.193 - - [27/Aug/2026:03:28:48 -0700] "GET /goods.php?z=12265996910 HTTP/1.1" 200 32862 "-" "Mozilla/5.0 (Linux; Android 6.0.1; Nexus 5X Build/MMB29P) AppleWebKit/537.36 (KHTML, like Gecko) Chrome/151.0.7922.173 Mobile Safari/537.36 (compatible; GoogleOther)"
66.249.74.193 - - [27/Aug/2026:03:28:51 -0700] "GET /goods.php?n=54509854375 HTTP/1.1" 200 28913 "-" "Mozilla/5.0 (Linux; Android 6.0.1; Nexus 5X Build/MMB29P) AppleWebKit/537.36 (KHTML, like Gecko) Chrome/151.0.7922.173 Mobile Safari/537.36 (compatible; GoogleOther)"
66.249.74.194 - - [27/Aug/2026:03:28:53 -0700] "GET /ajax/productstorestocklist/?sku=2801459430&my_store=1 HTTP/1.1" 200 64547 "-" "Mozilla/5.0 (Linux; Android 6.0.1; Nexus 5X Build/MMB29P) AppleWebKit/537.36 (KHTML, like Gecko) Chrome/151.0.7922.173 Mobile Safari/537.36 (compatible; Googlebot/2.1; +http://www.google.com/bot.html)"
66.249.74.193 - - [27/Aug/2026:03:28:54 -0700] "GET /goods.php?x=64752859913 HTTP/1.1" 200 28529 "-" "Mozilla/5.0 (Linux; Android 6.0.1; Nexus 5X Build/MMB29P) AppleWebKit/537.36 (KHTML, like Gecko) Chrome/151.0.7922.173 Mobile Safari/537.36 (compatible; GoogleOther)"
66.249.74.192 - - [27/Aug/2026:03:28:58 -0700] "GET /kaden/mtalk/?sku=42117686828 HTTP/1.1" 200 63536 "-" "Mozilla/5.0 (Linux; Android 6.0.1; Nexus 5X Build/MMB29P) AppleWebKit/537.36 (KHTML, like Gecko) Chrome/151.0.7922.173 Mobile Safari/537.36 (compatible; GoogleOther)"
66.249.74.194 - - [27/Aug/2026:03:29:01 -0700] "GET /ajax/productstorestocklist/?sku=23916609991&my_store=1 HTTP/1.1" 200 65787 "-" "Mozilla/5.0 (Linux; Android 6.0.1; Nexus 5X Build/MMB29P) AppleWebKit/537.36 (KHTML, like Gecko) Chrome/151.0.7922.173 Mobile Safari/537.36 (compatible; GoogleOther)"
66.249.74.193 - - [27/Aug/2026:03:29:04 -0700] "GET /goods.php?e=73875504425 HTTP/1.1" 200 33767 "-" "Mozilla/5.0 (Linux; Android 6.0.1; Nexus 5X Build/MMB29P) AppleWebKit/537.36 (KHTML, like Gecko) Chrome/151.0.7922.173 Mobile Safari/537.36 (compatible; GoogleOther)"
66.249.74.192 - - [27/Aug/2026:03:29:08 -0700] "GET /?m=13784185952 HTTP/1.1" 200 63108 "-" "Mozilla/5.0 (Linux; Android 6.0.1; Nexus 5X Build/MMB29P) AppleWebKit/537.36 (KHTML, like Gecko) Chrome/151.0.7922.173 Mobile Safari/537.36 (compatible; GoogleOther)"
66.249.74.192 - - [27/Aug/2026:03:29:11 -0700] "GET /?m=55023800783 HTTP/1.1" 200 57983 "-" "Mozilla/5.0 (Linux; Android 6.0.1; Nexus 5X Build/MMB29P) AppleWebKit/537.36 (KHTML, like Gecko) Chrome/151.0.7922.173 Mobile Safari/537.36 (compatible; GoogleOther)"
68.67.112.119 - - [27/Aug/2026:03:29:15 -0700] "GET /robots.txt HTTP/1.1" 200 5366 "-" "Mozilla/5.0 AppleWebKit/537.36 (KHTML, like Gecko; compatible; YouBot/1.0; +https://docs.you.com/youbot; env:prod) Chrome/142.0.0.0 Safari/537.36"
66.249.74.193 - - [27/Aug/2026:03:29:15 -0700] "GET /ajax/productstorestocklist/?sku=84504901740&lat= HTTP/1.1" 200 63512 "-" "Mozilla/5.0 (Linux; Android 6.0.1; Nexus 5X Build/MMB29P) AppleWebKit/537.36 (KHTML, like Gecko) Chrome/151.0.7922.173 Mobile Safari/537.36 (compatible; GoogleOther)"
68.67.112.119 - - [27/Aug/2026:03:29:16 -0700] "GET /www.ablogformylove.com/2020/04/16/travel-barbie/ HTTP/2.0" 200 19786 "-" "Mozilla/5.0 AppleWebKit/537.36 (KHTML, like Gecko; compatible; YouBot/1.0; +https://docs.you.com/youbot; env:prod) Chrome/142.0.0.0 Safari/537.36"
68.67.112.119 - - [27/Aug/2026:03:29:18 -0700] "GET /wp-includes/js/jquery/jquery.min.js?ver=3.7.1 HTTP/2.0" 200 31071 "https://www.ablogformylove.com/www.ablogformylove.com/2020/04/16/travel-barbie/" "Mozilla/5.0 AppleWebKit/537.36 (KHTML, like Gecko; compatible; YouBot/1.0; +https://docs.you.com/youbot; env:prod) Chrome/142.0.0.0 Safari/537.36"
68.67.112.119 - - [27/Aug/2026:03:29:18 -0700] "GET /wp-includes/js/jquery/jquery-migrate.min.js?ver=3.4.1 HTTP/2.0" 200 4964 "https://www.ablogformylove.com/www.ablogformylove.com/2020/04/16/travel-barbie/" "Mozilla/5.0 AppleWebKit/537.36 (KHTML, like Gecko; compatible; YouBot/1.0; +https://docs.you.com/youbot; env:prod) Chrome/142.0.0.0 Safari/537.36"
68.67.112.119 - - [27/Aug/2026:03:29:18 -0700] "GET /wp-content/themes/saraswati-blog/assets/js/bootstrap.min.js?ver=20151215 HTTP/2.0" 200 27870 "https://www.ablogformylove.com/www.ablogformylove.com/2020/04/16/travel-barbie/" "Mozilla/5.0 AppleWebKit/537.36 (KHTML, like Gecko; compatible; YouBot/1.0; +https://docs.you.com/youbot; env:prod) Chrome/142.0.0.0 Safari/537.36"
68.67.112.119 - - [27/Aug/2026:03:29:18 -0700] "GET /wp-content/themes/saraswati-blog/assets/js/owl.carousel.min.js?ver=1787826557 HTTP/2.0" 200 10809 "https://www.ablogformylove.com/www.ablogformylove.com/2020/04/16/travel-barbie/" "Mozilla/5.0 AppleWebKit/537.36 (KHTML, like Gecko; compatible; YouBot/1.0; +https://docs.you.com/youbot; env:prod) Chrome/142.0.0.0 Safari/537.36"
68.67.112.119 - - [27/Aug/2026:03:29:18 -0700] "GET /wp-content/themes/saraswati-blog/assets/js/jquery.fitvids.js?ver=20151215 HTTP/2.0" 200 1411 "https://www.ablogformylove.com/www.ablogformylove.com/2020/04/16/travel-barbie/" "Mozilla/5.0 AppleWebKit/537.36 (KHTML, like Gecko; compatible; YouBot/1.0; +https://docs.you.com/youbot; env:prod) Chrome/142.0.0.0 Safari/537.36"
68.67.112.119 - - [27/Aug/2026:03:29:18 -0700] "GET /wp-content/themes/saraswati-blog/assets/js/jquery.equalheights.min.js?ver=20151215 HTTP/2.0" 200 374 "https://www.ablogformylove.com/www.ablogformylove.com/2020/04/16/travel-barbie/" "Mozilla/5.0 AppleWebKit/537.36 (KHTML, like Gecko; compatible; YouBot/1.0; +https://docs.you.com/youbot; env:prod) Chrome/142.0.0.0 Safari/537.36"
68.67.112.119 - - [27/Aug/2026:03:29:18 -0700] "GET /wp-content/themes/saraswati-blog/assets/js/imgLiquid-min.js?ver=20151215 HTTP/2.0" 200 1953 "https://www.ablogformylove.com/www.ablogformylove.com/2020/04/16/travel-barbie/" "Mozilla/5.0 AppleWebKit/537.36 (KHTML, like Gecko; compatible; YouBot/1.0; +https://docs.you.com/youbot; env:prod) Chrome/142.0.0.0 Safari/537.36"
68.67.112.119 - - [27/Aug/2026:03:29:18 -0700] "GET /wp-content/themes/saraswati-blog/assets/js/jquery.magnific-popup.min.js?ver=20151215 HTTP/2.0" 200 7437 "https://www.ablogformylove.com/www.ablogformylove.com/2020/04/16/travel-barbie/" "Mozilla/5.0 AppleWebKit/537.36 (KHTML, like Gecko; compatible; YouBot/1.0; +https://docs.you.com/youbot; env:prod) Chrome/142.0.0.0 Safari/537.36"
68.67.112.119 - - [27/Aug/2026:03:29:18 -0700] "GET /wp-content/themes/saraswati-blog/assets/js/navigation.js?ver=20151215 HTTP/2.0" 200 1142 "https://www.ablogformylove.com/www.ablogformylove.com/2020/04/16/travel-barbie/" "Mozilla/5.0 AppleWebKit/537.36 (KHTML, like Gecko; compatible; YouBot/1.0; +https://docs.you.com/youbot; env:prod) Chrome/142.0.0.0 Safari/537.36"
68.67.112.119 - - [27/Aug/2026:03:29:18 -0700] "GET /wp-content/themes/saraswati-blog/assets/js/sticky-sidebar.js?ver=20151215 HTTP/2.0" 200 287 "https://www.ablogformylove.com/www.ablogformylove.com/2020/04/16/travel-barbie/" "Mozilla/5.0 AppleWebKit/537.36 (KHTML, like Gecko; compatible; YouBot/1.0; +https://docs.you.com/youbot; env:prod) Chrome/142.0.0.0 Safari/537.36"
68.67.112.119 - - [27/Aug/2026:03:29:18 -0700] "GET /wp-content/themes/saraswati-blog/assets/js/skip-link-focus-fix.js?ver=20151215 HTTP/2.0" 200 2265 "https://www.ablogformylove.com/www.ablogformylove.com/2020/04/16/travel-barbie/" "Mozilla/5.0 AppleWebKit/537.36 (KHTML, like Gecko; compatible; YouBot/1.0; +https://docs.you.com/youbot; env:prod) Chrome/142.0.0.0 Safari/537.36"
68.67.112.119 - - [27/Aug/2026:03:29:18 -0700] "GET /wp-content/themes/saraswati-blog/assets/js/theia-sticky-sidebar.js?ver=20151215 HTTP/2.0" 200 3381 "https://www.ablogformylove.com/www.ablogformylove.com/2020/04/16/travel-barbie/" "Mozilla/5.0 AppleWebKit/537.36 (KHTML, like Gecko; compatible; YouBot/1.0; +https://docs.you.com/youbot; env:prod) Chrome/142.0.0.0 Safari/537.36"
68.67.112.119 - - [27/Aug/2026:03:29:18 -0700] "GET /wp-content/themes/saraswati-blog/assets/js/menu.js?ver=20151215 HTTP/2.0" 200 1162 "https://www.ablogformylove.com/www.ablogformylove.com/2020/04/16/travel-barbie/" "Mozilla/5.0 AppleWebKit/537.36 (KHTML, like Gecko; compatible; YouBot/1.0; +https://docs.you.com/youbot; env:prod) Chrome/142.0.0.0 Safari/537.36"
68.67.112.119 - - [27/Aug/2026:03:29:18 -0700] "GET /wp-content/themes/saraswati-blog/assets/js/scripts.js?ver=20151215 HTTP/2.0" 200 2520 "https://www.ablogformylove.com/www.ablogformylove.com/2020/04/16/travel-barbie/" "Mozilla/5.0 AppleWebKit/537.36 (KHTML, like Gecko; compatible; YouBot/1.0; +https://docs.you.com/youbot; env:prod) Chrome/142.0.0.0 Safari/537.36"
68.67.112.119 - - [27/Aug/2026:03:29:18 -0700] "GET /wp-includes/js/wp-emoji-release.min.js?ver=7.1 HTTP/2.0" 200 5546 "https://www.ablogformylove.com/www.ablogformylove.com/2020/04/16/travel-barbie/" "Mozilla/5.0 AppleWebKit/537.36 (KHTML, like Gecko; compatible; YouBot/1.0; +https://docs.you.com/youbot; env:prod) Chrome/142.0.0.0 Safari/537.36"
66.249.74.193 - - [27/Aug/2026:03:29:19 -0700] "GET /ajax/productstorestocklist/?sku=72788290569&lat= HTTP/1.1" 200 59409 "-" "Mozilla/5.0 (Linux; Android 6.0.1; Nexus 5X Build/MMB29P) AppleWebKit/537.36 (KHTML, like Gecko) Chrome/151.0.7922.173 Mobile Safari/537.36 (compatible; GoogleOther)"
107.20.105.74 - - [27/Aug/2026:03:29:20 -0700] "HEAD / HTTP/2.0" 200 105 "http://75.119.195.61" "DreamHost SiteMonitor 1.0"
66.249.74.192 - - [27/Aug/2026:03:29:23 -0700] "GET /?m=15187696464 HTTP/1.1" 200 65944 "-" "Mozilla/5.0 (Linux; Android 6.0.1; Nexus 5X Build/MMB29P) AppleWebKit/537.36 (KHTML, like Gecko) Chrome/151.0.7922.173 Mobile Safari/537.36 (compatible; GoogleOther)"
66.249.74.192 - - [27/Aug/2026:03:29:27 -0700] "GET /ajax/productstorestocklist/?sku=19678800748&my_store=1 HTTP/1.1" 200 59083 "-" "Mozilla/5.0 (Linux; Android 6.0.1; Nexus 5X Build/MMB29P) AppleWebKit/537.36 (KHTML, like Gecko) Chrome/151.0.7922.173 Mobile Safari/537.36 (compatible; GoogleOther)"
66.249.74.194 - - [27/Aug/2026:03:29:30 -0700] "GET /kaden/mtalk/?sku=29679822284 HTTP/1.1" 200 64092 "-" "Mozilla/5.0 (Linux; Android 6.0.1; Nexus 5X Build/MMB29P) AppleWebKit/537.36 (KHTML, like Gecko) Chrome/151.0.7922.173 Mobile Safari/537.36 (compatible; GoogleOther)"
66.249.74.192 - - [27/Aug/2026:03:29:34 -0700] "GET /goods.php?o=92126838695 HTTP/1.1" 200 33799 "-" "Mozilla/5.0 (Linux; Android 6.0.1; Nexus 5X Build/MMB29P) AppleWebKit/537.36 (KHTML, like Gecko) Chrome/151.0.7922.173 Mobile Safari/537.36 (compatible; GoogleOther)"
66.249.74.194 - - [27/Aug/2026:03:29:35 -0700] "GET /?tags/%E6%9C%AC%E6%97%A5%E9%99%90%E5%AE%9A%E4%BE%A1%E6%A0%BC%E3%80%80%E3%82%AC%E3%83%81%E3%83%A3%E3%82%AC%E3%83%81%E3%83%A3%E3%80%80%E3%82%AB%E3%83%97%E3%82%BB%E3%83%AB%E8%87%AA%E8%B2%A9%E6%A9%9F%E3%80%80%E6%9C%AC%E4%BD%93%E6%99%AF%E5%93%81%E3%81%BE%E3%81%A8%E3%82%81%E5%A3%B2%E3%82%8A HTTP/1.1" 200 63583 "-" "Mozilla/5.0 (Linux; Android 6.0.1; Nexus 5X Build/MMB29P) AppleWebKit/537.36 (KHTML, like Gecko) Chrome/151.0.7922.173 Mobile Safari/537.36 (compatible; Googlebot/2.1; +http://www.google.com/bot.html)"
66.249.74.194 - - [27/Aug/2026:03:29:35 -0700] "GET /?m=56797574081 HTTP/1.1" 200 60310 "-" "Mozilla/5.0 (Linux; Android 6.0.1; Nexus 5X Build/MMB29P) AppleWebKit/537.36 (KHTML, like Gecko) Chrome/151.0.7922.173 Mobile Safari/537.36 (compatible; Googlebot/2.1; +http://www.google.com/bot.html)"
57.141.0.52 - - [27/Aug/2026:03:29:36 -0700] "GET /?m=16346832623 HTTP/2.0" 200 19795 "-" "Mozilla/5.0 (Macintosh; Intel Mac OS X 10_15_7) AppleWebKit/537.36 (KHTML, like Gecko) Chrome/145.0.0.0 Safari/537.36 (compatible; meta-externalagent/1.1 (+https://developers.facebook.com/docs/sharing/webmasters/crawler))"
57.141.0.46 - - [27/Aug/2026:03:29:37 -0700] "GET /?m=93699276162 HTTP/2.0" 200 19795 "-" "Mozilla/5.0 (X11; Linux x86_64) AppleWebKit/537.36 (KHTML, like Gecko) Chrome/145.0.0.0 Safari/537.36 (compatible; meta-externalagent/1.1 (+https://developers.facebook.com/docs/sharing/webmasters/crawler))"
66.249.74.192 - - [27/Aug/2026:03:29:37 -0700] "GET /goods.php?f=43668825929 HTTP/1.1" 200 28275 "-" "Mozilla/5.0 (Linux; Android 6.0.1; Nexus 5X Build/MMB29P) AppleWebKit/537.36 (KHTML, like Gecko) Chrome/151.0.7922.173 Mobile Safari/537.36 (compatible; GoogleOther)"
57.141.0.68 - - [27/Aug/2026:03:29:39 -0700] "GET /?m=2314401332 HTTP/2.0" 200 19795 "-" "Mozilla/5.0 (Windows NT 10.0; Win64; x64) AppleWebKit/537.36 (KHTML, like Gecko) Chrome/145.0.0.0 Safari/537.36 (compatible; meta-externalagent/1.1 (+https://developers.facebook.com/docs/sharing/webmasters/crawler))"
66.249.74.192 - - [27/Aug/2026:03:29:41 -0700] "GET /?m=46212688175 HTTP/1.1" 200 58342 "-" "Mozilla/5.0 (Linux; Android 6.0.1; Nexus 5X Build/MMB29P) AppleWebKit/537.36 (KHTML, like Gecko) Chrome/151.0.7922.173 Mobile Safari/537.36 (compatible; GoogleOther)"
52.70.138.176 - - [27/Aug/2026:03:29:44 -0700] "GET /2026/08/21/vorhersagen-fur-den-gewinner-der-fifa-fussball-weltmeisterschaft-2026-2/embed/ HTTP/1.1" 200 13068 "-" "Mozilla/5.0 AppleWebKit/537.36 (KHTML, like Gecko; compatible; Amazonbot/0.1; +https://developer.amazon.com/support/amazonbot) Chrome/119.0.6045.214 Safari/537.36"
66.249.74.193 - - [27/Aug/2026:03:29:45 -0700] "GET /?m=75445447247 HTTP/1.1" 200 63243 "-" "Mozilla/5.0 (Linux; Android 6.0.1; Nexus 5X Build/MMB29P) AppleWebKit/537.36 (KHTML, like Gecko) Chrome/151.0.7922.173 Mobile Safari/537.36 (compatible; GoogleOther)"
66.249.74.194 - - [27/Aug/2026:03:29:48 -0700] "GET /ajax/productstorestocklist/?sku=82620417730&lat= HTTP/1.1" 200 63542 "-" "Mozilla/5.0 (Linux; Android 6.0.1; Nexus 5X Build/MMB29P) AppleWebKit/537.36 (KHTML, like Gecko) Chrome/151.0.7922.173 Mobile Safari/537.36 (compatible; GoogleOther)"
57.141.0.3 - - [27/Aug/2026:03:29:48 -0700] "GET /?m=16594639747 HTTP/2.0" 200 19795 "-" "Mozilla/5.0 (Windows NT 10.0; Win64; x64) AppleWebKit/537.36 (KHTML, like Gecko) Chrome/145.0.0.0 Safari/537.36 (compatible; meta-externalagent/1.1 (+https://developers.facebook.com/docs/sharing/webmasters/crawler))"
107.23.62.75 - - [27/Aug/2026:03:29:48 -0700] "GET /wp-json/wp/v2/posts/199 HTTP/1.1" 200 7443 "-" "Mozilla/5.0 AppleWebKit/537.36 (KHTML, like Gecko; compatible; Amazonbot/0.1; +https://developer.amazon.com/support/amazonbot) Chrome/119.0.6045.214 Safari/537.36"
66.249.74.194 - - [27/Aug/2026:03:29:51 -0700] "GET /?m=46242728409 HTTP/1.1" 200 58699 "-" "Mozilla/5.0 (Linux; Android 6.0.1; Nexus 5X Build/MMB29P) AppleWebKit/537.36 (KHTML, like Gecko) Chrome/151.0.7922.173 Mobile Safari/537.36 (compatible; GoogleOther)"
54.83.23.103 - - [27/Aug/2026:03:29:52 -0700] "GET /wp-json/oembed/1.0/embed?format=xml&url=https://www.ablogformylove.com/2026/08/23/complete-burlesque-queen-casino-beginners-self-help-guide-to-pokie-hosts/ HTTP/1.1" 200 7879 "-" "Mozilla/5.0 AppleWebKit/537.36 (KHTML, like Gecko; compatible; Amazonbot/0.1; +https://developer.amazon.com/support/amazonbot) Chrome/119.0.6045.214 Safari/537.36"
57.141.0.27 - - [27/Aug/2026:03:29:53 -0700] "GET /?m=73002504413 HTTP/2.0" 200 19795 "-" "Mozilla/5.0 (Windows NT 10.0; Win64; x64) AppleWebKit/537.36 (KHTML, like Gecko) Chrome/145.0.0.0 Safari/537.36 (compatible; meta-externalagent/1.1 (+https://developers.facebook.com/docs/sharing/webmasters/crawler))"
66.249.74.192 - - [27/Aug/2026:03:29:55 -0700] "GET /?m=7289679427 HTTP/1.1" 200 62901 "-" "Mozilla/5.0 (Linux; Android 6.0.1; Nexus 5X Build/MMB29P) AppleWebKit/537.36 (KHTML, like Gecko) Chrome/151.0.7922.173 Mobile Safari/537.36 (compatible; GoogleOther)"
3.230.69.161 - - [27/Aug/2026:03:29:56 -0700] "GET /wp-json/wp/v2/posts/6314 HTTP/1.1" 200 10042 "-" "Mozilla/5.0 AppleWebKit/537.36 (KHTML, like Gecko; compatible; Amazonbot/0.1; +https://developer.amazon.com/support/amazonbot) Chrome/119.0.6045.214 Safari/537.36"
66.249.74.193 - - [27/Aug/2026:03:29:58 -0700] "GET /?m=39749745365 HTTP/1.1" 200 64219 "-" "Mozilla/5.0 (Linux; Android 6.0.1; Nexus 5X Build/MMB29P) AppleWebKit/537.36 (KHTML, like Gecko) Chrome/151.0.7922.173 Mobile Safari/537.36 (compatible; GoogleOther)"
44.215.210.112 - - [27/Aug/2026:03:30:00 -0700] "GET /wp-json/oembed/1.0/embed?url=https://www.ablogformylove.com/2026/08/24/sports-reports-online-casino-paysafecard-10-pop-community-external-widespread-times-for-the-victory/ HTTP/1.1" 200 7878 "-" "Mozilla/5.0 AppleWebKit/537.36 (KHTML, like Gecko; compatible; Amazonbot/0.1; +https://developer.amazon.com/support/amazonbot) Chrome/119.0.6045.214 Safari/537.36"
66.249.74.192 - - [27/Aug/2026:03:30:02 -0700] "GET /goods.php?r=23049490337 HTTP/1.1" 200 33706 "-" "Mozilla/5.0 (Linux; Android 6.0.1; Nexus 5X Build/MMB29P) AppleWebKit/537.36 (KHTML, like Gecko) Chrome/151.0.7922.173 Mobile Safari/537.36 (compatible; GoogleOther)"
3.225.9.97 - - [27/Aug/2026:03:30:04 -0700] "GET /2026/08/24/21-casino-bonus-codes-offers-golden-goal-online-slot-machine-2026/embed/ HTTP/1.1" 200 13082 "-" "Mozilla/5.0 AppleWebKit/537.36 (KHTML, like Gecko; compatible; Amazonbot/0.1; +https://developer.amazon.com/support/amazonbot) Chrome/119.0.6045.214 Safari/537.36"
66.249.74.194 - - [27/Aug/2026:03:30:06 -0700] "GET /shop.php?e=21472364209303 HTTP/1.1" 200 31589 "-" "Mozilla/5.0 (Linux; Android 6.0.1; Nexus 5X Build/MMB29P) AppleWebKit/537.36 (KHTML, like Gecko) Chrome/151.0.7922.173 Mobile Safari/537.36 (compatible; GoogleOther)"
54.92.171.106 - - [27/Aug/2026:03:30:08 -0700] "GET /wp-json/oembed/1.0/embed?url=https://www.ablogformylove.com/2026/08/24/poradnik-jak-grac-w-mostbet-na-telefonie/ HTTP/1.1" 200 7809 "-" "Mozilla/5.0 AppleWebKit/537.36 (KHTML, like Gecko; compatible; Amazonbot/0.1; +https://developer.amazon.com/support/amazonbot) Chrome/119.0.6045.214 Safari/537.36"
57.141.0.1 - - [27/Aug/2026:03:30:08 -0700] "GET /?m=70342911144 HTTP/2.0" 200 19795 "-" "Mozilla/5.0 (Macintosh; Intel Mac OS X 10_15_7) AppleWebKit/537.36 (KHTML, like Gecko) Chrome/145.0.0.0 Safari/537.36 (compatible; meta-externalagent/1.1 (+https://developers.facebook.com/docs/sharing/webmasters/crawler))"
66.249.74.193 - - [27/Aug/2026:03:30:09 -0700] "GET /goods.php?w=35960903162 HTTP/1.1" 200 34427 "-" "Mozilla/5.0 (Linux; Android 6.0.1; Nexus 5X Build/MMB29P) AppleWebKit/537.36 (KHTML, like Gecko) Chrome/151.0.7922.173 Mobile Safari/537.36 (compatible; GoogleOther)"
34.194.233.48 - - [27/Aug/2026:03:30:12 -0700] "GET /wp-json/oembed/1.0/embed?format=xml&url=https://www.ablogformylove.com/2026/08/21/strategien-fur-sportwetten-ohne-oasis-bei-neuen-wettanbietern-2/ HTTP/1.1" 200 7867 "-" "Mozilla/5.0 AppleWebKit/537.36 (KHTML, like Gecko; compatible; Amazonbot/0.1; +https://developer.amazon.com/support/amazonbot) Chrome/119.0.6045.214 Safari/537.36"
