145.239.69.106 - - [27/Aug/2026:01:12:34 -0700] "GET /2026/08/27/step-one-deposit-casinos-uk-tested-verified-august-2026/ HTTP/1.1" 200 30152 "-" "Mozilla/5.0 (compatible; MJ12bot/v1.4.8; http://mj12bot.com/)"
66.249.74.193 - - [27/Aug/2026:01:12:36 -0700] "GET /?m=84207969099 HTTP/1.1" 200 63022 "-" "Mozilla/5.0 (Linux; Android 6.0.1; Nexus 5X Build/MMB29P) AppleWebKit/537.36 (KHTML, like Gecko) Chrome/151.0.7922.173 Mobile Safari/537.36 (compatible; GoogleOther)"
145.239.69.106 - - [27/Aug/2026:01:12:37 -0700] "GET /2026/08/27/super-casino-secret-romance-joker-ports/ HTTP/1.1" 200 29257 "-" "Mozilla/5.0 (compatible; MJ12bot/v1.4.8; http://mj12bot.com/)"
145.239.69.106 - - [27/Aug/2026:01:12:39 -0700] "GET /2026/08/27/the-best-the-brand-new-online-casinos-well-worth-seeking-to-inside-the-august-2026/ HTTP/1.1" 200 29787 "-" "Mozilla/5.0 (compatible; MJ12bot/v1.4.8; http://mj12bot.com/)"
145.239.69.106 - - [27/Aug/2026:01:12:42 -0700] "GET /2026/08/27/the-newest-loki-50-free-spins-no-deposit-required-web-based-casinos-2025-top-ten-newest-gambling-establishment-websites/ HTTP/1.1" 200 29832 "-" "Mozilla/5.0 (compatible; MJ12bot/v1.4.8; http://mj12bot.com/)"
145.239.69.106 - - [27/Aug/2026:01:12:45 -0700] "GET /2026/08/27/totally-free-boylesports-casino-spins-casino-internet-sites-no-deposit-100-percent-free-revolves-2026/feed/ HTTP/1.1" 200 6843 "-" "Mozilla/5.0 (compatible; MJ12bot/v1.4.8; http://mj12bot.com/)"
145.239.69.106 - - [27/Aug/2026:01:12:47 -0700] "GET /2026/08/27/totally-free-processor-no-deposit-incentives-august-2026-25-up-to-250/feed/ HTTP/1.1" 200 6821 "-" "Mozilla/5.0 (compatible; MJ12bot/v1.4.8; http://mj12bot.com/)"
66.249.74.193 - - [27/Aug/2026:01:12:49 -0700] "GET /?m=29172376800 HTTP/1.1" 200 63190 "-" "Mozilla/5.0 (Linux; Android 6.0.1; Nexus 5X Build/MMB29P) AppleWebKit/537.36 (KHTML, like Gecko) Chrome/151.0.7922.173 Mobile Safari/537.36 (compatible; GoogleOther)"
145.239.69.106 - - [27/Aug/2026:01:12:49 -0700] "GET /2026/08/27/totally-free-sweeps-coins-gambling-enterprises-no-deposit-incentives-at-the-sweeps-casinos/ HTTP/1.1" 200 30081 "-" "Mozilla/5.0 (compatible; MJ12bot/v1.4.8; http://mj12bot.com/)"
145.239.69.106 - - [27/Aug/2026:01:12:52 -0700] "GET /2026/08/27/usa-lottery-overall-performance-payout-charts-investigation/ HTTP/1.1" 200 29067 "-" "Mozilla/5.0 (compatible; MJ12bot/v1.4.8; http://mj12bot.com/)"
66.249.74.192 - - [27/Aug/2026:01:12:53 -0700] "GET /goods.php?m=62055331091 HTTP/1.1" 200 34704 "-" "Mozilla/5.0 (Linux; Android 6.0.1; Nexus 5X Build/MMB29P) AppleWebKit/537.36 (KHTML, like Gecko) Chrome/151.0.7922.173 Mobile Safari/537.36 (compatible; GoogleOther)"
145.239.69.106 - - [27/Aug/2026:01:12:54 -0700] "GET /2026/08/27/wilderness-evening-gambling-establishment-no-deposit-bonus-and-free-spins/feed/ HTTP/1.1" 200 6813 "-" "Mozilla/5.0 (compatible; MJ12bot/v1.4.8; http://mj12bot.com/)"
66.249.74.193 - - [27/Aug/2026:01:12:56 -0700] "GET /ajax/productstorestocklist/?sku=81296405271&lat= HTTP/1.1" 200 64665 "-" "Mozilla/5.0 (Linux; Android 6.0.1; Nexus 5X Build/MMB29P) AppleWebKit/537.36 (KHTML, like Gecko) Chrome/151.0.7922.173 Mobile Safari/537.36 (compatible; GoogleOther)"
145.239.69.106 - - [27/Aug/2026:01:12:57 -0700] "GET /2026/08/27/zodiac-casino-remark-2026-withdrawals-places-and-casino-oceanbets-100-free-spins-security/ HTTP/1.1" 200 30003 "-" "Mozilla/5.0 (compatible; MJ12bot/v1.4.8; http://mj12bot.com/)"
66.249.74.192 - - [27/Aug/2026:01:12:58 -0700] "GET /?m=31264354907 HTTP/1.1" 200 63017 "-" "Mozilla/5.0 (Linux; Android 6.0.1; Nexus 5X Build/MMB29P) AppleWebKit/537.36 (KHTML, like Gecko) Chrome/151.0.7922.173 Mobile Safari/537.36 (compatible; Googlebot/2.1; +http://www.google.com/bot.html)"
145.239.69.106 - - [27/Aug/2026:01:12:59 -0700] "GET /2026/08/page/3/ HTTP/1.1" 200 29581 "-" "Mozilla/5.0 (compatible; MJ12bot/v1.4.8; http://mj12bot.com/)"
66.249.74.194 - - [27/Aug/2026:01:13:01 -0700] "GET /?m=3851987959 HTTP/1.1" 200 63104 "-" "Mozilla/5.0 (Linux; Android 6.0.1; Nexus 5X Build/MMB29P) AppleWebKit/537.36 (KHTML, like Gecko) Chrome/151.0.7922.173 Mobile Safari/537.36 (compatible; Googlebot/2.1; +http://www.google.com/bot.html)"
145.239.69.106 - - [27/Aug/2026:01:13:02 -0700] "GET /2026/page/3/ HTTP/1.1" 200 29578 "-" "Mozilla/5.0 (compatible; MJ12bot/v1.4.8; http://mj12bot.com/)"
66.249.74.192 - - [27/Aug/2026:01:13:02 -0700] "GET /?m=44743303261 HTTP/1.1" 200 63374 "-" "Mozilla/5.0 (Linux; Android 6.0.1; Nexus 5X Build/MMB29P) AppleWebKit/537.36 (KHTML, like Gecko) Chrome/151.0.7922.173 Mobile Safari/537.36 (compatible; GoogleOther)"
145.239.69.106 - - [27/Aug/2026:01:13:05 -0700] "GET /author/wp-support-openai-env/page/4/ HTTP/1.1" 200 29615 "-" "Mozilla/5.0 (compatible; MJ12bot/v1.4.8; http://mj12bot.com/)"
66.249.74.193 - - [27/Aug/2026:01:13:06 -0700] "GET /ajax/productdeliverycalendar/?sku=98306927250&offset= HTTP/1.1" 200 63339 "-" "Mozilla/5.0 (Linux; Android 6.0.1; Nexus 5X Build/MMB29P) AppleWebKit/537.36 (KHTML, like Gecko) Chrome/151.0.7922.173 Mobile Safari/537.36 (compatible; GoogleOther)"
49.43.158.166 - - [27/Aug/2026:01:13:06 -0700] "POST /xmlrpc.php HTTP/1.1" 200 5046 "-" "Mozilla/5.0 (Macintosh; Intel Mac OS X 10_15_7) AppleWebKit/537.36 (KHTML, like Gecko) obsidian/1.6.5 Chrome/124.0.6367.243 Electron/30.1.2 Safari/537.36"
75.119.195.61 - - [27/Aug/2026:01:13:08 -0700] "POST /wp-cron.php?doing_wp_cron=1787818388.3036420345306396484375 HTTP/1.1" 200 6592 "-" "WordPress/7.1; https://www.ablogformylove.com"
49.43.158.166 - - [27/Aug/2026:01:13:13 -0700] "POST /xmlrpc.php HTTP/1.1" 200 5022 "-" "Mozilla/5.0 (Windows NT 10.0; Win64; x64) AppleWebKit/537.36 (KHTML, like Gecko) Chrome/145.0.0.0 Safari/537.36"
66.249.74.192 - - [27/Aug/2026:01:13:15 -0700] "GET /?m=72220524567 HTTP/1.1" 200 62892 "-" "Mozilla/5.0 (Linux; Android 6.0.1; Nexus 5X Build/MMB29P) AppleWebKit/537.36 (KHTML, like Gecko) Chrome/151.0.7922.173 Mobile Safari/537.36 (compatible; GoogleOther)"
66.249.74.192 - - [27/Aug/2026:01:13:19 -0700] "GET /goods.php?q=64581701901 HTTP/1.1" 200 27511 "-" "Mozilla/5.0 (Linux; Android 6.0.1; Nexus 5X Build/MMB29P) AppleWebKit/537.36 (KHTML, like Gecko) Chrome/151.0.7922.173 Mobile Safari/537.36 (compatible; GoogleOther)"
49.43.158.166 - - [27/Aug/2026:01:13:17 -0700] "GET /2026/08/27/melhores-plataformas-pagantes-de-slots-2025/ HTTP/1.1" 200 25428 "-" "Mozilla/5.0 (Windows NT 10.0; Win64; x64; rv:138.0) Gecko/20100101 Firefox/138.0"
159.118.23.107 - - [27/Aug/2026:01:13:27 -0700] "POST /xmlrpc.php HTTP/1.1" 200 5046 "-" "Mozilla/5.0 (X11; Linux x86_64) AppleWebKit/537.36 (KHTML, like Gecko) Chrome/148.0.0.0 Safari/537.36"
66.249.74.194 - - [27/Aug/2026:01:13:28 -0700] "GET /?m=8028000286 HTTP/1.1" 200 64034 "-" "Mozilla/5.0 (Linux; Android 6.0.1; Nexus 5X Build/MMB29P) AppleWebKit/537.36 (KHTML, like Gecko) Chrome/151.0.7922.173 Mobile Safari/537.36 (compatible; GoogleOther)"
75.119.195.61 - - [27/Aug/2026:01:13:27 -0700] "POST /wp-cron.php?doing_wp_cron=1787818407.8922328948974609375000 HTTP/1.1" 200 6592 "-" "WordPress/7.1; https://www.ablogformylove.com"
159.118.23.107 - - [27/Aug/2026:01:13:31 -0700] "POST /xmlrpc.php HTTP/1.1" 200 4527 "-" "Mozilla/5.0 (Macintosh; Intel Mac OS X 10_15_7) AppleWebKit/537.36 (KHTML, like Gecko) Chrome/135.0.0.0 Safari/537.36"
66.249.74.194 - - [27/Aug/2026:01:13:32 -0700] "GET /ajax/productstorestocklist/?sku=81296405271&my_store=1 HTTP/1.1" 200 65191 "-" "Mozilla/5.0 (Linux; Android 6.0.1; Nexus 5X Build/MMB29P) AppleWebKit/537.36 (KHTML, like Gecko) Chrome/151.0.7922.173 Mobile Safari/537.36 (compatible; GoogleOther)"
66.249.74.193 - - [27/Aug/2026:01:13:33 -0700] "GET /8ACDvV/jP/O1/UQ_c/fq24stIDQ08hY/z13NbrSDpfSVhcEVaY/AzUnIzcUNQ/V3M/zfjF8NBsB HTTP/1.1" 200 63275 "https://www.ablogformylove.com/?m=8028000286" "Mozilla/5.0 (Linux; Android 6.0.1; Nexus 5X Build/MMB29P) AppleWebKit/537.36 (KHTML, like Gecko) Chrome/151.0.7922.173 Mobile Safari/537.36 (compatible; GoogleOther)"
159.118.23.107 - - [27/Aug/2026:01:13:32 -0700] "GET /2026/08/27/buffalo-esparcimiento-tragamonedas-descarga-de-actualizacion-de-la-aplicacion-unlimluck-por-proveedor-sobre-aristocrat-funciones-especificas/ HTTP/1.1" 200 24856 "-" "Mozilla/5.0 (Windows NT 10.0; Win64; x64) AppleWebKit/537.36 (KHTML, like Gecko) Chrome/58.0.3029.110 Safari/537.3"
66.249.74.193 - - [27/Aug/2026:01:13:35 -0700] "GET /?m=20495573950 HTTP/1.1" 200 60094 "-" "Mozilla/5.0 (Linux; Android 6.0.1; Nexus 5X Build/MMB29P) AppleWebKit/537.36 (KHTML, like Gecko) Chrome/151.0.7922.173 Mobile Safari/537.36 (compatible; GoogleOther)"
66.249.74.192 - - [27/Aug/2026:01:13:39 -0700] "GET /?m=89676103874 HTTP/1.1" 200 63558 "-" "Mozilla/5.0 (Linux; Android 6.0.1; Nexus 5X Build/MMB29P) AppleWebKit/537.36 (KHTML, like Gecko) Chrome/151.0.7922.173 Mobile Safari/537.36 (compatible; GoogleOther)"
66.249.74.192 - - [27/Aug/2026:01:13:40 -0700] "GET /kaden/mtalk/?sku=69906724516 HTTP/1.1" 200 58514 "-" "Mozilla/5.0 (Linux; Android 6.0.1; Nexus 5X Build/MMB29P) AppleWebKit/537.36 (KHTML, like Gecko) Chrome/151.0.7922.173 Mobile Safari/537.36 (compatible; Googlebot/2.1; +http://www.google.com/bot.html)"
66.249.74.192 - - [27/Aug/2026:01:13:42 -0700] "GET /goods.php?f=35743346457 HTTP/1.1" 200 28084 "-" "Mozilla/5.0 (Linux; Android 6.0.1; Nexus 5X Build/MMB29P) AppleWebKit/537.36 (KHTML, like Gecko) Chrome/151.0.7922.173 Mobile Safari/537.36 (compatible; GoogleOther)"
66.249.74.193 - - [27/Aug/2026:01:13:46 -0700] "GET /?m=31627330263 HTTP/1.1" 200 63364 "-" "Mozilla/5.0 (Linux; Android 6.0.1; Nexus 5X Build/MMB29P) AppleWebKit/537.36 (KHTML, like Gecko) Chrome/151.0.7922.173 Mobile Safari/537.36 (compatible; GoogleOther)"
66.249.74.193 - - [27/Aug/2026:01:13:49 -0700] "GET /goods.php?t=62476389522 HTTP/1.1" 200 28768 "-" "Mozilla/5.0 (Linux; Android 6.0.1; Nexus 5X Build/MMB29P) AppleWebKit/537.36 (KHTML, like Gecko) Chrome/151.0.7922.173 Mobile Safari/537.36 (compatible; GoogleOther)"
66.249.74.193 - - [27/Aug/2026:01:13:50 -0700] "GET /ajax/productstorestocklist/?sku=49513656177&lat= HTTP/1.1" 200 63642 "-" "Mozilla/5.0 (Linux; Android 6.0.1; Nexus 5X Build/MMB29P) AppleWebKit/537.36 (KHTML, like Gecko) Chrome/151.0.7922.173 Mobile Safari/537.36 (compatible; Googlebot/2.1; +http://www.google.com/bot.html)"
66.249.74.193 - - [27/Aug/2026:01:13:52 -0700] "GET /shop.php?e=96847208994448 HTTP/1.1" 200 26772 "-" "Mozilla/5.0 (Linux; Android 6.0.1; Nexus 5X Build/MMB29P) AppleWebKit/537.36 (KHTML, like Gecko) Chrome/151.0.7922.173 Mobile Safari/537.36 (compatible; GoogleOther)"
66.249.74.193 - - [27/Aug/2026:01:13:57 -0700] "GET /?m=72933430792 HTTP/1.1" 200 58961 "-" "Mozilla/5.0 (Linux; Android 6.0.1; Nexus 5X Build/MMB29P) AppleWebKit/537.36 (KHTML, like Gecko) Chrome/151.0.7922.173 Mobile Safari/537.36 (compatible; GoogleOther)"
66.249.74.194 - - [27/Aug/2026:01:14:01 -0700] "GET /?m=67441588151 HTTP/1.1" 200 63642 "-" "Mozilla/5.0 (Linux; Android 6.0.1; Nexus 5X Build/MMB29P) AppleWebKit/537.36 (KHTML, like Gecko) Chrome/151.0.7922.173 Mobile Safari/537.36 (compatible; GoogleOther)"
66.249.74.192 - - [27/Aug/2026:01:14:05 -0700] "GET /?m=41632578724 HTTP/1.1" 200 62589 "-" "Mozilla/5.0 (Linux; Android 6.0.1; Nexus 5X Build/MMB29P) AppleWebKit/537.36 (KHTML, like Gecko) Chrome/151.0.7922.173 Mobile Safari/537.36 (compatible; GoogleOther)"
66.249.74.192 - - [27/Aug/2026:01:14:09 -0700] "GET /ajax/productdeliverycalendar/?sku=42885899082&offset= HTTP/1.1" 200 58920 "-" "Mozilla/5.0 (Linux; Android 6.0.1; Nexus 5X Build/MMB29P) AppleWebKit/537.36 (KHTML, like Gecko) Chrome/151.0.7922.173 Mobile Safari/537.36 (compatible; GoogleOther)"
66.249.74.192 - - [27/Aug/2026:01:14:13 -0700] "GET /ajax/productstorestocklist/?sku=92603873233&lat= HTTP/1.1" 200 59570 "-" "Mozilla/5.0 (Linux; Android 6.0.1; Nexus 5X Build/MMB29P) AppleWebKit/537.36 (KHTML, like Gecko) Chrome/151.0.7922.173 Mobile Safari/537.36 (compatible; GoogleOther)"
66.249.74.192 - - [27/Aug/2026:01:14:16 -0700] "GET /?m=69850063560 HTTP/1.1" 200 59950 "-" "Mozilla/5.0 (Linux; Android 6.0.1; Nexus 5X Build/MMB29P) AppleWebKit/537.36 (KHTML, like Gecko) Chrome/151.0.7922.173 Mobile Safari/537.36 (compatible; GoogleOther)"
107.20.105.74 - - [27/Aug/2026:01:14:20 -0700] "HEAD / HTTP/2.0" 200 105 "http://75.119.195.61" "DreamHost SiteMonitor 1.0"
66.249.74.192 - - [27/Aug/2026:01:14:22 -0700] "GET /?m=74313715590 HTTP/1.1" 200 63843 "-" "Mozilla/5.0 (Linux; Android 6.0.1; Nexus 5X Build/MMB29P) AppleWebKit/537.36 (KHTML, like Gecko) Chrome/151.0.7922.173 Mobile Safari/537.36 (compatible; GoogleOther)"
98.83.8.142 - - [27/Aug/2026:01:14:24 -0700] "GET /2026/08/23/step-mystic-moon-slot-one-lowest-deposit-gambling-enterprises-august-2026/feed/ HTTP/1.1" 200 7117 "-" "Mozilla/5.0 AppleWebKit/537.36 (KHTML, like Gecko; compatible; Amazonbot/0.1; +https://developer.amazon.com/support/amazonbot) Chrome/119.0.6045.214 Safari/537.36"
66.249.74.192 - - [27/Aug/2026:01:14:26 -0700] "GET /?m=97434845712 HTTP/1.1" 200 59470 "-" "Mozilla/5.0 (Linux; Android 6.0.1; Nexus 5X Build/MMB29P) AppleWebKit/537.36 (KHTML, like Gecko) Chrome/151.0.7922.173 Mobile Safari/537.36 (compatible; GoogleOther)"
66.249.74.193 - - [27/Aug/2026:01:14:34 -0700] "GET /?m=2012639234 HTTP/1.1" 200 62967 "-" "Mozilla/5.0 (Linux; Android 6.0.1; Nexus 5X Build/MMB29P) AppleWebKit/537.36 (KHTML, like Gecko) Chrome/151.0.7922.173 Mobile Safari/537.36 (compatible; GoogleOther)"
66.249.74.193 - - [27/Aug/2026:01:14:38 -0700] "GET /?m=30460263030 HTTP/1.1" 200 58343 "-" "Mozilla/5.0 (Linux; Android 6.0.1; Nexus 5X Build/MMB29P) AppleWebKit/537.36 (KHTML, like Gecko) Chrome/151.0.7922.173 Mobile Safari/537.36 (compatible; GoogleOther)"
66.249.74.193 - - [27/Aug/2026:01:14:39 -0700] "GET /ajax/productdeliverycalendar/?sku=43126896534&offset= HTTP/1.1" 200 64816 "-" "Mozilla/5.0 (Linux; Android 6.0.1; Nexus 5X Build/MMB29P) AppleWebKit/537.36 (KHTML, like Gecko) Chrome/151.0.7922.173 Mobile Safari/537.36 (compatible; Googlebot/2.1; +http://www.google.com/bot.html)"
66.249.74.192 - - [27/Aug/2026:01:14:39 -0700] "GET /?m=99177773124 HTTP/1.1" 200 64413 "-" "Mozilla/5.0 (Linux; Android 6.0.1; Nexus 5X Build/MMB29P) AppleWebKit/537.36 (KHTML, like Gecko) Chrome/151.0.7922.173 Mobile Safari/537.36 (compatible; Googlebot/2.1; +http://www.google.com/bot.html)"
66.249.74.193 - - [27/Aug/2026:01:14:40 -0700] "GET /goods.php?o=53945421509 HTTP/1.1" 200 28695 "-" "Mozilla/5.0 (Linux; Android 6.0.1; Nexus 5X Build/MMB29P) AppleWebKit/537.36 (KHTML, like Gecko) Chrome/151.0.7922.173 Mobile Safari/537.36 (compatible; Googlebot/2.1; +http://www.google.com/bot.html)"
66.249.74.193 - - [27/Aug/2026:01:14:41 -0700] "GET /ajax/productstorestocklist/?sku=27643204241&my_store=1 HTTP/1.1" 200 58888 "-" "Mozilla/5.0 (compatible; Googlebot/2.1; +http://www.google.com/bot.html)"
66.249.74.192 - - [27/Aug/2026:01:14:42 -0700] "GET /kaden/mtalk/?sku=13972235448 HTTP/1.1" 200 63748 "-" "Mozilla/5.0 (Linux; Android 6.0.1; Nexus 5X Build/MMB29P) AppleWebKit/537.36 (KHTML, like Gecko) Chrome/151.0.7922.173 Mobile Safari/537.36 (compatible; GoogleOther)"
66.249.74.192 - - [27/Aug/2026:01:14:47 -0700] "GET /?m=44906788602 HTTP/1.1" 200 62854 "-" "Mozilla/5.0 (Linux; Android 6.0.1; Nexus 5X Build/MMB29P) AppleWebKit/537.36 (KHTML, like Gecko) Chrome/151.0.7922.173 Mobile Safari/537.36 (compatible; GoogleOther)"
186.247.44.173 - - [27/Aug/2026:01:14:50 -0700] "POST /xmlrpc.php HTTP/1.1" 200 5046 "-" "Mozilla/5.0 (Macintosh; Intel Mac OS X 10_15_7) AppleWebKit/537.36 (KHTML, like Gecko) Chrome/147.0.0.0 Safari/537.36"
75.119.195.61 - - [27/Aug/2026:01:14:50 -0700] "POST /wp-cron.php?doing_wp_cron=1787818490.5053958892822265625000 HTTP/1.1" 200 6592 "-" "WordPress/7.1; https://www.ablogformylove.com"
186.247.44.173 - - [27/Aug/2026:01:14:55 -0700] "POST /xmlrpc.php HTTP/1.1" 200 4337 "-" "Mozilla/5.0 (Macintosh; Intel Mac OS X 10_15_7) AppleWebKit/605.1.15 (KHTML, like Gecko) Version/18.3 Safari/605.1.15"
186.247.44.173 - - [27/Aug/2026:01:14:57 -0700] "GET /2026/08/27/cassinos-com-free-spins-inventario-puerilidade-rodadas-acessivel-pressuroso-brasil/ HTTP/1.1" 200 24799 "-" "Mozilla/5.0 (Windows NT 10.0; Win64; x64) AppleWebKit/537.36 (KHTML, like Gecko) Chrome/120.0.0.0 Safari/537.36"
66.249.74.193 - - [27/Aug/2026:01:14:59 -0700] "GET /goods.php?m=72391879596 HTTP/1.1" 200 32829 "-" "Mozilla/5.0 (Linux; Android 6.0.1; Nexus 5X Build/MMB29P) AppleWebKit/537.36 (KHTML, like Gecko) Chrome/151.0.7922.173 Mobile Safari/537.36 (compatible; GoogleOther)"
66.249.74.192 - - [27/Aug/2026:01:15:02 -0700] "GET /?m=40257155553 HTTP/1.1" 200 62625 "-" "Mozilla/5.0 (Linux; Android 6.0.1; Nexus 5X Build/MMB29P) AppleWebKit/537.36 (KHTML, like Gecko) Chrome/151.0.7922.173 Mobile Safari/537.36 (compatible; GoogleOther)"
66.249.74.193 - - [27/Aug/2026:01:15:06 -0700] "GET /?m=7174041027 HTTP/1.1" 200 63147 "-" "Mozilla/5.0 (Linux; Android 6.0.1; Nexus 5X Build/MMB29P) AppleWebKit/537.36 (KHTML, like Gecko) Chrome/151.0.7922.173 Mobile Safari/537.36 (compatible; GoogleOther)"
66.249.74.193 - - [27/Aug/2026:01:15:09 -0700] "GET /shop.php?e=65097412413930 HTTP/1.1" 200 26392 "-" "Mozilla/5.0 (Linux; Android 6.0.1; Nexus 5X Build/MMB29P) AppleWebKit/537.36 (KHTML, like Gecko) Chrome/151.0.7922.173 Mobile Safari/537.36 (compatible; GoogleOther)"
66.249.74.193 - - [27/Aug/2026:01:15:13 -0700] "GET /shop.php?e=20213905760511 HTTP/1.1" 200 26818 "-" "Mozilla/5.0 (Linux; Android 6.0.1; Nexus 5X Build/MMB29P) AppleWebKit/537.36 (KHTML, like Gecko) Chrome/151.0.7922.173 Mobile Safari/537.36 (compatible; GoogleOther)"
66.249.74.192 - - [27/Aug/2026:01:15:16 -0700] "GET /?m=20809463573 HTTP/1.1" 200 62922 "-" "Mozilla/5.0 (Linux; Android 6.0.1; Nexus 5X Build/MMB29P) AppleWebKit/537.36 (KHTML, like Gecko) Chrome/151.0.7922.173 Mobile Safari/537.36 (compatible; GoogleOther)"
114.119.140.50 - - [27/Aug/2026:01:15:19 -0700] "GET /2026/08/19/porownanie-instalacji-aplikacji-mostbet-na-androidzie-i-ios-2/ HTTP/1.1" 200 27931 "https://www.ablogformylove.com/category/uncategorized/page/28/" "Mozilla/5.0 (Linux; Android 7.0;) AppleWebKit/537.36 (HTML, like Gecko) Mobile Safari/537.36 (compatible; PetalBot;+https://webmaster.petalsearch.com/site/petalbot)"
66.249.74.192 - - [27/Aug/2026:01:15:20 -0700] "GET /?m=59014554503 HTTP/1.1" 200 57907 "-" "Mozilla/5.0 (Linux; Android 6.0.1; Nexus 5X Build/MMB29P) AppleWebKit/537.36 (KHTML, like Gecko) Chrome/151.0.7922.173 Mobile Safari/537.36 (compatible; GoogleOther)"
66.249.74.192 - - [27/Aug/2026:01:15:24 -0700] "GET /ajax/productstorestocklist/?sku=73983979079&lat= HTTP/1.1" 200 60920 "-" "Mozilla/5.0 (Linux; Android 6.0.1; Nexus 5X Build/MMB29P) AppleWebKit/537.36 (KHTML, like Gecko) Chrome/151.0.7922.173 Mobile Safari/537.36 (compatible; GoogleOther)"
66.249.74.193 - - [27/Aug/2026:01:15:25 -0700] "GET /ajax/productstorestocklist/?sku=43247749748&pref_cd= HTTP/1.1" 200 65424 "-" "Mozilla/5.0 (Linux; Android 6.0.1; Nexus 5X Build/MMB29P) AppleWebKit/537.36 (KHTML, like Gecko) Chrome/151.0.7922.173 Mobile Safari/537.36 (compatible; Googlebot/2.1; +http://www.google.com/bot.html)"
66.249.74.192 - - [27/Aug/2026:01:15:26 -0700] "GET /ajax/productstorestocklist/?sku=55612930904&lat= HTTP/1.1" 200 59638 "-" "Mozilla/5.0 (Linux; Android 6.0.1; Nexus 5X Build/MMB29P) AppleWebKit/537.36 (KHTML, like Gecko) Chrome/151.0.7922.173 Mobile Safari/537.36 (compatible; Googlebot/2.1; +http://www.google.com/bot.html)"
57.141.0.17 - - [27/Aug/2026:01:15:26 -0700] "GET /?m=1895058319 HTTP/2.0" 200 19796 "-" "Mozilla/5.0 (Windows NT 10.0; Win64; x64) AppleWebKit/537.36 (KHTML, like Gecko) Chrome/145.0.0.0 Safari/537.36 (compatible; meta-externalagent/1.1 (+https://developers.facebook.com/docs/sharing/webmasters/crawler))"
66.249.74.193 - - [27/Aug/2026:01:15:27 -0700] "GET /shop.php?e=58070852206935 HTTP/1.1" 200 31293 "-" "Mozilla/5.0 (Linux; Android 6.0.1; Nexus 5X Build/MMB29P) AppleWebKit/537.36 (KHTML, like Gecko) Chrome/151.0.7922.173 Mobile Safari/537.36 (compatible; GoogleOther)"
66.249.74.192 - - [27/Aug/2026:01:15:28 -0700] "GET /goods.php?v=64484200973 HTTP/1.1" 200 33701 "-" "Mozilla/5.0 (Linux; Android 6.0.1; Nexus 5X Build/MMB29P) AppleWebKit/537.36 (KHTML, like Gecko) Chrome/151.0.7922.173 Mobile Safari/537.36 (compatible; Googlebot/2.1; +http://www.google.com/bot.html)"
66.249.74.192 - - [27/Aug/2026:01:15:31 -0700] "GET /kaden/mtalk/?sku=99992351412 HTTP/1.1" 200 63763 "-" "Mozilla/5.0 (Linux; Android 6.0.1; Nexus 5X Build/MMB29P) AppleWebKit/537.36 (KHTML, like Gecko) Chrome/151.0.7922.173 Mobile Safari/537.36 (compatible; GoogleOther)"
66.249.74.193 - - [27/Aug/2026:01:15:34 -0700] "GET /shop.php?e=34806505308951 HTTP/1.1" 200 31994 "-" "Mozilla/5.0 (Linux; Android 6.0.1; Nexus 5X Build/MMB29P) AppleWebKit/537.36 (KHTML, like Gecko) Chrome/151.0.7922.173 Mobile Safari/537.36 (compatible; GoogleOther)"
66.249.74.194 - - [27/Aug/2026:01:15:38 -0700] "GET /?m=93502129381 HTTP/1.1" 200 63663 "-" "Mozilla/5.0 (Linux; Android 6.0.1; Nexus 5X Build/MMB29P) AppleWebKit/537.36 (KHTML, like Gecko) Chrome/151.0.7922.173 Mobile Safari/537.36 (compatible; GoogleOther)"
66.249.74.194 - - [27/Aug/2026:01:15:42 -0700] "GET /?m=84300527039 HTTP/1.1" 200 58535 "-" "Mozilla/5.0 (Linux; Android 6.0.1; Nexus 5X Build/MMB29P) AppleWebKit/537.36 (KHTML, like Gecko) Chrome/151.0.7922.173 Mobile Safari/537.36 (compatible; GoogleOther)"
66.249.74.192 - - [27/Aug/2026:01:15:45 -0700] "GET /goods.php?z=55720327352 HTTP/1.1" 200 32508 "-" "Mozilla/5.0 (Linux; Android 6.0.1; Nexus 5X Build/MMB29P) AppleWebKit/537.36 (KHTML, like Gecko) Chrome/151.0.7922.173 Mobile Safari/537.36 (compatible; GoogleOther)"
66.249.74.194 - - [27/Aug/2026:01:15:49 -0700] "GET /?m=69298201061 HTTP/1.1" 200 63390 "-" "Mozilla/5.0 (Linux; Android 6.0.1; Nexus 5X Build/MMB29P) AppleWebKit/537.36 (KHTML, like Gecko) Chrome/151.0.7922.173 Mobile Safari/537.36 (compatible; GoogleOther)"
66.249.74.194 - - [27/Aug/2026:01:15:52 -0700] "GET /kaden/mtalk/?sku=70058061205 HTTP/1.1" 200 58970 "-" "Mozilla/5.0 (Linux; Android 6.0.1; Nexus 5X Build/MMB29P) AppleWebKit/537.36 (KHTML, like Gecko) Chrome/151.0.7922.173 Mobile Safari/537.36 (compatible; GoogleOther)"
66.249.74.194 - - [27/Aug/2026:01:15:56 -0700] "GET /shop.php?e=39913128436615 HTTP/1.1" 200 26833 "-" "Mozilla/5.0 (Linux; Android 6.0.1; Nexus 5X Build/MMB29P) AppleWebKit/537.36 (KHTML, like Gecko) Chrome/151.0.7922.173 Mobile Safari/537.36 (compatible; GoogleOther)"
89.218.91.2 - - [27/Aug/2026:01:15:58 -0700] "POST /xmlrpc.php HTTP/1.1" 200 5046 "-" "Mozilla/5.0 (Windows NT 10.0; Win64; x64; rv:137.0) Gecko/20100101 Firefox/137.0"
66.249.74.192 - - [27/Aug/2026:01:15:59 -0700] "GET /?m=10406939114 HTTP/1.1" 200 64382 "-" "Mozilla/5.0 (Linux; Android 6.0.1; Nexus 5X Build/MMB29P) AppleWebKit/537.36 (KHTML, like Gecko) Chrome/151.0.7922.173 Mobile Safari/537.36 (compatible; GoogleOther)"
75.119.195.61 - - [27/Aug/2026:01:15:59 -0700] "POST /wp-cron.php?doing_wp_cron=1787818558.9002509117126464843750 HTTP/1.1" 200 6592 "-" "WordPress/7.1; https://www.ablogformylove.com"
89.218.91.2 - - [27/Aug/2026:01:16:02 -0700] "POST /xmlrpc.php HTTP/1.1" 200 5053 "-" "Mozilla/5.0 (X11; Linux x86_64) AppleWebKit/537.36 (KHTML, like Gecko) Chrome/133.0.0.0 Safari/537.36"
66.249.74.193 - - [27/Aug/2026:01:16:03 -0700] "GET /?m=24156322831/ HTTP/1.1" 200 63032 "-" "Mozilla/5.0 (Linux; Android 6.0.1; Nexus 5X Build/MMB29P) AppleWebKit/537.36 (KHTML, like Gecko) Chrome/151.0.7922.173 Mobile Safari/537.36 (compatible; GoogleOther)"
89.218.91.2 - - [27/Aug/2026:01:16:05 -0700] "GET /2026/08/27/tragamonedas-spinata-enorme-by-netent-sus-particulares-vegas-world-1-deposito-de-su-tragaperras-2026-and-tiradas-sin-cargo-demo-tratar-bien/ HTTP/1.1" 200 25446 "-" "Mozilla/5.0 (Macintosh; Intel Mac OS X 10_15_7) AppleWebKit/537.36 (KHTML, like Gecko) obsidian/1.6.5 Chrome/124.0.6367.243 Electron/30.1.2 Safari/537.36"
66.249.74.194 - - [27/Aug/2026:01:16:06 -0700] "GET /?m=21398842973 HTTP/1.1" 200 63418 "-" "Mozilla/5.0 (Linux; Android 6.0.1; Nexus 5X Build/MMB29P) AppleWebKit/537.36 (KHTML, like Gecko) Chrome/151.0.7922.173 Mobile Safari/537.36 (compatible; GoogleOther)"
66.249.74.194 - - [27/Aug/2026:01:16:10 -0700] "GET /shop.php?e=43109398524686 HTTP/1.1" 200 26534 "-" "Mozilla/5.0 (Linux; Android 6.0.1; Nexus 5X Build/MMB29P) AppleWebKit/537.36 (KHTML, like Gecko) Chrome/151.0.7922.173 Mobile Safari/537.36 (compatible; GoogleOther)"
66.249.74.192 - - [27/Aug/2026:01:16:14 -0700] "GET /?m=33178219291 HTTP/1.1" 200 63776 "-" "Mozilla/5.0 (Linux; Android 6.0.1; Nexus 5X Build/MMB29P) AppleWebKit/537.36 (KHTML, like Gecko) Chrome/151.0.7922.173 Mobile Safari/537.36 (compatible; GoogleOther)"
66.249.74.192 - - [27/Aug/2026:01:16:19 -0700] "GET /?tags/%E6%9C%AA%E9%96%8B%E5%B0%81%E3%80%801%E7%82%B9%E9%99%90%E3%82%8A HTTP/1.1" 200 63658 "-" "Mozilla/5.0 (Linux; Android 6.0.1; Nexus 5X Build/MMB29P) AppleWebKit/537.36 (KHTML, like Gecko) Chrome/151.0.7922.173 Mobile Safari/537.36 (compatible; Googlebot/2.1; +http://www.google.com/bot.html)"
66.249.74.192 - - [27/Aug/2026:01:16:20 -0700] "GET /?m=75014321506 HTTP/1.1" 200 64088 "-" "Mozilla/5.0 (Linux; Android 6.0.1; Nexus 5X Build/MMB29P) AppleWebKit/537.36 (KHTML, like Gecko) Chrome/151.0.7922.173 Mobile Safari/537.36 (compatible; GoogleOther)"
66.249.74.192 - - [27/Aug/2026:01:16:22 -0700] "GET /?m=15801956447 HTTP/1.1" 200 58987 "-" "Mozilla/5.0 (Linux; Android 6.0.1; Nexus 5X Build/MMB29P) AppleWebKit/537.36 (KHTML, like Gecko) Chrome/151.0.7922.173 Mobile Safari/537.36 (compatible; Googlebot/2.1; +http://www.google.com/bot.html)"
66.249.74.192 - - [27/Aug/2026:01:16:24 -0700] "GET /kaden/mtalk/?sku=73817099099 HTTP/1.1" 200 60370 "-" "Mozilla/5.0 (Linux; Android 6.0.1; Nexus 5X Build/MMB29P) AppleWebKit/537.36 (KHTML, like Gecko) Chrome/151.0.7922.173 Mobile Safari/537.36 (compatible; GoogleOther)"
57.141.0.43 - - [27/Aug/2026:01:16:27 -0700] "GET /?m=55983442742 HTTP/2.0" 200 19787 "-" "Mozilla/5.0 (Windows NT 10.0; Win64; x64) AppleWebKit/537.36 (KHTML, like Gecko) Chrome/145.0.0.0 Safari/537.36 (compatible; meta-externalagent/1.1 (+https://developers.facebook.com/docs/sharing/webmasters/crawler))"
66.249.74.192 - - [27/Aug/2026:01:16:28 -0700] "GET /shop.php?e=57227674551904 HTTP/1.1" 200 32446 "-" "Mozilla/5.0 (Linux; Android 6.0.1; Nexus 5X Build/MMB29P) AppleWebKit/537.36 (KHTML, like Gecko) Chrome/151.0.7922.173 Mobile Safari/537.36 (compatible; GoogleOther)"
66.249.74.193 - - [27/Aug/2026:01:16:32 -0700] "GET /ajax/productstorestocklist/?sku=51033455245&pref_cd= HTTP/1.1" 200 64891 "-" "Mozilla/5.0 (Linux; Android 6.0.1; Nexus 5X Build/MMB29P) AppleWebKit/537.36 (KHTML, like Gecko) Chrome/151.0.7922.173 Mobile Safari/537.36 (compatible; GoogleOther)"
66.249.74.192 - - [27/Aug/2026:01:16:35 -0700] "GET /8ACDvV/jP/O1/UQ_c/fq24stIDQ08hY/z13NbrSDpfSVhcEVaY/AzUnIzcUNQ/V3M/zfjF8NBsB HTTP/1.1" 200 63275 "https://www.ablogformylove.com/ajax/productstorestocklist/?sku=51033455245&pref_cd=" "Mozilla/5.0 (Linux; Android 6.0.1; Nexus 5X Build/MMB29P) AppleWebKit/537.36 (KHTML, like Gecko) Chrome/151.0.7922.173 Mobile Safari/537.36 (compatible; GoogleOther)"
66.249.74.194 - - [27/Aug/2026:01:16:36 -0700] "GET /?m=19479269775 HTTP/1.1" 200 64133 "-" "Mozilla/5.0 (Linux; Android 6.0.1; Nexus 5X Build/MMB29P) AppleWebKit/537.36 (KHTML, like Gecko) Chrome/151.0.7922.173 Mobile Safari/537.36 (compatible; GoogleOther)"
197.220.125.194 - - [27/Aug/2026:01:16:41 -0700] "POST /xmlrpc.php HTTP/1.1" 200 5046 "-" "Mozilla/5.0 (X11; Linux x86_64) AppleWebKit/537.36 (KHTML, like Gecko) Chrome/133.0.0.0 Safari/537.36"
114.119.155.153 - - [27/Aug/2026:01:16:41 -0700] "GET /2015/10/19/ HTTP/1.1" 200 25350 "https://www.ablogformylove.com/2015/10/19/" "Mozilla/5.0 (Linux; Android 7.0;) AppleWebKit/537.36 (HTML, like Gecko) Mobile Safari/537.36 (compatible; PetalBot;+https://webmaster.petalsearch.com/site/petalbot)"
66.249.74.194 - - [27/Aug/2026:01:16:44 -0700] "GET /goods.php?q=43404420078 HTTP/1.1" 200 34159 "-" "Mozilla/5.0 (Linux; Android 6.0.1; Nexus 5X Build/MMB29P) AppleWebKit/537.36 (KHTML, like Gecko) Chrome/151.0.7922.173 Mobile Safari/537.36 (compatible; GoogleOther)"
197.220.125.194 - - [27/Aug/2026:01:16:46 -0700] "POST /xmlrpc.php HTTP/1.1" 200 4046 "-" "Mozilla/5.0 (Windows NT 10.0; Win64; x64) AppleWebKit/537.36 (KHTML, like Gecko) Chrome/136.0.0.0 Safari/537.36"
66.249.74.192 - - [27/Aug/2026:01:16:47 -0700] "GET /?m=84907481683 HTTP/1.1" 200 63616 "-" "Mozilla/5.0 (Linux; Android 6.0.1; Nexus 5X Build/MMB29P) AppleWebKit/537.36 (KHTML, like Gecko) Chrome/151.0.7922.173 Mobile Safari/537.36 (compatible; GoogleOther)"
75.119.195.61 - - [27/Aug/2026:01:16:41 -0700] "POST /wp-cron.php?doing_wp_cron=1787818601.3914289474487304687500 HTTP/1.1" 200 6592 "-" "WordPress/7.1; https://www.ablogformylove.com"
197.220.125.194 - - [27/Aug/2026:01:16:49 -0700] "GET /2026/08/27/jokers-luck-caca-niqueis-por-arame-atual/ HTTP/1.1" 200 24539 "-" "Mozilla/5.0 (X11; Linux x86_64; rv:128.0) Gecko/20100101 Firefox/128.0"
66.249.74.192 - - [27/Aug/2026:01:16:51 -0700] "GET /shop.php?e=75828200444617 HTTP/1.1" 200 27557 "-" "Mozilla/5.0 (Linux; Android 6.0.1; Nexus 5X Build/MMB29P) AppleWebKit/537.36 (KHTML, like Gecko) Chrome/151.0.7922.173 Mobile Safari/537.36 (compatible; GoogleOther)"
66.249.74.194 - - [27/Aug/2026:01:16:55 -0700] "GET /pc/index.php?m=20994613086 HTTP/1.1" 200 69416 "-" "Mozilla/5.0 (Linux; Android 6.0.1; Nexus 5X Build/MMB29P) AppleWebKit/537.36 (KHTML, like Gecko) Chrome/151.0.7922.173 Mobile Safari/537.36 (compatible; GoogleOther)"
66.249.74.194 - - [27/Aug/2026:01:16:58 -0700] "GET /shop.php?e=43961381133418 HTTP/1.1" 200 27514 "-" "Mozilla/5.0 (Linux; Android 6.0.1; Nexus 5X Build/MMB29P) AppleWebKit/537.36 (KHTML, like Gecko) Chrome/151.0.7922.173 Mobile Safari/537.36 (compatible; GoogleOther)"
66.249.74.194 - - [27/Aug/2026:01:17:01 -0700] "GET /?m=89492591962/ HTTP/1.1" 200 58954 "-" "Mozilla/5.0 (Linux; Android 6.0.1; Nexus 5X Build/MMB29P) AppleWebKit/537.36 (KHTML, like Gecko) Chrome/151.0.7922.173 Mobile Safari/537.36 (compatible; GoogleOther)"
57.141.0.53 - - [27/Aug/2026:01:17:01 -0700] "GET /?m=68186731903 HTTP/2.0" 200 19795 "-" "Mozilla/5.0 (Macintosh; Intel Mac OS X 10_15_7) AppleWebKit/537.36 (KHTML, like Gecko) Chrome/145.0.0.0 Safari/537.36 (compatible; meta-externalagent/1.1 (+https://developers.facebook.com/docs/sharing/webmasters/crawler))"
57.141.0.45 - - [27/Aug/2026:01:17:01 -0700] "GET /?m=14929050653 HTTP/2.0" 200 19795 "-" "Mozilla/5.0 (Windows NT 10.0; Win64; x64) AppleWebKit/537.36 (KHTML, like Gecko) Chrome/145.0.0.0 Safari/537.36 (compatible; meta-externalagent/1.1 (+https://developers.facebook.com/docs/sharing/webmasters/crawler))"
57.141.0.18 - - [27/Aug/2026:01:17:04 -0700] "GET /?m=60244201240 HTTP/2.0" 200 19795 "-" "Mozilla/5.0 (Windows NT 10.0; Win64; x64) AppleWebKit/537.36 (KHTML, like Gecko) Chrome/145.0.0.0 Safari/537.36 (compatible; meta-externalagent/1.1 (+https://developers.facebook.com/docs/sharing/webmasters/crawler))"
66.249.74.194 - - [27/Aug/2026:01:17:05 -0700] "GET /?m=33772561585 HTTP/1.1" 200 58482 "-" "Mozilla/5.0 (Linux; Android 6.0.1; Nexus 5X Build/MMB29P) AppleWebKit/537.36 (KHTML, like Gecko) Chrome/151.0.7922.173 Mobile Safari/537.36 (compatible; GoogleOther)"
57.141.0.17 - - [27/Aug/2026:01:17:06 -0700] "GET /?m=98959926521 HTTP/2.0" 200 19795 "-" "Mozilla/5.0 (Macintosh; Intel Mac OS X 10_15_7) AppleWebKit/537.36 (KHTML, like Gecko) Chrome/145.0.0.0 Safari/537.36 (compatible; meta-externalagent/1.1 (+https://developers.facebook.com/docs/sharing/webmasters/crawler))"
57.141.0.47 - - [27/Aug/2026:01:17:06 -0700] "GET /?m=21664075383 HTTP/2.0" 200 19795 "-" "Mozilla/5.0 (X11; Linux x86_64) AppleWebKit/537.36 (KHTML, like Gecko) Chrome/145.0.0.0 Safari/537.36 (compatible; meta-externalagent/1.1 (+https://developers.facebook.com/docs/sharing/webmasters/crawler))"
66.249.74.192 - - [27/Aug/2026:01:17:08 -0700] "GET /?m=24569932589 HTTP/1.1" 200 65181 "-" "Mozilla/5.0 (Linux; Android 6.0.1; Nexus 5X Build/MMB29P) AppleWebKit/537.36 (KHTML, like Gecko) Chrome/151.0.7922.173 Mobile Safari/537.36 (compatible; GoogleOther)"
66.249.74.192 - - [27/Aug/2026:01:17:11 -0700] "GET /shop.php?e=82810458212565 HTTP/1.1" 200 26708 "-" "Mozilla/5.0 (Linux; Android 6.0.1; Nexus 5X Build/MMB29P) AppleWebKit/537.36 (KHTML, like Gecko) Chrome/151.0.7922.173 Mobile Safari/537.36 (compatible; GoogleOther)"
66.249.74.192 - - [27/Aug/2026:01:17:12 -0700] "GET /kaden/mtalk/?sku=72667383143 HTTP/1.1" 200 58799 "-" "Mozilla/5.0 (Linux; Android 6.0.1; Nexus 5X Build/MMB29P) AppleWebKit/537.36 (KHTML, like Gecko) Chrome/151.0.7922.173 Mobile Safari/537.36 (compatible; Googlebot/2.1; +http://www.google.com/bot.html)"
66.249.74.192 - - [27/Aug/2026:01:17:15 -0700] "GET /kaden/mtalk/?sku=99828934355 HTTP/1.1" 200 59211 "-" "Mozilla/5.0 (Linux; Android 6.0.1; Nexus 5X Build/MMB29P) AppleWebKit/537.36 (KHTML, like Gecko) Chrome/151.0.7922.173 Mobile Safari/537.36 (compatible; GoogleOther)"
66.249.74.193 - - [27/Aug/2026:01:17:18 -0700] "GET /?m=99923790202 HTTP/1.1" 200 63330 "-" "Mozilla/5.0 (Linux; Android 6.0.1; Nexus 5X Build/MMB29P) AppleWebKit/537.36 (KHTML, like Gecko) Chrome/151.0.7922.173 Mobile Safari/537.36 (compatible; GoogleOther)"
66.249.74.193 - - [27/Aug/2026:01:17:21 -0700] "GET /?m=72639679869 HTTP/1.1" 200 59644 "-" "Mozilla/5.0 (Linux; Android 6.0.1; Nexus 5X Build/MMB29P) AppleWebKit/537.36 (KHTML, like Gecko) Chrome/151.0.7922.173 Mobile Safari/537.36 (compatible; GoogleOther)"
66.249.74.192 - - [27/Aug/2026:01:17:25 -0700] "GET /goods.php?x=22305219155 HTTP/1.1" 200 34102 "-" "Mozilla/5.0 (Linux; Android 6.0.1; Nexus 5X Build/MMB29P) AppleWebKit/537.36 (KHTML, like Gecko) Chrome/151.0.7922.173 Mobile Safari/537.36 (compatible; GoogleOther)"
57.141.0.53 - - [27/Aug/2026:01:17:25 -0700] "GET /?m=51938242376 HTTP/2.0" 200 19797 "-" "Mozilla/5.0 (Macintosh; Intel Mac OS X 10_15_7) AppleWebKit/537.36 (KHTML, like Gecko) Chrome/145.0.0.0 Safari/537.36 (compatible; meta-externalagent/1.1 (+https://developers.facebook.com/docs/sharing/webmasters/crawler))"
66.249.74.193 - - [27/Aug/2026:01:17:28 -0700] "GET /?m=15754218740 HTTP/1.1" 200 62884 "-" "Mozilla/5.0 (Linux; Android 6.0.1; Nexus 5X Build/MMB29P) AppleWebKit/537.36 (KHTML, like Gecko) Chrome/151.0.7922.173 Mobile Safari/537.36 (compatible; GoogleOther)"
66.249.74.193 - - [27/Aug/2026:01:17:33 -0700] "GET /kaden/mtalk/?sku=78615427044 HTTP/1.1" 200 65833 "-" "Mozilla/5.0 (Linux; Android 6.0.1; Nexus 5X Build/MMB29P) AppleWebKit/537.36 (KHTML, like Gecko) Chrome/151.0.7922.173 Mobile Safari/537.36 (compatible; GoogleOther)"
66.249.74.194 - - [27/Aug/2026:01:17:38 -0700] "GET /?m=44422443267 HTTP/1.1" 200 63318 "-" "Mozilla/5.0 (Linux; Android 6.0.1; Nexus 5X Build/MMB29P) AppleWebKit/537.36 (KHTML, like Gecko) Chrome/151.0.7922.173 Mobile Safari/537.36 (compatible; GoogleOther)"
66.249.74.193 - - [27/Aug/2026:01:17:42 -0700] "GET /pc/index.php?m=44340888859 HTTP/1.1" 200 63031 "-" "Mozilla/5.0 (Linux; Android 6.0.1; Nexus 5X Build/MMB29P) AppleWebKit/537.36 (KHTML, like Gecko) Chrome/151.0.7922.173 Mobile Safari/537.36 (compatible; GoogleOther)"
57.141.0.34 - - [27/Aug/2026:01:17:49 -0700] "GET /?m=25996773944 HTTP/2.0" 200 19796 "-" "Mozilla/5.0 (Windows NT 10.0; Win64; x64) AppleWebKit/537.36 (KHTML, like Gecko) Chrome/145.0.0.0 Safari/537.36 (compatible; meta-externalagent/1.1 (+https://developers.facebook.com/docs/sharing/webmasters/crawler))"
66.249.74.194 - - [27/Aug/2026:01:17:51 -0700] "GET /?m=19744033625 HTTP/1.1" 200 62879 "-" "Mozilla/5.0 (Linux; Android 6.0.1; Nexus 5X Build/MMB29P) AppleWebKit/537.36 (KHTML, like Gecko) Chrome/151.0.7922.173 Mobile Safari/537.36 (compatible; GoogleOther)"
66.249.74.194 - - [27/Aug/2026:01:17:55 -0700] "GET /?m=13746504113/ HTTP/1.1" 200 58391 "-" "Mozilla/5.0 (Linux; Android 6.0.1; Nexus 5X Build/MMB29P) AppleWebKit/537.36 (KHTML, like Gecko) Chrome/151.0.7922.173 Mobile Safari/537.36 (compatible; GoogleOther)"
66.249.74.194 - - [27/Aug/2026:01:18:01 -0700] "GET /?m=98033253215 HTTP/1.1" 200 62837 "-" "Mozilla/5.0 (Linux; Android 6.0.1; Nexus 5X Build/MMB29P) AppleWebKit/537.36 (KHTML, like Gecko) Chrome/151.0.7922.173 Mobile Safari/537.36 (compatible; Googlebot/2.1; +http://www.google.com/bot.html)"
66.249.74.193 - - [27/Aug/2026:01:18:03 -0700] "GET /?m=82659533864 HTTP/1.1" 200 63883 "-" "Mozilla/5.0 (Linux; Android 6.0.1; Nexus 5X Build/MMB29P) AppleWebKit/537.36 (KHTML, like Gecko) Chrome/151.0.7922.173 Mobile Safari/537.36 (compatible; GoogleOther)"
114.119.155.153 - - [27/Aug/2026:01:18:05 -0700] "GET /2020/10/07/tears-of-happiness/ HTTP/1.1" 200 6553 "https://ablogformylove.com/2020/10/07/tears-of-happiness/" "Mozilla/5.0 (Linux; Android 7.0;) AppleWebKit/537.36 (HTML, like Gecko) Mobile Safari/537.36 (compatible; PetalBot;+https://webmaster.petalsearch.com/site/petalbot)"
66.249.74.192 - - [27/Aug/2026:01:18:07 -0700] "GET /?m=2531087779 HTTP/1.1" 200 64724 "-" "Mozilla/5.0 (Linux; Android 6.0.1; Nexus 5X Build/MMB29P) AppleWebKit/537.36 (KHTML, like Gecko) Chrome/151.0.7922.173 Mobile Safari/537.36 (compatible; GoogleOther)"
66.249.74.193 - - [27/Aug/2026:01:18:11 -0700] "GET /kaden/mtalk/?sku=15844319491 HTTP/1.1" 200 63503 "-" "Mozilla/5.0 (Linux; Android 6.0.1; Nexus 5X Build/MMB29P) AppleWebKit/537.36 (KHTML, like Gecko) Chrome/151.0.7922.173 Mobile Safari/537.36 (compatible; GoogleOther)"
94.154.172.8 - - [27/Aug/2026:01:18:15 -0700] "GET /wp-json/ HTTP/2.0" 200 15845 "-" "Mozilla/5.0 (Macintosh; Intel Mac OS X 10_15_7) AppleWebKit/537.36 (KHTML, like Gecko) Chrome/131.0.0.0 Safari/537.36"
94.154.172.8 - - [27/Aug/2026:01:18:15 -0700] "GET /?rest_route=/ HTTP/2.0" 200 15738 "-" "Mozilla/5.0 (Macintosh; Intel Mac OS X 10_15_7) AppleWebKit/537.36 (KHTML, like Gecko) Chrome/131.0.0.0 Safari/537.36"
94.154.172.8 - - [27/Aug/2026:01:18:16 -0700] "GET /feed/ HTTP/2.0" 200 1495 "-" "Mozilla/5.0 (Macintosh; Intel Mac OS X 10_15_7) AppleWebKit/537.36 (KHTML, like Gecko) Chrome/131.0.0.0 Safari/537.36"
94.154.172.8 - - [27/Aug/2026:01:18:16 -0700] "GET /feed/rss2/ HTTP/2.0" 200 1449 "-" "Mozilla/5.0 (Macintosh; Intel Mac OS X 10_15_7) AppleWebKit/537.36 (KHTML, like Gecko) Chrome/131.0.0.0 Safari/537.36"
94.154.172.8 - - [27/Aug/2026:01:18:16 -0700] "GET /readme.html HTTP/2.0" 200 3143 "-" "Mozilla/5.0 (Macintosh; Intel Mac OS X 10_15_7) AppleWebKit/537.36 (KHTML, like Gecko) Chrome/131.0.0.0 Safari/537.36"
94.154.172.8 - - [27/Aug/2026:01:18:17 -0700] "GET / HTTP/2.0" 200 1495 "-" "Mozilla/5.0 (Macintosh; Intel Mac OS X 10_15_7) AppleWebKit/537.36 (KHTML, like Gecko) Chrome/131.0.0.0 Safari/537.36"
94.154.172.8 - - [27/Aug/2026:01:18:17 -0700] "POST /wp-json/batch/v1 HTTP/2.0" 403 2544 "-" "Mozilla/5.0 (Macintosh; Intel Mac OS X 10_15_7) AppleWebKit/537.36 (KHTML, like Gecko) Chrome/131.0.0.0 Safari/537.36"
66.249.74.192 - - [27/Aug/2026:01:18:17 -0700] "GET /?m=23773975839 HTTP/1.1" 200 62920 "-" "Mozilla/5.0 (Linux; Android 6.0.1; Nexus 5X Build/MMB29P) AppleWebKit/537.36 (KHTML, like Gecko) Chrome/151.0.7922.173 Mobile Safari/537.36 (compatible; GoogleOther)"
94.154.172.8 - - [27/Aug/2026:01:18:17 -0700] "POST /?rest_route=/batch/v1 HTTP/2.0" 403 2408 "-" "Mozilla/5.0 (Macintosh; Intel Mac OS X 10_15_7) AppleWebKit/537.36 (KHTML, like Gecko) Chrome/131.0.0.0 Safari/537.36"
66.249.74.192 - - [27/Aug/2026:01:18:21 -0700] "GET /?m=10022328729 HTTP/1.1" 200 59666 "-" "Mozilla/5.0 (Linux; Android 6.0.1; Nexus 5X Build/MMB29P) AppleWebKit/537.36 (KHTML, like Gecko) Chrome/151.0.7922.173 Mobile Safari/537.36 (compatible; GoogleOther)"
138.255.215.84 - - [27/Aug/2026:01:18:21 -0700] "POST /xmlrpc.php HTTP/1.1" 200 5046 "-" "Mozilla/5.0 (Windows NT 10.0; Win64; x64; rv:128.0) Gecko/20100101 Firefox/128.0"
66.249.74.192 - - [27/Aug/2026:01:18:24 -0700] "GET /shop.php?e=64730599137285 HTTP/1.1" 200 27969 "-" "Mozilla/5.0 (Linux; Android 6.0.1; Nexus 5X Build/MMB29P) AppleWebKit/537.36 (KHTML, like Gecko) Chrome/151.0.7922.173 Mobile Safari/537.36 (compatible; GoogleOther)"
78.190.123.138 - - [27/Aug/2026:01:18:25 -0700] "POST /xmlrpc.php HTTP/1.1" 200 5046 "-" "Mozilla/5.0 (Windows NT 10.0; Win64; x64) AppleWebKit/537.36 (KHTML, like Gecko) Chrome/147.0.0.0 Safari/537.36"
138.255.215.84 - - [27/Aug/2026:01:18:26 -0700] "POST /xmlrpc.php HTTP/1.1" 200 7285 "-" "Mozilla/5.0 (Windows NT 10.0; Win64; x64) AppleWebKit/537.36 (KHTML, like Gecko) Chrome/58.0.3029.110 Safari/537.3"
66.249.74.193 - - [27/Aug/2026:01:18:28 -0700] "GET /goods.php?f=33836767978 HTTP/1.1" 200 33414 "-" "Mozilla/5.0 (Linux; Android 6.0.1; Nexus 5X Build/MMB29P) AppleWebKit/537.36 (KHTML, like Gecko) Chrome/151.0.7922.173 Mobile Safari/537.36 (compatible; GoogleOther)"
78.190.123.138 - - [27/Aug/2026:01:18:28 -0700] "POST /xmlrpc.php HTTP/1.1" 200 5654 "-" "Mozilla/5.0 (X11; Linux x86_64; rv:137.0) Gecko/20100101 Firefox/137.0"
138.255.215.84 - - [27/Aug/2026:01:18:29 -0700] "GET /2026/08/27/casinos-steam-tower-tragaperras-con-bonos-sin-tanque-en-argentina-listado-2026/ HTTP/1.1" 200 27755 "-" "Mozilla/5.0 (X11; Ubuntu; Linux x86_64; rv:138.0) Gecko/20100101 Firefox/138.0"
75.119.195.61 - - [27/Aug/2026:01:18:21 -0700] "POST /wp-cron.php?doing_wp_cron=1787818701.7940959930419921875000 HTTP/1.1" 200 6592 "-" "WordPress/7.1; https://www.ablogformylove.com"
66.249.74.192 - - [27/Aug/2026:01:18:31 -0700] "GET /?m=25901945313 HTTP/1.1" 200 62975 "-" "Mozilla/5.0 (Linux; Android 6.0.1; Nexus 5X Build/MMB29P) AppleWebKit/537.36 (KHTML, like Gecko) Chrome/151.0.7922.173 Mobile Safari/537.36 (compatible; GoogleOther)"
78.190.123.138 - - [27/Aug/2026:01:18:31 -0700] "GET /2026/08/27/melhores-bonus-sem-pick-anexar-fruit-fire-blaze-giros-livres-infantilidade-slot-entreposto-2024-obtenha-codigos/ HTTP/1.1" 200 26039 "-" "Mozilla/5.0 (Windows NT 10.0; Win64; x64) AppleWebKit/537.36 (KHTML, like Gecko) Chrome/133.0.0.0 Safari/537.36"
66.249.74.192 - - [27/Aug/2026:01:18:35 -0700] "GET /shop.php?e=5356564155253 HTTP/1.1" 200 26862 "-" "Mozilla/5.0 (Linux; Android 6.0.1; Nexus 5X Build/MMB29P) AppleWebKit/537.36 (KHTML, like Gecko) Chrome/151.0.7922.173 Mobile Safari/537.36 (compatible; GoogleOther)"
66.249.74.193 - - [27/Aug/2026:01:18:40 -0700] "GET /?m=94034031772 HTTP/1.1" 200 63818 "-" "Mozilla/5.0 (Linux; Android 6.0.1; Nexus 5X Build/MMB29P) AppleWebKit/537.36 (KHTML, like Gecko) Chrome/151.0.7922.173 Mobile Safari/537.36 (compatible; GoogleOther)"
66.249.74.192 - - [27/Aug/2026:01:18:43 -0700] "GET /kaden/mtalk/?sku=51585614787 HTTP/1.1" 200 63589 "-" "Mozilla/5.0 (Linux; Android 6.0.1; Nexus 5X Build/MMB29P) AppleWebKit/537.36 (KHTML, like Gecko) Chrome/151.0.7922.173 Mobile Safari/537.36 (compatible; GoogleOther)"
45.83.178.43 - - [27/Aug/2026:01:18:46 -0700] "POST /xmlrpc.php HTTP/1.1" 429 5301 "-" "Mozilla/5.0 (Windows NT 10.0; Win64; x64) AppleWebKit/537.36 (KHTML, like Gecko) Chrome/147.0.0.0 Safari/537.36"
66.249.74.192 - - [27/Aug/2026:01:18:46 -0700] "GET /goods.php?k=84196621968 HTTP/1.1" 200 28719 "-" "Mozilla/5.0 (Linux; Android 6.0.1; Nexus 5X Build/MMB29P) AppleWebKit/537.36 (KHTML, like Gecko) Chrome/151.0.7922.173 Mobile Safari/537.36 (compatible; GoogleOther)"
66.249.74.192 - - [27/Aug/2026:01:18:50 -0700] "GET /?m=29945764050 HTTP/1.1" 200 58992 "-" "Mozilla/5.0 (Linux; Android 6.0.1; Nexus 5X Build/MMB29P) AppleWebKit/537.36 (KHTML, like Gecko) Chrome/151.0.7922.173 Mobile Safari/537.36 (compatible; GoogleOther)"
66.249.74.193 - - [27/Aug/2026:01:18:53 -0700] "GET /?m=66214731496 HTTP/1.1" 200 69257 "-" "Mozilla/5.0 (Linux; Android 6.0.1; Nexus 5X Build/MMB29P) AppleWebKit/537.36 (KHTML, like Gecko) Chrome/151.0.7922.173 Mobile Safari/537.36 (compatible; GoogleOther)"
66.249.74.192 - - [27/Aug/2026:01:18:54 -0700] "GET /?m=42914673807 HTTP/1.1" 200 63036 "-" "Mozilla/5.0 (Linux; Android 6.0.1; Nexus 5X Build/MMB29P) AppleWebKit/537.36 (KHTML, like Gecko) Chrome/151.0.7922.173 Mobile Safari/537.36 (compatible; Googlebot/2.1; +http://www.google.com/bot.html)"
66.249.74.192 - - [27/Aug/2026:01:18:55 -0700] "GET /shop.php?e=27237406664968 HTTP/1.1" 200 27529 "-" "Mozilla/5.0 (Linux; Android 6.0.1; Nexus 5X Build/MMB29P) AppleWebKit/537.36 (KHTML, like Gecko) Chrome/151.0.7922.173 Mobile Safari/537.36 (compatible; Googlebot/2.1; +http://www.google.com/bot.html)"
66.249.74.192 - - [27/Aug/2026:01:18:56 -0700] "GET /pc/index.php?m=32375386 HTTP/1.1" 200 64910 "-" "Mozilla/5.0 (Linux; Android 6.0.1; Nexus 5X Build/MMB29P) AppleWebKit/537.36 (KHTML, like Gecko) Chrome/151.0.7922.173 Mobile Safari/537.36 (compatible; GoogleOther)"
66.249.74.192 - - [27/Aug/2026:01:18:58 -0700] "GET /ajax/productstorestocklist/?sku=34697559470&lat= HTTP/1.1" 200 59066 "-" "Mozilla/5.0 (Linux; Android 6.0.1; Nexus 5X Build/MMB29P) AppleWebKit/537.36 (KHTML, like Gecko) Chrome/151.0.7922.173 Mobile Safari/537.36 (compatible; Googlebot/2.1; +http://www.google.com/bot.html)"
66.249.74.193 - - [27/Aug/2026:01:19:00 -0700] "GET /?m=41776786272 HTTP/1.1" 200 63032 "-" "Mozilla/5.0 (Linux; Android 6.0.1; Nexus 5X Build/MMB29P) AppleWebKit/537.36 (KHTML, like Gecko) Chrome/151.0.7922.173 Mobile Safari/537.36 (compatible; GoogleOther)"
66.249.74.193 - - [27/Aug/2026:01:19:09 -0700] "GET /?m=48371149976 HTTP/1.1" 200 63694 "-" "Mozilla/5.0 (Linux; Android 6.0.1; Nexus 5X Build/MMB29P) AppleWebKit/537.36 (KHTML, like Gecko) Chrome/151.0.7922.173 Mobile Safari/537.36 (compatible; GoogleOther)"
66.249.74.192 - - [27/Aug/2026:01:19:13 -0700] "GET /shop.php?e=2976915654989 HTTP/1.1" 200 32070 "-" "Mozilla/5.0 (Linux; Android 6.0.1; Nexus 5X Build/MMB29P) AppleWebKit/537.36 (KHTML, like Gecko) Chrome/151.0.7922.173 Mobile Safari/537.36 (compatible; GoogleOther)"
66.249.74.192 - - [27/Aug/2026:01:19:17 -0700] "GET /kaden/mtalk/?sku=13356766802 HTTP/1.1" 200 58764 "-" "Mozilla/5.0 (Linux; Android 6.0.1; Nexus 5X Build/MMB29P) AppleWebKit/537.36 (KHTML, like Gecko) Chrome/151.0.7922.173 Mobile Safari/537.36 (compatible; GoogleOther)"
107.20.105.74 - - [27/Aug/2026:01:19:20 -0700] "HEAD / HTTP/2.0" 200 105 "http://75.119.195.61" "DreamHost SiteMonitor 1.0"
66.249.74.192 - - [27/Aug/2026:01:19:23 -0700] "GET /?m=6103762441 HTTP/1.1" 200 63961 "-" "Mozilla/5.0 (Linux; Android 6.0.1; Nexus 5X Build/MMB29P) AppleWebKit/537.36 (KHTML, like Gecko) Chrome/151.0.7922.173 Mobile Safari/537.36 (compatible; GoogleOther)"
75.119.195.61 - - [27/Aug/2026:01:19:20 -0700] "POST /wp-cron.php?doing_wp_cron=1787818760.6143341064453125000000 HTTP/1.1" 200 6592 "-" "WordPress/7.1; https://www.ablogformylove.com"
114.119.158.151 - - [27/Aug/2026:01:19:28 -0700] "GET /2018/12/16/ HTTP/1.1" 200 24946 "https://www.ablogformylove.com/2018/12/16/santa-and-turning-around" "Mozilla/5.0 (Linux; Android 7.0;) AppleWebKit/537.36 (HTML, like Gecko) Mobile Safari/537.36 (compatible; PetalBot;+https://webmaster.petalsearch.com/site/petalbot)"
66.249.74.192 - - [27/Aug/2026:01:19:36 -0700] "GET /?m=68487205209 HTTP/1.1" 200 64792 "-" "Mozilla/5.0 (Linux; Android 6.0.1; Nexus 5X Build/MMB29P) AppleWebKit/537.36 (KHTML, like Gecko) Chrome/151.0.7922.173 Mobile Safari/537.36 (compatible; GoogleOther)"
66.249.74.193 - - [27/Aug/2026:01:19:44 -0700] "GET /?m=51928153296 HTTP/1.1" 200 64706 "-" "Mozilla/5.0 (Linux; Android 6.0.1; Nexus 5X Build/MMB29P) AppleWebKit/537.36 (KHTML, like Gecko) Chrome/151.0.7922.173 Mobile Safari/537.36 (compatible; Googlebot/2.1; +http://www.google.com/bot.html)"
66.249.74.192 - - [27/Aug/2026:01:19:50 -0700] "GET /shop.php?e=13657844901848 HTTP/1.1" 200 31814 "-" "Mozilla/5.0 (Linux; Android 6.0.1; Nexus 5X Build/MMB29P) AppleWebKit/537.36 (KHTML, like Gecko) Chrome/151.0.7922.173 Mobile Safari/537.36 (compatible; GoogleOther)"
66.249.74.192 - - [27/Aug/2026:01:19:53 -0700] "GET /?m=76112152554 HTTP/1.1" 200 58934 "-" "Mozilla/5.0 (Linux; Android 6.0.1; Nexus 5X Build/MMB29P) AppleWebKit/537.36 (KHTML, like Gecko) Chrome/151.0.7922.173 Mobile Safari/537.36 (compatible; GoogleOther)"
66.249.74.192 - - [27/Aug/2026:01:19:57 -0700] "GET /goods.php?s=62668518214 HTTP/1.1" 200 29515 "-" "Mozilla/5.0 (Linux; Android 6.0.1; Nexus 5X Build/MMB29P) AppleWebKit/537.36 (KHTML, like Gecko) Chrome/151.0.7922.173 Mobile Safari/537.36 (compatible; GoogleOther)"
40.77.167.16 - - [27/Aug/2026:01:19:59 -0700] "GET /?w=54213177343 HTTP/2.0" 200 58177 "-" "Mozilla/5.0 AppleWebKit/537.36 (KHTML, like Gecko; compatible; bingbot/2.0; +http://www.bing.com/bingbot.htm) Chrome/116.0.1938.76 Safari/537.36"
66.249.74.193 - - [27/Aug/2026:01:20:01 -0700] "GET /goods.php?z=35960265310 HTTP/1.1" 200 33041 "-" "Mozilla/5.0 (Linux; Android 6.0.1; Nexus 5X Build/MMB29P) AppleWebKit/537.36 (KHTML, like Gecko) Chrome/151.0.7922.173 Mobile Safari/537.36 (compatible; GoogleOther)"
66.249.74.192 - - [27/Aug/2026:01:20:04 -0700] "GET /?m=24838290569 HTTP/1.1" 200 69372 "-" "Mozilla/5.0 (Linux; Android 6.0.1; Nexus 5X Build/MMB29P) AppleWebKit/537.36 (KHTML, like Gecko) Chrome/151.0.7922.173 Mobile Safari/537.36 (compatible; GoogleOther)"
66.249.74.192 - - [27/Aug/2026:01:20:07 -0700] "GET /?m=80249291996 HTTP/1.1" 200 58173 "-" "Mozilla/5.0 (Linux; Android 6.0.1; Nexus 5X Build/MMB29P) AppleWebKit/537.36 (KHTML, like Gecko) Chrome/151.0.7922.173 Mobile Safari/537.36 (compatible; GoogleOther)"
180.180.138.238 - - [27/Aug/2026:01:20:08 -0700] "POST /xmlrpc.php HTTP/1.1" 200 5046 "-" "Mozilla/5.0 (Macintosh; Intel Mac OS X 10_15_7) AppleWebKit/605.1.15 (KHTML, like Gecko) Version/18.1 Safari/605.1.15"
75.119.195.61 - - [27/Aug/2026:01:20:09 -0700] "POST /wp-cron.php?doing_wp_cron=1787818808.9700040817260742187500 HTTP/1.1" 200 6592 "-" "WordPress/7.1; https://www.ablogformylove.com"
66.249.74.192 - - [27/Aug/2026:01:20:11 -0700] "GET /kaden/mtalk/?sku=78481717665 HTTP/1.1" 200 58548 "-" "Mozilla/5.0 (Linux; Android 6.0.1; Nexus 5X Build/MMB29P) AppleWebKit/537.36 (KHTML, like Gecko) Chrome/151.0.7922.173 Mobile Safari/537.36 (compatible; GoogleOther)"
