216.73.217.53 - - [27/Aug/2026:01:48:35 -0700] "GET /2026/08/27/no-deposit-free-spins-august-2026-royalgame-casino-australia-100-free-revolves-now-offers-to-the-indication-up-in-britain/ HTTP/2.0" 200 25260 "-" "Mozilla/5.0 AppleWebKit/537.36 (KHTML, like Gecko; compatible; ClaudeBot/1.0; +claudebot@anthropic.com)"
119.92.21.195 - - [27/Aug/2026:01:48:34 -0700] "POST /xmlrpc.php HTTP/1.1" 200 5046 "-" "Mozilla/5.0 (Windows NT 10.0; Win64; x64) AppleWebKit/537.36 (KHTML, like Gecko) Chrome/136.0.0.0 Safari/537.36 Edg/136.0.0.0"
66.249.74.194 - - [27/Aug/2026:01:48:36 -0700] "GET /?m=11933264391 HTTP/1.1" 200 63260 "-" "Mozilla/5.0 (Linux; Android 6.0.1; Nexus 5X Build/MMB29P) AppleWebKit/537.36 (KHTML, like Gecko) Chrome/151.0.7922.173 Mobile Safari/537.36 (compatible; GoogleOther)"
75.119.195.61 - - [27/Aug/2026:01:48:35 -0700] "POST /wp-cron.php?doing_wp_cron=1787820515.3135910034179687500000 HTTP/1.1" 200 6592 "-" "WordPress/7.1; https://www.ablogformylove.com"
66.249.74.192 - - [27/Aug/2026:01:48:39 -0700] "GET /pc/index.php?m=42579823884 HTTP/1.1" 200 63773 "-" "Mozilla/5.0 (Linux; Android 6.0.1; Nexus 5X Build/MMB29P) AppleWebKit/537.36 (KHTML, like Gecko) Chrome/151.0.7922.173 Mobile Safari/537.36 (compatible; GoogleOther)"
216.73.217.53 - - [27/Aug/2026:01:48:39 -0700] "GET /2026/08/27/greatest-a-best-galera-bet-10-reais-deposit-bonus-real-income-casinos-on-the-internet-inside-the-2026-proven/ HTTP/2.0" 200 24500 "-" "Mozilla/5.0 AppleWebKit/537.36 (KHTML, like Gecko; compatible; ClaudeBot/1.0; +claudebot@anthropic.com)"
216.73.217.53 - - [27/Aug/2026:01:48:39 -0700] "GET /2026/08/27/no-deposit-totally-free-spins-to-possess-mr-bet-casino-no-deposit-bonus-raging-rhino-by-the-wms-gambling/ HTTP/2.0" 200 25825 "-" "Mozilla/5.0 AppleWebKit/537.36 (KHTML, like Gecko; compatible; ClaudeBot/1.0; +claudebot@anthropic.com)"
119.92.21.195 - - [27/Aug/2026:01:48:40 -0700] "POST /xmlrpc.php HTTP/1.1" 200 5547 "-" "Mozilla/5.0 (Macintosh; Intel Mac OS X 10_15_7) AppleWebKit/605.1.15 (KHTML, like Gecko) Version/18.5 Safari/605.1.15"
216.73.217.53 - - [27/Aug/2026:01:48:40 -0700] "GET /sitemap.xml HTTP/2.0" 200 8396 "-" "Mozilla/5.0 AppleWebKit/537.36 (KHTML, like Gecko; compatible; ClaudeBot/1.0; +claudebot@anthropic.com)"
57.141.0.34 - - [27/Aug/2026:01:48:41 -0700] "GET /?m=22485752190 HTTP/2.0" 200 19795 "-" "Mozilla/5.0 (Windows NT 10.0; Win64; x64) AppleWebKit/537.36 (KHTML, like Gecko) Chrome/145.0.0.0 Safari/537.36 Edg/145.0.0.0 (compatible; meta-externalagent/1.1 (+https://developers.facebook.com/docs/sharing/webmasters/crawler))"
66.249.74.194 - - [27/Aug/2026:01:48:42 -0700] "GET /?m=59540672187 HTTP/1.1" 200 65097 "-" "Mozilla/5.0 (Linux; Android 6.0.1; Nexus 5X Build/MMB29P) AppleWebKit/537.36 (KHTML, like Gecko) Chrome/151.0.7922.173 Mobile Safari/537.36 (compatible; GoogleOther)"
119.92.21.195 - - [27/Aug/2026:01:48:43 -0700] "GET /2026/08/27/maquinas-tragamonedas-en-internet-sin-deposito-casino-fairspin-de-balde/ HTTP/1.1" 200 25815 "-" "Mozilla/5.0 (Macintosh; Intel Mac OS X 10_15_7) AppleWebKit/537.36 (KHTML, like Gecko) Chrome/146.0.0.0 Safari/537.36"
66.249.74.194 - - [27/Aug/2026:01:48:46 -0700] "GET /?m=82501334281 HTTP/1.1" 200 59063 "-" "Mozilla/5.0 (Linux; Android 6.0.1; Nexus 5X Build/MMB29P) AppleWebKit/537.36 (KHTML, like Gecko) Chrome/151.0.7922.173 Mobile Safari/537.36 (compatible; GoogleOther)"
66.249.74.195 - - [27/Aug/2026:01:48:49 -0700] "GET /ajax/productstorestocklist/?sku=18574436178&lat= HTTP/1.1" 200 63809 "-" "Mozilla/5.0 (Linux; Android 6.0.1; Nexus 5X Build/MMB29P) AppleWebKit/537.36 (KHTML, like Gecko) Chrome/151.0.7922.173 Mobile Safari/537.36 (compatible; GoogleOther)"
66.249.74.193 - - [27/Aug/2026:01:48:51 -0700] "GET /goods.php?f=25934786512 HTTP/1.1" 200 32693 "-" "Mozilla/5.0 (Linux; Android 6.0.1; Nexus 5X Build/MMB29P) AppleWebKit/537.36 (KHTML, like Gecko) Chrome/151.0.7922.173 Mobile Safari/537.36 (compatible; Googlebot/2.1; +http://www.google.com/bot.html)"
57.141.0.11 - - [27/Aug/2026:01:48:52 -0700] "GET /?p=6775 HTTP/2.0" 200 1556 "-" "Mozilla/5.0 (Macintosh; Intel Mac OS X 10_15_7) AppleWebKit/537.36 (KHTML, like Gecko) Chrome/145.0.0.0 Safari/537.36 (compatible; meta-externalagent/1.1 (+https://developers.facebook.com/docs/sharing/webmasters/crawler))"
57.141.0.4 - - [27/Aug/2026:01:48:52 -0700] "GET /?m=22121142262 HTTP/2.0" 200 19796 "-" "Mozilla/5.0 (Windows NT 10.0; Win64; x64) AppleWebKit/537.36 (KHTML, like Gecko) Chrome/145.0.0.0 Safari/537.36 (compatible; meta-externalagent/1.1 (+https://developers.facebook.com/docs/sharing/webmasters/crawler))"
66.249.74.194 - - [27/Aug/2026:01:48:53 -0700] "GET /?m=84550110531 HTTP/1.1" 200 65270 "-" "Mozilla/5.0 (Linux; Android 6.0.1; Nexus 5X Build/MMB29P) AppleWebKit/537.36 (KHTML, like Gecko) Chrome/151.0.7922.173 Mobile Safari/537.36 (compatible; GoogleOther)"
66.249.74.192 - - [27/Aug/2026:01:48:57 -0700] "GET /js/searchbox/1777250054 HTTP/1.1" 200 63997 "https://www.ablogformylove.com/?m=67591534641" "Mozilla/5.0 (Linux; Android 6.0.1; Nexus 5X Build/MMB29P) AppleWebKit/537.36 (KHTML, like Gecko) Chrome/151.0.7922.173 Mobile Safari/537.36 (compatible; GoogleOther)"
66.249.74.192 - - [27/Aug/2026:01:48:58 -0700] "GET /?m=69003443308 HTTP/1.1" 200 58426 "-" "Mozilla/5.0 (Linux; Android 6.0.1; Nexus 5X Build/MMB29P) AppleWebKit/537.36 (KHTML, like Gecko) Chrome/151.0.7922.173 Mobile Safari/537.36 (compatible; GoogleOther)"
66.249.74.192 - - [27/Aug/2026:01:49:01 -0700] "GET /?m=82491300345 HTTP/1.1" 200 59226 "-" "Mozilla/5.0 (Linux; Android 6.0.1; Nexus 5X Build/MMB29P) AppleWebKit/537.36 (KHTML, like Gecko) Chrome/151.0.7922.173 Mobile Safari/537.36 (compatible; GoogleOther)"
66.249.74.193 - - [27/Aug/2026:01:49:04 -0700] "GET /?m=4249228261 HTTP/1.1" 200 62599 "-" "Mozilla/5.0 (Linux; Android 6.0.1; Nexus 5X Build/MMB29P) AppleWebKit/537.36 (KHTML, like Gecko) Chrome/151.0.7922.173 Mobile Safari/537.36 (compatible; Googlebot/2.1; +http://www.google.com/bot.html)"
66.249.74.192 - - [27/Aug/2026:01:49:05 -0700] "GET /shop.php?e=28795526756634 HTTP/1.1" 200 27477 "-" "Mozilla/5.0 (Linux; Android 6.0.1; Nexus 5X Build/MMB29P) AppleWebKit/537.36 (KHTML, like Gecko) Chrome/151.0.7922.173 Mobile Safari/537.36 (compatible; GoogleOther)"
57.141.8.48 - - [27/Aug/2026:01:49:07 -0700] "GET / HTTP/2.0" 200 24845 "-" "facebookexternalhit/1.1 (+http://www.facebook.com/externalhit_uatext.php)"
66.249.74.192 - - [27/Aug/2026:01:49:08 -0700] "GET /?m=24763226760 HTTP/1.1" 200 58141 "-" "Mozilla/5.0 (Linux; Android 6.0.1; Nexus 5X Build/MMB29P) AppleWebKit/537.36 (KHTML, like Gecko) Chrome/151.0.7922.173 Mobile Safari/537.36 (compatible; GoogleOther)"
66.249.74.193 - - [27/Aug/2026:01:49:12 -0700] "GET /kaden/mtalk/?sku=54493920544 HTTP/1.1" 200 63746 "-" "Mozilla/5.0 (Linux; Android 6.0.1; Nexus 5X Build/MMB29P) AppleWebKit/537.36 (KHTML, like Gecko) Chrome/151.0.7922.173 Mobile Safari/537.36 (compatible; GoogleOther)"
66.249.74.192 - - [27/Aug/2026:01:49:15 -0700] "GET /?m=8136007670 HTTP/1.1" 200 63346 "-" "Mozilla/5.0 (Linux; Android 6.0.1; Nexus 5X Build/MMB29P) AppleWebKit/537.36 (KHTML, like Gecko) Chrome/151.0.7922.173 Mobile Safari/537.36 (compatible; GoogleOther)"
66.249.74.192 - - [27/Aug/2026:01:49:18 -0700] "GET /ajax/productstorestocklist/?sku=89860530203&my_store=1 HTTP/1.1" 200 64762 "-" "Mozilla/5.0 (Linux; Android 6.0.1; Nexus 5X Build/MMB29P) AppleWebKit/537.36 (KHTML, like Gecko) Chrome/151.0.7922.173 Mobile Safari/537.36 (compatible; GoogleOther)"
107.20.105.74 - - [27/Aug/2026:01:49:20 -0700] "HEAD / HTTP/2.0" 200 105 "http://75.119.195.61" "DreamHost SiteMonitor 1.0"
66.249.74.193 - - [27/Aug/2026:01:49:22 -0700] "GET /?m=39349136390 HTTP/1.1" 200 64193 "-" "Mozilla/5.0 (Linux; Android 6.0.1; Nexus 5X Build/MMB29P) AppleWebKit/537.36 (KHTML, like Gecko) Chrome/151.0.7922.173 Mobile Safari/537.36 (compatible; GoogleOther)"
66.249.74.192 - - [27/Aug/2026:01:49:25 -0700] "GET /kaden/mtalk/?sku=5243292270 HTTP/1.1" 200 63392 "-" "Mozilla/5.0 (Linux; Android 6.0.1; Nexus 5X Build/MMB29P) AppleWebKit/537.36 (KHTML, like Gecko) Chrome/151.0.7922.173 Mobile Safari/537.36 (compatible; GoogleOther)"
66.249.74.192 - - [27/Aug/2026:01:49:29 -0700] "GET /?m=63411892319 HTTP/1.1" 200 59313 "-" "Mozilla/5.0 (Linux; Android 6.0.1; Nexus 5X Build/MMB29P) AppleWebKit/537.36 (KHTML, like Gecko) Chrome/151.0.7922.173 Mobile Safari/537.36 (compatible; GoogleOther)"
66.249.74.192 - - [27/Aug/2026:01:49:32 -0700] "GET /?m=36474227093 HTTP/1.1" 200 58410 "-" "Mozilla/5.0 (Linux; Android 6.0.1; Nexus 5X Build/MMB29P) AppleWebKit/537.36 (KHTML, like Gecko) Chrome/151.0.7922.173 Mobile Safari/537.36 (compatible; GoogleOther)"
66.249.74.192 - - [27/Aug/2026:01:49:35 -0700] "GET /?m=97830729165 HTTP/1.1" 200 58468 "-" "Mozilla/5.0 (Linux; Android 6.0.1; Nexus 5X Build/MMB29P) AppleWebKit/537.36 (KHTML, like Gecko) Chrome/151.0.7922.173 Mobile Safari/537.36 (compatible; GoogleOther)"
66.249.74.192 - - [27/Aug/2026:01:49:39 -0700] "GET /?m=91391013478/ HTTP/1.1" 200 58143 "-" "Mozilla/5.0 (Linux; Android 6.0.1; Nexus 5X Build/MMB29P) AppleWebKit/537.36 (KHTML, like Gecko) Chrome/151.0.7922.173 Mobile Safari/537.36 (compatible; GoogleOther)"
66.249.74.192 - - [27/Aug/2026:01:49:40 -0700] "GET /?m=75846598627 HTTP/1.1" 200 63956 "-" "Mozilla/5.0 (Linux; Android 6.0.1; Nexus 5X Build/MMB29P) AppleWebKit/537.36 (KHTML, like Gecko) Chrome/151.0.7922.173 Mobile Safari/537.36 (compatible; Googlebot/2.1; +http://www.google.com/bot.html)"
66.249.74.194 - - [27/Aug/2026:01:49:40 -0700] "GET /shop.php?e=86235477049792 HTTP/1.1" 200 32038 "-" "Mozilla/5.0 (Linux; Android 6.0.1; Nexus 5X Build/MMB29P) AppleWebKit/537.36 (KHTML, like Gecko) Chrome/151.0.7922.173 Mobile Safari/537.36 (compatible; Googlebot/2.1; +http://www.google.com/bot.html)"
66.249.74.194 - - [27/Aug/2026:01:49:42 -0700] "GET /?m=58461178417 HTTP/1.1" 200 62838 "-" "Mozilla/5.0 (Linux; Android 6.0.1; Nexus 5X Build/MMB29P) AppleWebKit/537.36 (KHTML, like Gecko) Chrome/151.0.7922.173 Mobile Safari/537.36 (compatible; GoogleOther)"
49.147.177.169 - - [27/Aug/2026:01:49:43 -0700] "POST /xmlrpc.php HTTP/1.1" 200 5046 "-" "Mozilla/5.0 (X11; Linux x86_64) AppleWebKit/537.36 (KHTML, like Gecko) Chrome/148.0.0.0 Safari/537.36"
75.119.195.61 - - [27/Aug/2026:01:49:44 -0700] "POST /wp-cron.php?doing_wp_cron=1787820584.4761130809783935546875 HTTP/1.1" 200 6592 "-" "WordPress/7.1; https://www.ablogformylove.com"
66.249.74.194 - - [27/Aug/2026:01:49:46 -0700] "GET /?m=37140349463 HTTP/1.1" 200 58449 "-" "Mozilla/5.0 (Linux; Android 6.0.1; Nexus 5X Build/MMB29P) AppleWebKit/537.36 (KHTML, like Gecko) Chrome/151.0.7922.173 Mobile Safari/537.36 (compatible; GoogleOther)"
66.249.74.195 - - [27/Aug/2026:01:49:49 -0700] "GET /shop.php?e=47189747091739 HTTP/1.1" 200 31883 "-" "Mozilla/5.0 (Linux; Android 6.0.1; Nexus 5X Build/MMB29P) AppleWebKit/537.36 (KHTML, like Gecko) Chrome/151.0.7922.173 Mobile Safari/537.36 (compatible; GoogleOther)"
49.147.177.169 - - [27/Aug/2026:01:49:49 -0700] "POST /xmlrpc.php HTTP/1.1" 200 5652 "-" "Mozilla/5.0 (Windows NT 10.0; Win64; x64) AppleWebKit/537.36 (KHTML, like Gecko) Chrome/132.0.0.0 Safari/537.36 OPR/117.0.0.0"
66.249.74.195 - - [27/Aug/2026:01:49:52 -0700] "GET /ajax/productstorestocklist/?sku=76308348829&my_store=1 HTTP/1.1" 200 58422 "-" "Mozilla/5.0 (Linux; Android 6.0.1; Nexus 5X Build/MMB29P) AppleWebKit/537.36 (KHTML, like Gecko) Chrome/151.0.7922.173 Mobile Safari/537.36 (compatible; GoogleOther)"
66.249.74.193 - - [27/Aug/2026:01:49:53 -0700] "GET /ajax/productstorestocklist/?sku=46965147875&lat= HTTP/1.1" 200 64165 "-" "Mozilla/5.0 (Linux; Android 6.0.1; Nexus 5X Build/MMB29P) AppleWebKit/537.36 (KHTML, like Gecko) Chrome/151.0.7922.173 Mobile Safari/537.36 (compatible; Googlebot/2.1; +http://www.google.com/bot.html)"
49.147.177.169 - - [27/Aug/2026:01:49:53 -0700] "GET /2026/08/27/bonus-puerilidade-giros-acostumado-infantilidade-cassino-giros-sem-deposito-2026/ HTTP/1.1" 200 26046 "-" "Mozilla/5.0 (Macintosh; Intel Mac OS X 10_15_7) AppleWebKit/605.1.15 (KHTML, like Gecko) Version/17.4.1 Safari/605.1.15"
57.141.0.22 - - [27/Aug/2026:01:49:55 -0700] "GET /?m=55286870061 HTTP/2.0" 200 19799 "-" "Mozilla/5.0 (Windows NT 10.0; Win64; x64) AppleWebKit/537.36 (KHTML, like Gecko) Chrome/145.0.0.0 Safari/537.36 (compatible; meta-externalagent/1.1 (+https://developers.facebook.com/docs/sharing/webmasters/crawler))"
66.249.74.193 - - [27/Aug/2026:01:49:56 -0700] "GET /ajax/productstorestocklist/?sku=19680806932&lat= HTTP/1.1" 200 58050 "-" "Mozilla/5.0 (Linux; Android 6.0.1; Nexus 5X Build/MMB29P) AppleWebKit/537.36 (KHTML, like Gecko) Chrome/151.0.7922.173 Mobile Safari/537.36 (compatible; GoogleOther)"
66.249.74.193 - - [27/Aug/2026:01:49:59 -0700] "GET /?m=66090071166 HTTP/1.1" 200 58873 "-" "Mozilla/5.0 (Linux; Android 6.0.1; Nexus 5X Build/MMB29P) AppleWebKit/537.36 (KHTML, like Gecko) Chrome/151.0.7922.173 Mobile Safari/537.36 (compatible; GoogleOther)"
216.73.217.53 - - [27/Aug/2026:01:50:01 -0700] "GET /?p=9568 HTTP/2.0" 200 1553 "-" "Mozilla/5.0 AppleWebKit/537.36 (KHTML, like Gecko; compatible; ClaudeBot/1.0; +claudebot@anthropic.com)"
66.249.74.195 - - [27/Aug/2026:01:50:02 -0700] "GET /?m=2143062287 HTTP/1.1" 200 63264 "-" "Mozilla/5.0 (Linux; Android 6.0.1; Nexus 5X Build/MMB29P) AppleWebKit/537.36 (KHTML, like Gecko) Chrome/151.0.7922.173 Mobile Safari/537.36 (compatible; GoogleOther)"
66.249.74.192 - - [27/Aug/2026:01:50:06 -0700] "GET /?m=95985237640 HTTP/1.1" 200 63229 "-" "Mozilla/5.0 (Linux; Android 6.0.1; Nexus 5X Build/MMB29P) AppleWebKit/537.36 (KHTML, like Gecko) Chrome/151.0.7922.173 Mobile Safari/537.36 (compatible; GoogleOther)"
66.249.74.193 - - [27/Aug/2026:01:50:09 -0700] "GET /?m=23581058164 HTTP/1.1" 200 63206 "-" "Mozilla/5.0 (Linux; Android 6.0.1; Nexus 5X Build/MMB29P) AppleWebKit/537.36 (KHTML, like Gecko) Chrome/151.0.7922.173 Mobile Safari/537.36 (compatible; GoogleOther)"
66.249.74.193 - - [27/Aug/2026:01:50:13 -0700] "GET /goods.php?r=93816687769 HTTP/1.1" 200 28725 "-" "Mozilla/5.0 (Linux; Android 6.0.1; Nexus 5X Build/MMB29P) AppleWebKit/537.36 (KHTML, like Gecko) Chrome/151.0.7922.173 Mobile Safari/537.36 (compatible; GoogleOther)"
66.249.74.193 - - [27/Aug/2026:01:50:17 -0700] "GET /?m=62363916 HTTP/1.1" 200 58290 "-" "Mozilla/5.0 (Linux; Android 6.0.1; Nexus 5X Build/MMB29P) AppleWebKit/537.36 (KHTML, like Gecko) Chrome/151.0.7922.173 Mobile Safari/537.36 (compatible; GoogleOther)"
57.141.0.4 - - [27/Aug/2026:01:50:21 -0700] "GET /?m=6795855980 HTTP/2.0" 200 19796 "-" "Mozilla/5.0 (Macintosh; Intel Mac OS X 10_15_7) AppleWebKit/537.36 (KHTML, like Gecko) Chrome/145.0.0.0 Safari/537.36 (compatible; meta-externalagent/1.1 (+https://developers.facebook.com/docs/sharing/webmasters/crawler))"
41.235.161.71 - - [27/Aug/2026:01:50:24 -0700] "POST /xmlrpc.php HTTP/1.1" 200 5046 "-" "Mozilla/5.0 (Windows NT 10.0; Win64; x64) AppleWebKit/537.36 (KHTML, like Gecko) Chrome/122.0.0.0 Safari/537.36"
66.249.74.193 - - [27/Aug/2026:01:50:25 -0700] "GET /?m=43630662500 HTTP/1.1" 200 64801 "-" "Mozilla/5.0 (Linux; Android 6.0.1; Nexus 5X Build/MMB29P) AppleWebKit/537.36 (KHTML, like Gecko) Chrome/151.0.7922.173 Mobile Safari/537.36 (compatible; GoogleOther)"
41.235.161.71 - - [27/Aug/2026:01:50:28 -0700] "POST /xmlrpc.php HTTP/1.1" 200 5336 "-" "Mozilla/5.0 (Windows NT 10.0; Win64; x64) AppleWebKit/537.36 (KHTML, like Gecko) Chrome/130.0.0.0 Safari/537.36"
66.249.74.193 - - [27/Aug/2026:01:50:29 -0700] "GET /shop.php?e=88141034053663 HTTP/1.1" 200 27627 "-" "Mozilla/5.0 (Linux; Android 6.0.1; Nexus 5X Build/MMB29P) AppleWebKit/537.36 (KHTML, like Gecko) Chrome/151.0.7922.173 Mobile Safari/537.36 (compatible; GoogleOther)"
75.119.195.61 - - [27/Aug/2026:01:50:24 -0700] "POST /wp-cron.php?doing_wp_cron=1787820624.7030079364776611328125 HTTP/1.1" 200 6592 "-" "WordPress/7.1; https://www.ablogformylove.com"
41.235.161.71 - - [27/Aug/2026:01:50:31 -0700] "GET /2026/08/27/safari-heat-slot-demo-esparcimiento-tragamonedas-este-contenido-regalado/ HTTP/1.1" 200 25606 "-" "Mozilla/5.0 (Macintosh; Intel Mac OS X 10_15_7) AppleWebKit/537.36 (KHTML, like Gecko) Chrome/136.0.0.0 Safari/537.36 Edg/136.0.0.0"
66.249.74.193 - - [27/Aug/2026:01:50:33 -0700] "GET /?m=61707326540 HTTP/1.1" 200 58344 "-" "Mozilla/5.0 (Linux; Android 6.0.1; Nexus 5X Build/MMB29P) AppleWebKit/537.36 (KHTML, like Gecko) Chrome/151.0.7922.173 Mobile Safari/537.36 (compatible; GoogleOther)"
66.249.74.193 - - [27/Aug/2026:01:50:37 -0700] "GET /?m=13007080650 HTTP/1.1" 200 58216 "-" "Mozilla/5.0 (Linux; Android 6.0.1; Nexus 5X Build/MMB29P) AppleWebKit/537.36 (KHTML, like Gecko) Chrome/151.0.7922.173 Mobile Safari/537.36 (compatible; GoogleOther)"
57.141.0.66 - - [27/Aug/2026:01:50:40 -0700] "GET /?m=94124979968 HTTP/2.0" 200 19796 "-" "Mozilla/5.0 (Windows NT 10.0; Win64; x64) AppleWebKit/537.36 (KHTML, like Gecko) Chrome/145.0.0.0 Safari/537.36 (compatible; meta-externalagent/1.1 (+https://developers.facebook.com/docs/sharing/webmasters/crawler))"
66.249.74.192 - - [27/Aug/2026:01:50:40 -0700] "GET /goods.php?b=92119649461 HTTP/1.1" 200 33513 "-" "Mozilla/5.0 (Linux; Android 6.0.1; Nexus 5X Build/MMB29P) AppleWebKit/537.36 (KHTML, like Gecko) Chrome/151.0.7922.173 Mobile Safari/537.36 (compatible; GoogleOther)"
57.141.0.59 - - [27/Aug/2026:01:50:41 -0700] "GET /?m=17263499965 HTTP/2.0" 200 19795 "-" "Mozilla/5.0 (Windows NT 10.0; Win64; x64) AppleWebKit/537.36 (KHTML, like Gecko) Chrome/145.0.0.0 Safari/537.36 (compatible; meta-externalagent/1.1 (+https://developers.facebook.com/docs/sharing/webmasters/crawler))"
57.141.0.59 - - [27/Aug/2026:01:50:41 -0700] "GET /?m=62292517630 HTTP/2.0" 200 19796 "-" "Mozilla/5.0 (Macintosh; Intel Mac OS X 10_15_7) AppleWebKit/537.36 (KHTML, like Gecko) Chrome/145.0.0.0 Safari/537.36 (compatible; meta-externalagent/1.1 (+https://developers.facebook.com/docs/sharing/webmasters/crawler))"
66.249.74.192 - - [27/Aug/2026:01:50:43 -0700] "GET /?m=8584040334 HTTP/1.1" 200 58450 "-" "Mozilla/5.0 (Linux; Android 6.0.1; Nexus 5X Build/MMB29P) AppleWebKit/537.36 (KHTML, like Gecko) Chrome/151.0.7922.173 Mobile Safari/537.36 (compatible; GoogleOther)"
66.249.74.192 - - [27/Aug/2026:01:50:47 -0700] "GET /ajax/productdeliverycalendar/?sku=73983979079&offset= HTTP/1.1" 200 58796 "-" "Mozilla/5.0 (Linux; Android 6.0.1; Nexus 5X Build/MMB29P) AppleWebKit/537.36 (KHTML, like Gecko) Chrome/151.0.7922.173 Mobile Safari/537.36 (compatible; GoogleOther)"
66.249.74.192 - - [27/Aug/2026:01:50:50 -0700] "GET /kaden/mtalk/?sku=71957772410 HTTP/1.1" 200 58598 "-" "Mozilla/5.0 (Linux; Android 6.0.1; Nexus 5X Build/MMB29P) AppleWebKit/537.36 (KHTML, like Gecko) Chrome/151.0.7922.173 Mobile Safari/537.36 (compatible; GoogleOther)"
66.249.74.192 - - [27/Aug/2026:01:50:51 -0700] "GET /?m=91335775888 HTTP/1.1" 200 64307 "-" "Mozilla/5.0 (Linux; Android 6.0.1; Nexus 5X Build/MMB29P) AppleWebKit/537.36 (KHTML, like Gecko) Chrome/151.0.7922.173 Mobile Safari/537.36 (compatible; Googlebot/2.1; +http://www.google.com/bot.html)"
66.249.74.192 - - [27/Aug/2026:01:50:53 -0700] "GET /?m=97170084606 HTTP/1.1" 200 59026 "-" "Mozilla/5.0 (Linux; Android 6.0.1; Nexus 5X Build/MMB29P) AppleWebKit/537.36 (KHTML, like Gecko) Chrome/151.0.7922.173 Mobile Safari/537.36 (compatible; GoogleOther)"
66.249.74.194 - - [27/Aug/2026:01:50:55 -0700] "GET /goods.php?t=81800770365 HTTP/1.1" 200 32976 "-" "Mozilla/5.0 (Linux; Android 6.0.1; Nexus 5X Build/MMB29P) AppleWebKit/537.36 (KHTML, like Gecko) Chrome/151.0.7922.173 Mobile Safari/537.36 (compatible; Googlebot/2.1; +http://www.google.com/bot.html)"
66.249.74.192 - - [27/Aug/2026:01:50:57 -0700] "GET /?m=6295543836 HTTP/1.1" 200 59785 "-" "Mozilla/5.0 (Linux; Android 6.0.1; Nexus 5X Build/MMB29P) AppleWebKit/537.36 (KHTML, like Gecko) Chrome/151.0.7922.173 Mobile Safari/537.36 (compatible; GoogleOther)"
66.249.74.192 - - [27/Aug/2026:01:51:00 -0700] "GET /?m=24015944925 HTTP/1.1" 200 58112 "-" "Mozilla/5.0 (Linux; Android 6.0.1; Nexus 5X Build/MMB29P) AppleWebKit/537.36 (KHTML, like Gecko) Chrome/151.0.7922.173 Mobile Safari/537.36 (compatible; GoogleOther)"
88.9.118.123 - - [27/Aug/2026:01:51:02 -0700] "POST /xmlrpc.php HTTP/1.1" 200 5046 "-" "Mozilla/5.0 (Macintosh; Intel Mac OS X 10_15_7) AppleWebKit/537.36 (KHTML, like Gecko) Chrome/128.0.0.0 Safari/537.36"
66.249.74.192 - - [27/Aug/2026:01:51:03 -0700] "GET /?m=24173933402 HTTP/1.1" 200 58266 "-" "Mozilla/5.0 (Linux; Android 6.0.1; Nexus 5X Build/MMB29P) AppleWebKit/537.36 (KHTML, like Gecko) Chrome/151.0.7922.173 Mobile Safari/537.36 (compatible; GoogleOther)"
75.119.195.61 - - [27/Aug/2026:01:51:03 -0700] "POST /wp-cron.php?doing_wp_cron=1787820663.0200819969177246093750 HTTP/1.1" 200 6592 "-" "WordPress/7.1; https://www.ablogformylove.com"
88.9.118.123 - - [27/Aug/2026:01:51:07 -0700] "POST /xmlrpc.php HTTP/1.1" 200 7421 "-" "Mozilla/5.0 (Macintosh; Intel Mac OS X 10_15_7) AppleWebKit/537.36 (KHTML, like Gecko) Chrome/134.0.0.0 Safari/537.36"
216.73.217.53 - - [27/Aug/2026:01:51:07 -0700] "GET /2026/08/27/10-finest-web-based-casinos-the-real-deal-money-united-states-the-site-inside-2026/feed/ HTTP/2.0" 200 2068 "-" "Mozilla/5.0 AppleWebKit/537.36 (KHTML, like Gecko; compatible; ClaudeBot/1.0; +claudebot@anthropic.com)"
66.249.74.192 - - [27/Aug/2026:01:51:07 -0700] "GET /ajax/productstorestocklist/?sku=87969161530&lat= HTTP/1.1" 200 60762 "-" "Mozilla/5.0 (Linux; Android 6.0.1; Nexus 5X Build/MMB29P) AppleWebKit/537.36 (KHTML, like Gecko) Chrome/151.0.7922.173 Mobile Safari/537.36 (compatible; GoogleOther)"
88.9.118.123 - - [27/Aug/2026:01:51:10 -0700] "GET /2026/08/27/busca-niquel-online-2026-apontar-brazil/ HTTP/1.1" 200 27794 "-" "Mozilla/5.0 (Windows NT 10.0; Win64; x64) AppleWebKit/537.36 (KHTML, like Gecko) Chrome/136.0.0.0 Safari/537.36"
66.249.74.192 - - [27/Aug/2026:01:51:11 -0700] "GET /?m=72174715026 HTTP/1.1" 200 58429 "-" "Mozilla/5.0 (Linux; Android 6.0.1; Nexus 5X Build/MMB29P) AppleWebKit/537.36 (KHTML, like Gecko) Chrome/151.0.7922.173 Mobile Safari/537.36 (compatible; GoogleOther)"
66.249.74.192 - - [27/Aug/2026:01:51:15 -0700] "GET /?m=41681876491 HTTP/1.1" 200 59708 "-" "Mozilla/5.0 (Linux; Android 6.0.1; Nexus 5X Build/MMB29P) AppleWebKit/537.36 (KHTML, like Gecko) Chrome/151.0.7922.173 Mobile Safari/537.36 (compatible; GoogleOther)"
66.249.74.193 - - [27/Aug/2026:01:51:19 -0700] "GET /?m=28719854508 HTTP/1.1" 200 63183 "-" "Mozilla/5.0 (Linux; Android 6.0.1; Nexus 5X Build/MMB29P) AppleWebKit/537.36 (KHTML, like Gecko) Chrome/151.0.7922.173 Mobile Safari/537.36 (compatible; GoogleOther)"
66.249.74.193 - - [27/Aug/2026:01:51:23 -0700] "GET /?m=30035274251 HTTP/1.1" 200 58969 "-" "Mozilla/5.0 (Linux; Android 6.0.1; Nexus 5X Build/MMB29P) AppleWebKit/537.36 (KHTML, like Gecko) Chrome/151.0.7922.173 Mobile Safari/537.36 (compatible; GoogleOther)"
66.249.74.193 - - [27/Aug/2026:01:51:27 -0700] "GET /?m=19459814027 HTTP/1.1" 200 63039 "-" "Mozilla/5.0 (Linux; Android 6.0.1; Nexus 5X Build/MMB29P) AppleWebKit/537.36 (KHTML, like Gecko) Chrome/151.0.7922.173 Mobile Safari/537.36 (compatible; Googlebot/2.1; +http://www.google.com/bot.html)"
66.249.74.193 - - [27/Aug/2026:01:51:28 -0700] "GET /goods.php?b=75017565033 HTTP/1.1" 200 28516 "-" "Mozilla/5.0 (Linux; Android 6.0.1; Nexus 5X Build/MMB29P) AppleWebKit/537.36 (KHTML, like Gecko) Chrome/151.0.7922.173 Mobile Safari/537.36 (compatible; GoogleOther)"
66.249.74.193 - - [27/Aug/2026:01:51:28 -0700] "GET /shop.php?e=94471317317428 HTTP/1.1" 200 26811 "-" "Mozilla/5.0 (Linux; Android 6.0.1; Nexus 5X Build/MMB29P) AppleWebKit/537.36 (KHTML, like Gecko) Chrome/151.0.7922.173 Mobile Safari/537.36 (compatible; Googlebot/2.1; +http://www.google.com/bot.html)"
45.9.251.200 - - [27/Aug/2026:01:51:30 -0700] "POST /xmlrpc.php HTTP/1.1" 200 5046 "-" "Mozilla/5.0 (Macintosh; Intel Mac OS X 10_15_7) AppleWebKit/537.36 (KHTML, like Gecko) Chrome/135.0.0.0 Safari/537.36"
75.119.195.61 - - [27/Aug/2026:01:51:30 -0700] "POST /wp-cron.php?doing_wp_cron=1787820690.1727709770202636718750 HTTP/1.1" 200 6592 "-" "WordPress/7.1; https://www.ablogformylove.com"
45.9.251.200 - - [27/Aug/2026:01:51:32 -0700] "POST /xmlrpc.php HTTP/1.1" 200 6173 "-" "Mozilla/5.0 (Macintosh; Intel Mac OS X 10_15_7) AppleWebKit/605.1.15 (KHTML, like Gecko) Version/17.5 Safari/605.1.15"
66.249.74.192 - - [27/Aug/2026:01:51:31 -0700] "GET /kaden/mtalk/?sku=61984788214 HTTP/1.1" 200 64432 "-" "Mozilla/5.0 (Linux; Android 6.0.1; Nexus 5X Build/MMB29P) AppleWebKit/537.36 (KHTML, like Gecko) Chrome/151.0.7922.173 Mobile Safari/537.36 (compatible; GoogleOther)"
66.249.74.193 - - [27/Aug/2026:01:51:37 -0700] "GET /js/app/?t=1777250054 HTTP/1.1" 200 63607 "https://www.ablogformylove.com/?m=30035274251" "Mozilla/5.0 (Linux; Android 6.0.1; Nexus 5X Build/MMB29P) AppleWebKit/537.36 (KHTML, like Gecko) Chrome/151.0.7922.173 Mobile Safari/537.36 (compatible; GoogleOther)"
45.9.251.200 - - [27/Aug/2026:01:51:35 -0700] "GET /2026/08/27/atividade-sem-immortal-glory-slot-online-armazem-melhores-online-galera-bet-minas-acao-sem-entreposto-2026/ HTTP/1.1" 200 26420 "-" "Mozilla/5.0 (Windows NT 10.0; Win64; x64; rv:151.0) Gecko/20100101 Firefox/151.0"
66.249.74.192 - - [27/Aug/2026:01:51:39 -0700] "GET /?m=66413696905 HTTP/1.1" 200 58253 "-" "Mozilla/5.0 (Linux; Android 6.0.1; Nexus 5X Build/MMB29P) AppleWebKit/537.36 (KHTML, like Gecko) Chrome/151.0.7922.173 Mobile Safari/537.36 (compatible; GoogleOther)"
66.249.74.192 - - [27/Aug/2026:01:51:47 -0700] "GET /?m=29561967310 HTTP/1.1" 200 62936 "-" "Mozilla/5.0 (Linux; Android 6.0.1; Nexus 5X Build/MMB29P) AppleWebKit/537.36 (KHTML, like Gecko) Chrome/151.0.7922.173 Mobile Safari/537.36 (compatible; GoogleOther)"
66.249.74.194 - - [27/Aug/2026:01:51:54 -0700] "GET /?m=11706898709 HTTP/1.1" 200 64711 "-" "Mozilla/5.0 (Linux; Android 6.0.1; Nexus 5X Build/MMB29P) AppleWebKit/537.36 (KHTML, like Gecko) Chrome/151.0.7922.173 Mobile Safari/537.36 (compatible; GoogleOther)"
66.249.74.192 - - [27/Aug/2026:01:51:57 -0700] "GET /kaden/mtalk/?sku=41942938769 HTTP/1.1" 200 64194 "-" "Mozilla/5.0 (Linux; Android 6.0.1; Nexus 5X Build/MMB29P) AppleWebKit/537.36 (KHTML, like Gecko) Chrome/151.0.7922.173 Mobile Safari/537.36 (compatible; Googlebot/2.1; +http://www.google.com/bot.html)"
66.249.74.192 - - [27/Aug/2026:01:52:00 -0700] "GET /?m=30030869333 HTTP/1.1" 200 58386 "-" "Mozilla/5.0 (Linux; Android 6.0.1; Nexus 5X Build/MMB29P) AppleWebKit/537.36 (KHTML, like Gecko) Chrome/151.0.7922.173 Mobile Safari/537.36 (compatible; GoogleOther)"
66.249.74.192 - - [27/Aug/2026:01:52:06 -0700] "GET /?m=61090065993 HTTP/1.1" 200 63305 "-" "Mozilla/5.0 (Linux; Android 6.0.1; Nexus 5X Build/MMB29P) AppleWebKit/537.36 (KHTML, like Gecko) Chrome/151.0.7922.173 Mobile Safari/537.36 (compatible; GoogleOther)"
216.73.217.53 - - [27/Aug/2026:01:52:10 -0700] "GET /?p=9552 HTTP/2.0" 200 1553 "-" "Mozilla/5.0 AppleWebKit/537.36 (KHTML, like Gecko; compatible; ClaudeBot/1.0; +claudebot@anthropic.com)"
216.73.217.53 - - [27/Aug/2026:01:52:10 -0700] "GET /2026/08/27/better-online-casinos-one-to-spend-real-money-february-sherlock-holmes-rtp-casino-2026-inform/feed/ HTTP/2.0" 200 1979 "-" "Mozilla/5.0 AppleWebKit/537.36 (KHTML, like Gecko; compatible; ClaudeBot/1.0; +claudebot@anthropic.com)"
66.249.74.192 - - [27/Aug/2026:01:52:12 -0700] "GET /ajax/productstorestocklist/?sku=88810360752&pref_cd= HTTP/1.1" 200 63444 "-" "Mozilla/5.0 (Linux; Android 6.0.1; Nexus 5X Build/MMB29P) AppleWebKit/537.36 (KHTML, like Gecko) Chrome/151.0.7922.173 Mobile Safari/537.36 (compatible; GoogleOther)"
66.249.74.192 - - [27/Aug/2026:01:52:13 -0700] "GET /kaden/mtalk/?sku=62679986807 HTTP/1.1" 200 64156 "-" "Mozilla/5.0 (compatible; Googlebot/2.1; +http://www.google.com/bot.html)"
66.249.74.192 - - [27/Aug/2026:01:52:17 -0700] "GET /?m=22188089172 HTTP/1.1" 200 64359 "-" "Mozilla/5.0 (Linux; Android 6.0.1; Nexus 5X Build/MMB29P) AppleWebKit/537.36 (KHTML, like Gecko) Chrome/151.0.7922.173 Mobile Safari/537.36 (compatible; GoogleOther)"
66.249.74.192 - - [27/Aug/2026:01:52:23 -0700] "GET /?m=85534685589 HTTP/1.1" 200 63628 "-" "Mozilla/5.0 (Linux; Android 6.0.1; Nexus 5X Build/MMB29P) AppleWebKit/537.36 (KHTML, like Gecko) Chrome/151.0.7922.173 Mobile Safari/537.36 (compatible; GoogleOther)"
75.119.195.61 - - [27/Aug/2026:01:52:24 -0700] "POST /wp-cron.php?doing_wp_cron=1787820743.9762589931488037109375 HTTP/1.1" 200 6592 "-" "WordPress/7.1; https://www.ablogformylove.com"
41.42.45.116 - - [27/Aug/2026:01:52:23 -0700] "POST /xmlrpc.php HTTP/1.1" 200 5046 "-" "Mozilla/5.0 (Macintosh; Intel Mac OS X 10_15_7) AppleWebKit/537.36 (KHTML, like Gecko) Chrome/145.0.0.0 Safari/537.36 OPR/129.0.0.0"
114.119.140.50 - - [27/Aug/2026:01:52:24 -0700] "GET /2026/08/22/you-might-cash-out-a-free-account-in-the-supercat-local-casino-using-the-fee-devices-the-pro-used-when-replenishing-the-newest-account-you-can-access-the-brand-new-portal-of-a-smartphone-or-tablet-pl/ HTTP/1.1" 200 30284 "https://www.ablogformylove.com/category/uncategorized/page/24/" "Mozilla/5.0 (Linux; Android 7.0;) AppleWebKit/537.36 (HTML, like Gecko) Mobile Safari/537.36 (compatible; PetalBot;+https://webmaster.petalsearch.com/site/petalbot)"
41.42.45.116 - - [27/Aug/2026:01:52:27 -0700] "POST /xmlrpc.php HTTP/1.1" 200 5433 "-" "Mozilla/5.0 (Windows NT 10.0; Win64; x64) AppleWebKit/537.36 (KHTML, like Gecko) Chrome/124.0.0.0 Safari/537.36"
66.249.74.192 - - [27/Aug/2026:01:52:28 -0700] "GET /?m=61649122413 HTTP/1.1" 200 63024 "-" "Mozilla/5.0 (Linux; Android 6.0.1; Nexus 5X Build/MMB29P) AppleWebKit/537.36 (KHTML, like Gecko) Chrome/151.0.7922.173 Mobile Safari/537.36 (compatible; GoogleOther)"
41.42.45.116 - - [27/Aug/2026:01:52:29 -0700] "GET /2026/08/27/miami-platja-estrenara-algun-mercadillo-sobre-nuestro-calle-de-las-calas-con-manga-larga-doce-777-online-paradas/ HTTP/1.1" 200 25746 "-" "Mozilla/5.0 (Macintosh; Intel Mac OS X 10_15_7) AppleWebKit/537.36 (KHTML, like Gecko) obsidian/1.8.9 Chrome/132.0.6834.210 Electron/34.3.0 Safari/537.36"
66.249.74.192 - - [27/Aug/2026:01:52:33 -0700] "GET /pc/index.php?m=96683040236 HTTP/1.1" 200 63208 "-" "Mozilla/5.0 (Linux; Android 6.0.1; Nexus 5X Build/MMB29P) AppleWebKit/537.36 (KHTML, like Gecko) Chrome/151.0.7922.173 Mobile Safari/537.36 (compatible; GoogleOther)"
66.249.74.193 - - [27/Aug/2026:01:52:37 -0700] "GET /pc/index.php?m=45428219232 HTTP/1.1" 200 64125 "-" "Mozilla/5.0 (Linux; Android 6.0.1; Nexus 5X Build/MMB29P) AppleWebKit/537.36 (KHTML, like Gecko) Chrome/151.0.7922.173 Mobile Safari/537.36 (compatible; GoogleOther)"
66.249.74.193 - - [27/Aug/2026:01:52:39 -0700] "GET /?m=50143373477/ HTTP/1.1" 200 64085 "-" "Mozilla/5.0 (Linux; Android 6.0.1; Nexus 5X Build/MMB29P) AppleWebKit/537.36 (KHTML, like Gecko) Chrome/151.0.7922.173 Mobile Safari/537.36 (compatible; Googlebot/2.1; +http://www.google.com/bot.html)"
66.249.74.193 - - [27/Aug/2026:01:52:42 -0700] "GET /?m=20267444926 HTTP/1.1" 200 58119 "-" "Mozilla/5.0 (Linux; Android 6.0.1; Nexus 5X Build/MMB29P) AppleWebKit/537.36 (KHTML, like Gecko) Chrome/151.0.7922.173 Mobile Safari/537.36 (compatible; GoogleOther)"
66.249.74.193 - - [27/Aug/2026:01:52:46 -0700] "GET /ajax/productdeliverycalendar/?sku=59994603272&offset= HTTP/1.1" 200 59784 "-" "Mozilla/5.0 (Linux; Android 6.0.1; Nexus 5X Build/MMB29P) AppleWebKit/537.36 (KHTML, like Gecko) Chrome/151.0.7922.173 Mobile Safari/537.36 (compatible; GoogleOther)"
57.141.0.35 - - [27/Aug/2026:01:52:47 -0700] "GET /?m=74894239 HTTP/2.0" 200 19796 "-" "Mozilla/5.0 (Windows NT 10.0; Win64; x64) AppleWebKit/537.36 (KHTML, like Gecko) Chrome/145.0.0.0 Safari/537.36 (compatible; meta-externalagent/1.1 (+https://developers.facebook.com/docs/sharing/webmasters/crawler))"
66.249.74.193 - - [27/Aug/2026:01:52:50 -0700] "GET /?m=86919185932 HTTP/1.1" 200 60551 "-" "Mozilla/5.0 (Linux; Android 6.0.1; Nexus 5X Build/MMB29P) AppleWebKit/537.36 (KHTML, like Gecko) Chrome/151.0.7922.173 Mobile Safari/537.36 (compatible; GoogleOther)"
66.249.74.192 - - [27/Aug/2026:01:52:55 -0700] "GET /kaden/mtalk/?sku=89860530203 HTTP/1.1" 200 64947 "-" "Mozilla/5.0 (Linux; Android 6.0.1; Nexus 5X Build/MMB29P) AppleWebKit/537.36 (KHTML, like Gecko) Chrome/151.0.7922.173 Mobile Safari/537.36 (compatible; GoogleOther)"
57.141.0.39 - - [27/Aug/2026:01:52:57 -0700] "GET /?m=67187083672 HTTP/2.0" 200 19796 "-" "Mozilla/5.0 (Windows NT 10.0; Win64; x64; rv:147.0) Gecko/20100101 Firefox/147.0 (compatible; meta-externalagent/1.1 (+https://developers.facebook.com/docs/sharing/webmasters/crawler))"
66.249.74.192 - - [27/Aug/2026:01:52:58 -0700] "GET /goods.php?z=45433566147 HTTP/1.1" 200 28241 "-" "Mozilla/5.0 (Linux; Android 6.0.1; Nexus 5X Build/MMB29P) AppleWebKit/537.36 (KHTML, like Gecko) Chrome/151.0.7922.173 Mobile Safari/537.36 (compatible; GoogleOther)"
66.249.74.193 - - [27/Aug/2026:01:52:59 -0700] "GET /?m=62497751645 HTTP/1.1" 200 63194 "-" "Mozilla/5.0 (Linux; Android 6.0.1; Nexus 5X Build/MMB29P) AppleWebKit/537.36 (KHTML, like Gecko) Chrome/151.0.7922.173 Mobile Safari/537.36 (compatible; Googlebot/2.1; +http://www.google.com/bot.html)"
40.77.167.35 - - [27/Aug/2026:01:53:01 -0700] "GET /?w=33663393303 HTTP/2.0" 200 58659 "-" "Mozilla/5.0 AppleWebKit/537.36 (KHTML, like Gecko; compatible; bingbot/2.0; +http://www.bing.com/bingbot.htm) Chrome/116.0.1938.76 Safari/537.36"
66.249.74.194 - - [27/Aug/2026:01:53:02 -0700] "GET /?m=42648461949 HTTP/1.1" 200 63765 "-" "Mozilla/5.0 (Linux; Android 6.0.1; Nexus 5X Build/MMB29P) AppleWebKit/537.36 (KHTML, like Gecko) Chrome/151.0.7922.173 Mobile Safari/537.36 (compatible; GoogleOther)"
66.249.74.193 - - [27/Aug/2026:01:53:06 -0700] "GET /ajax/productdeliverycalendar/?sku=42455426261&offset= HTTP/1.1" 200 69100 "-" "Mozilla/5.0 (Linux; Android 6.0.1; Nexus 5X Build/MMB29P) AppleWebKit/537.36 (KHTML, like Gecko) Chrome/151.0.7922.173 Mobile Safari/537.36 (compatible; GoogleOther)"
66.249.74.194 - - [27/Aug/2026:01:53:10 -0700] "GET /?m=6283719426 HTTP/1.1" 200 63254 "-" "Mozilla/5.0 (Linux; Android 6.0.1; Nexus 5X Build/MMB29P) AppleWebKit/537.36 (KHTML, like Gecko) Chrome/151.0.7922.173 Mobile Safari/537.36 (compatible; GoogleOther)"
66.249.74.192 - - [27/Aug/2026:01:53:14 -0700] "GET /ajax/productstorestocklist/?sku=82577679181&pref_cd= HTTP/1.1" 200 63261 "-" "Mozilla/5.0 (Linux; Android 6.0.1; Nexus 5X Build/MMB29P) AppleWebKit/537.36 (KHTML, like Gecko) Chrome/151.0.7922.173 Mobile Safari/537.36 (compatible; GoogleOther)"
66.249.74.193 - - [27/Aug/2026:01:53:18 -0700] "GET /?m=86537952026 HTTP/1.1" 200 63418 "-" "Mozilla/5.0 (Linux; Android 6.0.1; Nexus 5X Build/MMB29P) AppleWebKit/537.36 (KHTML, like Gecko) Chrome/151.0.7922.173 Mobile Safari/537.36 (compatible; GoogleOther)"
66.249.74.192 - - [27/Aug/2026:01:53:21 -0700] "GET /pc/index.php?m=15136127658 HTTP/1.1" 200 63048 "-" "Mozilla/5.0 (Linux; Android 6.0.1; Nexus 5X Build/MMB29P) AppleWebKit/537.36 (KHTML, like Gecko) Chrome/151.0.7922.173 Mobile Safari/537.36 (compatible; GoogleOther)"
66.249.74.193 - - [27/Aug/2026:01:53:25 -0700] "GET /?m=76445886616 HTTP/1.1" 200 62606 "-" "Mozilla/5.0 (Linux; Android 6.0.1; Nexus 5X Build/MMB29P) AppleWebKit/537.36 (KHTML, like Gecko) Chrome/151.0.7922.173 Mobile Safari/537.36 (compatible; GoogleOther)"
66.249.74.192 - - [27/Aug/2026:01:53:29 -0700] "GET /goods.php?r=52950802095 HTTP/1.1" 200 33020 "-" "Mozilla/5.0 (Linux; Android 6.0.1; Nexus 5X Build/MMB29P) AppleWebKit/537.36 (KHTML, like Gecko) Chrome/151.0.7922.173 Mobile Safari/537.36 (compatible; GoogleOther)"
66.249.74.192 - - [27/Aug/2026:01:53:33 -0700] "GET /?m=8243685598 HTTP/1.1" 200 58204 "-" "Mozilla/5.0 (Linux; Android 6.0.1; Nexus 5X Build/MMB29P) AppleWebKit/537.36 (KHTML, like Gecko) Chrome/151.0.7922.173 Mobile Safari/537.36 (compatible; GoogleOther)"
136.158.43.69 - - [27/Aug/2026:01:53:35 -0700] "POST /xmlrpc.php HTTP/1.1" 200 5046 "-" "Mozilla/5.0 (Windows NT 10.0; Win64; x64) AppleWebKit/537.36 (KHTML, like Gecko) Chrome/134.0.0.0 Safari/537.36 Edg/134.0.0.0"
75.119.195.61 - - [27/Aug/2026:01:53:36 -0700] "POST /wp-cron.php?doing_wp_cron=1787820816.3958599567413330078125 HTTP/1.1" 200 6592 "-" "WordPress/7.1; https://www.ablogformylove.com"
66.249.74.192 - - [27/Aug/2026:01:53:36 -0700] "GET /pc/index.php?m=95853907628 HTTP/1.1" 200 59220 "-" "Mozilla/5.0 (Linux; Android 6.0.1; Nexus 5X Build/MMB29P) AppleWebKit/537.36 (KHTML, like Gecko) Chrome/151.0.7922.173 Mobile Safari/537.36 (compatible; GoogleOther)"
136.158.43.69 - - [27/Aug/2026:01:53:40 -0700] "POST /xmlrpc.php HTTP/1.1" 200 5093 "-" "Mozilla/5.0 (Windows NT 10.0; Win64; x64; rv:136.0) Gecko/20100101 Firefox/136.0"
66.249.74.192 - - [27/Aug/2026:01:53:41 -0700] "GET /pc/index.php?m=54338528218 HTTP/1.1" 200 61120 "-" "Mozilla/5.0 (Linux; Android 6.0.1; Nexus 5X Build/MMB29P) AppleWebKit/537.36 (KHTML, like Gecko) Chrome/151.0.7922.173 Mobile Safari/537.36 (compatible; GoogleOther)"
136.158.43.69 - - [27/Aug/2026:01:53:43 -0700] "GET /2026/08/27/top-15-melhores-slots-online-em-abril-2026-immortal-glory-sem-giros-livres-puerilidade-casa-joga-dado/ HTTP/1.1" 200 25617 "-" "Mozilla/5.0 (Windows NT 10.0; Win64; x64) AppleWebKit/537.36 (KHTML, like Gecko) obsidian/1.8.9 Chrome/132.0.6834.210 Electron/34.3.0 Safari/537.36"
66.249.74.192 - - [27/Aug/2026:01:53:45 -0700] "GET /?m=81387113399 HTTP/1.1" 200 58996 "-" "Mozilla/5.0 (Linux; Android 6.0.1; Nexus 5X Build/MMB29P) AppleWebKit/537.36 (KHTML, like Gecko) Chrome/151.0.7922.173 Mobile Safari/537.36 (compatible; GoogleOther)"
114.119.158.151 - - [27/Aug/2026:01:53:47 -0700] "GET /2021/02/01/happy-6th-birthday/2021-01-25-18-14-43 HTTP/1.1" 200 24946 "https://ablogformylove.com/2021/02/01/happy-6th-birthday" "Mozilla/5.0 (Linux; Android 7.0;) AppleWebKit/537.36 (HTML, like Gecko) Mobile Safari/537.36 (compatible; PetalBot;+https://webmaster.petalsearch.com/site/petalbot)"
66.249.74.193 - - [27/Aug/2026:01:53:49 -0700] "GET /goods.php?w=32132178095 HTTP/1.1" 200 33092 "-" "Mozilla/5.0 (Linux; Android 6.0.1; Nexus 5X Build/MMB29P) AppleWebKit/537.36 (KHTML, like Gecko) Chrome/151.0.7922.173 Mobile Safari/537.36 (compatible; GoogleOther)"
66.249.74.192 - - [27/Aug/2026:01:53:50 -0700] "GET /?tags/500%E6%9E%9A%E4%BB%A5%E4%B8%8A HTTP/1.1" 200 66382 "-" "Mozilla/5.0 (Linux; Android 6.0.1; Nexus 5X Build/MMB29P) AppleWebKit/537.36 (KHTML, like Gecko) Chrome/151.0.7922.173 Mobile Safari/537.36 (compatible; Googlebot/2.1; +http://www.google.com/bot.html)"
216.73.217.53 - - [27/Aug/2026:01:53:53 -0700] "GET /2026/08/27/greatest-no-deposit-bonus-gambling-enterprises-inside-richville-download-app-the-canada-2026/feed/ HTTP/2.0" 200 2079 "-" "Mozilla/5.0 AppleWebKit/537.36 (KHTML, like Gecko; compatible; ClaudeBot/1.0; +claudebot@anthropic.com)"
66.249.74.193 - - [27/Aug/2026:01:53:53 -0700] "GET /?m=53117199761 HTTP/1.1" 200 58056 "-" "Mozilla/5.0 (Linux; Android 6.0.1; Nexus 5X Build/MMB29P) AppleWebKit/537.36 (KHTML, like Gecko) Chrome/151.0.7922.173 Mobile Safari/537.36 (compatible; GoogleOther)"
66.249.74.193 - - [27/Aug/2026:01:53:57 -0700] "GET /shop.php?e=16621063766151 HTTP/1.1" 200 27497 "-" "Mozilla/5.0 (Linux; Android 6.0.1; Nexus 5X Build/MMB29P) AppleWebKit/537.36 (KHTML, like Gecko) Chrome/151.0.7922.173 Mobile Safari/537.36 (compatible; GoogleOther)"
66.249.74.193 - - [27/Aug/2026:01:54:01 -0700] "GET /?m=57288862570 HTTP/1.1" 200 57919 "-" "Mozilla/5.0 (Linux; Android 6.0.1; Nexus 5X Build/MMB29P) AppleWebKit/537.36 (KHTML, like Gecko) Chrome/151.0.7922.173 Mobile Safari/537.36 (compatible; GoogleOther)"
66.249.74.192 - - [27/Aug/2026:01:54:01 -0700] "GET /ajax/productstorestocklist/?sku=5705315697&pref_cd= HTTP/1.1" 200 63427 "-" "Mozilla/5.0 (Linux; Android 6.0.1; Nexus 5X Build/MMB29P) AppleWebKit/537.36 (KHTML, like Gecko) Chrome/151.0.7922.173 Mobile Safari/537.36 (compatible; Googlebot/2.1; +http://www.google.com/bot.html)"
66.249.74.192 - - [27/Aug/2026:01:54:04 -0700] "GET /kaden/mtalk/?sku=41036567357 HTTP/1.1" 200 58945 "-" "Mozilla/5.0 (Linux; Android 6.0.1; Nexus 5X Build/MMB29P) AppleWebKit/537.36 (KHTML, like Gecko) Chrome/151.0.7922.173 Mobile Safari/537.36 (compatible; GoogleOther)"
66.249.74.192 - - [27/Aug/2026:01:54:08 -0700] "GET /?m=59634601920 HTTP/1.1" 200 58426 "-" "Mozilla/5.0 (Linux; Android 6.0.1; Nexus 5X Build/MMB29P) AppleWebKit/537.36 (KHTML, like Gecko) Chrome/151.0.7922.173 Mobile Safari/537.36 (compatible; GoogleOther)"
66.249.74.192 - - [27/Aug/2026:01:54:11 -0700] "GET /ajax/productstorestocklist/?sku=60633723028&pref_cd= HTTP/1.1" 200 59908 "-" "Mozilla/5.0 (Linux; Android 6.0.1; Nexus 5X Build/MMB29P) AppleWebKit/537.36 (KHTML, like Gecko) Chrome/151.0.7922.173 Mobile Safari/537.36 (compatible; GoogleOther)"
13.154.16.201 - - [27/Aug/2026:01:54:12 -0700] "POST /xmlrpc.php HTTP/1.1" 429 5058 "-" "Mozilla/5.0 (Windows NT 10.0; Win64; x64) AppleWebKit/537.36 (KHTML, like Gecko) Chrome/114.0.0.0 Safari/537.36"
13.154.16.201 - - [27/Aug/2026:01:54:13 -0700] "POST /xmlrpc.php HTTP/1.1" 429 636 "-" "Mozilla/5.0 (Windows NT 10.0; Win64; x64) AppleWebKit/537.36 (KHTML, like Gecko) Chrome/114.0.0.0 Safari/537.36"
66.249.74.192 - - [27/Aug/2026:01:54:15 -0700] "GET /ajax/productstorestocklist/?sku=71957772410&lat= HTTP/1.1" 200 58641 "-" "Mozilla/5.0 (Linux; Android 6.0.1; Nexus 5X Build/MMB29P) AppleWebKit/537.36 (KHTML, like Gecko) Chrome/151.0.7922.173 Mobile Safari/537.36 (compatible; GoogleOther)"
66.249.74.192 - - [27/Aug/2026:01:54:18 -0700] "GET /?m=81516502393 HTTP/1.1" 200 59175 "-" "Mozilla/5.0 (Linux; Android 6.0.1; Nexus 5X Build/MMB29P) AppleWebKit/537.36 (KHTML, like Gecko) Chrome/151.0.7922.173 Mobile Safari/537.36 (compatible; GoogleOther)"
107.20.105.74 - - [27/Aug/2026:01:54:20 -0700] "HEAD / HTTP/2.0" 200 105 "http://75.119.195.61" "DreamHost SiteMonitor 1.0"
57.141.0.35 - - [27/Aug/2026:01:54:21 -0700] "GET /?m=91841123742 HTTP/2.0" 200 19795 "-" "Mozilla/5.0 (Macintosh; Intel Mac OS X 10_15_7) AppleWebKit/537.36 (KHTML, like Gecko) Chrome/145.0.0.0 Safari/537.36 (compatible; meta-externalagent/1.1 (+https://developers.facebook.com/docs/sharing/webmasters/crawler))"
66.249.74.192 - - [27/Aug/2026:01:54:21 -0700] "GET /?m=84141910808 HTTP/1.1" 200 61161 "-" "Mozilla/5.0 (Linux; Android 6.0.1; Nexus 5X Build/MMB29P) AppleWebKit/537.36 (KHTML, like Gecko) Chrome/151.0.7922.173 Mobile Safari/537.36 (compatible; GoogleOther)"
66.249.74.192 - - [27/Aug/2026:01:54:25 -0700] "GET /pc/index.php?m=74099459879 HTTP/1.1" 200 58625 "-" "Mozilla/5.0 (Linux; Android 6.0.1; Nexus 5X Build/MMB29P) AppleWebKit/537.36 (KHTML, like Gecko) Chrome/151.0.7922.173 Mobile Safari/537.36 (compatible; GoogleOther)"
66.249.74.193 - - [27/Aug/2026:01:54:28 -0700] "GET /?m=39978087026 HTTP/1.1" 200 63501 "-" "Mozilla/5.0 (Linux; Android 6.0.1; Nexus 5X Build/MMB29P) AppleWebKit/537.36 (KHTML, like Gecko) Chrome/151.0.7922.173 Mobile Safari/537.36 (compatible; GoogleOther)"
66.249.74.193 - - [27/Aug/2026:01:54:32 -0700] "GET /?m=90511388295 HTTP/1.1" 200 59032 "-" "Mozilla/5.0 (Linux; Android 6.0.1; Nexus 5X Build/MMB29P) AppleWebKit/537.36 (KHTML, like Gecko) Chrome/151.0.7922.173 Mobile Safari/537.36 (compatible; GoogleOther)"
57.141.0.67 - - [27/Aug/2026:01:54:35 -0700] "GET /?m=57980675780 HTTP/2.0" 200 19798 "-" "Mozilla/5.0 (Windows NT 10.0; Win64; x64) AppleWebKit/537.36 (KHTML, like Gecko) Chrome/145.0.0.0 Safari/537.36 (compatible; meta-externalagent/1.1 (+https://developers.facebook.com/docs/sharing/webmasters/crawler))"
66.249.74.192 - - [27/Aug/2026:01:54:35 -0700] "GET /kaden/mtalk/?sku=87969161530 HTTP/1.1" 200 64965 "-" "Mozilla/5.0 (Linux; Android 6.0.1; Nexus 5X Build/MMB29P) AppleWebKit/537.36 (KHTML, like Gecko) Chrome/151.0.7922.173 Mobile Safari/537.36 (compatible; GoogleOther)"
66.249.74.193 - - [27/Aug/2026:01:54:39 -0700] "GET /?m=92151029576 HTTP/1.1" 200 69602 "-" "Mozilla/5.0 (Linux; Android 6.0.1; Nexus 5X Build/MMB29P) AppleWebKit/537.36 (KHTML, like Gecko) Chrome/151.0.7922.173 Mobile Safari/537.36 (compatible; GoogleOther)"
66.249.74.192 - - [27/Aug/2026:01:54:42 -0700] "GET /shop.php?e=82088910716855 HTTP/1.1" 200 31873 "-" "Mozilla/5.0 (Linux; Android 6.0.1; Nexus 5X Build/MMB29P) AppleWebKit/537.36 (KHTML, like Gecko) Chrome/151.0.7922.173 Mobile Safari/537.36 (compatible; GoogleOther)"
216.73.217.53 - - [27/Aug/2026:01:54:43 -0700] "GET /?p=9554 HTTP/2.0" 200 1554 "-" "Mozilla/5.0 AppleWebKit/537.36 (KHTML, like Gecko; compatible; ClaudeBot/1.0; +claudebot@anthropic.com)"
66.249.74.193 - - [27/Aug/2026:01:54:46 -0700] "GET /ajax/productstorestocklist/?sku=19680806932&pref_cd= HTTP/1.1" 200 63639 "-" "Mozilla/5.0 (Linux; Android 6.0.1; Nexus 5X Build/MMB29P) AppleWebKit/537.36 (KHTML, like Gecko) Chrome/151.0.7922.173 Mobile Safari/537.36 (compatible; GoogleOther)"
66.249.74.194 - - [27/Aug/2026:01:54:49 -0700] "GET /?m=46768974299 HTTP/1.1" 200 65059 "-" "Mozilla/5.0 (Linux; Android 6.0.1; Nexus 5X Build/MMB29P) AppleWebKit/537.36 (KHTML, like Gecko) Chrome/151.0.7922.173 Mobile Safari/537.36 (compatible; GoogleOther)"
66.249.74.194 - - [27/Aug/2026:01:54:53 -0700] "GET /shop.php?e=6189359574318 HTTP/1.1" 200 27789 "-" "Mozilla/5.0 (Linux; Android 6.0.1; Nexus 5X Build/MMB29P) AppleWebKit/537.36 (KHTML, like Gecko) Chrome/151.0.7922.173 Mobile Safari/537.36 (compatible; GoogleOther)"
66.249.74.194 - - [27/Aug/2026:01:54:56 -0700] "GET /?m=76829249309 HTTP/1.1" 200 59230 "-" "Mozilla/5.0 (Linux; Android 6.0.1; Nexus 5X Build/MMB29P) AppleWebKit/537.36 (KHTML, like Gecko) Chrome/151.0.7922.173 Mobile Safari/537.36 (compatible; GoogleOther)"
66.249.74.193 - - [27/Aug/2026:01:55:00 -0700] "GET /?m=98612251375 HTTP/1.1" 200 62981 "-" "Mozilla/5.0 (Linux; Android 6.0.1; Nexus 5X Build/MMB29P) AppleWebKit/537.36 (KHTML, like Gecko) Chrome/151.0.7922.173 Mobile Safari/537.36 (compatible; GoogleOther)"
66.249.74.192 - - [27/Aug/2026:01:55:03 -0700] "GET /goods.php?l=65580808879 HTTP/1.1" 200 33556 "-" "Mozilla/5.0 (Linux; Android 6.0.1; Nexus 5X Build/MMB29P) AppleWebKit/537.36 (KHTML, like Gecko) Chrome/151.0.7922.173 Mobile Safari/537.36 (compatible; Googlebot/2.1; +http://www.google.com/bot.html)"
66.249.74.194 - - [27/Aug/2026:01:55:04 -0700] "GET /?m=29999039072 HTTP/1.1" 200 63054 "-" "Mozilla/5.0 (Linux; Android 6.0.1; Nexus 5X Build/MMB29P) AppleWebKit/537.36 (KHTML, like Gecko) Chrome/151.0.7922.173 Mobile Safari/537.36 (compatible; GoogleOther)"
66.249.74.193 - - [27/Aug/2026:01:55:06 -0700] "GET /?m=79191563247 HTTP/1.1" 200 64556 "-" "Mozilla/5.0 (Linux; Android 6.0.1; Nexus 5X Build/MMB29P) AppleWebKit/537.36 (KHTML, like Gecko) Chrome/151.0.7922.173 Mobile Safari/537.36 (compatible; Googlebot/2.1; +http://www.google.com/bot.html)"
66.249.74.193 - - [27/Aug/2026:01:55:07 -0700] "GET /?m=58689869395/ HTTP/1.1" 200 60135 "-" "Mozilla/5.0 (Linux; Android 6.0.1; Nexus 5X Build/MMB29P) AppleWebKit/537.36 (KHTML, like Gecko) Chrome/151.0.7922.173 Mobile Safari/537.36 (compatible; Googlebot/2.1; +http://www.google.com/bot.html)"
66.249.74.193 - - [27/Aug/2026:01:55:08 -0700] "GET /?m=55535798324 HTTP/1.1" 200 63016 "-" "Mozilla/5.0 (Linux; Android 6.0.1; Nexus 5X Build/MMB29P) AppleWebKit/537.36 (KHTML, like Gecko) Chrome/151.0.7922.173 Mobile Safari/537.36 (compatible; GoogleOther)"
57.141.14.14 - - [27/Aug/2026:01:55:09 -0700] "GET / HTTP/2.0" 200 24855 "-" "facebookexternalhit/1.1 (+http://www.facebook.com/externalhit_uatext.php)"
114.119.140.50 - - [27/Aug/2026:01:55:10 -0700] "GET /2017/05 HTTP/1.1" 200 24946 "https://www.ablogformylove.com/2017/05/18/i-must-be-doing-something-right" "Mozilla/5.0 (Linux; Android 7.0;) AppleWebKit/537.36 (HTML, like Gecko) Mobile Safari/537.36 (compatible; PetalBot;+https://webmaster.petalsearch.com/site/petalbot)"
66.249.74.193 - - [27/Aug/2026:01:55:12 -0700] "GET /?m=78984804038 HTTP/1.1" 200 57414 "-" "Mozilla/5.0 (Linux; Android 6.0.1; Nexus 5X Build/MMB29P) AppleWebKit/537.36 (KHTML, like Gecko) Chrome/151.0.7922.173 Mobile Safari/537.36 (compatible; GoogleOther)"
66.249.74.192 - - [27/Aug/2026:01:55:16 -0700] "GET /goods.php?h=42528602860 HTTP/1.1" 200 33287 "-" "Mozilla/5.0 (Linux; Android 6.0.1; Nexus 5X Build/MMB29P) AppleWebKit/537.36 (KHTML, like Gecko) Chrome/151.0.7922.173 Mobile Safari/537.36 (compatible; GoogleOther)"
57.141.0.17 - - [27/Aug/2026:01:55:17 -0700] "GET /?m=22326832347 HTTP/2.0" 200 19797 "-" "Mozilla/5.0 (Macintosh; Intel Mac OS X 10_15_7) AppleWebKit/537.36 (KHTML, like Gecko) Chrome/145.0.0.0 Safari/537.36 (compatible; meta-externalagent/1.1 (+https://developers.facebook.com/docs/sharing/webmasters/crawler))"
66.249.74.192 - - [27/Aug/2026:01:55:19 -0700] "GET /pc/index.php?m=99045790501 HTTP/1.1" 200 58125 "-" "Mozilla/5.0 (Linux; Android 6.0.1; Nexus 5X Build/MMB29P) AppleWebKit/537.36 (KHTML, like Gecko) Chrome/151.0.7922.173 Mobile Safari/537.36 (compatible; GoogleOther)"
66.249.74.192 - - [27/Aug/2026:01:55:23 -0700] "GET /pc/index.php?m=84539272482 HTTP/1.1" 200 58180 "-" "Mozilla/5.0 (Linux; Android 6.0.1; Nexus 5X Build/MMB29P) AppleWebKit/537.36 (KHTML, like Gecko) Chrome/151.0.7922.173 Mobile Safari/537.36 (compatible; GoogleOther)"
66.249.74.192 - - [27/Aug/2026:01:55:27 -0700] "GET /?m=85205991402 HTTP/1.1" 200 58483 "-" "Mozilla/5.0 (Linux; Android 6.0.1; Nexus 5X Build/MMB29P) AppleWebKit/537.36 (KHTML, like Gecko) Chrome/151.0.7922.173 Mobile Safari/537.36 (compatible; GoogleOther)"
66.249.74.192 - - [27/Aug/2026:01:55:30 -0700] "GET /?m=68567593276 HTTP/1.1" 200 58573 "-" "Mozilla/5.0 (Linux; Android 6.0.1; Nexus 5X Build/MMB29P) AppleWebKit/537.36 (KHTML, like Gecko) Chrome/151.0.7922.173 Mobile Safari/537.36 (compatible; GoogleOther)"
66.249.74.192 - - [27/Aug/2026:01:55:34 -0700] "GET /?m=8543282411 HTTP/1.1" 200 59322 "-" "Mozilla/5.0 (Linux; Android 6.0.1; Nexus 5X Build/MMB29P) AppleWebKit/537.36 (KHTML, like Gecko) Chrome/151.0.7922.173 Mobile Safari/537.36 (compatible; GoogleOther)"
216.73.217.53 - - [27/Aug/2026:01:55:37 -0700] "GET /?p=9570 HTTP/2.0" 200 1554 "-" "Mozilla/5.0 AppleWebKit/537.36 (KHTML, like Gecko; compatible; ClaudeBot/1.0; +claudebot@anthropic.com)"
