66.249.74.193 - - [27/Aug/2026:00:33:26 -0700] "GET /shop.php?e=63209040832498 HTTP/1.1" 200 32349 "-" "Mozilla/5.0 (Linux; Android 6.0.1; Nexus 5X Build/MMB29P) AppleWebKit/537.36 (KHTML, like Gecko) Chrome/151.0.7922.173 Mobile Safari/537.36 (compatible; GoogleOther)"
75.119.195.61 - - [27/Aug/2026:00:33:25 -0700] "POST /wp-cron.php?doing_wp_cron=1787816004.9767889976501464843750 HTTP/1.1" 200 6592 "-" "WordPress/7.1; https://www.ablogformylove.com"
66.249.74.193 - - [27/Aug/2026:00:33:28 -0700] "GET /ajax/productstorestocklist/?sku=17305079565&pref_cd= HTTP/1.1" 200 58978 "-" "Mozilla/5.0 (Linux; Android 6.0.1; Nexus 5X Build/MMB29P) AppleWebKit/537.36 (KHTML, like Gecko) Chrome/151.0.7922.173 Mobile Safari/537.36 (compatible; Googlebot/2.1; +http://www.google.com/bot.html)"
66.249.74.192 - - [27/Aug/2026:00:33:29 -0700] "GET /?m=51800982549 HTTP/1.1" 200 63554 "-" "Mozilla/5.0 (Linux; Android 6.0.1; Nexus 5X Build/MMB29P) AppleWebKit/537.36 (KHTML, like Gecko) Chrome/151.0.7922.173 Mobile Safari/537.36 (compatible; GoogleOther)"
113.184.253.218 - - [27/Aug/2026:00:33:30 -0700] "POST /xmlrpc.php HTTP/1.1" 200 5806 "-" "Mozilla/5.0 (Windows NT 10.0; Win64; x64) AppleWebKit/537.36 (KHTML, like Gecko) Chrome/136.0.0.0 Safari/537.36"
66.249.74.193 - - [27/Aug/2026:00:33:31 -0700] "GET /?m=52873472242 HTTP/1.1" 200 64855 "-" "Mozilla/5.0 (Linux; Android 6.0.1; Nexus 5X Build/MMB29P) AppleWebKit/537.36 (KHTML, like Gecko) Chrome/151.0.7922.173 Mobile Safari/537.36 (compatible; Googlebot/2.1; +http://www.google.com/bot.html)"
66.249.74.193 - - [27/Aug/2026:00:33:32 -0700] "GET /ajax/productstorestocklist/?sku=10903545773&my_store=1 HTTP/1.1" 200 58844 "-" "Mozilla/5.0 (Linux; Android 6.0.1; Nexus 5X Build/MMB29P) AppleWebKit/537.36 (KHTML, like Gecko) Chrome/151.0.7922.173 Mobile Safari/537.36 (compatible; Googlebot/2.1; +http://www.google.com/bot.html)"
66.249.74.192 - - [27/Aug/2026:00:33:32 -0700] "GET /?m=79455116583 HTTP/1.1" 200 58667 "-" "Mozilla/5.0 (Linux; Android 6.0.1; Nexus 5X Build/MMB29P) AppleWebKit/537.36 (KHTML, like Gecko) Chrome/151.0.7922.173 Mobile Safari/537.36 (compatible; GoogleOther)"
113.184.253.218 - - [27/Aug/2026:00:33:32 -0700] "GET /2026/08/27/slot-rtp-database-2026-examine-11299-position-rtps/ HTTP/1.1" 200 26106 "-" "Mozilla/5.0 (Macintosh; Intel Mac OS X 10_15_7) AppleWebKit/537.36 (KHTML, like Gecko) Chrome/146.0.0.0 Safari/537.36"
57.141.0.50 - - [27/Aug/2026:00:33:34 -0700] "GET /?m=38333988702 HTTP/2.0" 200 19797 "-" "Mozilla/5.0 (Macintosh; Intel Mac OS X 10_15_7) AppleWebKit/537.36 (KHTML, like Gecko) Chrome/145.0.0.0 Safari/537.36 (compatible; meta-externalagent/1.1 (+https://developers.facebook.com/docs/sharing/webmasters/crawler))"
66.249.74.193 - - [27/Aug/2026:00:33:36 -0700] "GET /ajax/productdeliverycalendar/?sku=32325038001&offset= HTTP/1.1" 200 64254 "-" "Mozilla/5.0 (Linux; Android 6.0.1; Nexus 5X Build/MMB29P) AppleWebKit/537.36 (KHTML, like Gecko) Chrome/151.0.7922.173 Mobile Safari/537.36 (compatible; GoogleOther)"
66.249.74.192 - - [27/Aug/2026:00:33:39 -0700] "GET /?m=47921544215 HTTP/1.1" 200 62938 "-" "Mozilla/5.0 (Linux; Android 6.0.1; Nexus 5X Build/MMB29P) AppleWebKit/537.36 (KHTML, like Gecko) Chrome/151.0.7922.173 Mobile Safari/537.36 (compatible; GoogleOther)"
139.255.85.114 - - [27/Aug/2026:00:33:40 -0700] "POST /xmlrpc.php HTTP/1.1" 200 5046 "-" "Mozilla/5.0 (Windows NT 10.0; Win64; x64) AppleWebKit/537.36 (KHTML, like Gecko) Chrome/131.0.0.0 Safari/537.36 Edg/131.0.0.0"
66.249.74.195 - - [27/Aug/2026:00:33:42 -0700] "GET /goods.php?s=13139303780 HTTP/1.1" 200 33578 "-" "Mozilla/5.0 (Linux; Android 6.0.1; Nexus 5X Build/MMB29P) AppleWebKit/537.36 (KHTML, like Gecko) Chrome/151.0.7922.173 Mobile Safari/537.36 (compatible; GoogleOther)"
75.119.195.61 - - [27/Aug/2026:00:33:41 -0700] "POST /wp-cron.php?doing_wp_cron=1787816021.2349650859832763671875 HTTP/1.1" 200 6592 "-" "WordPress/7.1; https://www.ablogformylove.com"
66.249.74.195 - - [27/Aug/2026:00:33:46 -0700] "GET /goods.php?o=24160433166 HTTP/1.1" 200 30021 "-" "Mozilla/5.0 (Linux; Android 6.0.1; Nexus 5X Build/MMB29P) AppleWebKit/537.36 (KHTML, like Gecko) Chrome/151.0.7922.173 Mobile Safari/537.36 (compatible; GoogleOther)"
139.255.85.114 - - [27/Aug/2026:00:33:48 -0700] "POST /xmlrpc.php HTTP/1.1" 200 4760 "-" "Mozilla/5.0 (Macintosh; Intel Mac OS X 10_15_7) AppleWebKit/537.36 (KHTML, like Gecko) obsidian/1.8.10 Chrome/132.0.6834.196 Electron/34.2.0 Safari/537.36"
66.249.74.194 - - [27/Aug/2026:00:33:49 -0700] "GET /shop.php?e=85908745822003 HTTP/1.1" 200 31620 "-" "Mozilla/5.0 (Linux; Android 6.0.1; Nexus 5X Build/MMB29P) AppleWebKit/537.36 (KHTML, like Gecko) Chrome/151.0.7922.173 Mobile Safari/537.36 (compatible; GoogleOther)"
66.249.74.195 - - [27/Aug/2026:00:33:52 -0700] "GET /shop.php?e=22643068478757 HTTP/1.1" 200 31474 "-" "Mozilla/5.0 (Linux; Android 6.0.1; Nexus 5X Build/MMB29P) AppleWebKit/537.36 (KHTML, like Gecko) Chrome/151.0.7922.173 Mobile Safari/537.36 (compatible; GoogleOther)"
139.255.85.114 - - [27/Aug/2026:00:33:51 -0700] "GET /2026/08/27/better-ten-put-gambling-tiki-torch-pokie-for-money-establishment-incentives-uk-contrast-better-also-offers/ HTTP/1.1" 200 25065 "-" "Mozilla/5.0 (Windows NT 10.0; Win64; x64) AppleWebKit/537.36 (KHTML, like Gecko) Chrome/119.0.0.0 Safari/537.36"
66.249.74.194 - - [27/Aug/2026:00:33:56 -0700] "GET /?m=3009996682 HTTP/1.1" 200 63308 "-" "Mozilla/5.0 (Linux; Android 6.0.1; Nexus 5X Build/MMB29P) AppleWebKit/537.36 (KHTML, like Gecko) Chrome/151.0.7922.173 Mobile Safari/537.36 (compatible; GoogleOther)"
217.182.195.176 - - [27/Aug/2026:00:33:57 -0700] "GET /robots.txt HTTP/1.1" 200 5073 "-" "Mozilla/5.0 (compatible; MJ12bot/v1.4.8; http://mj12bot.com/)"
57.141.0.44 - - [27/Aug/2026:00:33:57 -0700] "GET /?m=73416818881 HTTP/2.0" 200 19797 "-" "Mozilla/5.0 (Macintosh; Intel Mac OS X 10_15_7) AppleWebKit/537.36 (KHTML, like Gecko) Chrome/145.0.0.0 Safari/537.36 (compatible; meta-externalagent/1.1 (+https://developers.facebook.com/docs/sharing/webmasters/crawler))"
57.141.0.52 - - [27/Aug/2026:00:33:58 -0700] "GET /?m=99176976570 HTTP/2.0" 200 19797 "-" "Mozilla/5.0 (Macintosh; Intel Mac OS X 10_15_7) AppleWebKit/537.36 (KHTML, like Gecko) Chrome/145.0.0.0 Safari/537.36 (compatible; meta-externalagent/1.1 (+https://developers.facebook.com/docs/sharing/webmasters/crawler))"
66.249.74.194 - - [27/Aug/2026:00:33:59 -0700] "GET /?m=48750899163 HTTP/1.1" 200 58802 "-" "Mozilla/5.0 (Linux; Android 6.0.1; Nexus 5X Build/MMB29P) AppleWebKit/537.36 (KHTML, like Gecko) Chrome/151.0.7922.173 Mobile Safari/537.36 (compatible; GoogleOther)"
217.182.195.176 - - [27/Aug/2026:00:33:59 -0700] "GET /2020/01/25/tomorrow-you-will-be-5-%F0%9F%98%AD/ HTTP/1.1" 200 20141 "-" "Mozilla/5.0 (compatible; MJ12bot/v1.4.8; http://mj12bot.com/)"
217.182.195.176 - - [27/Aug/2026:00:34:02 -0700] "GET /2020/04/21/no-more-school-this-year-%F0%9F%98%A2/ HTTP/1.1" 200 1706 "-" "Mozilla/5.0 (compatible; MJ12bot/v1.4.8; http://mj12bot.com/)"
66.249.74.193 - - [27/Aug/2026:00:34:02 -0700] "GET /goods.php?n=62920454812 HTTP/1.1" 200 33009 "-" "Mozilla/5.0 (Linux; Android 6.0.1; Nexus 5X Build/MMB29P) AppleWebKit/537.36 (KHTML, like Gecko) Chrome/151.0.7922.173 Mobile Safari/537.36 (compatible; GoogleOther)"
66.249.74.192 - - [27/Aug/2026:00:34:06 -0700] "GET /?m=97809909670 HTTP/1.1" 200 63543 "-" "Mozilla/5.0 (Linux; Android 6.0.1; Nexus 5X Build/MMB29P) AppleWebKit/537.36 (KHTML, like Gecko) Chrome/151.0.7922.173 Mobile Safari/537.36 (compatible; GoogleOther)"
66.249.74.193 - - [27/Aug/2026:00:34:09 -0700] "GET /goods.php?m=33041464794 HTTP/1.1" 200 33231 "-" "Mozilla/5.0 (Linux; Android 6.0.1; Nexus 5X Build/MMB29P) AppleWebKit/537.36 (KHTML, like Gecko) Chrome/151.0.7922.173 Mobile Safari/537.36 (compatible; GoogleOther)"
66.249.74.193 - - [27/Aug/2026:00:34:12 -0700] "GET /?m=84658516275 HTTP/1.1" 200 57750 "-" "Mozilla/5.0 (Linux; Android 6.0.1; Nexus 5X Build/MMB29P) AppleWebKit/537.36 (KHTML, like Gecko) Chrome/151.0.7922.173 Mobile Safari/537.36 (compatible; GoogleOther)"
66.249.74.192 - - [27/Aug/2026:00:34:16 -0700] "GET /shop.php?e=16128305835351 HTTP/1.1" 200 31824 "-" "Mozilla/5.0 (Linux; Android 6.0.1; Nexus 5X Build/MMB29P) AppleWebKit/537.36 (KHTML, like Gecko) Chrome/151.0.7922.173 Mobile Safari/537.36 (compatible; GoogleOther)"
66.249.74.192 - - [27/Aug/2026:00:34:19 -0700] "GET /?m=69947288749 HTTP/1.1" 200 58141 "-" "Mozilla/5.0 (Linux; Android 6.0.1; Nexus 5X Build/MMB29P) AppleWebKit/537.36 (KHTML, like Gecko) Chrome/151.0.7922.173 Mobile Safari/537.36 (compatible; GoogleOther)"
107.20.105.74 - - [27/Aug/2026:00:34:20 -0700] "HEAD / HTTP/2.0" 200 105 "http://75.119.195.61" "DreamHost SiteMonitor 1.0"
111.249.149.85 - - [27/Aug/2026:00:34:19 -0700] "POST /xmlrpc.php HTTP/1.1" 200 614 "-" "Mozilla/5.0 (Macintosh; Intel Mac OS X 10_15_7) AppleWebKit/537.36 (KHTML, like Gecko) Chrome/135.0.0.0 Safari/537.36"
66.249.74.192 - - [27/Aug/2026:00:34:22 -0700] "GET /ajax/productstorestocklist/?sku=1899305359&lat= HTTP/1.1" 200 59484 "-" "Mozilla/5.0 (Linux; Android 6.0.1; Nexus 5X Build/MMB29P) AppleWebKit/537.36 (KHTML, like Gecko) Chrome/151.0.7922.173 Mobile Safari/537.36 (compatible; GoogleOther)"
75.119.195.61 - - [27/Aug/2026:00:34:20 -0700] "POST /wp-cron.php?doing_wp_cron=1787816060.4947769641876220703125 HTTP/1.1" 200 6592 "-" "WordPress/7.1; https://www.ablogformylove.com"
66.249.74.192 - - [27/Aug/2026:00:34:25 -0700] "GET /?m=18477554804 HTTP/1.1" 200 58350 "-" "Mozilla/5.0 (Linux; Android 6.0.1; Nexus 5X Build/MMB29P) AppleWebKit/537.36 (KHTML, like Gecko) Chrome/151.0.7922.173 Mobile Safari/537.36 (compatible; GoogleOther)"
111.249.149.85 - - [27/Aug/2026:00:34:26 -0700] "POST /xmlrpc.php HTTP/1.1" 200 5975 "-" "Mozilla/5.0 (X11; Linux x86_64) AppleWebKit/537.36 Chrome/124.0"
66.249.74.193 - - [27/Aug/2026:00:34:28 -0700] "GET /shop.php?e=33005437567480 HTTP/1.1" 200 31670 "-" "Mozilla/5.0 (Linux; Android 6.0.1; Nexus 5X Build/MMB29P) AppleWebKit/537.36 (KHTML, like Gecko) Chrome/151.0.7922.173 Mobile Safari/537.36 (compatible; GoogleOther)"
57.141.0.47 - - [27/Aug/2026:00:34:28 -0700] "GET /?m=5991716152 HTTP/2.0" 200 19795 "-" "Mozilla/5.0 (Macintosh; Intel Mac OS X 10_15_7) AppleWebKit/537.36 (KHTML, like Gecko) Chrome/145.0.0.0 Safari/537.36 (compatible; meta-externalagent/1.1 (+https://developers.facebook.com/docs/sharing/webmasters/crawler))"
111.249.149.85 - - [27/Aug/2026:00:34:29 -0700] "GET /2026/08/27/thunderstruck-on-the-web-demonstration-play-slots-at-no-cost/ HTTP/1.1" 200 26324 "-" "Mozilla/5.0 (Windows NT 10.0; Win64; x64; rv:135.0) Gecko/20100101 Firefox/135.0"
66.249.74.192 - - [27/Aug/2026:00:34:32 -0700] "GET /?m=6717958014 HTTP/1.1" 200 64796 "-" "Mozilla/5.0 (Linux; Android 6.0.1; Nexus 5X Build/MMB29P) AppleWebKit/537.36 (KHTML, like Gecko) Chrome/151.0.7922.173 Mobile Safari/537.36 (compatible; GoogleOther)"
66.249.74.192 - - [27/Aug/2026:00:34:35 -0700] "GET /ajax/productstorestocklist/?sku=85155166303&lat= HTTP/1.1" 200 59311 "-" "Mozilla/5.0 (Linux; Android 6.0.1; Nexus 5X Build/MMB29P) AppleWebKit/537.36 (KHTML, like Gecko) Chrome/151.0.7922.173 Mobile Safari/537.36 (compatible; GoogleOther)"
14.244.128.109 - - [27/Aug/2026:00:34:34 -0700] "POST /xmlrpc.php HTTP/1.1" 200 5046 "-" "Mozilla/5.0 (Windows NT 10.0; Win64; x64; rv:150.0) Gecko/20100101 Firefox/150.0"
75.119.195.61 - - [27/Aug/2026:00:34:35 -0700] "POST /wp-cron.php?doing_wp_cron=1787816075.7266180515289306640625 HTTP/1.1" 200 6592 "-" "WordPress/7.1; https://www.ablogformylove.com"
40.77.167.1 - - [27/Aug/2026:00:34:37 -0700] "GET /2014/11/17/30-week-doctor-appointment/ HTTP/2.0" 200 59094 "-" "Mozilla/5.0 AppleWebKit/537.36 (KHTML, like Gecko; compatible; bingbot/2.0; +http://www.bing.com/bingbot.htm) Chrome/116.0.1938.76 Safari/537.36"
66.249.74.192 - - [27/Aug/2026:00:34:38 -0700] "GET /?m=40576521347 HTTP/1.1" 200 58905 "-" "Mozilla/5.0 (Linux; Android 6.0.1; Nexus 5X Build/MMB29P) AppleWebKit/537.36 (KHTML, like Gecko) Chrome/151.0.7922.173 Mobile Safari/537.36 (compatible; GoogleOther)"
14.244.128.109 - - [27/Aug/2026:00:34:40 -0700] "POST /xmlrpc.php HTTP/1.1" 200 5842 "-" "Mozilla/5.0 (Macintosh; Intel Mac OS X 10.15; rv:138.0) Gecko/20100101 Firefox/138.0"
66.249.74.194 - - [27/Aug/2026:00:34:41 -0700] "GET /shop.php?e=5578475161238 HTTP/1.1" 200 32149 "-" "Mozilla/5.0 (Linux; Android 6.0.1; Nexus 5X Build/MMB29P) AppleWebKit/537.36 (KHTML, like Gecko) Chrome/151.0.7922.173 Mobile Safari/537.36 (compatible; GoogleOther)"
66.249.74.194 - - [27/Aug/2026:00:34:42 -0700] "GET /goods.php?h=43760418141 HTTP/1.1" 200 28778 "-" "Mozilla/5.0 (Linux; Android 6.0.1; Nexus 5X Build/MMB29P) AppleWebKit/537.36 (KHTML, like Gecko) Chrome/151.0.7922.173 Mobile Safari/537.36 (compatible; Googlebot/2.1; +http://www.google.com/bot.html)"
66.249.74.194 - - [27/Aug/2026:00:34:44 -0700] "GET /?m=41832518963 HTTP/1.1" 200 57954 "-" "Mozilla/5.0 (Linux; Android 6.0.1; Nexus 5X Build/MMB29P) AppleWebKit/537.36 (KHTML, like Gecko) Chrome/151.0.7922.173 Mobile Safari/537.36 (compatible; GoogleOther)"
14.244.128.109 - - [27/Aug/2026:00:34:45 -0700] "GET /2026/08/27/greatest-australian-on-the-web-pokies-payout-slots-real-money-2026-greatest-a-real-income-pokies-websites/ HTTP/1.1" 200 26087 "-" "Mozilla/5.0 (X11; Linux x86_64) AppleWebKit/537.36 (KHTML, like Gecko) Chrome/135.0.0.0 Safari/537.36"
66.249.74.192 - - [27/Aug/2026:00:34:47 -0700] "GET /ajax/productstorestocklist/?sku=15844319491&my_store=1 HTTP/1.1" 200 63765 "-" "Mozilla/5.0 (Linux; Android 6.0.1; Nexus 5X Build/MMB29P) AppleWebKit/537.36 (KHTML, like Gecko) Chrome/151.0.7922.173 Mobile Safari/537.36 (compatible; GoogleOther)"
66.249.74.194 - - [27/Aug/2026:00:34:51 -0700] "GET /pc/index.php?m=35799764155 HTTP/1.1" 200 64099 "-" "Mozilla/5.0 (Linux; Android 6.0.1; Nexus 5X Build/MMB29P) AppleWebKit/537.36 (KHTML, like Gecko) Chrome/151.0.7922.173 Mobile Safari/537.36 (compatible; GoogleOther)"
66.249.74.193 - - [27/Aug/2026:00:34:54 -0700] "GET /kaden/mtalk/?sku=8297621534 HTTP/1.1" 200 64632 "-" "Mozilla/5.0 (Linux; Android 6.0.1; Nexus 5X Build/MMB29P) AppleWebKit/537.36 (KHTML, like Gecko) Chrome/151.0.7922.173 Mobile Safari/537.36 (compatible; GoogleOther)"
57.141.0.11 - - [27/Aug/2026:00:34:54 -0700] "GET /?m=76325368219 HTTP/2.0" 200 19797 "-" "Mozilla/5.0 (Macintosh; Intel Mac OS X 10_15_7) AppleWebKit/537.36 (KHTML, like Gecko) Chrome/145.0.0.0 Safari/537.36 (compatible; meta-externalagent/1.1 (+https://developers.facebook.com/docs/sharing/webmasters/crawler))"
66.249.74.194 - - [27/Aug/2026:00:34:58 -0700] "GET /?m=62441267411 HTTP/1.1" 200 63597 "-" "Mozilla/5.0 (Linux; Android 6.0.1; Nexus 5X Build/MMB29P) AppleWebKit/537.36 (KHTML, like Gecko) Chrome/151.0.7922.173 Mobile Safari/537.36 (compatible; GoogleOther)"
66.249.74.194 - - [27/Aug/2026:00:35:02 -0700] "GET /pc/index.php?m=29727800685 HTTP/1.1" 200 58058 "-" "Mozilla/5.0 (Linux; Android 6.0.1; Nexus 5X Build/MMB29P) AppleWebKit/537.36 (KHTML, like Gecko) Chrome/151.0.7922.173 Mobile Safari/537.36 (compatible; GoogleOther)"
141.98.80.189 - - [27/Aug/2026:00:35:03 -0700] "POST / HTTP/2.0" 200 24521 "-" "Mozilla/5.0 (Macintosh; Intel Mac OS X 10.15; rv:135.0) Gecko/20100101 Firefox/135.0"
66.249.74.192 - - [27/Aug/2026:00:35:05 -0700] "GET /shop.php?e=78982923800252 HTTP/1.1" 200 31883 "-" "Mozilla/5.0 (Linux; Android 6.0.1; Nexus 5X Build/MMB29P) AppleWebKit/537.36 (KHTML, like Gecko) Chrome/151.0.7922.173 Mobile Safari/537.36 (compatible; GoogleOther)"
57.141.0.49 - - [27/Aug/2026:00:35:08 -0700] "GET /?m=86088982579 HTTP/2.0" 200 19796 "-" "Mozilla/5.0 (X11; Linux x86_64) AppleWebKit/537.36 (KHTML, like Gecko) Chrome/145.0.0.0 Safari/537.36 (compatible; meta-externalagent/1.1 (+https://developers.facebook.com/docs/sharing/webmasters/crawler))"
66.249.74.193 - - [27/Aug/2026:00:35:09 -0700] "GET /?m=12875774351 HTTP/1.1" 200 63263 "-" "Mozilla/5.0 (Linux; Android 6.0.1; Nexus 5X Build/MMB29P) AppleWebKit/537.36 (KHTML, like Gecko) Chrome/151.0.7922.173 Mobile Safari/537.36 (compatible; GoogleOther)"
66.249.74.192 - - [27/Aug/2026:00:35:12 -0700] "GET /goods.php?m=94621963076 HTTP/1.1" 200 34258 "-" "Mozilla/5.0 (Linux; Android 6.0.1; Nexus 5X Build/MMB29P) AppleWebKit/537.36 (KHTML, like Gecko) Chrome/151.0.7922.173 Mobile Safari/537.36 (compatible; GoogleOther)"
175.157.76.161 - - [27/Aug/2026:00:35:13 -0700] "POST /xmlrpc.php HTTP/1.1" 200 5046 "-" "Mozilla/5.0 (X11; Linux x86_64) AppleWebKit/537.36 (KHTML, like Gecko) Chrome/130.0.0.0 Safari/537.36"
75.119.195.61 - - [27/Aug/2026:00:35:14 -0700] "POST /wp-cron.php?doing_wp_cron=1787816113.9054861068725585937500 HTTP/1.1" 200 6592 "-" "WordPress/7.1; https://www.ablogformylove.com"
66.249.74.192 - - [27/Aug/2026:00:35:16 -0700] "GET /?m=76207457955 HTTP/1.1" 200 58370 "-" "Mozilla/5.0 (Linux; Android 6.0.1; Nexus 5X Build/MMB29P) AppleWebKit/537.36 (KHTML, like Gecko) Chrome/151.0.7922.173 Mobile Safari/537.36 (compatible; GoogleOther)"
175.157.76.161 - - [27/Aug/2026:00:35:19 -0700] "POST /xmlrpc.php HTTP/1.1" 200 6290 "-" "Mozilla/5.0 (Windows NT 10.0; Win64; x64) AppleWebKit/537.36 (KHTML, like Gecko) Chrome/58.0.3029.110 Safari/537.3"
66.249.74.192 - - [27/Aug/2026:00:35:20 -0700] "GET /?m=81655524738 HTTP/1.1" 200 58200 "-" "Mozilla/5.0 (Linux; Android 6.0.1; Nexus 5X Build/MMB29P) AppleWebKit/537.36 (KHTML, like Gecko) Chrome/151.0.7922.173 Mobile Safari/537.36 (compatible; GoogleOther)"
66.249.74.192 - - [27/Aug/2026:00:35:23 -0700] "GET /goods.php?d=85415171374 HTTP/1.1" 200 28469 "-" "Mozilla/5.0 (Linux; Android 6.0.1; Nexus 5X Build/MMB29P) AppleWebKit/537.36 (KHTML, like Gecko) Chrome/151.0.7922.173 Mobile Safari/537.36 (compatible; GoogleOther)"
175.157.76.161 - - [27/Aug/2026:00:35:24 -0700] "GET /2026/08/27/gamble-thunderstruck-position-96-ten-rtp-real-money-game/ HTTP/1.1" 200 26514 "-" "Mozilla/5.0 (Macintosh; Intel Mac OS X 10_15_7) AppleWebKit/605.1.15 (KHTML, like Gecko) Version/26.4 Safari/605.1.15"
66.249.74.193 - - [27/Aug/2026:00:35:27 -0700] "GET /goods.php?v=62132828622 HTTP/1.1" 200 32865 "-" "Mozilla/5.0 (Linux; Android 6.0.1; Nexus 5X Build/MMB29P) AppleWebKit/537.36 (KHTML, like Gecko) Chrome/151.0.7922.173 Mobile Safari/537.36 (compatible; GoogleOther)"
66.249.74.192 - - [27/Aug/2026:00:35:30 -0700] "GET /shop.php?e=7985050275660 HTTP/1.1" 200 31697 "-" "Mozilla/5.0 (Linux; Android 6.0.1; Nexus 5X Build/MMB29P) AppleWebKit/537.36 (KHTML, like Gecko) Chrome/151.0.7922.173 Mobile Safari/537.36 (compatible; GoogleOther)"
57.141.0.39 - - [27/Aug/2026:00:35:32 -0700] "GET /?m=6666302535 HTTP/2.0" 200 19796 "-" "Mozilla/5.0 (Windows NT 10.0; Win64; x64) AppleWebKit/537.36 (KHTML, like Gecko) Chrome/145.0.0.0 Safari/537.36 (compatible; meta-externalagent/1.1 (+https://developers.facebook.com/docs/sharing/webmasters/crawler))"
66.249.74.193 - - [27/Aug/2026:00:35:33 -0700] "GET /?m=12592385662 HTTP/1.1" 200 64152 "-" "Mozilla/5.0 (Linux; Android 6.0.1; Nexus 5X Build/MMB29P) AppleWebKit/537.36 (KHTML, like Gecko) Chrome/151.0.7922.173 Mobile Safari/537.36 (compatible; GoogleOther)"
14.241.46.37 - - [27/Aug/2026:00:35:31 -0700] "POST /xmlrpc.php HTTP/1.1" 200 5046 "-" "Mozilla/5.0 (Macintosh; Intel Mac OS X 10_15_7) AppleWebKit/537.36 (KHTML, like Gecko) Chrome/146.0.0.0 Safari/537.36"
66.249.74.193 - - [27/Aug/2026:00:35:36 -0700] "GET /?m=1102999911 HTTP/1.1" 200 59915 "-" "Mozilla/5.0 (Linux; Android 6.0.1; Nexus 5X Build/MMB29P) AppleWebKit/537.36 (KHTML, like Gecko) Chrome/151.0.7922.173 Mobile Safari/537.36 (compatible; GoogleOther)"
75.119.195.61 - - [27/Aug/2026:00:35:33 -0700] "POST /wp-cron.php?doing_wp_cron=1787816133.0539650917053222656250 HTTP/1.1" 200 6592 "-" "WordPress/7.1; https://www.ablogformylove.com"
66.249.74.193 - - [27/Aug/2026:00:35:37 -0700] "GET /shop.php?e=56094557596463 HTTP/1.1" 200 31226 "-" "Mozilla/5.0 (Linux; Android 6.0.1; Nexus 5X Build/MMB29P) AppleWebKit/537.36 (KHTML, like Gecko) Chrome/151.0.7922.173 Mobile Safari/537.36 (compatible; Googlebot/2.1; +http://www.google.com/bot.html)"
14.241.46.37 - - [27/Aug/2026:00:35:37 -0700] "POST /xmlrpc.php HTTP/1.1" 200 5980 "-" "Mozilla/5.0 (Windows NT 10.0; Win64; x64) AppleWebKit/537.36 (KHTML, like Gecko) Chrome/124.0.0.0 Safari/537.36"
66.249.74.192 - - [27/Aug/2026:00:35:40 -0700] "GET /kaden/mtalk/?sku=72201401446 HTTP/1.1" 200 63042 "-" "Mozilla/5.0 (Linux; Android 6.0.1; Nexus 5X Build/MMB29P) AppleWebKit/537.36 (KHTML, like Gecko) Chrome/151.0.7922.173 Mobile Safari/537.36 (compatible; GoogleOther)"
66.249.74.193 - - [27/Aug/2026:00:35:43 -0700] "GET /?m=74536356257 HTTP/1.1" 200 62991 "-" "Mozilla/5.0 (Linux; Android 6.0.1; Nexus 5X Build/MMB29P) AppleWebKit/537.36 (KHTML, like Gecko) Chrome/151.0.7922.173 Mobile Safari/537.36 (compatible; GoogleOther)"
14.241.46.37 - - [27/Aug/2026:00:35:41 -0700] "GET /2026/08/27/fifty-100-percent-24-casino-partner-app-free-revolves-also-offers/ HTTP/1.1" 200 26185 "-" "Mozilla/5.0 (Macintosh; Intel Mac OS X 10_15_7) AppleWebKit/537.36 (KHTML, like Gecko) Chrome/136.0.0.0 Safari/537.36"
66.249.74.192 - - [27/Aug/2026:00:35:46 -0700] "GET /shop.php?e=79863967033695 HTTP/1.1" 200 31578 "-" "Mozilla/5.0 (Linux; Android 6.0.1; Nexus 5X Build/MMB29P) AppleWebKit/537.36 (KHTML, like Gecko) Chrome/151.0.7922.173 Mobile Safari/537.36 (compatible; GoogleOther)"
66.249.74.194 - - [27/Aug/2026:00:35:52 -0700] "GET /pc/index.php?m=95698902443 HTTP/1.1" 200 63783 "-" "Mozilla/5.0 (Linux; Android 6.0.1; Nexus 5X Build/MMB29P) AppleWebKit/537.36 (KHTML, like Gecko) Chrome/151.0.7922.173 Mobile Safari/537.36 (compatible; GoogleOther)"
66.249.74.194 - - [27/Aug/2026:00:35:55 -0700] "GET /pc/index.php?m=86892784652 HTTP/1.1" 200 59689 "-" "Mozilla/5.0 (Linux; Android 6.0.1; Nexus 5X Build/MMB29P) AppleWebKit/537.36 (KHTML, like Gecko) Chrome/151.0.7922.173 Mobile Safari/537.36 (compatible; Googlebot/2.1; +http://www.google.com/bot.html)"
31.219.231.237 - - [27/Aug/2026:00:35:54 -0700] "POST /xmlrpc.php HTTP/1.1" 200 5046 "-" "Mozilla/5.0 (X11; Linux x86_64) AppleWebKit/537.36 (KHTML, like Gecko) Chrome/131.0.0.0 Safari/537.36"
66.249.74.193 - - [27/Aug/2026:00:35:56 -0700] "GET /shop.php?e=74464138710629 HTTP/1.1" 200 32138 "-" "Mozilla/5.0 (Linux; Android 6.0.1; Nexus 5X Build/MMB29P) AppleWebKit/537.36 (KHTML, like Gecko) Chrome/151.0.7922.173 Mobile Safari/537.36 (compatible; GoogleOther)"
75.119.195.61 - - [27/Aug/2026:00:35:55 -0700] "POST /wp-cron.php?doing_wp_cron=1787816154.9478139877319335937500 HTTP/1.1" 200 6592 "-" "WordPress/7.1; https://www.ablogformylove.com"
66.249.74.193 - - [27/Aug/2026:00:35:59 -0700] "GET /?m=78420904019 HTTP/1.1" 200 58522 "-" "Mozilla/5.0 (Linux; Android 6.0.1; Nexus 5X Build/MMB29P) AppleWebKit/537.36 (KHTML, like Gecko) Chrome/151.0.7922.173 Mobile Safari/537.36 (compatible; GoogleOther)"
31.219.231.237 - - [27/Aug/2026:00:36:00 -0700] "POST /xmlrpc.php HTTP/1.1" 200 5743 "-" "Mozilla/5.0 (Windows NT 10.0; Win64; x64) AppleWebKit/537.36 (KHTML, like Gecko) obsidian/1.8.10 Chrome/132.0.6834.196 Electron/34.2.0 Safari/537.36"
66.249.74.192 - - [27/Aug/2026:00:36:02 -0700] "GET /goods.php?n=31950701519 HTTP/1.1" 200 33838 "-" "Mozilla/5.0 (Linux; Android 6.0.1; Nexus 5X Build/MMB29P) AppleWebKit/537.36 (KHTML, like Gecko) Chrome/151.0.7922.173 Mobile Safari/537.36 (compatible; GoogleOther)"
57.141.0.69 - - [27/Aug/2026:00:36:04 -0700] "GET /?m=96919362947 HTTP/2.0" 200 19796 "-" "Mozilla/5.0 (Windows NT 10.0; Win64; x64) AppleWebKit/537.36 (KHTML, like Gecko) Chrome/144.0.0.0 Safari/537.36 Edg/144.0.0.0 (compatible; meta-externalagent/1.1 (+https://developers.facebook.com/docs/sharing/webmasters/crawler))"
31.219.231.237 - - [27/Aug/2026:00:36:05 -0700] "GET /2026/08/27/finest-free-spins-no-deposit-incentives-to-possess-2026-winnings-real-cash/ HTTP/1.1" 200 25922 "-" "Mozilla/5.0 (Windows NT 10.0; Win64; x64) AppleWebKit/537.36 (KHTML, like Gecko) Chrome/148.0.0.0 Safari/537.36 Edg/148.0.0.0"
57.141.0.66 - - [27/Aug/2026:00:36:05 -0700] "GET /?m=66167476096 HTTP/2.0" 200 19796 "-" "Mozilla/5.0 (Windows NT 10.0; Win64; x64) AppleWebKit/537.36 (KHTML, like Gecko) Chrome/145.0.0.0 Safari/537.36 (compatible; meta-externalagent/1.1 (+https://developers.facebook.com/docs/sharing/webmasters/crawler))"
66.249.74.192 - - [27/Aug/2026:00:36:09 -0700] "GET /?m=88145613922 HTTP/1.1" 200 62892 "-" "Mozilla/5.0 (Linux; Android 6.0.1; Nexus 5X Build/MMB29P) AppleWebKit/537.36 (KHTML, like Gecko) Chrome/151.0.7922.173 Mobile Safari/537.36 (compatible; GoogleOther)"
66.249.74.192 - - [27/Aug/2026:00:36:13 -0700] "GET /shop.php?e=14694470925103 HTTP/1.1" 200 26441 "-" "Mozilla/5.0 (Linux; Android 6.0.1; Nexus 5X Build/MMB29P) AppleWebKit/537.36 (KHTML, like Gecko) Chrome/151.0.7922.173 Mobile Safari/537.36 (compatible; GoogleOther)"
66.249.74.192 - - [27/Aug/2026:00:36:16 -0700] "GET /kaden/mtalk/?sku=31197531088 HTTP/1.1" 200 60069 "-" "Mozilla/5.0 (Linux; Android 6.0.1; Nexus 5X Build/MMB29P) AppleWebKit/537.36 (KHTML, like Gecko) Chrome/151.0.7922.173 Mobile Safari/537.36 (compatible; GoogleOther)"
68.67.112.108 - - [27/Aug/2026:00:36:18 -0700] "GET /robots.txt HTTP/1.1" 200 5366 "-" "Mozilla/5.0 AppleWebKit/537.36 (KHTML, like Gecko; compatible; YouBot/1.0; +https://docs.you.com/youbot; env:prod) Chrome/142.0.0.0 Safari/537.36"
66.249.74.192 - - [27/Aug/2026:00:36:19 -0700] "GET /?tags/%E2%98%98Panasonic/%E3%83%91%E3%83%8A%E3%82%BD%E3%83%8B%E3%83%83%E3%82%AF/9.0%E3%8E%8F%E6%B4%97%E6%BF%AF%E6%A9%9F/2016%E5%B9%B4%E5%BC%8F/NA-FA90H%E2%98%98 HTTP/1.1" 200 63999 "-" "Mozilla/5.0 (Linux; Android 6.0.1; Nexus 5X Build/MMB29P) AppleWebKit/537.36 (KHTML, like Gecko) Chrome/151.0.7922.173 Mobile Safari/537.36 (compatible; Googlebot/2.1; +http://www.google.com/bot.html)"
46.150.81.142 - - [27/Aug/2026:00:36:18 -0700] "POST /xmlrpc.php HTTP/1.1" 200 614 "-" "Mozilla/5.0 (Macintosh; Intel Mac OS X 10_15_7) AppleWebKit/537.36 (KHTML, like Gecko) Chrome/134.0.0.0 Safari/537.36"
75.119.195.61 - - [27/Aug/2026:00:36:19 -0700] "POST /wp-cron.php?doing_wp_cron=1787816179.1640079021453857421875 HTTP/1.1" 200 6592 "-" "WordPress/7.1; https://www.ablogformylove.com"
68.67.112.108 - - [27/Aug/2026:00:36:19 -0700] "GET /2017/06/20/ HTTP/2.0" 200 19796 "-" "Mozilla/5.0 AppleWebKit/537.36 (KHTML, like Gecko; compatible; YouBot/1.0; +https://docs.you.com/youbot; env:prod) Chrome/142.0.0.0 Safari/537.36"
68.67.112.108 - - [27/Aug/2026:00:36:21 -0700] "GET /wp-includes/js/jquery/jquery-migrate.min.js?ver=3.4.1 HTTP/2.0" 200 4964 "https://www.ablogformylove.com/2017/06/20/" "Mozilla/5.0 AppleWebKit/537.36 (KHTML, like Gecko; compatible; YouBot/1.0; +https://docs.you.com/youbot; env:prod) Chrome/142.0.0.0 Safari/537.36"
68.67.112.108 - - [27/Aug/2026:00:36:21 -0700] "GET /wp-includes/js/jquery/jquery.min.js?ver=3.7.1 HTTP/2.0" 200 31071 "https://www.ablogformylove.com/2017/06/20/" "Mozilla/5.0 AppleWebKit/537.36 (KHTML, like Gecko; compatible; YouBot/1.0; +https://docs.you.com/youbot; env:prod) Chrome/142.0.0.0 Safari/537.36"
68.67.112.108 - - [27/Aug/2026:00:36:21 -0700] "GET /wp-content/themes/saraswati-blog/assets/js/bootstrap.min.js?ver=20151215 HTTP/2.0" 200 27870 "https://www.ablogformylove.com/2017/06/20/" "Mozilla/5.0 AppleWebKit/537.36 (KHTML, like Gecko; compatible; YouBot/1.0; +https://docs.you.com/youbot; env:prod) Chrome/142.0.0.0 Safari/537.36"
68.67.112.108 - - [27/Aug/2026:00:36:21 -0700] "GET /wp-content/themes/saraswati-blog/assets/js/owl.carousel.min.js?ver=1787816179 HTTP/2.0" 200 10809 "https://www.ablogformylove.com/2017/06/20/" "Mozilla/5.0 AppleWebKit/537.36 (KHTML, like Gecko; compatible; YouBot/1.0; +https://docs.you.com/youbot; env:prod) Chrome/142.0.0.0 Safari/537.36"
68.67.112.108 - - [27/Aug/2026:00:36:21 -0700] "GET /wp-content/themes/saraswati-blog/assets/js/jquery.fitvids.js?ver=20151215 HTTP/2.0" 200 1411 "https://www.ablogformylove.com/2017/06/20/" "Mozilla/5.0 AppleWebKit/537.36 (KHTML, like Gecko; compatible; YouBot/1.0; +https://docs.you.com/youbot; env:prod) Chrome/142.0.0.0 Safari/537.36"
68.67.112.108 - - [27/Aug/2026:00:36:21 -0700] "GET /wp-content/themes/saraswati-blog/assets/js/jquery.equalheights.min.js?ver=20151215 HTTP/2.0" 200 374 "https://www.ablogformylove.com/2017/06/20/" "Mozilla/5.0 AppleWebKit/537.36 (KHTML, like Gecko; compatible; YouBot/1.0; +https://docs.you.com/youbot; env:prod) Chrome/142.0.0.0 Safari/537.36"
68.67.112.108 - - [27/Aug/2026:00:36:21 -0700] "GET /wp-content/themes/saraswati-blog/assets/js/imgLiquid-min.js?ver=20151215 HTTP/2.0" 200 1953 "https://www.ablogformylove.com/2017/06/20/" "Mozilla/5.0 AppleWebKit/537.36 (KHTML, like Gecko; compatible; YouBot/1.0; +https://docs.you.com/youbot; env:prod) Chrome/142.0.0.0 Safari/537.36"
68.67.112.108 - - [27/Aug/2026:00:36:21 -0700] "GET /wp-content/themes/saraswati-blog/assets/js/jquery.magnific-popup.min.js?ver=20151215 HTTP/2.0" 200 7437 "https://www.ablogformylove.com/2017/06/20/" "Mozilla/5.0 AppleWebKit/537.36 (KHTML, like Gecko; compatible; YouBot/1.0; +https://docs.you.com/youbot; env:prod) Chrome/142.0.0.0 Safari/537.36"
68.67.112.108 - - [27/Aug/2026:00:36:21 -0700] "GET /wp-content/themes/saraswati-blog/assets/js/navigation.js?ver=20151215 HTTP/2.0" 200 1142 "https://www.ablogformylove.com/2017/06/20/" "Mozilla/5.0 AppleWebKit/537.36 (KHTML, like Gecko; compatible; YouBot/1.0; +https://docs.you.com/youbot; env:prod) Chrome/142.0.0.0 Safari/537.36"
68.67.112.108 - - [27/Aug/2026:00:36:21 -0700] "GET /wp-content/themes/saraswati-blog/assets/js/sticky-sidebar.js?ver=20151215 HTTP/2.0" 200 287 "https://www.ablogformylove.com/2017/06/20/" "Mozilla/5.0 AppleWebKit/537.36 (KHTML, like Gecko; compatible; YouBot/1.0; +https://docs.you.com/youbot; env:prod) Chrome/142.0.0.0 Safari/537.36"
68.67.112.108 - - [27/Aug/2026:00:36:21 -0700] "GET /wp-content/themes/saraswati-blog/assets/js/skip-link-focus-fix.js?ver=20151215 HTTP/2.0" 200 2265 "https://www.ablogformylove.com/2017/06/20/" "Mozilla/5.0 AppleWebKit/537.36 (KHTML, like Gecko; compatible; YouBot/1.0; +https://docs.you.com/youbot; env:prod) Chrome/142.0.0.0 Safari/537.36"
68.67.112.108 - - [27/Aug/2026:00:36:21 -0700] "GET /wp-content/themes/saraswati-blog/assets/js/theia-sticky-sidebar.js?ver=20151215 HTTP/2.0" 200 3381 "https://www.ablogformylove.com/2017/06/20/" "Mozilla/5.0 AppleWebKit/537.36 (KHTML, like Gecko; compatible; YouBot/1.0; +https://docs.you.com/youbot; env:prod) Chrome/142.0.0.0 Safari/537.36"
68.67.112.108 - - [27/Aug/2026:00:36:21 -0700] "GET /wp-content/themes/saraswati-blog/assets/js/menu.js?ver=20151215 HTTP/2.0" 200 1162 "https://www.ablogformylove.com/2017/06/20/" "Mozilla/5.0 AppleWebKit/537.36 (KHTML, like Gecko; compatible; YouBot/1.0; +https://docs.you.com/youbot; env:prod) Chrome/142.0.0.0 Safari/537.36"
68.67.112.108 - - [27/Aug/2026:00:36:21 -0700] "GET /wp-content/themes/saraswati-blog/assets/js/scripts.js?ver=20151215 HTTP/2.0" 200 2520 "https://www.ablogformylove.com/2017/06/20/" "Mozilla/5.0 AppleWebKit/537.36 (KHTML, like Gecko; compatible; YouBot/1.0; +https://docs.you.com/youbot; env:prod) Chrome/142.0.0.0 Safari/537.36"
68.67.112.108 - - [27/Aug/2026:00:36:21 -0700] "GET /wp-includes/js/wp-emoji-release.min.js?ver=7.1 HTTP/2.0" 200 5546 "https://www.ablogformylove.com/2017/06/20/" "Mozilla/5.0 AppleWebKit/537.36 (KHTML, like Gecko; compatible; YouBot/1.0; +https://docs.you.com/youbot; env:prod) Chrome/142.0.0.0 Safari/537.36"
46.150.81.142 - - [27/Aug/2026:00:36:23 -0700] "POST /xmlrpc.php HTTP/1.1" 200 5016 "-" "Mozilla/5.0 (Windows NT 10.0; Win64; x64; rv:135.0) Gecko/20100101 Firefox/135.0"
66.249.74.192 - - [27/Aug/2026:00:36:24 -0700] "GET /shop.php?e=68615311471058 HTTP/1.1" 200 31845 "-" "Mozilla/5.0 (Linux; Android 6.0.1; Nexus 5X Build/MMB29P) AppleWebKit/537.36 (KHTML, like Gecko) Chrome/151.0.7922.173 Mobile Safari/537.36 (compatible; GoogleOther)"
46.150.81.142 - - [27/Aug/2026:00:36:25 -0700] "GET /2026/08/27/no-deposit-100-island-eyes-1-deposit-percent-free-revolves-to-own-pretty-cat-by-online-game-around-the-world/ HTTP/1.1" 200 25330 "-" "Mozilla/5.0 (Windows NT 10.0; Win64; x64) AppleWebKit/537.36 (KHTML, like Gecko) Chrome/135.0.0.0 Safari/537.36 Edg/135.0.0.0"
66.249.74.192 - - [27/Aug/2026:00:36:27 -0700] "GET /?m=89298328480 HTTP/1.1" 200 58086 "-" "Mozilla/5.0 (Linux; Android 6.0.1; Nexus 5X Build/MMB29P) AppleWebKit/537.36 (KHTML, like Gecko) Chrome/151.0.7922.173 Mobile Safari/537.36 (compatible; GoogleOther)"
57.141.12.57 - - [27/Aug/2026:00:36:29 -0700] "GET / HTTP/2.0" 200 24464 "-" "facebookexternalhit/1.1 (+http://www.facebook.com/externalhit_uatext.php)"
66.249.74.192 - - [27/Aug/2026:00:36:31 -0700] "GET /?m=74183173977 HTTP/1.1" 200 60173 "-" "Mozilla/5.0 (Linux; Android 6.0.1; Nexus 5X Build/MMB29P) AppleWebKit/537.36 (KHTML, like Gecko) Chrome/151.0.7922.173 Mobile Safari/537.36 (compatible; GoogleOther)"
66.249.74.193 - - [27/Aug/2026:00:36:35 -0700] "GET /?m=70275318545 HTTP/1.1" 200 63257 "-" "Mozilla/5.0 (Linux; Android 6.0.1; Nexus 5X Build/MMB29P) AppleWebKit/537.36 (KHTML, like Gecko) Chrome/151.0.7922.173 Mobile Safari/537.36 (compatible; GoogleOther)"
66.249.74.193 - - [27/Aug/2026:00:36:39 -0700] "GET /pc/index.php?m=33223167911 HTTP/1.1" 200 59201 "-" "Mozilla/5.0 (Linux; Android 6.0.1; Nexus 5X Build/MMB29P) AppleWebKit/537.36 (KHTML, like Gecko) Chrome/151.0.7922.173 Mobile Safari/537.36 (compatible; GoogleOther)"
66.249.74.193 - - [27/Aug/2026:00:36:42 -0700] "GET /?m=80221161096 HTTP/1.1" 200 59580 "-" "Mozilla/5.0 (Linux; Android 6.0.1; Nexus 5X Build/MMB29P) AppleWebKit/537.36 (KHTML, like Gecko) Chrome/151.0.7922.173 Mobile Safari/537.36 (compatible; GoogleOther)"
66.249.74.192 - - [27/Aug/2026:00:36:46 -0700] "GET /?m=6549198879 HTTP/1.1" 200 63129 "-" "Mozilla/5.0 (Linux; Android 6.0.1; Nexus 5X Build/MMB29P) AppleWebKit/537.36 (KHTML, like Gecko) Chrome/151.0.7922.173 Mobile Safari/537.36 (compatible; GoogleOther)"
189.192.86.230 - - [27/Aug/2026:00:36:49 -0700] "POST /xmlrpc.php HTTP/1.1" 200 614 "-" "Mozilla/5.0 (Macintosh; Intel Mac OS X 10_15_7) AppleWebKit/537.36 (KHTML, like Gecko) Chrome/129.0.0.0 Safari/537.36"
75.119.195.61 - - [27/Aug/2026:00:36:49 -0700] "POST /wp-cron.php?doing_wp_cron=1787816209.8705790042877197265625 HTTP/1.1" 200 6592 "-" "WordPress/7.1; https://www.ablogformylove.com"
66.249.74.193 - - [27/Aug/2026:00:36:52 -0700] "GET /pc/index.php?tags/%E3%80%90%E4%BF%9D%E8%A8%BC%E6%9B%B8%E3%81%82%E3%82%8A%E3%80%91Microsoft HTTP/1.1" 200 63279 "-" "Mozilla/5.0 (Linux; Android 6.0.1; Nexus 5X Build/MMB29P) AppleWebKit/537.36 (KHTML, like Gecko) Chrome/151.0.7922.173 Mobile Safari/537.36 (compatible; GoogleOther)"
57.141.0.37 - - [27/Aug/2026:00:36:53 -0700] "GET /?m=46990931873 HTTP/2.0" 200 19798 "-" "Mozilla/5.0 (Windows NT 10.0; Win64; x64) AppleWebKit/537.36 (KHTML, like Gecko) Chrome/145.0.0.0 Safari/537.36 (compatible; meta-externalagent/1.1 (+https://developers.facebook.com/docs/sharing/webmasters/crawler))"
189.192.86.230 - - [27/Aug/2026:00:36:55 -0700] "POST /xmlrpc.php HTTP/1.1" 200 4814 "-" "Mozilla/5.0 (Windows NT 10.0; Win64; x64) AppleWebKit/537.36 (KHTML, like Gecko) Chrome/135.0.0.0 Safari/537.36 Edg/135.0.0.0"
66.249.74.194 - - [27/Aug/2026:00:36:56 -0700] "GET /goods.php?y=25178276802 HTTP/1.1" 200 33025 "-" "Mozilla/5.0 (Linux; Android 6.0.1; Nexus 5X Build/MMB29P) AppleWebKit/537.36 (KHTML, like Gecko) Chrome/151.0.7922.173 Mobile Safari/537.36 (compatible; GoogleOther)"
66.249.74.192 - - [27/Aug/2026:00:36:59 -0700] "GET /shop.php?e=10138875064339 HTTP/1.1" 200 32896 "-" "Mozilla/5.0 (Linux; Android 6.0.1; Nexus 5X Build/MMB29P) AppleWebKit/537.36 (KHTML, like Gecko) Chrome/151.0.7922.173 Mobile Safari/537.36 (compatible; GoogleOther)"
189.192.86.230 - - [27/Aug/2026:00:36:59 -0700] "GET /2026/08/27/finest-canadian-gambling-enterprise-websites/ HTTP/1.1" 200 25204 "-" "Mozilla/5.0 (Windows NT 10.0; Win64; x64) AppleWebKit/537.36 (KHTML, like Gecko) Chrome/91.0.4472.124 Safari/537.36"
54.85.126.86 - - [27/Aug/2026:00:37:00 -0700] "GET /2015/10/19/117/ HTTP/1.1" 200 26111 "-" "Mozilla/5.0 AppleWebKit/537.36 (KHTML, like Gecko; compatible; Amazonbot/0.1; +https://developer.amazon.com/support/amazonbot) Chrome/119.0.6045.214 Safari/537.36"
66.249.74.194 - - [27/Aug/2026:00:37:02 -0700] "GET /goods.php?k=84039567422 HTTP/1.1" 200 33964 "-" "Mozilla/5.0 (Linux; Android 6.0.1; Nexus 5X Build/MMB29P) AppleWebKit/537.36 (KHTML, like Gecko) Chrome/151.0.7922.173 Mobile Safari/537.36 (compatible; GoogleOther)"
66.249.74.192 - - [27/Aug/2026:00:37:06 -0700] "GET /?m=67819763564 HTTP/1.1" 200 63966 "-" "Mozilla/5.0 (Linux; Android 6.0.1; Nexus 5X Build/MMB29P) AppleWebKit/537.36 (KHTML, like Gecko) Chrome/151.0.7922.173 Mobile Safari/537.36 (compatible; GoogleOther)"
66.249.74.192 - - [27/Aug/2026:00:37:09 -0700] "GET /goods.php?v=51799992934 HTTP/1.1" 200 27990 "-" "Mozilla/5.0 (Linux; Android 6.0.1; Nexus 5X Build/MMB29P) AppleWebKit/537.36 (KHTML, like Gecko) Chrome/151.0.7922.173 Mobile Safari/537.36 (compatible; Googlebot/2.1; +http://www.google.com/bot.html)"
66.249.74.193 - - [27/Aug/2026:00:37:10 -0700] "GET /ajax/productstorestocklist/?sku=32208543264&pref_cd= HTTP/1.1" 200 64394 "-" "Mozilla/5.0 (Linux; Android 6.0.1; Nexus 5X Build/MMB29P) AppleWebKit/537.36 (KHTML, like Gecko) Chrome/151.0.7922.173 Mobile Safari/537.36 (compatible; GoogleOther)"
217.196.165.100 - - [27/Aug/2026:00:37:10 -0700] "POST /xmlrpc.php HTTP/1.1" 200 5046 "-" "Mozilla/5.0 (X11; Ubuntu; Linux x86_64; rv:137.0) Gecko/20100101 Firefox/137.0"
75.119.195.61 - - [27/Aug/2026:00:37:11 -0700] "POST /wp-cron.php?doing_wp_cron=1787816231.0328640937805175781250 HTTP/1.1" 200 6592 "-" "WordPress/7.1; https://www.ablogformylove.com"
66.249.74.192 - - [27/Aug/2026:00:37:13 -0700] "GET /?m=16188912157 HTTP/1.1" 200 58321 "-" "Mozilla/5.0 (Linux; Android 6.0.1; Nexus 5X Build/MMB29P) AppleWebKit/537.36 (KHTML, like Gecko) Chrome/151.0.7922.173 Mobile Safari/537.36 (compatible; GoogleOther)"
217.196.165.100 - - [27/Aug/2026:00:37:14 -0700] "POST /xmlrpc.php HTTP/1.1" 200 4026 "-" "Mozilla/5.0 (X11; Linux x86_64; rv:128.0) Gecko/20100101 Firefox/128.0"
66.249.74.192 - - [27/Aug/2026:00:37:17 -0700] "GET /?m=64233762427 HTTP/1.1" 200 58001 "-" "Mozilla/5.0 (Linux; Android 6.0.1; Nexus 5X Build/MMB29P) AppleWebKit/537.36 (KHTML, like Gecko) Chrome/151.0.7922.173 Mobile Safari/537.36 (compatible; GoogleOther)"
217.196.165.100 - - [27/Aug/2026:00:37:16 -0700] "GET /2026/08/27/fifty-totally-palace-of-chance-100-no-deposit-free-spins-2024-free-revolves-no-deposit-2026-greatest-now-offers/ HTTP/1.1" 200 24288 "-" "Mozilla/5.0 (Macintosh; Intel Mac OS X 10_15_7) AppleWebKit/605.1.15 (KHTML, like Gecko) Version/17.5 Safari/605.1.15"
57.141.0.45 - - [27/Aug/2026:00:37:20 -0700] "GET /?m=46345275097 HTTP/2.0" 200 19795 "-" "Mozilla/5.0 (Windows NT 10.0; Win64; x64) AppleWebKit/537.36 (KHTML, like Gecko) Chrome/145.0.0.0 Safari/537.36 (compatible; meta-externalagent/1.1 (+https://developers.facebook.com/docs/sharing/webmasters/crawler))"
82.223.49.247 - - [27/Aug/2026:00:37:28 -0700] "POST /xmlrpc.php HTTP/1.1" 429 5124 "-" "Mozilla/5.0 (Windows NT 10.0; WOW64) AppleWebKit/537.36 (KHTML, like Gecko) Chrome/140.0.0.0 Safari/537.36 Edg/140.0.0.0"
66.249.74.192 - - [27/Aug/2026:00:37:28 -0700] "GET /shop.php?e=30635807989067 HTTP/1.1" 200 32279 "-" "Mozilla/5.0 (Linux; Android 6.0.1; Nexus 5X Build/MMB29P) AppleWebKit/537.36 (KHTML, like Gecko) Chrome/151.0.7922.173 Mobile Safari/537.36 (compatible; GoogleOther)"
57.141.0.56 - - [27/Aug/2026:00:37:29 -0700] "GET /?m=89860137072 HTTP/2.0" 200 19796 "-" "Mozilla/5.0 (Windows NT 10.0; Win64; x64) AppleWebKit/537.36 (KHTML, like Gecko) Chrome/145.0.0.0 Safari/537.36 (compatible; meta-externalagent/1.1 (+https://developers.facebook.com/docs/sharing/webmasters/crawler))"
85.208.96.198 - - [27/Aug/2026:00:37:31 -0700] "GET /2015/10/10/im-so-ready/ HTTP/1.1" 200 26137 "-" "Mozilla/5.0 (compatible; SemrushBot/7~bl; +http://www.semrush.com/bot.html)"
57.141.0.44 - - [27/Aug/2026:00:37:31 -0700] "GET /?m=52660092630 HTTP/2.0" 200 19796 "-" "Mozilla/5.0 (Windows NT 10.0; Win64; x64) AppleWebKit/537.36 (KHTML, like Gecko) Chrome/145.0.0.0 Safari/537.36 (compatible; meta-externalagent/1.1 (+https://developers.facebook.com/docs/sharing/webmasters/crawler))"
66.249.74.192 - - [27/Aug/2026:00:37:34 -0700] "GET /?m=91200266055 HTTP/1.1" 200 62471 "-" "Mozilla/5.0 (Linux; Android 6.0.1; Nexus 5X Build/MMB29P) AppleWebKit/537.36 (KHTML, like Gecko) Chrome/151.0.7922.173 Mobile Safari/537.36 (compatible; GoogleOther)"
130.250.228.130 - - [27/Aug/2026:00:37:35 -0700] "POST /xmlrpc.php HTTP/1.1" 200 5046 "-" "Mozilla/5.0 (Macintosh; Intel Mac OS X 10_15_7) AppleWebKit/605.1.15 (KHTML, like Gecko) Version/18.4 Safari/605.1.15"
66.249.74.192 - - [27/Aug/2026:00:37:37 -0700] "GET /?m=83948795133 HTTP/1.1" 200 58387 "-" "Mozilla/5.0 (Linux; Android 6.0.1; Nexus 5X Build/MMB29P) AppleWebKit/537.36 (KHTML, like Gecko) Chrome/151.0.7922.173 Mobile Safari/537.36 (compatible; GoogleOther)"
75.119.195.61 - - [27/Aug/2026:00:37:36 -0700] "POST /wp-cron.php?doing_wp_cron=1787816256.3343279361724853515625 HTTP/1.1" 200 6592 "-" "WordPress/7.1; https://www.ablogformylove.com"
130.250.228.130 - - [27/Aug/2026:00:37:40 -0700] "POST /xmlrpc.php HTTP/1.1" 200 5943 "-" "Mozilla/5.0 (Windows NT 10.0; Win64; x64) AppleWebKit/537.36 (KHTML, like Gecko) Chrome/134.0.0.0 Safari/537.36"
130.250.228.130 - - [27/Aug/2026:00:37:44 -0700] "GET /2026/08/27/greatest-wikipedia/ HTTP/1.1" 200 26255 "-" "Mozilla/5.0 (Macintosh; Intel Mac OS X 10_15_7) AppleWebKit/537.36 (KHTML, like Gecko) Chrome/136.0.0.0 Safari/537.36"
66.249.74.192 - - [27/Aug/2026:00:37:45 -0700] "GET /shop.php?e=10024587543093 HTTP/1.1" 200 32604 "-" "Mozilla/5.0 (Linux; Android 6.0.1; Nexus 5X Build/MMB29P) AppleWebKit/537.36 (KHTML, like Gecko) Chrome/151.0.7922.173 Mobile Safari/537.36 (compatible; GoogleOther)"
66.249.74.193 - - [27/Aug/2026:00:37:48 -0700] "GET /ajax/productstorestocklist/?sku=72201401446&lat= HTTP/1.1" 200 63505 "-" "Mozilla/5.0 (Linux; Android 6.0.1; Nexus 5X Build/MMB29P) AppleWebKit/537.36 (KHTML, like Gecko) Chrome/151.0.7922.173 Mobile Safari/537.36 (compatible; GoogleOther)"
66.249.74.192 - - [27/Aug/2026:00:37:52 -0700] "GET /pc/index.php?m=1638429445 HTTP/1.1" 200 65870 "-" "Mozilla/5.0 (Linux; Android 6.0.1; Nexus 5X Build/MMB29P) AppleWebKit/537.36 (KHTML, like Gecko) Chrome/151.0.7922.173 Mobile Safari/537.36 (compatible; GoogleOther)"
66.249.74.192 - - [27/Aug/2026:00:37:55 -0700] "GET /?m=12680135651 HTTP/1.1" 200 58261 "-" "Mozilla/5.0 (Linux; Android 6.0.1; Nexus 5X Build/MMB29P) AppleWebKit/537.36 (KHTML, like Gecko) Chrome/151.0.7922.173 Mobile Safari/537.36 (compatible; GoogleOther)"
66.249.74.193 - - [27/Aug/2026:00:37:59 -0700] "GET /goods.php?w=23817330550 HTTP/1.1" 200 33140 "-" "Mozilla/5.0 (Linux; Android 6.0.1; Nexus 5X Build/MMB29P) AppleWebKit/537.36 (KHTML, like Gecko) Chrome/151.0.7922.173 Mobile Safari/537.36 (compatible; GoogleOther)"
66.249.74.193 - - [27/Aug/2026:00:38:02 -0700] "GET /shop.php?e=77676336242378 HTTP/1.1" 200 26316 "-" "Mozilla/5.0 (Linux; Android 6.0.1; Nexus 5X Build/MMB29P) AppleWebKit/537.36 (KHTML, like Gecko) Chrome/151.0.7922.173 Mobile Safari/537.36 (compatible; GoogleOther)"
190.174.107.164 - - [27/Aug/2026:00:38:02 -0700] "POST /xmlrpc.php HTTP/1.1" 200 5046 "-" "Mozilla/5.0 (X11; Linux x86_64) AppleWebKit/537.36 Chrome/124.0"
75.119.195.61 - - [27/Aug/2026:00:38:03 -0700] "POST /wp-cron.php?doing_wp_cron=1787816283.1210410594940185546875 HTTP/1.1" 200 6592 "-" "WordPress/7.1; https://www.ablogformylove.com"
66.249.74.192 - - [27/Aug/2026:00:38:06 -0700] "GET /?m=8968265568 HTTP/1.1" 200 63013 "-" "Mozilla/5.0 (Linux; Android 6.0.1; Nexus 5X Build/MMB29P) AppleWebKit/537.36 (KHTML, like Gecko) Chrome/151.0.7922.173 Mobile Safari/537.36 (compatible; GoogleOther)"
190.174.107.164 - - [27/Aug/2026:00:38:08 -0700] "POST /xmlrpc.php HTTP/1.1" 200 4898 "-" "Mozilla/5.0 (Windows NT 10.0; Win64; x64) AppleWebKit/537.36 (KHTML, like Gecko) Chrome/134.0.0.0 Safari/537.36"
66.249.74.192 - - [27/Aug/2026:00:38:09 -0700] "GET /goods.php?z=12269154527 HTTP/1.1" 200 28170 "-" "Mozilla/5.0 (Linux; Android 6.0.1; Nexus 5X Build/MMB29P) AppleWebKit/537.36 (KHTML, like Gecko) Chrome/151.0.7922.173 Mobile Safari/537.36 (compatible; GoogleOther)"
57.141.2.77 - - [27/Aug/2026:00:38:10 -0700] "GET / HTTP/2.0" 200 24433 "-" "facebookexternalhit/1.1 (+http://www.facebook.com/externalhit_uatext.php)"
190.174.107.164 - - [27/Aug/2026:00:38:11 -0700] "GET /2026/08/27/deposit-defense-scheme-tenancy-provider-to-possess-flashdash-app-download-pc-landlords-and-you-will-agents/ HTTP/1.1" 200 25208 "-" "Mozilla/5.0 (Windows NT 10.0; Win64; x64) AppleWebKit/537.36 (KHTML, like Gecko) Chrome/136.0.0.0 Safari/537.36"
66.249.74.192 - - [27/Aug/2026:00:38:12 -0700] "GET /?m=31292033548 HTTP/1.1" 200 58752 "-" "Mozilla/5.0 (Linux; Android 6.0.1; Nexus 5X Build/MMB29P) AppleWebKit/537.36 (KHTML, like Gecko) Chrome/151.0.7922.173 Mobile Safari/537.36 (compatible; GoogleOther)"
57.141.0.42 - - [27/Aug/2026:00:38:15 -0700] "GET /?m=80431135338 HTTP/2.0" 200 19797 "-" "Mozilla/5.0 (X11; Linux x86_64) AppleWebKit/537.36 (KHTML, like Gecko) Chrome/145.0.0.0 Safari/537.36 (compatible; meta-externalagent/1.1 (+https://developers.facebook.com/docs/sharing/webmasters/crawler))"
66.249.74.192 - - [27/Aug/2026:00:38:16 -0700] "GET /?m=78259734224 HTTP/1.1" 200 57779 "-" "Mozilla/5.0 (Linux; Android 6.0.1; Nexus 5X Build/MMB29P) AppleWebKit/537.36 (KHTML, like Gecko) Chrome/151.0.7922.173 Mobile Safari/537.36 (compatible; GoogleOther)"
66.249.74.192 - - [27/Aug/2026:00:38:19 -0700] "GET /shop.php?e=64005240203974 HTTP/1.1" 200 26705 "-" "Mozilla/5.0 (Linux; Android 6.0.1; Nexus 5X Build/MMB29P) AppleWebKit/537.36 (KHTML, like Gecko) Chrome/151.0.7922.173 Mobile Safari/537.36 (compatible; GoogleOther)"
57.141.0.13 - - [27/Aug/2026:00:38:21 -0700] "GET /?m=85312055815 HTTP/2.0" 200 19795 "-" "Mozilla/5.0 (Windows NT 10.0; Win64; x64) AppleWebKit/537.36 (KHTML, like Gecko) Chrome/145.0.0.0 Safari/537.36 (compatible; meta-externalagent/1.1 (+https://developers.facebook.com/docs/sharing/webmasters/crawler))"
66.249.74.192 - - [27/Aug/2026:00:38:22 -0700] "GET /goods.php?y=45328707142 HTTP/1.1" 200 28174 "-" "Mozilla/5.0 (Linux; Android 6.0.1; Nexus 5X Build/MMB29P) AppleWebKit/537.36 (KHTML, like Gecko) Chrome/151.0.7922.173 Mobile Safari/537.36 (compatible; GoogleOther)"
66.249.74.192 - - [27/Aug/2026:00:38:23 -0700] "GET /ajax/productstorestocklist/?sku=62164829773&pref_cd= HTTP/1.1" 200 59084 "-" "Mozilla/5.0 (Linux; Android 6.0.1; Nexus 5X Build/MMB29P) AppleWebKit/537.36 (KHTML, like Gecko) Chrome/151.0.7922.173 Mobile Safari/537.36 (compatible; Googlebot/2.1; +http://www.google.com/bot.html)"
66.249.74.192 - - [27/Aug/2026:00:38:25 -0700] "GET /?m=65191569219 HTTP/1.1" 200 58053 "-" "Mozilla/5.0 (Linux; Android 6.0.1; Nexus 5X Build/MMB29P) AppleWebKit/537.36 (KHTML, like Gecko) Chrome/151.0.7922.173 Mobile Safari/537.36 (compatible; GoogleOther)"
181.96.158.163 - - [27/Aug/2026:00:38:26 -0700] "POST /xmlrpc.php HTTP/1.1" 200 5046 "-" "Mozilla/5.0 (Macintosh; Intel Mac OS X 10_15_7) AppleWebKit/605.1.15 (KHTML, like Gecko) Version/18.2 Safari/605.1.15"
57.141.0.7 - - [27/Aug/2026:00:38:30 -0700] "GET /?m=96727865405 HTTP/2.0" 200 19796 "-" "Mozilla/5.0 (Windows NT 10.0; Win64; x64) AppleWebKit/537.36 (KHTML, like Gecko) Chrome/145.0.0.0 Safari/537.36 (compatible; meta-externalagent/1.1 (+https://developers.facebook.com/docs/sharing/webmasters/crawler))"
75.119.195.61 - - [27/Aug/2026:00:38:27 -0700] "POST /wp-cron.php?doing_wp_cron=1787816307.2644329071044921875000 HTTP/1.1" 200 6592 "-" "WordPress/7.1; https://www.ablogformylove.com"
66.249.74.192 - - [27/Aug/2026:00:38:31 -0700] "GET /shop.php?e=33839845127415 HTTP/1.1" 200 32044 "-" "Mozilla/5.0 (Linux; Android 6.0.1; Nexus 5X Build/MMB29P) AppleWebKit/537.36 (KHTML, like Gecko) Chrome/151.0.7922.173 Mobile Safari/537.36 (compatible; GoogleOther)"
181.96.158.163 - - [27/Aug/2026:00:38:32 -0700] "POST /xmlrpc.php HTTP/1.1" 200 4531 "-" "Mozilla/5.0 (Windows NT 10.0; Win64; x64) AppleWebKit/537.36 (KHTML, like Gecko) Chrome/109.0.0.0 Safari/537.36"
66.249.74.192 - - [27/Aug/2026:00:38:35 -0700] "GET /ajax/productstorestocklist/?sku=92603873233&my_store=1 HTTP/1.1" 200 64680 "-" "Mozilla/5.0 (Linux; Android 6.0.1; Nexus 5X Build/MMB29P) AppleWebKit/537.36 (KHTML, like Gecko) Chrome/151.0.7922.173 Mobile Safari/537.36 (compatible; GoogleOther)"
181.96.158.163 - - [27/Aug/2026:00:38:35 -0700] "GET /2026/08/27/play-skip-cat-totally-free-opinion-and-you-will-game-play/ HTTP/1.1" 200 24959 "-" "Mozilla/5.0 (Windows NT 10.0; Win64; x64) AppleWebKit/537.36 (KHTML, like Gecko) Chrome/126.0.0.0 Safari/537.36"
66.249.74.192 - - [27/Aug/2026:00:38:39 -0700] "GET /?m=77591292510 HTTP/1.1" 200 57927 "-" "Mozilla/5.0 (Linux; Android 6.0.1; Nexus 5X Build/MMB29P) AppleWebKit/537.36 (KHTML, like Gecko) Chrome/151.0.7922.173 Mobile Safari/537.36 (compatible; GoogleOther)"
75.119.195.61 - - [27/Aug/2026:00:38:53 -0700] "POST /wp-cron.php?doing_wp_cron=1787816333.8736779689788818359375 HTTP/1.1" 200 6592 "-" "WordPress/7.1; https://www.ablogformylove.com"
116.98.1.121 - - [27/Aug/2026:00:38:53 -0700] "POST /xmlrpc.php HTTP/1.1" 200 5046 "-" "Mozilla/5.0 (X11; Linux x86_64) AppleWebKit/537.36 Chrome/124.0"
66.249.74.192 - - [27/Aug/2026:00:38:54 -0700] "GET /?m=44919718959 HTTP/1.1" 200 62870 "-" "Mozilla/5.0 (Linux; Android 6.0.1; Nexus 5X Build/MMB29P) AppleWebKit/537.36 (KHTML, like Gecko) Chrome/151.0.7922.173 Mobile Safari/537.36 (compatible; GoogleOther)"
116.98.1.121 - - [27/Aug/2026:00:38:58 -0700] "POST /xmlrpc.php HTTP/1.1" 200 3933 "-" "Mozilla/5.0 (Macintosh; Intel Mac OS X 10_15_7) AppleWebKit/537.36 (KHTML, like Gecko) Chrome/130.0.0.0 Safari/537.36"
