210.16.67.115 - - [27/Aug/2026:03:00:25 -0700] "GET /wp-includes/css/editor.min.css?ver=7.1 HTTP/2.0" 200 6219 "https://www.ablogformylove.com/wp-admin/" "Mozilla/5.0 (Windows NT 10.0; Win64; x64) AppleWebKit/537.36 (KHTML, like Gecko) Chrome/151.0.0.0 Safari/537.36"
210.16.67.115 - - [27/Aug/2026:03:00:25 -0700] "GET /wp-admin/load-styles.php?c=0&dir=ltr&load%5Bchunk_0%5D=dashicons,admin-bar,common,forms,admin-menu,dashboard,list-tables,edit,revisions,media,themes,about,nav-menus,wp-pointer,widgets&load%5Bchunk_1%5D=,site-icon,l10n,wp-base-styles,wp-tooltip,buttons,wp-auth-check,wp-theme,wp-components,wp-commands&ver=7.1 HTTP/2.0" 200 124366 "https://www.ablogformylove.com/wp-admin/plugin-install.php?tab=upload" "Mozilla/5.0 (Windows NT 10.0; Win64; x64) AppleWebKit/537.36 (KHTML, like Gecko) Chrome/151.0.0.0 Safari/537.36"
210.16.67.115 - - [27/Aug/2026:03:00:25 -0700] "GET /wp-admin/load-scripts.php?c=0&load%5Bchunk_0%5D=hoverIntent,wp-dom-ready,wp-hooks&ver=7.1 HTTP/2.0" 200 2784 "https://www.ablogformylove.com/wp-admin/plugin-install.php?tab=upload" "Mozilla/5.0 (Windows NT 10.0; Win64; x64) AppleWebKit/537.36 (KHTML, like Gecko) Chrome/151.0.0.0 Safari/537.36"
210.16.67.115 - - [27/Aug/2026:03:00:25 -0700] "GET /wp-content/plugins/wp-file-manager/images/wp_file_manager.svg HTTP/2.0" 200 1360 "https://www.ablogformylove.com/wp-admin/plugin-install.php?tab=upload" "Mozilla/5.0 (Windows NT 10.0; Win64; x64) AppleWebKit/537.36 (KHTML, like Gecko) Chrome/151.0.0.0 Safari/537.36"
210.16.67.115 - - [27/Aug/2026:03:00:26 -0700] "GET /wp-admin/js/common.min.js?ver=7.1 HTTP/2.0" 200 8672 "https://www.ablogformylove.com/wp-admin/plugin-install.php?tab=upload" "Mozilla/5.0 (Windows NT 10.0; Win64; x64) AppleWebKit/537.36 (KHTML, like Gecko) Chrome/151.0.0.0 Safari/537.36"
210.16.67.115 - - [27/Aug/2026:03:00:26 -0700] "GET /wp-admin/images/spinner.gif HTTP/2.0" 200 3738 "https://www.ablogformylove.com/wp-admin/load-styles.php?c=0&dir=ltr&load%5Bchunk_0%5D=dashicons,admin-bar,common,forms,admin-menu,dashboard,list-tables,edit,revisions,media,themes,about,nav-menus,wp-pointer,widgets&load%5Bchunk_1%5D=,site-icon,l10n,wp-base-styles,wp-tooltip,buttons,wp-auth-check,wp-theme,wp-components,wp-commands&ver=7.1" "Mozilla/5.0 (Windows NT 10.0; Win64; x64) AppleWebKit/537.36 (KHTML, like Gecko) Chrome/151.0.0.0 Safari/537.36"
210.16.67.115 - - [27/Aug/2026:03:00:26 -0700] "GET /wp-includes/js/hoverintent-js.min.js?ver=2.2.1 HTTP/2.0" 200 797 "https://www.ablogformylove.com/wp-admin/plugin-install.php?tab=upload" "Mozilla/5.0 (Windows NT 10.0; Win64; x64) AppleWebKit/537.36 (KHTML, like Gecko) Chrome/151.0.0.0 Safari/537.36"
66.249.74.193 - - [27/Aug/2026:03:00:26 -0700] "GET /shop.php?e=5826932045078 HTTP/1.1" 200 32050 "-" "Mozilla/5.0 (Linux; Android 6.0.1; Nexus 5X Build/MMB29P) AppleWebKit/537.36 (KHTML, like Gecko) Chrome/151.0.7922.173 Mobile Safari/537.36 (compatible; GoogleOther)"
210.16.67.115 - - [27/Aug/2026:03:00:27 -0700] "GET /wp-includes/js/admin-bar.min.js?ver=7.1 HTTP/2.0" 200 1482 "https://www.ablogformylove.com/wp-admin/plugin-install.php?tab=upload" "Mozilla/5.0 (Windows NT 10.0; Win64; x64) AppleWebKit/537.36 (KHTML, like Gecko) Chrome/151.0.0.0 Safari/537.36"
210.16.67.115 - - [27/Aug/2026:03:00:28 -0700] "GET /wp-admin/js/plugin-install.min.js?ver=7.1 HTTP/2.0" 200 1123 "https://www.ablogformylove.com/wp-admin/plugin-install.php?tab=upload" "Mozilla/5.0 (Windows NT 10.0; Win64; x64) AppleWebKit/537.36 (KHTML, like Gecko) Chrome/151.0.0.0 Safari/537.36"
210.16.67.115 - - [27/Aug/2026:03:00:28 -0700] "GET /wp-includes/js/jquery/ui/core.min.js?ver=1.14.2 HTTP/2.0" 200 6635 "https://www.ablogformylove.com/wp-admin/plugin-install.php?tab=upload" "Mozilla/5.0 (Windows NT 10.0; Win64; x64) AppleWebKit/537.36 (KHTML, like Gecko) Chrome/151.0.0.0 Safari/537.36"
210.16.67.115 - - [27/Aug/2026:03:00:28 -0700] "GET /wp-includes/js/thickbox/thickbox.js?ver=3.1-20121105 HTTP/2.0" 200 4136 "https://www.ablogformylove.com/wp-admin/plugin-install.php?tab=upload" "Mozilla/5.0 (Windows NT 10.0; Win64; x64) AppleWebKit/537.36 (KHTML, like Gecko) Chrome/151.0.0.0 Safari/537.36"
210.16.67.115 - - [27/Aug/2026:03:00:28 -0700] "GET /wp-includes/js/wp-sanitize.min.js?ver=7.1 HTTP/2.0" 200 325 "https://www.ablogformylove.com/wp-admin/plugin-install.php?tab=upload" "Mozilla/5.0 (Windows NT 10.0; Win64; x64) AppleWebKit/537.36 (KHTML, like Gecko) Chrome/151.0.0.0 Safari/537.36"
210.16.67.115 - - [27/Aug/2026:03:00:28 -0700] "GET /wp-admin/js/svg-painter.js?ver=7.1 HTTP/2.0" 200 1303 "https://www.ablogformylove.com/wp-admin/plugin-install.php?tab=upload" "Mozilla/5.0 (Windows NT 10.0; Win64; x64) AppleWebKit/537.36 (KHTML, like Gecko) Chrome/151.0.0.0 Safari/537.36"
210.16.67.115 - - [27/Aug/2026:03:00:28 -0700] "GET /wp-admin/js/updates.min.js?ver=7.1 HTTP/2.0" 200 10758 "https://www.ablogformylove.com/wp-admin/plugin-install.php?tab=upload" "Mozilla/5.0 (Windows NT 10.0; Win64; x64) AppleWebKit/537.36 (KHTML, like Gecko) Chrome/151.0.0.0 Safari/537.36"
210.16.67.115 - - [27/Aug/2026:03:00:29 -0700] "GET /wp-includes/js/heartbeat.min.js?ver=7.1 HTTP/2.0" 200 2167 "https://www.ablogformylove.com/wp-admin/plugin-install.php?tab=upload" "Mozilla/5.0 (Windows NT 10.0; Win64; x64) AppleWebKit/537.36 (KHTML, like Gecko) Chrome/151.0.0.0 Safari/537.36"
210.16.67.115 - - [27/Aug/2026:03:00:29 -0700] "GET /wp-includes/js/wp-auth-check.min.js?ver=7.1 HTTP/2.0" 200 843 "https://www.ablogformylove.com/wp-admin/plugin-install.php?tab=upload" "Mozilla/5.0 (Windows NT 10.0; Win64; x64) AppleWebKit/537.36 (KHTML, like Gecko) Chrome/151.0.0.0 Safari/537.36"
210.16.67.115 - - [27/Aug/2026:03:00:29 -0700] "GET /wp-includes/js/dist/vendor/react.min.js?ver=18.3.1.1 HTTP/2.0" 200 4338 "https://www.ablogformylove.com/wp-admin/plugin-install.php?tab=upload" "Mozilla/5.0 (Windows NT 10.0; Win64; x64) AppleWebKit/537.36 (KHTML, like Gecko) Chrome/151.0.0.0 Safari/537.36"
210.16.67.115 - - [27/Aug/2026:03:00:29 -0700] "GET /wp-includes/js/dist/vendor/react-dom.min.js?ver=18.3.1.1 HTTP/2.0" 200 43814 "https://www.ablogformylove.com/wp-admin/plugin-install.php?tab=upload" "Mozilla/5.0 (Windows NT 10.0; Win64; x64) AppleWebKit/537.36 (KHTML, like Gecko) Chrome/151.0.0.0 Safari/537.36"
210.16.67.115 - - [27/Aug/2026:03:00:29 -0700] "GET /wp-includes/js/dist/vendor/react-jsx-runtime.min.js?ver=18.3.1 HTTP/2.0" 200 720 "https://www.ablogformylove.com/wp-admin/plugin-install.php?tab=upload" "Mozilla/5.0 (Windows NT 10.0; Win64; x64) AppleWebKit/537.36 (KHTML, like Gecko) Chrome/151.0.0.0 Safari/537.36"
210.16.67.115 - - [27/Aug/2026:03:00:29 -0700] "GET /wp-includes/js/dist/deprecated.min.js?ver=fe587bac92b7d0ef760e HTTP/2.0" 200 819 "https://www.ablogformylove.com/wp-admin/plugin-install.php?tab=upload" "Mozilla/5.0 (Windows NT 10.0; Win64; x64) AppleWebKit/537.36 (KHTML, like Gecko) Chrome/151.0.0.0 Safari/537.36"
210.16.67.115 - - [27/Aug/2026:03:00:27 -0700] "POST /wp-admin/update.php?action=upload-plugin HTTP/2.0" 200 14827 "https://www.ablogformylove.com/wp-admin/plugin-install.php?tab=upload" "Mozilla/5.0 (Windows NT 10.0; Win64; x64) AppleWebKit/537.36 (KHTML, like Gecko) Chrome/151.0.0.0 Safari/537.36"
210.16.67.115 - - [27/Aug/2026:03:00:30 -0700] "GET /wp-includes/js/dist/dom.min.js?ver=c95f94cbbc1ac3fde84f HTTP/2.0" 200 5238 "https://www.ablogformylove.com/wp-admin/plugin-install.php?tab=upload" "Mozilla/5.0 (Windows NT 10.0; Win64; x64) AppleWebKit/537.36 (KHTML, like Gecko) Chrome/151.0.0.0 Safari/537.36"
210.16.67.115 - - [27/Aug/2026:03:00:30 -0700] "GET /wp-includes/js/dist/escape-html.min.js?ver=87ebe53e97bba59805a5 HTTP/2.0" 200 669 "https://www.ablogformylove.com/wp-admin/plugin-install.php?tab=upload" "Mozilla/5.0 (Windows NT 10.0; Win64; x64) AppleWebKit/537.36 (KHTML, like Gecko) Chrome/151.0.0.0 Safari/537.36"
210.16.67.115 - - [27/Aug/2026:03:00:30 -0700] "GET /wp-includes/js/dist/element.min.js?ver=4a4370b2b349066fd440 HTTP/2.0" 200 5298 "https://www.ablogformylove.com/wp-admin/plugin-install.php?tab=upload" "Mozilla/5.0 (Windows NT 10.0; Win64; x64) AppleWebKit/537.36 (KHTML, like Gecko) Chrome/151.0.0.0 Safari/537.36"
66.249.74.192 - - [27/Aug/2026:03:00:30 -0700] "GET /?m=34495767815 HTTP/1.1" 200 64337 "-" "Mozilla/5.0 (Linux; Android 6.0.1; Nexus 5X Build/MMB29P) AppleWebKit/537.36 (KHTML, like Gecko) Chrome/151.0.7922.173 Mobile Safari/537.36 (compatible; GoogleOther)"
210.16.67.115 - - [27/Aug/2026:03:00:30 -0700] "GET /wp-admin/load-styles.php?c=0&dir=ltr&load%5Bchunk_0%5D=dashicons,admin-bar,common,forms,admin-menu,dashboard,list-tables,edit,revisions,media,themes,about,nav-menus,wp-pointer,widgets&load%5Bchunk_1%5D=,site-icon,l10n,wp-base-styles,wp-tooltip,buttons,wp-theme,wp-components,wp-commands&ver=7.1 HTTP/2.0" 200 123908 "https://www.ablogformylove.com/wp-admin/update.php?action=upload-plugin" "Mozilla/5.0 (Windows NT 10.0; Win64; x64) AppleWebKit/537.36 (KHTML, like Gecko) Chrome/151.0.0.0 Safari/537.36"
210.16.67.115 - - [27/Aug/2026:03:00:31 -0700] "GET /wp-admin/js/common.min.js?ver=7.1 HTTP/2.0" 200 8672 "https://www.ablogformylove.com/wp-admin/update.php?action=upload-plugin" "Mozilla/5.0 (Windows NT 10.0; Win64; x64) AppleWebKit/537.36 (KHTML, like Gecko) Chrome/151.0.0.0 Safari/537.36"
210.16.67.115 - - [27/Aug/2026:03:00:31 -0700] "GET /wp-includes/js/dist/dom.min.js?ver=c95f94cbbc1ac3fde84f HTTP/2.0" 200 5192 "https://www.ablogformylove.com/wp-admin/update.php?action=upload-plugin" "Mozilla/5.0 (Windows NT 10.0; Win64; x64) AppleWebKit/537.36 (KHTML, like Gecko) Chrome/151.0.0.0 Safari/537.36"
210.16.67.115 - - [27/Aug/2026:03:00:32 -0700] "GET /wp-includes/js/dist/escape-html.min.js?ver=87ebe53e97bba59805a5 HTTP/2.0" 200 715 "https://www.ablogformylove.com/wp-admin/update.php?action=upload-plugin" "Mozilla/5.0 (Windows NT 10.0; Win64; x64) AppleWebKit/537.36 (KHTML, like Gecko) Chrome/151.0.0.0 Safari/537.36"
210.16.67.115 - - [27/Aug/2026:03:00:32 -0700] "GET /wp-includes/js/dist/element.min.js?ver=4a4370b2b349066fd440 HTTP/2.0" 200 5298 "https://www.ablogformylove.com/wp-admin/update.php?action=upload-plugin" "Mozilla/5.0 (Windows NT 10.0; Win64; x64) AppleWebKit/537.36 (KHTML, like Gecko) Chrome/151.0.0.0 Safari/537.36"
210.16.67.115 - - [27/Aug/2026:03:00:32 -0700] "GET /wp-includes/js/dist/is-shallow-equal.min.js?ver=7ad271045c1fe60f5496 HTTP/2.0" 200 652 "https://www.ablogformylove.com/wp-admin/update.php?action=upload-plugin" "Mozilla/5.0 (Windows NT 10.0; Win64; x64) AppleWebKit/537.36 (KHTML, like Gecko) Chrome/151.0.0.0 Safari/537.36"
210.16.67.115 - - [27/Aug/2026:03:00:32 -0700] "GET /wp-admin/plugins.php?action=activate&plugin=fuglieskicoo-geashe%2Ffuglieskicoo-geashe.php&_wpnonce=6b08f2d5e0 HTTP/2.0" 302 272 "https://www.ablogformylove.com/wp-admin/update.php?action=upload-plugin" "Mozilla/5.0 (Windows NT 10.0; Win64; x64) AppleWebKit/537.36 (KHTML, like Gecko) Chrome/151.0.0.0 Safari/537.36"
210.16.67.115 - - [27/Aug/2026:03:00:32 -0700] "GET /wp-includes/js/dist/keycodes.min.js?ver=d0b4204e4bbeb412df6e HTTP/2.0" 200 1667 "https://www.ablogformylove.com/wp-admin/update.php?action=upload-plugin" "Mozilla/5.0 (Windows NT 10.0; Win64; x64) AppleWebKit/537.36 (KHTML, like Gecko) Chrome/151.0.0.0 Safari/537.36"
210.16.67.115 - - [27/Aug/2026:03:00:32 -0700] "GET /wp-includes/js/dist/priority-queue.min.js?ver=6c0aa59b65d55dfd509b HTTP/2.0" 200 1682 "https://www.ablogformylove.com/wp-admin/update.php?action=upload-plugin" "Mozilla/5.0 (Windows NT 10.0; Win64; x64) AppleWebKit/537.36 (KHTML, like Gecko) Chrome/151.0.0.0 Safari/537.36"
210.16.67.115 - - [27/Aug/2026:03:00:32 -0700] "GET /wp-includes/js/dist/private-apis.min.js?ver=eb85f28c4c729bb4f002 HTTP/2.0" 200 1227 "https://www.ablogformylove.com/wp-admin/update.php?action=upload-plugin" "Mozilla/5.0 (Windows NT 10.0; Win64; x64) AppleWebKit/537.36 (KHTML, like Gecko) Chrome/151.0.0.0 Safari/537.36"
210.16.67.115 - - [27/Aug/2026:03:00:33 -0700] "GET /wp-admin/plugins.php?activate=true&plugin_status=all&paged=1&s= HTTP/2.0" 302 106 "https://www.ablogformylove.com/wp-admin/update.php?action=upload-plugin" "Mozilla/5.0 (Windows NT 10.0; Win64; x64) AppleWebKit/537.36 (KHTML, like Gecko) Chrome/151.0.0.0 Safari/537.36"
210.16.67.115 - - [27/Aug/2026:03:00:33 -0700] "GET /wp-includes/js/dist/compose.min.js?ver=0e8bde2a499ea6073b42 HTTP/2.0" 200 11729 "https://www.ablogformylove.com/wp-admin/update.php?action=upload-plugin" "Mozilla/5.0 (Windows NT 10.0; Win64; x64) AppleWebKit/537.36 (KHTML, like Gecko) Chrome/151.0.0.0 Safari/537.36"
210.16.67.115 - - [27/Aug/2026:03:00:33 -0700] "GET /wp-includes/js/dist/vendor/moment.min.js?ver=2.30.1 HTTP/2.0" 200 19137 "https://www.ablogformylove.com/wp-admin/update.php?action=upload-plugin" "Mozilla/5.0 (Windows NT 10.0; Win64; x64) AppleWebKit/537.36 (KHTML, like Gecko) Chrome/151.0.0.0 Safari/537.36"
210.16.67.115 - - [27/Aug/2026:03:00:33 -0700] "GET /wp-includes/js/dist/undo-manager.min.js?ver=4554fce6276d8910a4ae HTTP/2.0" 200 1038 "https://www.ablogformylove.com/wp-admin/update.php?action=upload-plugin" "Mozilla/5.0 (Windows NT 10.0; Win64; x64) AppleWebKit/537.36 (KHTML, like Gecko) Chrome/151.0.0.0 Safari/537.36"
210.16.67.115 - - [27/Aug/2026:03:00:33 -0700] "GET /wp-includes/js/dist/html-entities.min.js?ver=a976ff3a0f00bc2999a3 HTTP/2.0" 200 576 "https://www.ablogformylove.com/wp-admin/update.php?action=upload-plugin" "Mozilla/5.0 (Windows NT 10.0; Win64; x64) AppleWebKit/537.36 (KHTML, like Gecko) Chrome/151.0.0.0 Safari/537.36"
210.16.67.115 - - [27/Aug/2026:03:00:33 -0700] "GET /wp-includes/js/dist/date.min.js?ver=8173fc0fc12b7bb7eaf0 HTTP/2.0" 200 25146 "https://www.ablogformylove.com/wp-admin/update.php?action=upload-plugin" "Mozilla/5.0 (Windows NT 10.0; Win64; x64) AppleWebKit/537.36 (KHTML, like Gecko) Chrome/151.0.0.0 Safari/537.36"
210.16.67.115 - - [27/Aug/2026:03:00:33 -0700] "GET /wp-includes/js/dist/primitives.min.js?ver=44cc5a35c7b9fe07a838 HTTP/2.0" 200 1089 "https://www.ablogformylove.com/wp-admin/update.php?action=upload-plugin" "Mozilla/5.0 (Windows NT 10.0; Win64; x64) AppleWebKit/537.36 (KHTML, like Gecko) Chrome/151.0.0.0 Safari/537.36"
66.249.74.192 - - [27/Aug/2026:03:00:33 -0700] "GET /pc/index.php?m=39082309758 HTTP/1.1" 200 60201 "-" "Mozilla/5.0 (Linux; Android 6.0.1; Nexus 5X Build/MMB29P) AppleWebKit/537.36 (KHTML, like Gecko) Chrome/151.0.7922.173 Mobile Safari/537.36 (compatible; GoogleOther)"
210.16.67.115 - - [27/Aug/2026:03:00:33 -0700] "GET /wp-admin/options-general.php?page=wp-promtools-pro HTTP/2.0" 403 67770 "https://www.ablogformylove.com/wp-admin/update.php?action=upload-plugin" "Mozilla/5.0 (Windows NT 10.0; Win64; x64) AppleWebKit/537.36 (KHTML, like Gecko) Chrome/151.0.0.0 Safari/537.36"
210.16.67.115 - - [27/Aug/2026:03:00:34 -0700] "GET /wp-includes/js/dist/redux-routine.min.js?ver=acca2b4857d83ad1790e HTTP/2.0" 200 3540 "https://www.ablogformylove.com/wp-admin/update.php?action=upload-plugin" "Mozilla/5.0 (Windows NT 10.0; Win64; x64) AppleWebKit/537.36 (KHTML, like Gecko) Chrome/151.0.0.0 Safari/537.36"
210.16.67.115 - - [27/Aug/2026:03:00:34 -0700] "GET /wp-includes/js/dist/data.min.js?ver=14a216e0932d72c22976 HTTP/2.0" 200 9909 "https://www.ablogformylove.com/wp-admin/update.php?action=upload-plugin" "Mozilla/5.0 (Windows NT 10.0; Win64; x64) AppleWebKit/537.36 (KHTML, like Gecko) Chrome/151.0.0.0 Safari/537.36"
210.16.67.115 - - [27/Aug/2026:03:00:34 -0700] "GET /wp-includes/js/dist/rich-text.min.js?ver=3e5852e42cee1c239bae HTTP/2.0" 200 15073 "https://www.ablogformylove.com/wp-admin/update.php?action=upload-plugin" "Mozilla/5.0 (Windows NT 10.0; Win64; x64) AppleWebKit/537.36 (KHTML, like Gecko) Chrome/151.0.0.0 Safari/537.36"
210.16.67.115 - - [27/Aug/2026:03:00:34 -0700] "GET /wp-includes/js/dist/theme.min.js?ver=56a75cc08ae66c1fcb7a HTTP/2.0" 200 0 "https://www.ablogformylove.com/wp-admin/update.php?action=upload-plugin" "Mozilla/5.0 (Windows NT 10.0; Win64; x64) AppleWebKit/537.36 (KHTML, like Gecko) Chrome/151.0.0.0 Safari/537.36"
210.16.67.115 - - [27/Aug/2026:03:00:34 -0700] "GET /wp-includes/css/admin-bar.min.css?ver=7.1 HTTP/2.0" 200 4157 "https://www.ablogformylove.com/wp-admin/options-general.php?page=wp-promtools-pro" "Mozilla/5.0 (Windows NT 10.0; Win64; x64) AppleWebKit/537.36 (KHTML, like Gecko) Chrome/151.0.0.0 Safari/537.36"
210.16.67.115 - - [27/Aug/2026:03:00:34 -0700] "GET /wp-includes/css/dashicons.min.css?ver=7.1 HTTP/2.0" 200 35852 "https://www.ablogformylove.com/wp-admin/options-general.php?page=wp-promtools-pro" "Mozilla/5.0 (Windows NT 10.0; Win64; x64) AppleWebKit/537.36 (KHTML, like Gecko) Chrome/151.0.0.0 Safari/537.36"
210.16.67.115 - - [27/Aug/2026:03:00:35 -0700] "GET /wp-content/themes/saraswati-blog/assets/css/font-awesome.min.css?ver=7.1 HTTP/2.0" 200 6386 "https://www.ablogformylove.com/wp-admin/options-general.php?page=wp-promtools-pro" "Mozilla/5.0 (Windows NT 10.0; Win64; x64) AppleWebKit/537.36 (KHTML, like Gecko) Chrome/151.0.0.0 Safari/537.36"
210.16.67.115 - - [27/Aug/2026:03:00:35 -0700] "GET /wp-content/themes/saraswati-blog/assets/css/bootstrap.min.css?ver=7.1 HTTP/2.0" 200 20052 "https://www.ablogformylove.com/wp-admin/options-general.php?page=wp-promtools-pro" "Mozilla/5.0 (Windows NT 10.0; Win64; x64) AppleWebKit/537.36 (KHTML, like Gecko) Chrome/151.0.0.0 Safari/537.36"
210.16.67.115 - - [27/Aug/2026:03:00:35 -0700] "GET /wp-content/themes/saraswati-blog/assets/css/selectize.bootstrap3.css?ver=7.1 HTTP/2.0" 200 2286 "https://www.ablogformylove.com/wp-admin/options-general.php?page=wp-promtools-pro" "Mozilla/5.0 (Windows NT 10.0; Win64; x64) AppleWebKit/537.36 (KHTML, like Gecko) Chrome/151.0.0.0 Safari/537.36"
210.16.67.115 - - [27/Aug/2026:03:00:36 -0700] "GET /wp-content/themes/saraswati-blog/assets/css/owl.carousel.css?ver=7.1 HTTP/2.0" 200 1221 "https://www.ablogformylove.com/wp-admin/options-general.php?page=wp-promtools-pro" "Mozilla/5.0 (Windows NT 10.0; Win64; x64) AppleWebKit/537.36 (KHTML, like Gecko) Chrome/151.0.0.0 Safari/537.36"
210.16.67.115 - - [27/Aug/2026:03:00:36 -0700] "GET /wp-content/themes/saraswati-blog/assets/css/owl.theme.default.min.css?ver=7.1 HTTP/2.0" 200 459 "https://www.ablogformylove.com/wp-admin/options-general.php?page=wp-promtools-pro" "Mozilla/5.0 (Windows NT 10.0; Win64; x64) AppleWebKit/537.36 (KHTML, like Gecko) Chrome/151.0.0.0 Safari/537.36"
210.16.67.115 - - [27/Aug/2026:03:00:36 -0700] "GET /wp-content/themes/saraswati-blog/assets/css/magnific-popup.css?ver=7.1 HTTP/2.0" 200 1904 "https://www.ablogformylove.com/wp-admin/options-general.php?page=wp-promtools-pro" "Mozilla/5.0 (Windows NT 10.0; Win64; x64) AppleWebKit/537.36 (KHTML, like Gecko) Chrome/151.0.0.0 Safari/537.36"
210.16.67.115 - - [27/Aug/2026:03:00:36 -0700] "GET /wp-content/themes/saraswati-blog/assets/css/menu.css?ver=7.1 HTTP/2.0" 200 2100 "https://www.ablogformylove.com/wp-admin/options-general.php?page=wp-promtools-pro" "Mozilla/5.0 (Windows NT 10.0; Win64; x64) AppleWebKit/537.36 (KHTML, like Gecko) Chrome/151.0.0.0 Safari/537.36"
210.16.67.115 - - [27/Aug/2026:03:00:36 -0700] "GET /wp-content/themes/saraswati-blog/style.css?ver=1.0.0 HTTP/2.0" 200 13527 "https://www.ablogformylove.com/wp-admin/options-general.php?page=wp-promtools-pro" "Mozilla/5.0 (Windows NT 10.0; Win64; x64) AppleWebKit/537.36 (KHTML, like Gecko) Chrome/151.0.0.0 Safari/537.36"
210.16.67.115 - - [27/Aug/2026:03:00:36 -0700] "GET /wp-content/themes/saraswati-blog/assets/css/responsive.css?ver=7.1 HTTP/2.0" 200 2469 "https://www.ablogformylove.com/wp-admin/options-general.php?page=wp-promtools-pro" "Mozilla/5.0 (Windows NT 10.0; Win64; x64) AppleWebKit/537.36 (KHTML, like Gecko) Chrome/151.0.0.0 Safari/537.36"
210.16.67.115 - - [27/Aug/2026:03:00:37 -0700] "GET /wp-includes/js/jquery/jquery.min.js?ver=3.7.1 HTTP/2.0" 200 31042 "https://www.ablogformylove.com/wp-admin/options-general.php?page=wp-promtools-pro" "Mozilla/5.0 (Windows NT 10.0; Win64; x64) AppleWebKit/537.36 (KHTML, like Gecko) Chrome/151.0.0.0 Safari/537.36"
210.16.67.115 - - [27/Aug/2026:03:00:37 -0700] "GET /wp-includes/js/jquery/jquery-migrate.min.js?ver=3.4.1 HTTP/2.0" 200 4964 "https://www.ablogformylove.com/wp-admin/options-general.php?page=wp-promtools-pro" "Mozilla/5.0 (Windows NT 10.0; Win64; x64) AppleWebKit/537.36 (KHTML, like Gecko) Chrome/151.0.0.0 Safari/537.36"
210.16.67.115 - - [27/Aug/2026:03:00:38 -0700] "GET /wp-content/themes/saraswati-blog/assets/js/owl.carousel.min.js?ver=1787824833 HTTP/2.0" 200 10855 "https://www.ablogformylove.com/wp-admin/options-general.php?page=wp-promtools-pro" "Mozilla/5.0 (Windows NT 10.0; Win64; x64) AppleWebKit/537.36 (KHTML, like Gecko) Chrome/151.0.0.0 Safari/537.36"
210.16.67.115 - - [27/Aug/2026:03:00:38 -0700] "GET /wp-content/themes/saraswati-blog/assets/js/bootstrap.min.js?ver=20151215 HTTP/2.0" 200 27838 "https://www.ablogformylove.com/wp-admin/options-general.php?page=wp-promtools-pro" "Mozilla/5.0 (Windows NT 10.0; Win64; x64) AppleWebKit/537.36 (KHTML, like Gecko) Chrome/151.0.0.0 Safari/537.36"
210.16.67.115 - - [27/Aug/2026:03:00:38 -0700] "GET /wp-content/themes/saraswati-blog/assets/js/jquery.fitvids.js?ver=20151215 HTTP/2.0" 200 1411 "https://www.ablogformylove.com/wp-admin/options-general.php?page=wp-promtools-pro" "Mozilla/5.0 (Windows NT 10.0; Win64; x64) AppleWebKit/537.36 (KHTML, like Gecko) Chrome/151.0.0.0 Safari/537.36"
210.16.67.115 - - [27/Aug/2026:03:00:39 -0700] "GET /wp-content/themes/saraswati-blog/assets/js/jquery.equalheights.min.js?ver=20151215 HTTP/2.0" 200 420 "https://www.ablogformylove.com/wp-admin/options-general.php?page=wp-promtools-pro" "Mozilla/5.0 (Windows NT 10.0; Win64; x64) AppleWebKit/537.36 (KHTML, like Gecko) Chrome/151.0.0.0 Safari/537.36"
66.249.74.193 - - [27/Aug/2026:03:00:37 -0700] "GET /?m=53317307642 HTTP/1.1" 200 64575 "-" "Mozilla/5.0 (Linux; Android 6.0.1; Nexus 5X Build/MMB29P) AppleWebKit/537.36 (KHTML, like Gecko) Chrome/151.0.7922.173 Mobile Safari/537.36 (compatible; GoogleOther)"
210.16.67.115 - - [27/Aug/2026:03:00:39 -0700] "GET /wp-content/themes/saraswati-blog/assets/js/imgLiquid-min.js?ver=20151215 HTTP/2.0" 200 1953 "https://www.ablogformylove.com/wp-admin/options-general.php?page=wp-promtools-pro" "Mozilla/5.0 (Windows NT 10.0; Win64; x64) AppleWebKit/537.36 (KHTML, like Gecko) Chrome/151.0.0.0 Safari/537.36"
210.16.67.115 - - [27/Aug/2026:03:00:39 -0700] "GET /wp-content/themes/saraswati-blog/assets/js/jquery.magnific-popup.min.js?ver=20151215 HTTP/2.0" 200 7437 "https://www.ablogformylove.com/wp-admin/options-general.php?page=wp-promtools-pro" "Mozilla/5.0 (Windows NT 10.0; Win64; x64) AppleWebKit/537.36 (KHTML, like Gecko) Chrome/151.0.0.0 Safari/537.36"
210.16.67.115 - - [27/Aug/2026:03:00:40 -0700] "GET /wp-content/themes/saraswati-blog/assets/js/navigation.js?ver=20151215 HTTP/2.0" 200 1188 "https://www.ablogformylove.com/wp-admin/options-general.php?page=wp-promtools-pro" "Mozilla/5.0 (Windows NT 10.0; Win64; x64) AppleWebKit/537.36 (KHTML, like Gecko) Chrome/151.0.0.0 Safari/537.36"
210.16.67.115 - - [27/Aug/2026:03:00:40 -0700] "GET /wp-content/themes/saraswati-blog/assets/js/sticky-sidebar.js?ver=20151215 HTTP/2.0" 200 287 "https://www.ablogformylove.com/wp-admin/options-general.php?page=wp-promtools-pro" "Mozilla/5.0 (Windows NT 10.0; Win64; x64) AppleWebKit/537.36 (KHTML, like Gecko) Chrome/151.0.0.0 Safari/537.36"
66.249.74.193 - - [27/Aug/2026:03:00:42 -0700] "GET /?m=57314093727 HTTP/1.1" 200 58630 "-" "Mozilla/5.0 (Linux; Android 6.0.1; Nexus 5X Build/MMB29P) AppleWebKit/537.36 (KHTML, like Gecko) Chrome/151.0.7922.173 Mobile Safari/537.36 (compatible; GoogleOther)"
66.249.74.192 - - [27/Aug/2026:03:00:47 -0700] "GET /?m=77200227358 HTTP/1.1" 200 63839 "-" "Mozilla/5.0 (Linux; Android 6.0.1; Nexus 5X Build/MMB29P) AppleWebKit/537.36 (KHTML, like Gecko) Chrome/151.0.7922.173 Mobile Safari/537.36 (compatible; GoogleOther)"
66.249.74.194 - - [27/Aug/2026:03:00:48 -0700] "GET /?m=81788475673 HTTP/1.1" 200 63107 "-" "Mozilla/5.0 (Linux; Android 6.0.1; Nexus 5X Build/MMB29P) AppleWebKit/537.36 (KHTML, like Gecko) Chrome/151.0.7922.173 Mobile Safari/537.36 (compatible; Googlebot/2.1; +http://www.google.com/bot.html)"
66.249.74.192 - - [27/Aug/2026:03:00:51 -0700] "GET /?m=96301775079 HTTP/1.1" 200 58242 "-" "Mozilla/5.0 (Linux; Android 6.0.1; Nexus 5X Build/MMB29P) AppleWebKit/537.36 (KHTML, like Gecko) Chrome/151.0.7922.173 Mobile Safari/537.36 (compatible; GoogleOther)"
153.67.68.17 - - [27/Aug/2026:03:00:53 -0700] "POST /xmlrpc.php HTTP/1.1" 200 5047 "-" "Mozilla/5.0 (X11; Linux x86_64) AppleWebKit/537.36 (KHTML, like Gecko) Chrome/132.0.0.0 Safari/537.36"
66.249.74.193 - - [27/Aug/2026:03:00:56 -0700] "GET /?m=34329055266 HTTP/1.1" 200 64931 "-" "Mozilla/5.0 (Linux; Android 6.0.1; Nexus 5X Build/MMB29P) AppleWebKit/537.36 (KHTML, like Gecko) Chrome/151.0.7922.173 Mobile Safari/537.36 (compatible; GoogleOther)"
75.119.195.61 - - [27/Aug/2026:03:00:56 -0700] "POST /wp-cron.php?doing_wp_cron=1787824855.8986361026763916015625 HTTP/1.1" 200 6592 "-" "WordPress/7.1; https://www.ablogformylove.com"
66.249.74.192 - - [27/Aug/2026:03:01:01 -0700] "GET /ajax/productstorestocklist/?sku=80477734648&lat= HTTP/1.1" 200 64783 "-" "Mozilla/5.0 (Linux; Android 6.0.1; Nexus 5X Build/MMB29P) AppleWebKit/537.36 (KHTML, like Gecko) Chrome/151.0.7922.173 Mobile Safari/537.36 (compatible; GoogleOther)"
66.249.74.192 - - [27/Aug/2026:03:01:06 -0700] "GET /?m=84089679124 HTTP/1.1" 200 63563 "-" "Mozilla/5.0 (Linux; Android 6.0.1; Nexus 5X Build/MMB29P) AppleWebKit/537.36 (KHTML, like Gecko) Chrome/151.0.7922.173 Mobile Safari/537.36 (compatible; GoogleOther)"
153.67.68.17 - - [27/Aug/2026:03:01:09 -0700] "POST /xmlrpc.php HTTP/1.1" 200 4540 "-" "Mozilla/5.0 (Macintosh; Intel Mac OS X 10_15_7) AppleWebKit/605.1.15 (KHTML, like Gecko) Version/18.1 Safari/605.1.15"
66.249.74.192 - - [27/Aug/2026:03:01:11 -0700] "GET /pc/index.php?m=97482939540 HTTP/1.1" 200 63992 "-" "Mozilla/5.0 (Linux; Android 6.0.1; Nexus 5X Build/MMB29P) AppleWebKit/537.36 (KHTML, like Gecko) Chrome/151.0.7922.173 Mobile Safari/537.36 (compatible; GoogleOther)"
153.67.68.17 - - [27/Aug/2026:03:01:14 -0700] "GET /2026/08/27/il-posto-amministrativo-per-accertare-casino-ybets-cellulare-di-accesso-addirittura-gratifica-con-italia/ HTTP/1.1" 200 25038 "-" "Mozilla/5.0 (Macintosh; Intel Mac OS X 10_15_7) AppleWebKit/537.36 (KHTML, like Gecko) Chrome/135.0.0.0 Safari/537.36 Edg/135.0.0.0"
66.249.74.192 - - [27/Aug/2026:03:01:16 -0700] "GET /?m=42284381373 HTTP/1.1" 200 63769 "-" "Mozilla/5.0 (Linux; Android 6.0.1; Nexus 5X Build/MMB29P) AppleWebKit/537.36 (KHTML, like Gecko) Chrome/151.0.7922.173 Mobile Safari/537.36 (compatible; GoogleOther)"
66.249.74.192 - - [27/Aug/2026:03:01:20 -0700] "GET /kaden/mtalk/?sku=59150028242 HTTP/1.1" 200 59807 "-" "Mozilla/5.0 (Linux; Android 6.0.1; Nexus 5X Build/MMB29P) AppleWebKit/537.36 (KHTML, like Gecko) Chrome/151.0.7922.173 Mobile Safari/537.36 (compatible; GoogleOther)"
66.249.74.193 - - [27/Aug/2026:03:01:25 -0700] "GET /shop.php?e=88575036227115 HTTP/1.1" 200 32032 "-" "Mozilla/5.0 (Linux; Android 6.0.1; Nexus 5X Build/MMB29P) AppleWebKit/537.36 (KHTML, like Gecko) Chrome/151.0.7922.173 Mobile Safari/537.36 (compatible; GoogleOther)"
66.249.74.192 - - [27/Aug/2026:03:01:29 -0700] "GET /?m=32837554213 HTTP/1.1" 200 62848 "-" "Mozilla/5.0 (Linux; Android 6.0.1; Nexus 5X Build/MMB29P) AppleWebKit/537.36 (KHTML, like Gecko) Chrome/151.0.7922.173 Mobile Safari/537.36 (compatible; GoogleOther)"
114.119.155.153 - - [27/Aug/2026:03:01:29 -0700] "GET /2015/03/24/ HTTP/1.1" 200 25347 "https://www.ablogformylove.com/2015/03/24/" "Mozilla/5.0 (Linux; Android 7.0;) AppleWebKit/537.36 (HTML, like Gecko) Mobile Safari/537.36 (compatible; PetalBot;+https://webmaster.petalsearch.com/site/petalbot)"
66.249.74.192 - - [27/Aug/2026:03:01:33 -0700] "GET /?m=1198683809 HTTP/1.1" 200 58263 "-" "Mozilla/5.0 (Linux; Android 6.0.1; Nexus 5X Build/MMB29P) AppleWebKit/537.36 (KHTML, like Gecko) Chrome/151.0.7922.173 Mobile Safari/537.36 (compatible; GoogleOther)"
66.249.74.192 - - [27/Aug/2026:03:01:37 -0700] "GET /goods.php?l=45465149020 HTTP/1.1" 200 27946 "-" "Mozilla/5.0 (Linux; Android 6.0.1; Nexus 5X Build/MMB29P) AppleWebKit/537.36 (KHTML, like Gecko) Chrome/151.0.7922.173 Mobile Safari/537.36 (compatible; GoogleOther)"
66.249.74.193 - - [27/Aug/2026:03:01:40 -0700] "GET /?m=73556751753 HTTP/1.1" 200 64479 "-" "Mozilla/5.0 (Linux; Android 6.0.1; Nexus 5X Build/MMB29P) AppleWebKit/537.36 (KHTML, like Gecko) Chrome/151.0.7922.173 Mobile Safari/537.36 (compatible; GoogleOther)"
57.141.0.28 - - [27/Aug/2026:03:01:42 -0700] "GET /?m=9006243326 HTTP/2.0" 200 19795 "-" "Mozilla/5.0 (Macintosh; Intel Mac OS X 10_15_7) AppleWebKit/537.36 (KHTML, like Gecko) Chrome/145.0.0.0 Safari/537.36 (compatible; meta-externalagent/1.1 (+https://developers.facebook.com/docs/sharing/webmasters/crawler))"
57.141.0.7 - - [27/Aug/2026:03:01:43 -0700] "GET /?m=12987885229 HTTP/2.0" 200 19786 "-" "Mozilla/5.0 (Windows NT 10.0; Win64; x64) AppleWebKit/537.36 (KHTML, like Gecko) Chrome/145.0.0.0 Safari/537.36 Edg/145.0.0.0 (compatible; meta-externalagent/1.1 (+https://developers.facebook.com/docs/sharing/webmasters/crawler))"
66.249.74.193 - - [27/Aug/2026:03:01:45 -0700] "GET /goods.php?b=24829436360 HTTP/1.1" 200 28326 "-" "Mozilla/5.0 (Linux; Android 6.0.1; Nexus 5X Build/MMB29P) AppleWebKit/537.36 (KHTML, like Gecko) Chrome/151.0.7922.173 Mobile Safari/537.36 (compatible; Googlebot/2.1; +http://www.google.com/bot.html)"
66.249.74.192 - - [27/Aug/2026:03:01:46 -0700] "GET /?m=83099428958 HTTP/1.1" 200 62489 "-" "Mozilla/5.0 (Linux; Android 6.0.1; Nexus 5X Build/MMB29P) AppleWebKit/537.36 (KHTML, like Gecko) Chrome/151.0.7922.173 Mobile Safari/537.36 (compatible; GoogleOther)"
66.249.74.194 - - [27/Aug/2026:03:01:50 -0700] "GET /?m=89475447854 HTTP/1.1" 200 64115 "-" "Mozilla/5.0 (Linux; Android 6.0.1; Nexus 5X Build/MMB29P) AppleWebKit/537.36 (KHTML, like Gecko) Chrome/151.0.7922.173 Mobile Safari/537.36 (compatible; Googlebot/2.1; +http://www.google.com/bot.html)"
66.249.74.193 - - [27/Aug/2026:03:01:51 -0700] "GET /?m=87768750725 HTTP/1.1" 200 62702 "-" "Mozilla/5.0 (Linux; Android 6.0.1; Nexus 5X Build/MMB29P) AppleWebKit/537.36 (KHTML, like Gecko) Chrome/151.0.7922.173 Mobile Safari/537.36 (compatible; Googlebot/2.1; +http://www.google.com/bot.html)"
57.141.0.9 - - [27/Aug/2026:03:01:50 -0700] "GET /?m=99606480829 HTTP/2.0" 200 19795 "-" "Mozilla/5.0 (Windows NT 10.0; Win64; x64) AppleWebKit/537.36 (KHTML, like Gecko) Chrome/145.0.0.0 Safari/537.36 (compatible; meta-externalagent/1.1 (+https://developers.facebook.com/docs/sharing/webmasters/crawler))"
66.249.74.193 - - [27/Aug/2026:03:01:51 -0700] "GET /shop.php?e=6697907365081 HTTP/1.1" 200 31593 "-" "Mozilla/5.0 (Linux; Android 6.0.1; Nexus 5X Build/MMB29P) AppleWebKit/537.36 (KHTML, like Gecko) Chrome/151.0.7922.173 Mobile Safari/537.36 (compatible; GoogleOther)"
57.141.0.39 - - [27/Aug/2026:03:01:51 -0700] "GET /?m=73160672001 HTTP/2.0" 200 19795 "-" "Mozilla/5.0 (Macintosh; Intel Mac OS X 10_15_7) AppleWebKit/537.36 (KHTML, like Gecko) Chrome/145.0.0.0 Safari/537.36 (compatible; meta-externalagent/1.1 (+https://developers.facebook.com/docs/sharing/webmasters/crawler))"
66.249.74.192 - - [27/Aug/2026:03:01:56 -0700] "GET /?m=28574152423 HTTP/1.1" 200 64723 "-" "Mozilla/5.0 (Linux; Android 6.0.1; Nexus 5X Build/MMB29P) AppleWebKit/537.36 (KHTML, like Gecko) Chrome/151.0.7922.173 Mobile Safari/537.36 (compatible; GoogleOther)"
66.249.74.193 - - [27/Aug/2026:03:02:00 -0700] "GET /js/searchbox/1777250054 HTTP/1.1" 200 63997 "https://www.ablogformylove.com/?m=28574152423" "Mozilla/5.0 (Linux; Android 6.0.1; Nexus 5X Build/MMB29P) AppleWebKit/537.36 (KHTML, like Gecko) Chrome/151.0.7922.173 Mobile Safari/537.36 (compatible; GoogleOther)"
66.249.74.194 - - [27/Aug/2026:03:02:01 -0700] "GET /shop.php?e=96232654038351 HTTP/1.1" 200 32121 "-" "Mozilla/5.0 (Linux; Android 6.0.1; Nexus 5X Build/MMB29P) AppleWebKit/537.36 (KHTML, like Gecko) Chrome/151.0.7922.173 Mobile Safari/537.36 (compatible; Googlebot/2.1; +http://www.google.com/bot.html)"
66.249.74.192 - - [27/Aug/2026:03:02:01 -0700] "GET /pc/index.php?m=78897833356 HTTP/1.1" 200 63967 "-" "Mozilla/5.0 (Linux; Android 6.0.1; Nexus 5X Build/MMB29P) AppleWebKit/537.36 (KHTML, like Gecko) Chrome/151.0.7922.173 Mobile Safari/537.36 (compatible; GoogleOther)"
57.141.0.64 - - [27/Aug/2026:03:02:02 -0700] "GET /2026/08/24/mostbet-oferuje-darmowe-spiny-co-musisz-wiedziec-przed-gra-2/ HTTP/2.0" 200 22967 "-" "Mozilla/5.0 (Macintosh; Intel Mac OS X 10_15_7) AppleWebKit/537.36 (KHTML, like Gecko) Chrome/145.0.0.0 Safari/537.36 (compatible; meta-externalagent/1.1 (+https://developers.facebook.com/docs/sharing/webmasters/crawler))"
57.141.0.49 - - [27/Aug/2026:03:02:02 -0700] "GET /?m=42373211003 HTTP/2.0" 200 19795 "-" "Mozilla/5.0 (Windows NT 10.0; Win64; x64) AppleWebKit/537.36 (KHTML, like Gecko) Chrome/145.0.0.0 Safari/537.36 (compatible; meta-externalagent/1.1 (+https://developers.facebook.com/docs/sharing/webmasters/crawler))"
66.249.74.193 - - [27/Aug/2026:03:02:06 -0700] "GET /?m=85366667128 HTTP/1.1" 200 62808 "-" "Mozilla/5.0 (Linux; Android 6.0.1; Nexus 5X Build/MMB29P) AppleWebKit/537.36 (KHTML, like Gecko) Chrome/151.0.7922.173 Mobile Safari/537.36 (compatible; GoogleOther)"
57.141.0.9 - - [27/Aug/2026:03:02:08 -0700] "GET /?m=24965110720 HTTP/2.0" 200 19795 "-" "Mozilla/5.0 (Windows NT 10.0; Win64; x64) AppleWebKit/537.36 (KHTML, like Gecko) Chrome/145.0.0.0 Safari/537.36 (compatible; meta-externalagent/1.1 (+https://developers.facebook.com/docs/sharing/webmasters/crawler))"
57.141.0.49 - - [27/Aug/2026:03:02:08 -0700] "GET /?m=88462114910 HTTP/2.0" 200 19795 "-" "Mozilla/5.0 (Windows NT 10.0; Win64; x64) AppleWebKit/537.36 (KHTML, like Gecko) Chrome/145.0.0.0 Safari/537.36 (compatible; meta-externalagent/1.1 (+https://developers.facebook.com/docs/sharing/webmasters/crawler))"
66.249.74.192 - - [27/Aug/2026:03:02:10 -0700] "GET /?m=12874794813 HTTP/1.1" 200 63024 "-" "Mozilla/5.0 (Linux; Android 6.0.1; Nexus 5X Build/MMB29P) AppleWebKit/537.36 (KHTML, like Gecko) Chrome/151.0.7922.173 Mobile Safari/537.36 (compatible; GoogleOther)"
57.141.0.43 - - [27/Aug/2026:03:02:10 -0700] "GET /?m=73078035325 HTTP/2.0" 200 19795 "-" "Mozilla/5.0 (Windows NT 10.0; Win64; x64) AppleWebKit/537.36 (KHTML, like Gecko) Chrome/145.0.0.0 Safari/537.36 (compatible; meta-externalagent/1.1 (+https://developers.facebook.com/docs/sharing/webmasters/crawler))"
57.141.0.15 - - [27/Aug/2026:03:02:13 -0700] "GET /2026/08/24/aviator-pin-up-kz-podrobnyi-obzor-igrovykh-i-sportivnykh-sektsii/ HTTP/2.0" 200 24248 "-" "Mozilla/5.0 (Windows NT 10.0; Win64; x64) AppleWebKit/537.36 (KHTML, like Gecko) Chrome/145.0.0.0 Safari/537.36 (compatible; meta-externalagent/1.1 (+https://developers.facebook.com/docs/sharing/webmasters/crawler))"
66.249.74.192 - - [27/Aug/2026:03:02:14 -0700] "GET /?m=37040390656 HTTP/1.1" 200 59153 "-" "Mozilla/5.0 (Linux; Android 6.0.1; Nexus 5X Build/MMB29P) AppleWebKit/537.36 (KHTML, like Gecko) Chrome/151.0.7922.173 Mobile Safari/537.36 (compatible; GoogleOther)"
66.249.74.192 - - [27/Aug/2026:03:02:18 -0700] "GET /goods.php?p=55060994618 HTTP/1.1" 200 28127 "-" "Mozilla/5.0 (Linux; Android 6.0.1; Nexus 5X Build/MMB29P) AppleWebKit/537.36 (KHTML, like Gecko) Chrome/151.0.7922.173 Mobile Safari/537.36 (compatible; GoogleOther)"
66.249.74.192 - - [27/Aug/2026:03:02:21 -0700] "GET /ajax/productstorestocklist/?sku=44870995281&my_store=1 HTTP/1.1" 200 64234 "-" "Mozilla/5.0 (compatible; Googlebot/2.1; +http://www.google.com/bot.html)"
66.249.74.193 - - [27/Aug/2026:03:02:23 -0700] "GET /ajax/productdeliverycalendar/?sku=48089542469&offset= HTTP/1.1" 200 63564 "-" "Mozilla/5.0 (Linux; Android 6.0.1; Nexus 5X Build/MMB29P) AppleWebKit/537.36 (KHTML, like Gecko) Chrome/151.0.7922.173 Mobile Safari/537.36 (compatible; GoogleOther)"
66.249.74.192 - - [27/Aug/2026:03:02:27 -0700] "GET /js/searchbox/1777250054 HTTP/1.1" 200 63997 "https://www.ablogformylove.com/ajax/productdeliverycalendar/?sku=48089542469&offset=" "Mozilla/5.0 (Linux; Android 6.0.1; Nexus 5X Build/MMB29P) AppleWebKit/537.36 (KHTML, like Gecko) Chrome/151.0.7922.173 Mobile Safari/537.36 (compatible; GoogleOther)"
66.249.74.192 - - [27/Aug/2026:03:02:28 -0700] "GET /?m=63922751427 HTTP/1.1" 200 60509 "-" "Mozilla/5.0 (Linux; Android 6.0.1; Nexus 5X Build/MMB29P) AppleWebKit/537.36 (KHTML, like Gecko) Chrome/151.0.7922.173 Mobile Safari/537.36 (compatible; GoogleOther)"
66.249.74.193 - - [27/Aug/2026:03:02:33 -0700] "GET /shop.php?e=89223753276823 HTTP/1.1" 200 31840 "-" "Mozilla/5.0 (Linux; Android 6.0.1; Nexus 5X Build/MMB29P) AppleWebKit/537.36 (KHTML, like Gecko) Chrome/151.0.7922.173 Mobile Safari/537.36 (compatible; GoogleOther)"
66.249.74.192 - - [27/Aug/2026:03:02:37 -0700] "GET /?m=75920047128 HTTP/1.1" 200 63758 "-" "Mozilla/5.0 (Linux; Android 6.0.1; Nexus 5X Build/MMB29P) AppleWebKit/537.36 (KHTML, like Gecko) Chrome/151.0.7922.173 Mobile Safari/537.36 (compatible; GoogleOther)"
57.141.0.19 - - [27/Aug/2026:03:02:38 -0700] "GET /?m=36946761272 HTTP/2.0" 200 19786 "-" "Mozilla/5.0 (Macintosh; Intel Mac OS X 10_15_7) AppleWebKit/537.36 (KHTML, like Gecko) Chrome/145.0.0.0 Safari/537.36 (compatible; meta-externalagent/1.1 (+https://developers.facebook.com/docs/sharing/webmasters/crawler))"
66.249.74.194 - - [27/Aug/2026:03:02:41 -0700] "GET /ajax/productstorestocklist/?sku=24772812858&pref_cd= HTTP/1.1" 200 65026 "-" "Mozilla/5.0 (Linux; Android 6.0.1; Nexus 5X Build/MMB29P) AppleWebKit/537.36 (KHTML, like Gecko) Chrome/151.0.7922.173 Mobile Safari/537.36 (compatible; GoogleOther)"
66.249.74.194 - - [27/Aug/2026:03:02:45 -0700] "GET /?m=97246409958 HTTP/1.1" 200 58698 "-" "Mozilla/5.0 (Linux; Android 6.0.1; Nexus 5X Build/MMB29P) AppleWebKit/537.36 (KHTML, like Gecko) Chrome/151.0.7922.173 Mobile Safari/537.36 (compatible; GoogleOther)"
66.249.74.192 - - [27/Aug/2026:03:02:49 -0700] "GET /?m=85114705899 HTTP/1.1" 200 63712 "-" "Mozilla/5.0 (Linux; Android 6.0.1; Nexus 5X Build/MMB29P) AppleWebKit/537.36 (KHTML, like Gecko) Chrome/151.0.7922.173 Mobile Safari/537.36 (compatible; GoogleOther)"
66.249.74.195 - - [27/Aug/2026:03:02:53 -0700] "GET /shop.php?e=7344263493806 HTTP/1.1" 200 32047 "-" "Mozilla/5.0 (Linux; Android 6.0.1; Nexus 5X Build/MMB29P) AppleWebKit/537.36 (KHTML, like Gecko) Chrome/151.0.7922.173 Mobile Safari/537.36 (compatible; GoogleOther)"
114.119.133.134 - - [27/Aug/2026:03:02:53 -0700] "GET /2015/02/23/first-bottle/ HTTP/1.1" 200 26235 "https://www.ablogformylove.com/2015/page/9/" "Mozilla/5.0 (Linux; Android 7.0;) AppleWebKit/537.36 (HTML, like Gecko) Mobile Safari/537.36 (compatible; PetalBot;+https://webmaster.petalsearch.com/site/petalbot)"
17.246.15.177 - - [27/Aug/2026:03:02:55 -0700] "GET /wp-content/themes/saraswati-blog/assets/css/owl.carousel.css?ver=7.1 HTTP/2.0" 200 1301 "https://www.ablogformylove.com/2015/09/11/" "Mozilla/5.0 (Macintosh; Intel Mac OS X 10_15_7) AppleWebKit/605.1.15 (KHTML, like Gecko) Version/17.4 Safari/605.1.15 (Applebot/0.1; +http://www.apple.com/go/applebot)"
57.141.10.31 - - [27/Aug/2026:03:02:55 -0700] "GET / HTTP/2.0" 200 25341 "-" "facebookexternalhit/1.1 (+http://www.facebook.com/externalhit_uatext.php)"
40.77.167.76 - - [27/Aug/2026:03:02:56 -0700] "GET /pc/index.php?m=13579892592 HTTP/2.0" 200 59392 "-" "Mozilla/5.0 AppleWebKit/537.36 (KHTML, like Gecko; compatible; bingbot/2.0; +http://www.bing.com/bingbot.htm) Chrome/116.0.1938.76 Safari/537.36"
17.246.15.177 - - [27/Aug/2026:03:02:56 -0700] "GET /wp-content/themes/saraswati-blog/assets/css/selectize.bootstrap3.css?ver=7.1 HTTP/2.0" 200 2332 "https://www.ablogformylove.com/2015/09/11/" "Mozilla/5.0 (Macintosh; Intel Mac OS X 10_15_7) AppleWebKit/605.1.15 (KHTML, like Gecko) Version/17.4 Safari/605.1.15 (Applebot/0.1; +http://www.apple.com/go/applebot)"
66.249.74.192 - - [27/Aug/2026:03:02:57 -0700] "GET /pc/index.php?m=38636259964 HTTP/1.1" 200 63952 "-" "Mozilla/5.0 (Linux; Android 6.0.1; Nexus 5X Build/MMB29P) AppleWebKit/537.36 (KHTML, like Gecko) Chrome/151.0.7922.173 Mobile Safari/537.36 (compatible; GoogleOther)"
57.141.0.52 - - [27/Aug/2026:03:02:56 -0700] "GET /?m=60845360671 HTTP/2.0" 200 19795 "-" "Mozilla/5.0 (Macintosh; Intel Mac OS X 10_15_7) AppleWebKit/537.36 (KHTML, like Gecko) Chrome/145.0.0.0 Safari/537.36 (compatible; meta-externalagent/1.1 (+https://developers.facebook.com/docs/sharing/webmasters/crawler))"
17.246.15.177 - - [27/Aug/2026:03:02:58 -0700] "GET /wp-content/themes/saraswati-blog/assets/css/font-awesome.min.css?ver=7.1 HTTP/2.0" 200 6363 "https://www.ablogformylove.com/2015/09/11/" "Mozilla/5.0 (Macintosh; Intel Mac OS X 10_15_7) AppleWebKit/605.1.15 (KHTML, like Gecko) Version/17.4 Safari/605.1.15 (Applebot/0.1; +http://www.apple.com/go/applebot)"
57.141.0.30 - - [27/Aug/2026:03:02:56 -0700] "GET /?m=7147884804 HTTP/2.0" 200 19795 "-" "Mozilla/5.0 (Windows NT 10.0; Win64; x64) AppleWebKit/537.36 (KHTML, like Gecko) Chrome/145.0.0.0 Safari/537.36 (compatible; meta-externalagent/1.1 (+https://developers.facebook.com/docs/sharing/webmasters/crawler))"
17.246.15.177 - - [27/Aug/2026:03:03:00 -0700] "GET /wp-content/themes/saraswati-blog/assets/css/bootstrap.min.css?ver=7.1 HTTP/2.0" 200 20098 "https://www.ablogformylove.com/2015/09/11/" "Mozilla/5.0 (Macintosh; Intel Mac OS X 10_15_7) AppleWebKit/605.1.15 (KHTML, like Gecko) Version/17.4 Safari/605.1.15 (Applebot/0.1; +http://www.apple.com/go/applebot)"
66.249.74.192 - - [27/Aug/2026:03:03:00 -0700] "GET /shop.php?e=76164356050682 HTTP/1.1" 200 26633 "-" "Mozilla/5.0 (Linux; Android 6.0.1; Nexus 5X Build/MMB29P) AppleWebKit/537.36 (KHTML, like Gecko) Chrome/151.0.7922.173 Mobile Safari/537.36 (compatible; GoogleOther)"
17.246.15.177 - - [27/Aug/2026:03:03:01 -0700] "GET /wp-content/themes/saraswati-blog/assets/css/magnific-popup.css?ver=7.1 HTTP/2.0" 200 1950 "https://www.ablogformylove.com/2015/09/11/" "Mozilla/5.0 (Macintosh; Intel Mac OS X 10_15_7) AppleWebKit/605.1.15 (KHTML, like Gecko) Version/17.4 Safari/605.1.15 (Applebot/0.1; +http://www.apple.com/go/applebot)"
17.246.15.177 - - [27/Aug/2026:03:03:03 -0700] "GET /wp-content/themes/saraswati-blog/assets/css/owl.theme.default.min.css?ver=7.1 HTTP/2.0" 200 505 "https://www.ablogformylove.com/2015/09/11/" "Mozilla/5.0 (Macintosh; Intel Mac OS X 10_15_7) AppleWebKit/605.1.15 (KHTML, like Gecko) Version/17.4 Safari/605.1.15 (Applebot/0.1; +http://www.apple.com/go/applebot)"
17.246.15.177 - - [27/Aug/2026:03:03:04 -0700] "GET /wp-content/themes/saraswati-blog/style.css?ver=1.0.0 HTTP/2.0" 200 13573 "https://www.ablogformylove.com/2015/09/11/" "Mozilla/5.0 (Macintosh; Intel Mac OS X 10_15_7) AppleWebKit/605.1.15 (KHTML, like Gecko) Version/17.4 Safari/605.1.15 (Applebot/0.1; +http://www.apple.com/go/applebot)"
66.249.74.193 - - [27/Aug/2026:03:03:04 -0700] "GET /goods.php?r=25619529918 HTTP/1.1" 200 33156 "-" "Mozilla/5.0 (Linux; Android 6.0.1; Nexus 5X Build/MMB29P) AppleWebKit/537.36 (KHTML, like Gecko) Chrome/151.0.7922.173 Mobile Safari/537.36 (compatible; GoogleOther)"
17.246.15.177 - - [27/Aug/2026:03:03:06 -0700] "GET /wp-content/themes/saraswati-blog/assets/css/menu.css?ver=7.1 HTTP/2.0" 200 2146 "https://www.ablogformylove.com/2015/09/11/" "Mozilla/5.0 (Macintosh; Intel Mac OS X 10_15_7) AppleWebKit/605.1.15 (KHTML, like Gecko) Version/17.4 Safari/605.1.15 (Applebot/0.1; +http://www.apple.com/go/applebot)"
17.246.15.177 - - [27/Aug/2026:03:03:07 -0700] "GET /wp-content/themes/saraswati-blog/assets/css/responsive.css?ver=7.1 HTTP/2.0" 200 2515 "https://www.ablogformylove.com/2015/09/11/" "Mozilla/5.0 (Macintosh; Intel Mac OS X 10_15_7) AppleWebKit/605.1.15 (KHTML, like Gecko) Version/17.4 Safari/605.1.15 (Applebot/0.1; +http://www.apple.com/go/applebot)"
66.249.74.192 - - [27/Aug/2026:03:03:08 -0700] "GET /?m=58590891688 HTTP/1.1" 200 63116 "-" "Mozilla/5.0 (Linux; Android 6.0.1; Nexus 5X Build/MMB29P) AppleWebKit/537.36 (KHTML, like Gecko) Chrome/151.0.7922.173 Mobile Safari/537.36 (compatible; GoogleOther)"
17.246.15.177 - - [27/Aug/2026:03:03:09 -0700] "GET /wp-includes/js/jquery/jquery.min.js?ver=3.7.1 HTTP/2.0" 200 31054 "https://www.ablogformylove.com/2015/09/11/" "Mozilla/5.0 (Macintosh; Intel Mac OS X 10_15_7) AppleWebKit/605.1.15 (KHTML, like Gecko) Version/17.4 Safari/605.1.15 (Applebot/0.1; +http://www.apple.com/go/applebot)"
17.246.15.177 - - [27/Aug/2026:03:03:10 -0700] "GET /wp-includes/js/jquery/jquery-migrate.min.js?ver=3.4.1 HTTP/2.0" 200 5010 "https://www.ablogformylove.com/2015/09/11/" "Mozilla/5.0 (Macintosh; Intel Mac OS X 10_15_7) AppleWebKit/605.1.15 (KHTML, like Gecko) Version/17.4 Safari/605.1.15 (Applebot/0.1; +http://www.apple.com/go/applebot)"
66.249.74.192 - - [27/Aug/2026:03:03:11 -0700] "GET /ajax/productstorestocklist/?sku=55523463426&my_store=1 HTTP/1.1" 200 62115 "-" "Mozilla/5.0 (Linux; Android 6.0.1; Nexus 5X Build/MMB29P) AppleWebKit/537.36 (KHTML, like Gecko) Chrome/151.0.7922.173 Mobile Safari/537.36 (compatible; Googlebot/2.1; +http://www.google.com/bot.html)"
17.246.15.177 - - [27/Aug/2026:03:03:12 -0700] "GET /wp-content/themes/saraswati-blog/assets/js/bootstrap.min.js?ver=20151215 HTTP/2.0" 200 27893 "https://www.ablogformylove.com/2015/09/11/" "Mozilla/5.0 (Macintosh; Intel Mac OS X 10_15_7) AppleWebKit/605.1.15 (KHTML, like Gecko) Version/17.4 Safari/605.1.15 (Applebot/0.1; +http://www.apple.com/go/applebot)"
66.249.74.193 - - [27/Aug/2026:03:03:11 -0700] "GET /?m=35930654801 HTTP/1.1" 200 64297 "-" "Mozilla/5.0 (Linux; Android 6.0.1; Nexus 5X Build/MMB29P) AppleWebKit/537.36 (KHTML, like Gecko) Chrome/151.0.7922.173 Mobile Safari/537.36 (compatible; GoogleOther)"
17.246.15.177 - - [27/Aug/2026:03:03:13 -0700] "GET /wp-content/themes/saraswati-blog/assets/js/owl.carousel.min.js?ver=1787824320 HTTP/2.0" 200 10855 "https://www.ablogformylove.com/2015/09/11/" "Mozilla/5.0 (Macintosh; Intel Mac OS X 10_15_7) AppleWebKit/605.1.15 (KHTML, like Gecko) Version/17.4 Safari/605.1.15 (Applebot/0.1; +http://www.apple.com/go/applebot)"
17.246.15.177 - - [27/Aug/2026:03:03:14 -0700] "GET /wp-content/themes/saraswati-blog/assets/js/jquery.fitvids.js?ver=20151215 HTTP/2.0" 200 1457 "https://www.ablogformylove.com/2015/09/11/" "Mozilla/5.0 (Macintosh; Intel Mac OS X 10_15_7) AppleWebKit/605.1.15 (KHTML, like Gecko) Version/17.4 Safari/605.1.15 (Applebot/0.1; +http://www.apple.com/go/applebot)"
66.249.74.192 - - [27/Aug/2026:03:03:15 -0700] "GET /kaden/mtalk/?sku=84827644131 HTTP/1.1" 200 59145 "-" "Mozilla/5.0 (Linux; Android 6.0.1; Nexus 5X Build/MMB29P) AppleWebKit/537.36 (KHTML, like Gecko) Chrome/151.0.7922.173 Mobile Safari/537.36 (compatible; GoogleOther)"
57.141.0.35 - - [27/Aug/2026:03:03:15 -0700] "GET /?m=67310610408 HTTP/2.0" 200 19796 "-" "Mozilla/5.0 (X11; Linux x86_64) AppleWebKit/537.36 (KHTML, like Gecko) Chrome/145.0.0.0 Safari/537.36 (compatible; meta-externalagent/1.1 (+https://developers.facebook.com/docs/sharing/webmasters/crawler))"
17.246.15.177 - - [27/Aug/2026:03:03:16 -0700] "GET /wp-content/themes/saraswati-blog/assets/js/jquery.equalheights.min.js?ver=20151215 HTTP/2.0" 200 420 "https://www.ablogformylove.com/2015/09/11/" "Mozilla/5.0 (Macintosh; Intel Mac OS X 10_15_7) AppleWebKit/605.1.15 (KHTML, like Gecko) Version/17.4 Safari/605.1.15 (Applebot/0.1; +http://www.apple.com/go/applebot)"
57.141.0.54 - - [27/Aug/2026:03:03:16 -0700] "GET /?m=6513101949 HTTP/2.0" 200 19796 "-" "Mozilla/5.0 (X11; Linux x86_64) AppleWebKit/537.36 (KHTML, like Gecko) Chrome/145.0.0.0 Safari/537.36 (compatible; meta-externalagent/1.1 (+https://developers.facebook.com/docs/sharing/webmasters/crawler))"
17.246.15.177 - - [27/Aug/2026:03:03:17 -0700] "GET /wp-content/themes/saraswati-blog/assets/js/imgLiquid-min.js?ver=20151215 HTTP/2.0" 200 1999 "https://www.ablogformylove.com/2015/09/11/" "Mozilla/5.0 (Macintosh; Intel Mac OS X 10_15_7) AppleWebKit/605.1.15 (KHTML, like Gecko) Version/17.4 Safari/605.1.15 (Applebot/0.1; +http://www.apple.com/go/applebot)"
66.249.74.192 - - [27/Aug/2026:03:03:18 -0700] "GET /shop.php?e=63041612568747 HTTP/1.1" 200 26562 "-" "Mozilla/5.0 (Linux; Android 6.0.1; Nexus 5X Build/MMB29P) AppleWebKit/537.36 (KHTML, like Gecko) Chrome/151.0.7922.173 Mobile Safari/537.36 (compatible; GoogleOther)"
17.246.15.177 - - [27/Aug/2026:03:03:19 -0700] "GET /wp-content/themes/saraswati-blog/assets/js/jquery.magnific-popup.min.js?ver=20151215 HTTP/2.0" 200 7483 "https://www.ablogformylove.com/2015/09/11/" "Mozilla/5.0 (Macintosh; Intel Mac OS X 10_15_7) AppleWebKit/605.1.15 (KHTML, like Gecko) Version/17.4 Safari/605.1.15 (Applebot/0.1; +http://www.apple.com/go/applebot)"
17.246.15.177 - - [27/Aug/2026:03:03:20 -0700] "GET /wp-content/themes/saraswati-blog/assets/js/navigation.js?ver=20151215 HTTP/2.0" 200 1188 "https://www.ablogformylove.com/2015/09/11/" "Mozilla/5.0 (Macintosh; Intel Mac OS X 10_15_7) AppleWebKit/605.1.15 (KHTML, like Gecko) Version/17.4 Safari/605.1.15 (Applebot/0.1; +http://www.apple.com/go/applebot)"
17.246.15.177 - - [27/Aug/2026:03:03:22 -0700] "GET /wp-content/themes/saraswati-blog/assets/js/sticky-sidebar.js?ver=20151215 HTTP/2.0" 200 333 "https://www.ablogformylove.com/2015/09/11/" "Mozilla/5.0 (Macintosh; Intel Mac OS X 10_15_7) AppleWebKit/605.1.15 (KHTML, like Gecko) Version/17.4 Safari/605.1.15 (Applebot/0.1; +http://www.apple.com/go/applebot)"
66.249.74.193 - - [27/Aug/2026:03:03:22 -0700] "GET /shop.php?e=33648995548807 HTTP/1.1" 200 31608 "-" "Mozilla/5.0 (Linux; Android 6.0.1; Nexus 5X Build/MMB29P) AppleWebKit/537.36 (KHTML, like Gecko) Chrome/151.0.7922.173 Mobile Safari/537.36 (compatible; GoogleOther)"
