216.73.217.53 - - [27/Aug/2026:00:52:56 -0700] "GET /2026/08/27/greatest-online-slots-the-real-deal-cash-in-the-united-states-2026/ HTTP/2.0" 200 24797 "-" "Mozilla/5.0 AppleWebKit/537.36 (KHTML, like Gecko; compatible; ClaudeBot/1.0; +claudebot@anthropic.com)"
66.249.74.193 - - [27/Aug/2026:00:52:57 -0700] "GET /shop.php?e=94480169044634 HTTP/1.1" 200 31804 "-" "Mozilla/5.0 (Linux; Android 6.0.1; Nexus 5X Build/MMB29P) AppleWebKit/537.36 (KHTML, like Gecko) Chrome/151.0.7922.173 Mobile Safari/537.36 (compatible; GoogleOther)"
66.249.74.193 - - [27/Aug/2026:00:53:00 -0700] "GET /?m=50198530721 HTTP/1.1" 200 59544 "-" "Mozilla/5.0 (Linux; Android 6.0.1; Nexus 5X Build/MMB29P) AppleWebKit/537.36 (KHTML, like Gecko) Chrome/151.0.7922.173 Mobile Safari/537.36 (compatible; GoogleOther)"
57.141.0.19 - - [27/Aug/2026:00:53:04 -0700] "GET / HTTP/2.0" 200 24356 "-" "facebookexternalhit/1.1 (+http://www.facebook.com/externalhit_uatext.php)"
66.249.74.193 - - [27/Aug/2026:00:53:09 -0700] "GET /shop.php?e=10474282360467 HTTP/1.1" 200 32058 "-" "Mozilla/5.0 (Linux; Android 6.0.1; Nexus 5X Build/MMB29P) AppleWebKit/537.36 (KHTML, like Gecko) Chrome/151.0.7922.173 Mobile Safari/537.36 (compatible; GoogleOther)"
66.249.74.193 - - [27/Aug/2026:00:53:12 -0700] "GET /shop.php?e=15917954069924 HTTP/1.1" 200 27029 "-" "Mozilla/5.0 (Linux; Android 6.0.1; Nexus 5X Build/MMB29P) AppleWebKit/537.36 (KHTML, like Gecko) Chrome/151.0.7922.173 Mobile Safari/537.36 (compatible; GoogleOther)"
57.141.0.30 - - [27/Aug/2026:00:53:16 -0700] "GET /?m=11595823951 HTTP/2.0" 200 19796 "-" "Mozilla/5.0 (Macintosh; Intel Mac OS X 10_15_7) AppleWebKit/537.36 (KHTML, like Gecko) Chrome/145.0.0.0 Safari/537.36 (compatible; meta-externalagent/1.1 (+https://developers.facebook.com/docs/sharing/webmasters/crawler))"
66.249.74.192 - - [27/Aug/2026:00:53:16 -0700] "GET /?m=97911285134 HTTP/1.1" 200 63423 "-" "Mozilla/5.0 (Linux; Android 6.0.1; Nexus 5X Build/MMB29P) AppleWebKit/537.36 (KHTML, like Gecko) Chrome/151.0.7922.173 Mobile Safari/537.36 (compatible; GoogleOther)"
66.249.74.192 - - [27/Aug/2026:00:53:22 -0700] "GET /?m=96543173627 HTTP/1.1" 200 63978 "-" "Mozilla/5.0 (Linux; Android 6.0.1; Nexus 5X Build/MMB29P) AppleWebKit/537.36 (KHTML, like Gecko) Chrome/151.0.7922.173 Mobile Safari/537.36 (compatible; GoogleOther)"
216.73.217.53 - - [27/Aug/2026:00:53:27 -0700] "GET /2026/08/27/ten-greatest-casinos-on-royalgame-app-the-internet-the-real-deal-currency-usa-inside-the-2026/ HTTP/2.0" 200 24824 "-" "Mozilla/5.0 AppleWebKit/537.36 (KHTML, like Gecko; compatible; ClaudeBot/1.0; +claudebot@anthropic.com)"
66.249.74.192 - - [27/Aug/2026:00:53:29 -0700] "GET /?m=36699955836 HTTP/1.1" 200 62757 "-" "Mozilla/5.0 (Linux; Android 6.0.1; Nexus 5X Build/MMB29P) AppleWebKit/537.36 (KHTML, like Gecko) Chrome/151.0.7922.173 Mobile Safari/537.36 (compatible; Googlebot/2.1; +http://www.google.com/bot.html)"
66.249.74.192 - - [27/Aug/2026:00:53:30 -0700] "GET /shop.php?e=95287992660304 HTTP/1.1" 200 26860 "-" "Mozilla/5.0 (Linux; Android 6.0.1; Nexus 5X Build/MMB29P) AppleWebKit/537.36 (KHTML, like Gecko) Chrome/151.0.7922.173 Mobile Safari/537.36 (compatible; Googlebot/2.1; +http://www.google.com/bot.html)"
114.119.145.7 - - [27/Aug/2026:00:53:34 -0700] "GET /2018/10 HTTP/1.1" 200 6553 "https://ablogformylove.com/2018/10" "Mozilla/5.0 (Linux; Android 7.0;) AppleWebKit/537.36 (HTML, like Gecko) Mobile Safari/537.36 (compatible; PetalBot;+https://webmaster.petalsearch.com/site/petalbot)"
66.249.74.193 - - [27/Aug/2026:00:53:35 -0700] "GET /?m=8093512791 HTTP/1.1" 200 63215 "-" "Mozilla/5.0 (Linux; Android 6.0.1; Nexus 5X Build/MMB29P) AppleWebKit/537.36 (KHTML, like Gecko) Chrome/151.0.7922.173 Mobile Safari/537.36 (compatible; GoogleOther)"
58.65.214.147 - - [27/Aug/2026:00:53:36 -0700] "POST /xmlrpc.php HTTP/1.1" 200 5046 "-" "Mozilla/5.0 (X11; Linux x86_64) AppleWebKit/537.36 (KHTML, like Gecko) Chrome/135.0.0.0 Safari/537.36"
75.119.195.61 - - [27/Aug/2026:00:53:36 -0700] "POST /wp-cron.php?doing_wp_cron=1787817216.8770229816436767578125 HTTP/1.1" 200 6592 "-" "WordPress/7.1; https://www.ablogformylove.com"
58.65.214.147 - - [27/Aug/2026:00:53:42 -0700] "POST /xmlrpc.php HTTP/1.1" 200 5883 "-" "Mozilla/5.0 (Windows NT 10.0; Win64; x64) AppleWebKit/537.36 (KHTML, like Gecko) Chrome/117.0.5938.132 Safari/537.36"
66.249.74.193 - - [27/Aug/2026:00:53:42 -0700] "GET /shop.php?e=56240614504474 HTTP/1.1" 200 31243 "-" "Mozilla/5.0 (Linux; Android 6.0.1; Nexus 5X Build/MMB29P) AppleWebKit/537.36 (KHTML, like Gecko) Chrome/151.0.7922.173 Mobile Safari/537.36 (compatible; GoogleOther)"
58.65.214.147 - - [27/Aug/2026:00:53:45 -0700] "GET /2026/08/27/maquinas-infantilidade-slots-gratis-aquele-outros-jogos-puerilidade-cassino-jogue-online-ja/ HTTP/1.1" 200 26249 "-" "Mozilla/5.0 (X11; Linux x86_64) AppleWebKit/537.36 (KHTML, like Gecko) Chrome/134.0.0.0 Safari/537.36"
66.249.74.192 - - [27/Aug/2026:00:53:47 -0700] "GET /shop.php?e=74916950077481 HTTP/1.1" 200 31827 "-" "Mozilla/5.0 (Linux; Android 6.0.1; Nexus 5X Build/MMB29P) AppleWebKit/537.36 (KHTML, like Gecko) Chrome/151.0.7922.173 Mobile Safari/537.36 (compatible; GoogleOther)"
216.73.217.53 - - [27/Aug/2026:00:53:50 -0700] "GET /2026/08/27/trendy-fruit-slot-opinion-and-penalty-duel-for-real-money-bonus-publication-of-ra-play-com/ HTTP/2.0" 200 24514 "-" "Mozilla/5.0 AppleWebKit/537.36 (KHTML, like Gecko; compatible; ClaudeBot/1.0; +claudebot@anthropic.com)"
66.249.74.192 - - [27/Aug/2026:00:53:51 -0700] "GET /goods.php?v=53007692422 HTTP/1.1" 200 29035 "-" "Mozilla/5.0 (Linux; Android 6.0.1; Nexus 5X Build/MMB29P) AppleWebKit/537.36 (KHTML, like Gecko) Chrome/151.0.7922.173 Mobile Safari/537.36 (compatible; GoogleOther)"
66.249.74.192 - - [27/Aug/2026:00:53:56 -0700] "GET /pc/index.php?m=74045013175 HTTP/1.1" 200 63818 "-" "Mozilla/5.0 (Linux; Android 6.0.1; Nexus 5X Build/MMB29P) AppleWebKit/537.36 (KHTML, like Gecko) Chrome/151.0.7922.173 Mobile Safari/537.36 (compatible; GoogleOther)"
216.73.217.53 - - [27/Aug/2026:00:53:58 -0700] "GET /?m=29828720296 HTTP/2.0" 200 19794 "-" "Mozilla/5.0 AppleWebKit/537.36 (KHTML, like Gecko; compatible; ClaudeBot/1.0; +claudebot@anthropic.com)"
216.73.217.53 - - [27/Aug/2026:00:53:58 -0700] "GET /?m=4496959524 HTTP/2.0" 200 19688 "-" "Mozilla/5.0 AppleWebKit/537.36 (KHTML, like Gecko; compatible; ClaudeBot/1.0; +claudebot@anthropic.com)"
216.73.217.53 - - [27/Aug/2026:00:54:00 -0700] "GET /?m=4989390936 HTTP/2.0" 200 19735 "-" "Mozilla/5.0 AppleWebKit/537.36 (KHTML, like Gecko; compatible; ClaudeBot/1.0; +claudebot@anthropic.com)"
216.73.217.53 - - [27/Aug/2026:00:54:00 -0700] "GET /?m=78656180865 HTTP/2.0" 200 19689 "-" "Mozilla/5.0 AppleWebKit/537.36 (KHTML, like Gecko; compatible; ClaudeBot/1.0; +claudebot@anthropic.com)"
66.249.74.194 - - [27/Aug/2026:00:54:00 -0700] "GET /?m=83714103083 HTTP/1.1" 200 63360 "-" "Mozilla/5.0 (Linux; Android 6.0.1; Nexus 5X Build/MMB29P) AppleWebKit/537.36 (KHTML, like Gecko) Chrome/151.0.7922.173 Mobile Safari/537.36 (compatible; GoogleOther)"
216.73.217.53 - - [27/Aug/2026:00:54:01 -0700] "GET /?m=4596037264 HTTP/2.0" 200 19725 "-" "Mozilla/5.0 AppleWebKit/537.36 (KHTML, like Gecko; compatible; ClaudeBot/1.0; +claudebot@anthropic.com)"
216.73.217.53 - - [27/Aug/2026:00:54:01 -0700] "GET /?m=40641712864 HTTP/2.0" 200 19689 "-" "Mozilla/5.0 AppleWebKit/537.36 (KHTML, like Gecko; compatible; ClaudeBot/1.0; +claudebot@anthropic.com)"
216.73.217.53 - - [27/Aug/2026:00:54:02 -0700] "GET /?m=47981850682 HTTP/2.0" 200 19735 "-" "Mozilla/5.0 AppleWebKit/537.36 (KHTML, like Gecko; compatible; ClaudeBot/1.0; +claudebot@anthropic.com)"
216.73.217.53 - - [27/Aug/2026:00:54:03 -0700] "GET /?m=42920847708 HTTP/2.0" 200 19735 "-" "Mozilla/5.0 AppleWebKit/537.36 (KHTML, like Gecko; compatible; ClaudeBot/1.0; +claudebot@anthropic.com)"
216.73.217.53 - - [27/Aug/2026:00:54:03 -0700] "GET /?m=50351565766 HTTP/2.0" 200 19689 "-" "Mozilla/5.0 AppleWebKit/537.36 (KHTML, like Gecko; compatible; ClaudeBot/1.0; +claudebot@anthropic.com)"
216.73.217.53 - - [27/Aug/2026:00:54:03 -0700] "GET /?m=73720729656 HTTP/2.0" 200 19689 "-" "Mozilla/5.0 AppleWebKit/537.36 (KHTML, like Gecko; compatible; ClaudeBot/1.0; +claudebot@anthropic.com)"
216.73.217.53 - - [27/Aug/2026:00:54:03 -0700] "GET /?m=53801794826 HTTP/2.0" 200 19689 "-" "Mozilla/5.0 AppleWebKit/537.36 (KHTML, like Gecko; compatible; ClaudeBot/1.0; +claudebot@anthropic.com)"
216.73.217.53 - - [27/Aug/2026:00:54:04 -0700] "GET /?m=99725899595 HTTP/2.0" 200 19735 "-" "Mozilla/5.0 AppleWebKit/537.36 (KHTML, like Gecko; compatible; ClaudeBot/1.0; +claudebot@anthropic.com)"
216.73.217.53 - - [27/Aug/2026:00:54:04 -0700] "GET /?m=91531762995 HTTP/2.0" 200 19689 "-" "Mozilla/5.0 AppleWebKit/537.36 (KHTML, like Gecko; compatible; ClaudeBot/1.0; +claudebot@anthropic.com)"
216.73.217.53 - - [27/Aug/2026:00:54:04 -0700] "GET /?m=41545798510 HTTP/2.0" 200 19689 "-" "Mozilla/5.0 AppleWebKit/537.36 (KHTML, like Gecko; compatible; ClaudeBot/1.0; +claudebot@anthropic.com)"
216.73.217.53 - - [27/Aug/2026:00:54:05 -0700] "GET /?m=72631579997 HTTP/2.0" 200 19736 "-" "Mozilla/5.0 AppleWebKit/537.36 (KHTML, like Gecko; compatible; ClaudeBot/1.0; +claudebot@anthropic.com)"
66.249.74.193 - - [27/Aug/2026:00:54:05 -0700] "GET /goods.php?w=15572340888 HTTP/1.1" 200 33108 "-" "Mozilla/5.0 (Linux; Android 6.0.1; Nexus 5X Build/MMB29P) AppleWebKit/537.36 (KHTML, like Gecko) Chrome/151.0.7922.173 Mobile Safari/537.36 (compatible; GoogleOther)"
216.73.217.53 - - [27/Aug/2026:00:54:05 -0700] "GET /?m=91301166010 HTTP/2.0" 200 19690 "-" "Mozilla/5.0 AppleWebKit/537.36 (KHTML, like Gecko; compatible; ClaudeBot/1.0; +claudebot@anthropic.com)"
216.73.217.53 - - [27/Aug/2026:00:54:06 -0700] "GET /?m=48047476540 HTTP/2.0" 200 19735 "-" "Mozilla/5.0 AppleWebKit/537.36 (KHTML, like Gecko; compatible; ClaudeBot/1.0; +claudebot@anthropic.com)"
216.73.217.53 - - [27/Aug/2026:00:54:05 -0700] "GET /?m=4856479441 HTTP/2.0" 200 19680 "-" "Mozilla/5.0 AppleWebKit/537.36 (KHTML, like Gecko; compatible; ClaudeBot/1.0; +claudebot@anthropic.com)"
216.73.217.53 - - [27/Aug/2026:00:54:06 -0700] "GET /?m=45991213628 HTTP/2.0" 200 19680 "-" "Mozilla/5.0 AppleWebKit/537.36 (KHTML, like Gecko; compatible; ClaudeBot/1.0; +claudebot@anthropic.com)"
216.73.217.53 - - [27/Aug/2026:00:54:06 -0700] "GET /?m=8516215460 HTTP/2.0" 200 19689 "-" "Mozilla/5.0 AppleWebKit/537.36 (KHTML, like Gecko; compatible; ClaudeBot/1.0; +claudebot@anthropic.com)"
216.73.217.53 - - [27/Aug/2026:00:54:05 -0700] "GET /?m=9874021871 HTTP/2.0" 200 19680 "-" "Mozilla/5.0 AppleWebKit/537.36 (KHTML, like Gecko; compatible; ClaudeBot/1.0; +claudebot@anthropic.com)"
216.73.217.53 - - [27/Aug/2026:00:54:07 -0700] "GET /?m=66399704875 HTTP/2.0" 200 19735 "-" "Mozilla/5.0 AppleWebKit/537.36 (KHTML, like Gecko; compatible; ClaudeBot/1.0; +claudebot@anthropic.com)"
216.73.217.53 - - [27/Aug/2026:00:54:07 -0700] "GET /?m=89128605 HTTP/2.0" 200 19680 "-" "Mozilla/5.0 AppleWebKit/537.36 (KHTML, like Gecko; compatible; ClaudeBot/1.0; +claudebot@anthropic.com)"
216.73.217.53 - - [27/Aug/2026:00:54:07 -0700] "GET /?m=35330160434 HTTP/2.0" 200 19689 "-" "Mozilla/5.0 AppleWebKit/537.36 (KHTML, like Gecko; compatible; ClaudeBot/1.0; +claudebot@anthropic.com)"
216.73.217.53 - - [27/Aug/2026:00:54:07 -0700] "GET /?m=43829441689 HTTP/2.0" 200 19689 "-" "Mozilla/5.0 AppleWebKit/537.36 (KHTML, like Gecko; compatible; ClaudeBot/1.0; +claudebot@anthropic.com)"
216.73.217.53 - - [27/Aug/2026:00:54:08 -0700] "GET /?m=86344818705 HTTP/2.0" 200 19735 "-" "Mozilla/5.0 AppleWebKit/537.36 (KHTML, like Gecko; compatible; ClaudeBot/1.0; +claudebot@anthropic.com)"
216.73.217.53 - - [27/Aug/2026:00:54:08 -0700] "GET /?m=61324459146 HTTP/2.0" 200 19689 "-" "Mozilla/5.0 AppleWebKit/537.36 (KHTML, like Gecko; compatible; ClaudeBot/1.0; +claudebot@anthropic.com)"
216.73.217.53 - - [27/Aug/2026:00:54:08 -0700] "GET /?m=4054089236 HTTP/2.0" 200 19689 "-" "Mozilla/5.0 AppleWebKit/537.36 (KHTML, like Gecko; compatible; ClaudeBot/1.0; +claudebot@anthropic.com)"
216.73.217.53 - - [27/Aug/2026:00:54:07 -0700] "GET /?m=44097937720 HTTP/2.0" 200 19689 "-" "Mozilla/5.0 AppleWebKit/537.36 (KHTML, like Gecko; compatible; ClaudeBot/1.0; +claudebot@anthropic.com)"
216.73.217.53 - - [27/Aug/2026:00:54:08 -0700] "GET /?m=65016780940 HTTP/2.0" 200 19689 "-" "Mozilla/5.0 AppleWebKit/537.36 (KHTML, like Gecko; compatible; ClaudeBot/1.0; +claudebot@anthropic.com)"
216.73.217.53 - - [27/Aug/2026:00:54:09 -0700] "GET /?m=80664304457 HTTP/2.0" 200 19735 "-" "Mozilla/5.0 AppleWebKit/537.36 (KHTML, like Gecko; compatible; ClaudeBot/1.0; +claudebot@anthropic.com)"
216.73.217.53 - - [27/Aug/2026:00:54:09 -0700] "GET /?m=56283069413 HTTP/2.0" 200 19689 "-" "Mozilla/5.0 AppleWebKit/537.36 (KHTML, like Gecko; compatible; ClaudeBot/1.0; +claudebot@anthropic.com)"
216.73.217.53 - - [27/Aug/2026:00:54:09 -0700] "GET /?m=59686816004 HTTP/2.0" 200 19689 "-" "Mozilla/5.0 AppleWebKit/537.36 (KHTML, like Gecko; compatible; ClaudeBot/1.0; +claudebot@anthropic.com)"
66.249.74.192 - - [27/Aug/2026:00:54:09 -0700] "GET /?m=49823506343 HTTP/1.1" 200 63147 "-" "Mozilla/5.0 (Linux; Android 6.0.1; Nexus 5X Build/MMB29P) AppleWebKit/537.36 (KHTML, like Gecko) Chrome/151.0.7922.173 Mobile Safari/537.36 (compatible; GoogleOther)"
216.73.217.53 - - [27/Aug/2026:00:54:09 -0700] "GET /?m=81985774563 HTTP/2.0" 200 19689 "-" "Mozilla/5.0 AppleWebKit/537.36 (KHTML, like Gecko; compatible; ClaudeBot/1.0; +claudebot@anthropic.com)"
216.73.217.53 - - [27/Aug/2026:00:54:09 -0700] "GET /?m=7054579776 HTTP/2.0" 200 19689 "-" "Mozilla/5.0 AppleWebKit/537.36 (KHTML, like Gecko; compatible; ClaudeBot/1.0; +claudebot@anthropic.com)"
216.73.217.53 - - [27/Aug/2026:00:54:10 -0700] "GET /?m=55052604531 HTTP/2.0" 200 19735 "-" "Mozilla/5.0 AppleWebKit/537.36 (KHTML, like Gecko; compatible; ClaudeBot/1.0; +claudebot@anthropic.com)"
216.73.217.53 - - [27/Aug/2026:00:54:08 -0700] "GET /?m=41533286444 HTTP/2.0" 200 19689 "-" "Mozilla/5.0 AppleWebKit/537.36 (KHTML, like Gecko; compatible; ClaudeBot/1.0; +claudebot@anthropic.com)"
216.73.217.53 - - [27/Aug/2026:00:54:10 -0700] "GET /?m=77205149121 HTTP/2.0" 200 19689 "-" "Mozilla/5.0 AppleWebKit/537.36 (KHTML, like Gecko; compatible; ClaudeBot/1.0; +claudebot@anthropic.com)"
216.73.217.53 - - [27/Aug/2026:00:54:10 -0700] "GET /?m=75950700754 HTTP/2.0" 200 19680 "-" "Mozilla/5.0 AppleWebKit/537.36 (KHTML, like Gecko; compatible; ClaudeBot/1.0; +claudebot@anthropic.com)"
216.73.217.53 - - [27/Aug/2026:00:54:10 -0700] "GET /?m=36653374488 HTTP/2.0" 200 19689 "-" "Mozilla/5.0 AppleWebKit/537.36 (KHTML, like Gecko; compatible; ClaudeBot/1.0; +claudebot@anthropic.com)"
216.73.217.53 - - [27/Aug/2026:00:54:09 -0700] "GET /?m=87607018752 HTTP/2.0" 200 19679 "-" "Mozilla/5.0 AppleWebKit/537.36 (KHTML, like Gecko; compatible; ClaudeBot/1.0; +claudebot@anthropic.com)"
216.73.217.53 - - [27/Aug/2026:00:54:10 -0700] "GET /?m=71484466 HTTP/2.0" 200 19688 "-" "Mozilla/5.0 AppleWebKit/537.36 (KHTML, like Gecko; compatible; ClaudeBot/1.0; +claudebot@anthropic.com)"
216.73.217.53 - - [27/Aug/2026:00:54:11 -0700] "GET /?m=66735557345 HTTP/2.0" 200 19734 "-" "Mozilla/5.0 AppleWebKit/537.36 (KHTML, like Gecko; compatible; ClaudeBot/1.0; +claudebot@anthropic.com)"
216.73.217.53 - - [27/Aug/2026:00:54:11 -0700] "GET /?m=467977572 HTTP/2.0" 200 19688 "-" "Mozilla/5.0 AppleWebKit/537.36 (KHTML, like Gecko; compatible; ClaudeBot/1.0; +claudebot@anthropic.com)"
216.73.217.53 - - [27/Aug/2026:00:54:09 -0700] "GET /?m=13713589331 HTTP/2.0" 200 19688 "-" "Mozilla/5.0 AppleWebKit/537.36 (KHTML, like Gecko; compatible; ClaudeBot/1.0; +claudebot@anthropic.com)"
216.73.217.53 - - [27/Aug/2026:00:54:11 -0700] "GET /?m=2208316699 HTTP/2.0" 200 19688 "-" "Mozilla/5.0 AppleWebKit/537.36 (KHTML, like Gecko; compatible; ClaudeBot/1.0; +claudebot@anthropic.com)"
216.73.217.53 - - [27/Aug/2026:00:54:11 -0700] "GET /?m=82584065663 HTTP/2.0" 200 19679 "-" "Mozilla/5.0 AppleWebKit/537.36 (KHTML, like Gecko; compatible; ClaudeBot/1.0; +claudebot@anthropic.com)"
216.73.217.53 - - [27/Aug/2026:00:54:11 -0700] "GET /?m=98361998466 HTTP/2.0" 200 19688 "-" "Mozilla/5.0 AppleWebKit/537.36 (KHTML, like Gecko; compatible; ClaudeBot/1.0; +claudebot@anthropic.com)"
216.73.217.53 - - [27/Aug/2026:00:54:11 -0700] "GET /?m=12122802476 HTTP/2.0" 200 19688 "-" "Mozilla/5.0 AppleWebKit/537.36 (KHTML, like Gecko; compatible; ClaudeBot/1.0; +claudebot@anthropic.com)"
216.73.217.53 - - [27/Aug/2026:00:54:11 -0700] "GET /?m=9366046331 HTTP/2.0" 200 19680 "-" "Mozilla/5.0 AppleWebKit/537.36 (KHTML, like Gecko; compatible; ClaudeBot/1.0; +claudebot@anthropic.com)"
216.73.217.53 - - [27/Aug/2026:00:54:11 -0700] "GET /?m=41999021573 HTTP/2.0" 200 19689 "-" "Mozilla/5.0 AppleWebKit/537.36 (KHTML, like Gecko; compatible; ClaudeBot/1.0; +claudebot@anthropic.com)"
216.73.217.53 - - [27/Aug/2026:00:54:12 -0700] "GET /?m=19251379468 HTTP/2.0" 200 19726 "-" "Mozilla/5.0 AppleWebKit/537.36 (KHTML, like Gecko; compatible; ClaudeBot/1.0; +claudebot@anthropic.com)"
216.73.217.53 - - [27/Aug/2026:00:54:12 -0700] "GET /?m=45365099178 HTTP/2.0" 200 19689 "-" "Mozilla/5.0 AppleWebKit/537.36 (KHTML, like Gecko; compatible; ClaudeBot/1.0; +claudebot@anthropic.com)"
216.73.217.53 - - [27/Aug/2026:00:54:12 -0700] "GET /?m=3876355820 HTTP/2.0" 200 19689 "-" "Mozilla/5.0 AppleWebKit/537.36 (KHTML, like Gecko; compatible; ClaudeBot/1.0; +claudebot@anthropic.com)"
216.73.217.53 - - [27/Aug/2026:00:54:12 -0700] "GET /?m=27251234928 HTTP/2.0" 200 19689 "-" "Mozilla/5.0 AppleWebKit/537.36 (KHTML, like Gecko; compatible; ClaudeBot/1.0; +claudebot@anthropic.com)"
216.73.217.53 - - [27/Aug/2026:00:54:12 -0700] "GET /?m=76649542002 HTTP/2.0" 200 19689 "-" "Mozilla/5.0 AppleWebKit/537.36 (KHTML, like Gecko; compatible; ClaudeBot/1.0; +claudebot@anthropic.com)"
216.73.217.53 - - [27/Aug/2026:00:54:12 -0700] "GET /?m=39655357420 HTTP/2.0" 200 19689 "-" "Mozilla/5.0 AppleWebKit/537.36 (KHTML, like Gecko; compatible; ClaudeBot/1.0; +claudebot@anthropic.com)"
216.73.217.53 - - [27/Aug/2026:00:54:13 -0700] "GET /?m=56103197828 HTTP/2.0" 200 19726 "-" "Mozilla/5.0 AppleWebKit/537.36 (KHTML, like Gecko; compatible; ClaudeBot/1.0; +claudebot@anthropic.com)"
216.73.217.53 - - [27/Aug/2026:00:54:12 -0700] "GET /?m=59614728724 HTTP/2.0" 200 19689 "-" "Mozilla/5.0 AppleWebKit/537.36 (KHTML, like Gecko; compatible; ClaudeBot/1.0; +claudebot@anthropic.com)"
216.73.217.53 - - [27/Aug/2026:00:54:13 -0700] "GET /?p=9184 HTTP/2.0" 200 1449 "-" "Mozilla/5.0 AppleWebKit/537.36 (KHTML, like Gecko; compatible; ClaudeBot/1.0; +claudebot@anthropic.com)"
216.73.217.53 - - [27/Aug/2026:00:54:13 -0700] "GET /?m=84875910107 HTTP/2.0" 200 19689 "-" "Mozilla/5.0 AppleWebKit/537.36 (KHTML, like Gecko; compatible; ClaudeBot/1.0; +claudebot@anthropic.com)"
216.73.217.53 - - [27/Aug/2026:00:54:13 -0700] "GET /?m=46295836627 HTTP/2.0" 200 19689 "-" "Mozilla/5.0 AppleWebKit/537.36 (KHTML, like Gecko; compatible; ClaudeBot/1.0; +claudebot@anthropic.com)"
216.73.217.53 - - [27/Aug/2026:00:54:13 -0700] "GET /?m=3976010010 HTTP/2.0" 200 19689 "-" "Mozilla/5.0 AppleWebKit/537.36 (KHTML, like Gecko; compatible; ClaudeBot/1.0; +claudebot@anthropic.com)"
216.73.217.53 - - [27/Aug/2026:00:54:13 -0700] "GET /?p=9140 HTTP/2.0" 200 1449 "-" "Mozilla/5.0 AppleWebKit/537.36 (KHTML, like Gecko; compatible; ClaudeBot/1.0; +claudebot@anthropic.com)"
66.249.74.192 - - [27/Aug/2026:00:54:13 -0700] "GET /?m=78019805361 HTTP/1.1" 200 59488 "-" "Mozilla/5.0 (Linux; Android 6.0.1; Nexus 5X Build/MMB29P) AppleWebKit/537.36 (KHTML, like Gecko) Chrome/151.0.7922.173 Mobile Safari/537.36 (compatible; GoogleOther)"
216.73.217.53 - - [27/Aug/2026:00:54:13 -0700] "GET /?m=99208188924 HTTP/2.0" 200 19680 "-" "Mozilla/5.0 AppleWebKit/537.36 (KHTML, like Gecko; compatible; ClaudeBot/1.0; +claudebot@anthropic.com)"
216.73.217.53 - - [27/Aug/2026:00:54:13 -0700] "GET /?m=59601823900 HTTP/2.0" 200 19689 "-" "Mozilla/5.0 AppleWebKit/537.36 (KHTML, like Gecko; compatible; ClaudeBot/1.0; +claudebot@anthropic.com)"
216.73.217.53 - - [27/Aug/2026:00:54:13 -0700] "GET /?m=85524678499 HTTP/2.0" 200 19680 "-" "Mozilla/5.0 AppleWebKit/537.36 (KHTML, like Gecko; compatible; ClaudeBot/1.0; +claudebot@anthropic.com)"
216.73.217.53 - - [27/Aug/2026:00:54:14 -0700] "GET /?m=36770712995 HTTP/2.0" 200 19735 "-" "Mozilla/5.0 AppleWebKit/537.36 (KHTML, like Gecko; compatible; ClaudeBot/1.0; +claudebot@anthropic.com)"
216.73.217.53 - - [27/Aug/2026:00:54:14 -0700] "GET /?m=10479224973 HTTP/2.0" 200 19689 "-" "Mozilla/5.0 AppleWebKit/537.36 (KHTML, like Gecko; compatible; ClaudeBot/1.0; +claudebot@anthropic.com)"
216.73.217.53 - - [27/Aug/2026:00:54:14 -0700] "GET /?m=33405121237 HTTP/2.0" 200 19689 "-" "Mozilla/5.0 AppleWebKit/537.36 (KHTML, like Gecko; compatible; ClaudeBot/1.0; +claudebot@anthropic.com)"
66.249.74.192 - - [27/Aug/2026:00:54:15 -0700] "GET /ajax/productstorestocklist/?sku=61464859711&my_store=1 HTTP/1.1" 200 58459 "-" "Mozilla/5.0 (Linux; Android 6.0.1; Nexus 5X Build/MMB29P) AppleWebKit/537.36 (KHTML, like Gecko) Chrome/151.0.7922.173 Mobile Safari/537.36 (compatible; Googlebot/2.1; +http://www.google.com/bot.html)"
66.249.74.192 - - [27/Aug/2026:00:54:17 -0700] "GET /?m=40608031905 HTTP/1.1" 200 58050 "-" "Mozilla/5.0 (Linux; Android 6.0.1; Nexus 5X Build/MMB29P) AppleWebKit/537.36 (KHTML, like Gecko) Chrome/151.0.7922.173 Mobile Safari/537.36 (compatible; GoogleOther)"
107.20.105.74 - - [27/Aug/2026:00:54:20 -0700] "HEAD / HTTP/2.0" 200 105 "http://75.119.195.61" "DreamHost SiteMonitor 1.0"
66.249.74.193 - - [27/Aug/2026:00:54:21 -0700] "GET /?m=94668517568 HTTP/1.1" 200 62674 "-" "Mozilla/5.0 (Linux; Android 6.0.1; Nexus 5X Build/MMB29P) AppleWebKit/537.36 (KHTML, like Gecko) Chrome/151.0.7922.173 Mobile Safari/537.36 (compatible; GoogleOther)"
66.249.74.193 - - [27/Aug/2026:00:54:25 -0700] "GET /shop.php?e=23507115155546 HTTP/1.1" 200 27034 "-" "Mozilla/5.0 (Linux; Android 6.0.1; Nexus 5X Build/MMB29P) AppleWebKit/537.36 (KHTML, like Gecko) Chrome/151.0.7922.173 Mobile Safari/537.36 (compatible; GoogleOther)"
66.249.74.193 - - [27/Aug/2026:00:54:28 -0700] "GET /?m=85001950714 HTTP/1.1" 200 58755 "-" "Mozilla/5.0 (Linux; Android 6.0.1; Nexus 5X Build/MMB29P) AppleWebKit/537.36 (KHTML, like Gecko) Chrome/151.0.7922.173 Mobile Safari/537.36 (compatible; GoogleOther)"
66.249.74.192 - - [27/Aug/2026:00:54:32 -0700] "GET /?m=13321672003 HTTP/1.1" 200 65286 "-" "Mozilla/5.0 (Linux; Android 6.0.1; Nexus 5X Build/MMB29P) AppleWebKit/537.36 (KHTML, like Gecko) Chrome/151.0.7922.173 Mobile Safari/537.36 (compatible; GoogleOther)"
66.249.74.192 - - [27/Aug/2026:00:54:35 -0700] "GET /?m=16872281277 HTTP/1.1" 200 59754 "-" "Mozilla/5.0 (Linux; Android 6.0.1; Nexus 5X Build/MMB29P) AppleWebKit/537.36 (KHTML, like Gecko) Chrome/151.0.7922.173 Mobile Safari/537.36 (compatible; GoogleOther)"
66.249.74.192 - - [27/Aug/2026:00:54:39 -0700] "GET /shop.php?e=63199831956934 HTTP/1.1" 200 27157 "-" "Mozilla/5.0 (Linux; Android 6.0.1; Nexus 5X Build/MMB29P) AppleWebKit/537.36 (KHTML, like Gecko) Chrome/151.0.7922.173 Mobile Safari/537.36 (compatible; GoogleOther)"
66.249.74.193 - - [27/Aug/2026:00:54:42 -0700] "GET /shop.php?e=76948695459577 HTTP/1.1" 200 31562 "-" "Mozilla/5.0 (Linux; Android 6.0.1; Nexus 5X Build/MMB29P) AppleWebKit/537.36 (KHTML, like Gecko) Chrome/151.0.7922.173 Mobile Safari/537.36 (compatible; GoogleOther)"
114.119.140.50 - - [27/Aug/2026:00:54:43 -0700] "GET /2015/02/05/regional-gifts HTTP/1.1" 200 6553 "https://www.ablogformylove.com/2015/02/05/regional-gifts" "Mozilla/5.0 (Linux; Android 7.0;) AppleWebKit/537.36 (HTML, like Gecko) Mobile Safari/537.36 (compatible; PetalBot;+https://webmaster.petalsearch.com/site/petalbot)"
216.73.217.53 - - [27/Aug/2026:00:54:44 -0700] "GET /?m=79525837618 HTTP/2.0" 200 19794 "-" "Mozilla/5.0 AppleWebKit/537.36 (KHTML, like Gecko; compatible; ClaudeBot/1.0; +claudebot@anthropic.com)"
216.73.217.53 - - [27/Aug/2026:00:54:44 -0700] "GET /?m=40375355639 HTTP/2.0" 200 19689 "-" "Mozilla/5.0 AppleWebKit/537.36 (KHTML, like Gecko; compatible; ClaudeBot/1.0; +claudebot@anthropic.com)"
216.73.217.53 - - [27/Aug/2026:00:54:44 -0700] "GET /?m=26584471019 HTTP/2.0" 200 19689 "-" "Mozilla/5.0 AppleWebKit/537.36 (KHTML, like Gecko; compatible; ClaudeBot/1.0; +claudebot@anthropic.com)"
216.73.217.53 - - [27/Aug/2026:00:54:44 -0700] "GET /?m=62022293913 HTTP/2.0" 200 19689 "-" "Mozilla/5.0 AppleWebKit/537.36 (KHTML, like Gecko; compatible; ClaudeBot/1.0; +claudebot@anthropic.com)"
216.73.217.53 - - [27/Aug/2026:00:54:44 -0700] "GET /?m=73838889641 HTTP/2.0" 200 19689 "-" "Mozilla/5.0 AppleWebKit/537.36 (KHTML, like Gecko; compatible; ClaudeBot/1.0; +claudebot@anthropic.com)"
216.73.217.53 - - [27/Aug/2026:00:54:44 -0700] "GET /?m=89216594402 HTTP/2.0" 200 19689 "-" "Mozilla/5.0 AppleWebKit/537.36 (KHTML, like Gecko; compatible; ClaudeBot/1.0; +claudebot@anthropic.com)"
216.73.217.53 - - [27/Aug/2026:00:54:44 -0700] "GET /?m=63229387490 HTTP/2.0" 200 19690 "-" "Mozilla/5.0 AppleWebKit/537.36 (KHTML, like Gecko; compatible; ClaudeBot/1.0; +claudebot@anthropic.com)"
216.73.217.53 - - [27/Aug/2026:00:54:45 -0700] "GET /?m=83237250817 HTTP/2.0" 200 19737 "-" "Mozilla/5.0 AppleWebKit/537.36 (KHTML, like Gecko; compatible; ClaudeBot/1.0; +claudebot@anthropic.com)"
216.73.217.53 - - [27/Aug/2026:00:54:45 -0700] "GET /?m=19405079372 HTTP/2.0" 200 19690 "-" "Mozilla/5.0 AppleWebKit/537.36 (KHTML, like Gecko; compatible; ClaudeBot/1.0; +claudebot@anthropic.com)"
216.73.217.53 - - [27/Aug/2026:00:54:45 -0700] "GET /?m=45446398013 HTTP/2.0" 200 19690 "-" "Mozilla/5.0 AppleWebKit/537.36 (KHTML, like Gecko; compatible; ClaudeBot/1.0; +claudebot@anthropic.com)"
216.73.217.53 - - [27/Aug/2026:00:54:45 -0700] "GET /?m=8627526985 HTTP/2.0" 200 19681 "-" "Mozilla/5.0 AppleWebKit/537.36 (KHTML, like Gecko; compatible; ClaudeBot/1.0; +claudebot@anthropic.com)"
216.73.217.53 - - [27/Aug/2026:00:54:45 -0700] "GET /?m=34900689983 HTTP/2.0" 200 19690 "-" "Mozilla/5.0 AppleWebKit/537.36 (KHTML, like Gecko; compatible; ClaudeBot/1.0; +claudebot@anthropic.com)"
216.73.217.53 - - [27/Aug/2026:00:54:45 -0700] "GET /?m=44357614665 HTTP/2.0" 200 19680 "-" "Mozilla/5.0 AppleWebKit/537.36 (KHTML, like Gecko; compatible; ClaudeBot/1.0; +claudebot@anthropic.com)"
216.73.217.53 - - [27/Aug/2026:00:54:46 -0700] "GET /?m=77270989231 HTTP/2.0" 200 19736 "-" "Mozilla/5.0 AppleWebKit/537.36 (KHTML, like Gecko; compatible; ClaudeBot/1.0; +claudebot@anthropic.com)"
216.73.217.53 - - [27/Aug/2026:00:54:46 -0700] "GET /?m=48483396337 HTTP/2.0" 200 19680 "-" "Mozilla/5.0 AppleWebKit/537.36 (KHTML, like Gecko; compatible; ClaudeBot/1.0; +claudebot@anthropic.com)"
216.73.217.53 - - [27/Aug/2026:00:54:44 -0700] "GET /?m=92288711024 HTTP/2.0" 200 19680 "-" "Mozilla/5.0 AppleWebKit/537.36 (KHTML, like Gecko; compatible; ClaudeBot/1.0; +claudebot@anthropic.com)"
216.73.217.53 - - [27/Aug/2026:00:54:46 -0700] "GET /?m=6168074156 HTTP/2.0" 200 19689 "-" "Mozilla/5.0 AppleWebKit/537.36 (KHTML, like Gecko; compatible; ClaudeBot/1.0; +claudebot@anthropic.com)"
216.73.217.53 - - [27/Aug/2026:00:54:46 -0700] "GET /?m=35653954841 HTTP/2.0" 200 19680 "-" "Mozilla/5.0 AppleWebKit/537.36 (KHTML, like Gecko; compatible; ClaudeBot/1.0; +claudebot@anthropic.com)"
216.73.217.53 - - [27/Aug/2026:00:54:46 -0700] "GET /?m=85355304012 HTTP/2.0" 200 19689 "-" "Mozilla/5.0 AppleWebKit/537.36 (KHTML, like Gecko; compatible; ClaudeBot/1.0; +claudebot@anthropic.com)"
216.73.217.53 - - [27/Aug/2026:00:54:46 -0700] "GET /?m=33299129279 HTTP/2.0" 200 19689 "-" "Mozilla/5.0 AppleWebKit/537.36 (KHTML, like Gecko; compatible; ClaudeBot/1.0; +claudebot@anthropic.com)"
66.249.74.194 - - [27/Aug/2026:00:54:46 -0700] "GET /shop.php?e=27299997328363 HTTP/1.1" 200 31559 "-" "Mozilla/5.0 (Linux; Android 6.0.1; Nexus 5X Build/MMB29P) AppleWebKit/537.36 (KHTML, like Gecko) Chrome/151.0.7922.173 Mobile Safari/537.36 (compatible; GoogleOther)"
216.73.217.53 - - [27/Aug/2026:00:54:47 -0700] "GET /?m=49402867940 HTTP/2.0" 200 19736 "-" "Mozilla/5.0 AppleWebKit/537.36 (KHTML, like Gecko; compatible; ClaudeBot/1.0; +claudebot@anthropic.com)"
216.73.217.53 - - [27/Aug/2026:00:54:47 -0700] "GET /?m=22343073288 HTTP/2.0" 200 19689 "-" "Mozilla/5.0 AppleWebKit/537.36 (KHTML, like Gecko; compatible; ClaudeBot/1.0; +claudebot@anthropic.com)"
216.73.217.53 - - [27/Aug/2026:00:54:47 -0700] "GET /?m=1313847299 HTTP/2.0" 200 19689 "-" "Mozilla/5.0 AppleWebKit/537.36 (KHTML, like Gecko; compatible; ClaudeBot/1.0; +claudebot@anthropic.com)"
216.73.217.53 - - [27/Aug/2026:00:54:47 -0700] "GET /?m=79476476513 HTTP/2.0" 200 19680 "-" "Mozilla/5.0 AppleWebKit/537.36 (KHTML, like Gecko; compatible; ClaudeBot/1.0; +claudebot@anthropic.com)"
216.73.217.53 - - [27/Aug/2026:00:54:44 -0700] "GET /?m=42595016875 HTTP/2.0" 200 19680 "-" "Mozilla/5.0 AppleWebKit/537.36 (KHTML, like Gecko; compatible; ClaudeBot/1.0; +claudebot@anthropic.com)"
216.73.217.53 - - [27/Aug/2026:00:54:44 -0700] "GET /?m=39407598764 HTTP/2.0" 200 19689 "-" "Mozilla/5.0 AppleWebKit/537.36 (KHTML, like Gecko; compatible; ClaudeBot/1.0; +claudebot@anthropic.com)"
216.73.217.53 - - [27/Aug/2026:00:54:44 -0700] "GET /?m=19925315419 HTTP/2.0" 200 19680 "-" "Mozilla/5.0 AppleWebKit/537.36 (KHTML, like Gecko; compatible; ClaudeBot/1.0; +claudebot@anthropic.com)"
216.73.217.53 - - [27/Aug/2026:00:54:47 -0700] "GET /?m=58766526689 HTTP/2.0" 200 19689 "-" "Mozilla/5.0 AppleWebKit/537.36 (KHTML, like Gecko; compatible; ClaudeBot/1.0; +claudebot@anthropic.com)"
216.73.217.53 - - [27/Aug/2026:00:54:47 -0700] "GET /?m=79538485264 HTTP/2.0" 200 19680 "-" "Mozilla/5.0 AppleWebKit/537.36 (KHTML, like Gecko; compatible; ClaudeBot/1.0; +claudebot@anthropic.com)"
216.73.217.53 - - [27/Aug/2026:00:54:48 -0700] "GET /?m=48820439626 HTTP/2.0" 200 19736 "-" "Mozilla/5.0 AppleWebKit/537.36 (KHTML, like Gecko; compatible; ClaudeBot/1.0; +claudebot@anthropic.com)"
216.73.217.53 - - [27/Aug/2026:00:54:48 -0700] "GET /?m=94893645693 HTTP/2.0" 200 19689 "-" "Mozilla/5.0 AppleWebKit/537.36 (KHTML, like Gecko; compatible; ClaudeBot/1.0; +claudebot@anthropic.com)"
216.73.217.53 - - [27/Aug/2026:00:54:48 -0700] "GET /?m=87503382804 HTTP/2.0" 200 19680 "-" "Mozilla/5.0 AppleWebKit/537.36 (KHTML, like Gecko; compatible; ClaudeBot/1.0; +claudebot@anthropic.com)"
216.73.217.53 - - [27/Aug/2026:00:54:46 -0700] "GET /?m=16969643245 HTTP/2.0" 200 19689 "-" "Mozilla/5.0 AppleWebKit/537.36 (KHTML, like Gecko; compatible; ClaudeBot/1.0; +claudebot@anthropic.com)"
216.73.217.53 - - [27/Aug/2026:00:54:48 -0700] "GET /?m=89564050896 HTTP/2.0" 200 19689 "-" "Mozilla/5.0 AppleWebKit/537.36 (KHTML, like Gecko; compatible; ClaudeBot/1.0; +claudebot@anthropic.com)"
216.73.217.53 - - [27/Aug/2026:00:54:48 -0700] "GET /?m=28640455077 HTTP/2.0" 200 19680 "-" "Mozilla/5.0 AppleWebKit/537.36 (KHTML, like Gecko; compatible; ClaudeBot/1.0; +claudebot@anthropic.com)"
216.73.217.53 - - [27/Aug/2026:00:54:47 -0700] "GET /?m=5622635536 HTTP/2.0" 200 19689 "-" "Mozilla/5.0 AppleWebKit/537.36 (KHTML, like Gecko; compatible; ClaudeBot/1.0; +claudebot@anthropic.com)"
216.73.217.53 - - [27/Aug/2026:00:54:48 -0700] "GET /?m=85532895114 HTTP/2.0" 200 19689 "-" "Mozilla/5.0 AppleWebKit/537.36 (KHTML, like Gecko; compatible; ClaudeBot/1.0; +claudebot@anthropic.com)"
216.73.217.53 - - [27/Aug/2026:00:54:48 -0700] "GET /?m=40486159301 HTTP/2.0" 200 19689 "-" "Mozilla/5.0 AppleWebKit/537.36 (KHTML, like Gecko; compatible; ClaudeBot/1.0; +claudebot@anthropic.com)"
216.73.217.53 - - [27/Aug/2026:00:54:48 -0700] "GET /?m=45954512428 HTTP/2.0" 200 19689 "-" "Mozilla/5.0 AppleWebKit/537.36 (KHTML, like Gecko; compatible; ClaudeBot/1.0; +claudebot@anthropic.com)"
216.73.217.53 - - [27/Aug/2026:00:54:48 -0700] "GET /?m=28892372178 HTTP/2.0" 200 19689 "-" "Mozilla/5.0 AppleWebKit/537.36 (KHTML, like Gecko; compatible; ClaudeBot/1.0; +claudebot@anthropic.com)"
216.73.217.53 - - [27/Aug/2026:00:54:48 -0700] "GET /?m=26551875855 HTTP/2.0" 200 19689 "-" "Mozilla/5.0 AppleWebKit/537.36 (KHTML, like Gecko; compatible; ClaudeBot/1.0; +claudebot@anthropic.com)"
216.73.217.53 - - [27/Aug/2026:00:54:49 -0700] "GET /?m=89451149657 HTTP/2.0" 200 19736 "-" "Mozilla/5.0 AppleWebKit/537.36 (KHTML, like Gecko; compatible; ClaudeBot/1.0; +claudebot@anthropic.com)"
216.73.217.53 - - [27/Aug/2026:00:54:49 -0700] "GET /?m=696121604 HTTP/2.0" 200 19680 "-" "Mozilla/5.0 AppleWebKit/537.36 (KHTML, like Gecko; compatible; ClaudeBot/1.0; +claudebot@anthropic.com)"
216.73.217.53 - - [27/Aug/2026:00:54:49 -0700] "GET /?m=33801410138 HTTP/2.0" 200 19689 "-" "Mozilla/5.0 AppleWebKit/537.36 (KHTML, like Gecko; compatible; ClaudeBot/1.0; +claudebot@anthropic.com)"
216.73.217.53 - - [27/Aug/2026:00:54:49 -0700] "GET /?m=6522412950 HTTP/2.0" 200 19689 "-" "Mozilla/5.0 AppleWebKit/537.36 (KHTML, like Gecko; compatible; ClaudeBot/1.0; +claudebot@anthropic.com)"
216.73.217.53 - - [27/Aug/2026:00:54:49 -0700] "GET /?m=7985367745 HTTP/2.0" 200 19689 "-" "Mozilla/5.0 AppleWebKit/537.36 (KHTML, like Gecko; compatible; ClaudeBot/1.0; +claudebot@anthropic.com)"
216.73.217.53 - - [27/Aug/2026:00:54:49 -0700] "GET /?m=24946350239 HTTP/2.0" 200 19689 "-" "Mozilla/5.0 AppleWebKit/537.36 (KHTML, like Gecko; compatible; ClaudeBot/1.0; +claudebot@anthropic.com)"
216.73.217.53 - - [27/Aug/2026:00:54:49 -0700] "GET /?m=60937906080 HTTP/2.0" 200 19689 "-" "Mozilla/5.0 AppleWebKit/537.36 (KHTML, like Gecko; compatible; ClaudeBot/1.0; +claudebot@anthropic.com)"
216.73.217.53 - - [27/Aug/2026:00:54:49 -0700] "GET /?m=525971608 HTTP/2.0" 200 19689 "-" "Mozilla/5.0 AppleWebKit/537.36 (KHTML, like Gecko; compatible; ClaudeBot/1.0; +claudebot@anthropic.com)"
216.73.217.53 - - [27/Aug/2026:00:54:49 -0700] "GET /?m=2230726015 HTTP/2.0" 200 19689 "-" "Mozilla/5.0 AppleWebKit/537.36 (KHTML, like Gecko; compatible; ClaudeBot/1.0; +claudebot@anthropic.com)"
216.73.217.53 - - [27/Aug/2026:00:54:49 -0700] "GET /?m=1811640591 HTTP/2.0" 200 19680 "-" "Mozilla/5.0 AppleWebKit/537.36 (KHTML, like Gecko; compatible; ClaudeBot/1.0; +claudebot@anthropic.com)"
216.73.217.53 - - [27/Aug/2026:00:54:49 -0700] "GET /?m=3544350050 HTTP/2.0" 200 19680 "-" "Mozilla/5.0 AppleWebKit/537.36 (KHTML, like Gecko; compatible; ClaudeBot/1.0; +claudebot@anthropic.com)"
216.73.217.53 - - [27/Aug/2026:00:54:50 -0700] "GET /?m=72047826115 HTTP/2.0" 200 19735 "-" "Mozilla/5.0 AppleWebKit/537.36 (KHTML, like Gecko; compatible; ClaudeBot/1.0; +claudebot@anthropic.com)"
216.73.217.53 - - [27/Aug/2026:00:54:50 -0700] "GET /?m=93809689207 HTTP/2.0" 200 19689 "-" "Mozilla/5.0 AppleWebKit/537.36 (KHTML, like Gecko; compatible; ClaudeBot/1.0; +claudebot@anthropic.com)"
216.73.217.53 - - [27/Aug/2026:00:54:50 -0700] "GET /?m=570197950 HTTP/2.0" 200 19689 "-" "Mozilla/5.0 AppleWebKit/537.36 (KHTML, like Gecko; compatible; ClaudeBot/1.0; +claudebot@anthropic.com)"
216.73.217.53 - - [27/Aug/2026:00:54:50 -0700] "GET /?m=50402850168 HTTP/2.0" 200 19680 "-" "Mozilla/5.0 AppleWebKit/537.36 (KHTML, like Gecko; compatible; ClaudeBot/1.0; +claudebot@anthropic.com)"
216.73.217.53 - - [27/Aug/2026:00:54:50 -0700] "GET /?m=30355651003 HTTP/2.0" 200 19689 "-" "Mozilla/5.0 AppleWebKit/537.36 (KHTML, like Gecko; compatible; ClaudeBot/1.0; +claudebot@anthropic.com)"
216.73.217.53 - - [27/Aug/2026:00:54:50 -0700] "GET /?m=97456839714 HTTP/2.0" 200 19689 "-" "Mozilla/5.0 AppleWebKit/537.36 (KHTML, like Gecko; compatible; ClaudeBot/1.0; +claudebot@anthropic.com)"
66.249.74.193 - - [27/Aug/2026:00:54:50 -0700] "GET /?m=52661300894 HTTP/1.1" 200 63003 "-" "Mozilla/5.0 (Linux; Android 6.0.1; Nexus 5X Build/MMB29P) AppleWebKit/537.36 (KHTML, like Gecko) Chrome/151.0.7922.173 Mobile Safari/537.36 (compatible; GoogleOther)"
216.73.217.53 - - [27/Aug/2026:00:54:50 -0700] "GET /?m=23189945705 HTTP/2.0" 200 19689 "-" "Mozilla/5.0 AppleWebKit/537.36 (KHTML, like Gecko; compatible; ClaudeBot/1.0; +claudebot@anthropic.com)"
216.73.217.53 - - [27/Aug/2026:00:54:50 -0700] "GET /?m=14740567159 HTTP/2.0" 200 19689 "-" "Mozilla/5.0 AppleWebKit/537.36 (KHTML, like Gecko; compatible; ClaudeBot/1.0; +claudebot@anthropic.com)"
216.73.217.53 - - [27/Aug/2026:00:54:50 -0700] "GET /?m=76900693402 HTTP/2.0" 200 19689 "-" "Mozilla/5.0 AppleWebKit/537.36 (KHTML, like Gecko; compatible; ClaudeBot/1.0; +claudebot@anthropic.com)"
216.73.217.53 - - [27/Aug/2026:00:54:50 -0700] "GET /?m=48288608301 HTTP/2.0" 200 19688 "-" "Mozilla/5.0 AppleWebKit/537.36 (KHTML, like Gecko; compatible; ClaudeBot/1.0; +claudebot@anthropic.com)"
216.73.217.53 - - [27/Aug/2026:00:54:50 -0700] "GET /?m=54379992989 HTTP/2.0" 200 19688 "-" "Mozilla/5.0 AppleWebKit/537.36 (KHTML, like Gecko; compatible; ClaudeBot/1.0; +claudebot@anthropic.com)"
216.73.217.53 - - [27/Aug/2026:00:54:51 -0700] "GET /?m=68239797267 HTTP/2.0" 200 19734 "-" "Mozilla/5.0 AppleWebKit/537.36 (KHTML, like Gecko; compatible; ClaudeBot/1.0; +claudebot@anthropic.com)"
216.73.217.53 - - [27/Aug/2026:00:54:51 -0700] "GET /?m=32643970166 HTTP/2.0" 200 19679 "-" "Mozilla/5.0 AppleWebKit/537.36 (KHTML, like Gecko; compatible; ClaudeBot/1.0; +claudebot@anthropic.com)"
216.73.217.53 - - [27/Aug/2026:00:54:51 -0700] "GET /?m=64520937067 HTTP/2.0" 200 19688 "-" "Mozilla/5.0 AppleWebKit/537.36 (KHTML, like Gecko; compatible; ClaudeBot/1.0; +claudebot@anthropic.com)"
216.73.217.53 - - [27/Aug/2026:00:54:51 -0700] "GET /?m=73264695832 HTTP/2.0" 200 19688 "-" "Mozilla/5.0 AppleWebKit/537.36 (KHTML, like Gecko; compatible; ClaudeBot/1.0; +claudebot@anthropic.com)"
216.73.217.53 - - [27/Aug/2026:00:54:51 -0700] "GET /?m=73459804435 HTTP/2.0" 200 19688 "-" "Mozilla/5.0 AppleWebKit/537.36 (KHTML, like Gecko; compatible; ClaudeBot/1.0; +claudebot@anthropic.com)"
216.73.217.53 - - [27/Aug/2026:00:54:51 -0700] "GET /?m=83195950996 HTTP/2.0" 200 19688 "-" "Mozilla/5.0 AppleWebKit/537.36 (KHTML, like Gecko; compatible; ClaudeBot/1.0; +claudebot@anthropic.com)"
216.73.217.53 - - [27/Aug/2026:00:54:51 -0700] "GET /?m=5456468526 HTTP/2.0" 200 19679 "-" "Mozilla/5.0 AppleWebKit/537.36 (KHTML, like Gecko; compatible; ClaudeBot/1.0; +claudebot@anthropic.com)"
66.249.74.192 - - [27/Aug/2026:00:54:54 -0700] "GET /?m=34128804035 HTTP/1.1" 200 62696 "-" "Mozilla/5.0 (Linux; Android 6.0.1; Nexus 5X Build/MMB29P) AppleWebKit/537.36 (KHTML, like Gecko) Chrome/151.0.7922.173 Mobile Safari/537.36 (compatible; GoogleOther)"
66.249.74.193 - - [27/Aug/2026:00:54:59 -0700] "GET /?m=93563857891 HTTP/1.1" 200 63818 "-" "Mozilla/5.0 (Linux; Android 6.0.1; Nexus 5X Build/MMB29P) AppleWebKit/537.36 (KHTML, like Gecko) Chrome/151.0.7922.173 Mobile Safari/537.36 (compatible; GoogleOther)"
66.249.74.192 - - [27/Aug/2026:00:55:03 -0700] "GET /goods.php?c=64632842639 HTTP/1.1" 200 33161 "-" "Mozilla/5.0 (Linux; Android 6.0.1; Nexus 5X Build/MMB29P) AppleWebKit/537.36 (KHTML, like Gecko) Chrome/151.0.7922.173 Mobile Safari/537.36 (compatible; GoogleOther)"
66.249.74.193 - - [27/Aug/2026:00:55:07 -0700] "GET /shop.php?e=83165266061595 HTTP/1.1" 200 31857 "-" "Mozilla/5.0 (Linux; Android 6.0.1; Nexus 5X Build/MMB29P) AppleWebKit/537.36 (KHTML, like Gecko) Chrome/151.0.7922.173 Mobile Safari/537.36 (compatible; GoogleOther)"
66.249.74.193 - - [27/Aug/2026:00:55:08 -0700] "GET /?m=3720552430 HTTP/1.1" 200 63994 "-" "Mozilla/5.0 (Linux; Android 6.0.1; Nexus 5X Build/MMB29P) AppleWebKit/537.36 (KHTML, like Gecko) Chrome/151.0.7922.173 Mobile Safari/537.36 (compatible; Googlebot/2.1; +http://www.google.com/bot.html)"
66.249.74.192 - - [27/Aug/2026:00:55:10 -0700] "GET /shop.php?e=96743865442110 HTTP/1.1" 200 32099 "-" "Mozilla/5.0 (Linux; Android 6.0.1; Nexus 5X Build/MMB29P) AppleWebKit/537.36 (KHTML, like Gecko) Chrome/151.0.7922.173 Mobile Safari/537.36 (compatible; GoogleOther)"
216.73.217.53 - - [27/Aug/2026:00:55:12 -0700] "GET /?m=79570892048 HTTP/2.0" 200 19793 "-" "Mozilla/5.0 AppleWebKit/537.36 (KHTML, like Gecko; compatible; ClaudeBot/1.0; +claudebot@anthropic.com)"
216.73.217.53 - - [27/Aug/2026:00:55:12 -0700] "GET /?m=38313429595 HTTP/2.0" 200 19680 "-" "Mozilla/5.0 AppleWebKit/537.36 (KHTML, like Gecko; compatible; ClaudeBot/1.0; +claudebot@anthropic.com)"
216.73.217.53 - - [27/Aug/2026:00:55:12 -0700] "GET /?m=67407726799 HTTP/2.0" 200 19680 "-" "Mozilla/5.0 AppleWebKit/537.36 (KHTML, like Gecko; compatible; ClaudeBot/1.0; +claudebot@anthropic.com)"
216.73.217.53 - - [27/Aug/2026:00:55:12 -0700] "GET /?m=40423193282 HTTP/2.0" 200 19680 "-" "Mozilla/5.0 AppleWebKit/537.36 (KHTML, like Gecko; compatible; ClaudeBot/1.0; +claudebot@anthropic.com)"
216.73.217.53 - - [27/Aug/2026:00:55:12 -0700] "GET /?m=65739240746 HTTP/2.0" 200 19680 "-" "Mozilla/5.0 AppleWebKit/537.36 (KHTML, like Gecko; compatible; ClaudeBot/1.0; +claudebot@anthropic.com)"
216.73.217.53 - - [27/Aug/2026:00:55:12 -0700] "GET /?m=95091122213 HTTP/2.0" 200 19689 "-" "Mozilla/5.0 AppleWebKit/537.36 (KHTML, like Gecko; compatible; ClaudeBot/1.0; +claudebot@anthropic.com)"
216.73.217.53 - - [27/Aug/2026:00:55:12 -0700] "GET /?m=89168035762 HTTP/2.0" 200 19689 "-" "Mozilla/5.0 AppleWebKit/537.36 (KHTML, like Gecko; compatible; ClaudeBot/1.0; +claudebot@anthropic.com)"
216.73.217.53 - - [27/Aug/2026:00:55:12 -0700] "GET /?m=54529888049 HTTP/2.0" 200 19680 "-" "Mozilla/5.0 AppleWebKit/537.36 (KHTML, like Gecko; compatible; ClaudeBot/1.0; +claudebot@anthropic.com)"
216.73.217.53 - - [27/Aug/2026:00:55:12 -0700] "GET /?m=32817410397 HTTP/2.0" 200 19680 "-" "Mozilla/5.0 AppleWebKit/537.36 (KHTML, like Gecko; compatible; ClaudeBot/1.0; +claudebot@anthropic.com)"
216.73.217.53 - - [27/Aug/2026:00:55:13 -0700] "GET /?m=59084708577 HTTP/2.0" 200 19726 "-" "Mozilla/5.0 AppleWebKit/537.36 (KHTML, like Gecko; compatible; ClaudeBot/1.0; +claudebot@anthropic.com)"
216.73.217.53 - - [27/Aug/2026:00:55:12 -0700] "GET /?m=46660418704 HTTP/2.0" 200 19680 "-" "Mozilla/5.0 AppleWebKit/537.36 (KHTML, like Gecko; compatible; ClaudeBot/1.0; +claudebot@anthropic.com)"
216.73.217.53 - - [27/Aug/2026:00:55:12 -0700] "GET /?m=7165059519 HTTP/2.0" 200 19680 "-" "Mozilla/5.0 AppleWebKit/537.36 (KHTML, like Gecko; compatible; ClaudeBot/1.0; +claudebot@anthropic.com)"
216.73.217.53 - - [27/Aug/2026:00:55:13 -0700] "GET /?m=3347089126 HTTP/2.0" 200 19689 "-" "Mozilla/5.0 AppleWebKit/537.36 (KHTML, like Gecko; compatible; ClaudeBot/1.0; +claudebot@anthropic.com)"
216.73.217.53 - - [27/Aug/2026:00:55:13 -0700] "GET /?m=72379090524 HTTP/2.0" 200 19689 "-" "Mozilla/5.0 AppleWebKit/537.36 (KHTML, like Gecko; compatible; ClaudeBot/1.0; +claudebot@anthropic.com)"
216.73.217.53 - - [27/Aug/2026:00:55:13 -0700] "GET /?m=8174378394 HTTP/2.0" 200 19689 "-" "Mozilla/5.0 AppleWebKit/537.36 (KHTML, like Gecko; compatible; ClaudeBot/1.0; +claudebot@anthropic.com)"
216.73.217.53 - - [27/Aug/2026:00:55:13 -0700] "GET /?m=14770807200 HTTP/2.0" 200 19680 "-" "Mozilla/5.0 AppleWebKit/537.36 (KHTML, like Gecko; compatible; ClaudeBot/1.0; +claudebot@anthropic.com)"
216.73.217.53 - - [27/Aug/2026:00:55:14 -0700] "GET /?m=15762720180 HTTP/2.0" 200 19735 "-" "Mozilla/5.0 AppleWebKit/537.36 (KHTML, like Gecko; compatible; ClaudeBot/1.0; +claudebot@anthropic.com)"
216.73.217.53 - - [27/Aug/2026:00:55:14 -0700] "GET /?m=74388242010 HTTP/2.0" 200 19689 "-" "Mozilla/5.0 AppleWebKit/537.36 (KHTML, like Gecko; compatible; ClaudeBot/1.0; +claudebot@anthropic.com)"
216.73.217.53 - - [27/Aug/2026:00:55:14 -0700] "GET /?m=33520223095 HTTP/2.0" 200 19689 "-" "Mozilla/5.0 AppleWebKit/537.36 (KHTML, like Gecko; compatible; ClaudeBot/1.0; +claudebot@anthropic.com)"
163.198.212.51 - - [27/Aug/2026:00:55:14 -0700] "POST /wp-login.php HTTP/1.1" 302 8542 "-" "Googlebot/2.1 (+http://www.google.com/bot.html)"
66.249.74.192 - - [27/Aug/2026:00:55:14 -0700] "GET /pc/index.php?m=97662249488 HTTP/1.1" 200 64413 "-" "Mozilla/5.0 (Linux; Android 6.0.1; Nexus 5X Build/MMB29P) AppleWebKit/537.36 (KHTML, like Gecko) Chrome/151.0.7922.173 Mobile Safari/537.36 (compatible; GoogleOther)"
216.73.217.53 - - [27/Aug/2026:00:55:14 -0700] "GET /?m=73495261025 HTTP/2.0" 200 19689 "-" "Mozilla/5.0 AppleWebKit/537.36 (KHTML, like Gecko; compatible; ClaudeBot/1.0; +claudebot@anthropic.com)"
216.73.217.53 - - [27/Aug/2026:00:55:14 -0700] "GET /?m=78097065965 HTTP/2.0" 200 19689 "-" "Mozilla/5.0 AppleWebKit/537.36 (KHTML, like Gecko; compatible; ClaudeBot/1.0; +claudebot@anthropic.com)"
216.73.217.53 - - [27/Aug/2026:00:55:14 -0700] "GET /?m=4283093457 HTTP/2.0" 200 19689 "-" "Mozilla/5.0 AppleWebKit/537.36 (KHTML, like Gecko; compatible; ClaudeBot/1.0; +claudebot@anthropic.com)"
216.73.217.53 - - [27/Aug/2026:00:55:14 -0700] "GET /?m=32461900305 HTTP/2.0" 200 19689 "-" "Mozilla/5.0 AppleWebKit/537.36 (KHTML, like Gecko; compatible; ClaudeBot/1.0; +claudebot@anthropic.com)"
216.73.217.53 - - [27/Aug/2026:00:55:14 -0700] "GET /?m=36160846124 HTTP/2.0" 200 19680 "-" "Mozilla/5.0 AppleWebKit/537.36 (KHTML, like Gecko; compatible; ClaudeBot/1.0; +claudebot@anthropic.com)"
216.73.217.53 - - [27/Aug/2026:00:55:14 -0700] "GET /?m=44684178364 HTTP/2.0" 200 19689 "-" "Mozilla/5.0 AppleWebKit/537.36 (KHTML, like Gecko; compatible; ClaudeBot/1.0; +claudebot@anthropic.com)"
216.73.217.53 - - [27/Aug/2026:00:55:15 -0700] "GET /?m=6954837682 HTTP/2.0" 200 19735 "-" "Mozilla/5.0 AppleWebKit/537.36 (KHTML, like Gecko; compatible; ClaudeBot/1.0; +claudebot@anthropic.com)"
216.73.217.53 - - [27/Aug/2026:00:55:15 -0700] "GET /?m=61542385371 HTTP/2.0" 200 19680 "-" "Mozilla/5.0 AppleWebKit/537.36 (KHTML, like Gecko; compatible; ClaudeBot/1.0; +claudebot@anthropic.com)"
216.73.217.53 - - [27/Aug/2026:00:55:15 -0700] "GET /?m=50455526850 HTTP/2.0" 200 19689 "-" "Mozilla/5.0 AppleWebKit/537.36 (KHTML, like Gecko; compatible; ClaudeBot/1.0; +claudebot@anthropic.com)"
216.73.217.53 - - [27/Aug/2026:00:55:15 -0700] "GET /?m=75821933734 HTTP/2.0" 200 19689 "-" "Mozilla/5.0 AppleWebKit/537.36 (KHTML, like Gecko; compatible; ClaudeBot/1.0; +claudebot@anthropic.com)"
216.73.217.53 - - [27/Aug/2026:00:55:15 -0700] "GET /?m=9646570655 HTTP/2.0" 200 19689 "-" "Mozilla/5.0 AppleWebKit/537.36 (KHTML, like Gecko; compatible; ClaudeBot/1.0; +claudebot@anthropic.com)"
216.73.217.53 - - [27/Aug/2026:00:55:15 -0700] "GET /?m=30115035958 HTTP/2.0" 200 19689 "-" "Mozilla/5.0 AppleWebKit/537.36 (KHTML, like Gecko; compatible; ClaudeBot/1.0; +claudebot@anthropic.com)"
216.73.217.53 - - [27/Aug/2026:00:55:15 -0700] "GET /?m=3228254121 HTTP/2.0" 200 19680 "-" "Mozilla/5.0 AppleWebKit/537.36 (KHTML, like Gecko; compatible; ClaudeBot/1.0; +claudebot@anthropic.com)"
216.73.217.53 - - [27/Aug/2026:00:55:15 -0700] "GET /?m=94522429239 HTTP/2.0" 200 19680 "-" "Mozilla/5.0 AppleWebKit/537.36 (KHTML, like Gecko; compatible; ClaudeBot/1.0; +claudebot@anthropic.com)"
216.73.217.53 - - [27/Aug/2026:00:55:15 -0700] "GET /?m=56171290734 HTTP/2.0" 200 19689 "-" "Mozilla/5.0 AppleWebKit/537.36 (KHTML, like Gecko; compatible; ClaudeBot/1.0; +claudebot@anthropic.com)"
216.73.217.53 - - [27/Aug/2026:00:55:15 -0700] "GET /?m=5537112945 HTTP/2.0" 200 19689 "-" "Mozilla/5.0 AppleWebKit/537.36 (KHTML, like Gecko; compatible; ClaudeBot/1.0; +claudebot@anthropic.com)"
216.73.217.53 - - [27/Aug/2026:00:55:15 -0700] "GET /?m=24954883006 HTTP/2.0" 200 19689 "-" "Mozilla/5.0 AppleWebKit/537.36 (KHTML, like Gecko; compatible; ClaudeBot/1.0; +claudebot@anthropic.com)"
216.73.217.53 - - [27/Aug/2026:00:55:16 -0700] "GET /?m=95128544979 HTTP/2.0" 200 19735 "-" "Mozilla/5.0 AppleWebKit/537.36 (KHTML, like Gecko; compatible; ClaudeBot/1.0; +claudebot@anthropic.com)"
216.73.217.53 - - [27/Aug/2026:00:55:16 -0700] "GET /?m=17021742491 HTTP/2.0" 200 19689 "-" "Mozilla/5.0 AppleWebKit/537.36 (KHTML, like Gecko; compatible; ClaudeBot/1.0; +claudebot@anthropic.com)"
216.73.217.53 - - [27/Aug/2026:00:55:16 -0700] "GET /?m=64618600871 HTTP/2.0" 200 19689 "-" "Mozilla/5.0 AppleWebKit/537.36 (KHTML, like Gecko; compatible; ClaudeBot/1.0; +claudebot@anthropic.com)"
216.73.217.53 - - [27/Aug/2026:00:55:16 -0700] "GET /?m=14518958046 HTTP/2.0" 200 19680 "-" "Mozilla/5.0 AppleWebKit/537.36 (KHTML, like Gecko; compatible; ClaudeBot/1.0; +claudebot@anthropic.com)"
216.73.217.53 - - [27/Aug/2026:00:55:16 -0700] "GET /?m=19210694357 HTTP/2.0" 200 19689 "-" "Mozilla/5.0 AppleWebKit/537.36 (KHTML, like Gecko; compatible; ClaudeBot/1.0; +claudebot@anthropic.com)"
163.198.212.51 - - [27/Aug/2026:00:55:16 -0700] "GET /wp-admin/ HTTP/1.1" 200 32611 "https://www.ablogformylove.com/wp-login.php" "Googlebot/2.1 (+http://www.google.com/bot.html)"
216.73.217.53 - - [27/Aug/2026:00:55:16 -0700] "GET /?m=75245364396 HTTP/2.0" 200 19689 "-" "Mozilla/5.0 AppleWebKit/537.36 (KHTML, like Gecko; compatible; ClaudeBot/1.0; +claudebot@anthropic.com)"
216.73.217.53 - - [27/Aug/2026:00:55:16 -0700] "GET /?m=7299180387 HTTP/2.0" 200 19680 "-" "Mozilla/5.0 AppleWebKit/537.36 (KHTML, like Gecko; compatible; ClaudeBot/1.0; +claudebot@anthropic.com)"
216.73.217.53 - - [27/Aug/2026:00:55:16 -0700] "GET /?m=15450753427 HTTP/2.0" 200 19680 "-" "Mozilla/5.0 AppleWebKit/537.36 (KHTML, like Gecko; compatible; ClaudeBot/1.0; +claudebot@anthropic.com)"
216.73.217.53 - - [27/Aug/2026:00:55:16 -0700] "GET /?m=34375353975 HTTP/2.0" 200 19689 "-" "Mozilla/5.0 AppleWebKit/537.36 (KHTML, like Gecko; compatible; ClaudeBot/1.0; +claudebot@anthropic.com)"
216.73.217.53 - - [27/Aug/2026:00:55:16 -0700] "GET /?m=75880367597 HTTP/2.0" 200 19690 "-" "Mozilla/5.0 AppleWebKit/537.36 (KHTML, like Gecko; compatible; ClaudeBot/1.0; +claudebot@anthropic.com)"
216.73.217.53 - - [27/Aug/2026:00:55:17 -0700] "GET /?m=44167685918 HTTP/2.0" 200 19736 "-" "Mozilla/5.0 AppleWebKit/537.36 (KHTML, like Gecko; compatible; ClaudeBot/1.0; +claudebot@anthropic.com)"
216.73.217.53 - - [27/Aug/2026:00:55:17 -0700] "GET /?m=53104076995 HTTP/2.0" 200 19681 "-" "Mozilla/5.0 AppleWebKit/537.36 (KHTML, like Gecko; compatible; ClaudeBot/1.0; +claudebot@anthropic.com)"
163.198.212.51 - - [27/Aug/2026:00:55:17 -0700] "GET /wp-admin/index.php HTTP/1.1" 200 27778 "-" "Googlebot/2.1 (+http://www.google.com/bot.html)"
