216.73.217.53 - - [27/Aug/2026:02:42:47 -0700] "GET /?m=92912678988 HTTP/2.0" 200 19688 "-" "Mozilla/5.0 AppleWebKit/537.36 (KHTML, like Gecko; compatible; ClaudeBot/1.0; +claudebot@anthropic.com)"
216.73.217.53 - - [27/Aug/2026:02:42:48 -0700] "GET /?m=97914511313 HTTP/2.0" 200 19734 "-" "Mozilla/5.0 AppleWebKit/537.36 (KHTML, like Gecko; compatible; ClaudeBot/1.0; +claudebot@anthropic.com)"
216.73.217.53 - - [27/Aug/2026:02:42:47 -0700] "GET /?m=7986216551 HTTP/2.0" 200 19688 "-" "Mozilla/5.0 AppleWebKit/537.36 (KHTML, like Gecko; compatible; ClaudeBot/1.0; +claudebot@anthropic.com)"
216.73.217.53 - - [27/Aug/2026:02:42:48 -0700] "GET /?m=50204733867 HTTP/2.0" 200 19679 "-" "Mozilla/5.0 AppleWebKit/537.36 (KHTML, like Gecko; compatible; ClaudeBot/1.0; +claudebot@anthropic.com)"
216.73.217.53 - - [27/Aug/2026:02:42:48 -0700] "GET /?m=64996679470 HTTP/2.0" 200 19688 "-" "Mozilla/5.0 AppleWebKit/537.36 (KHTML, like Gecko; compatible; ClaudeBot/1.0; +claudebot@anthropic.com)"
216.73.217.53 - - [27/Aug/2026:02:42:48 -0700] "GET /?m=24093474842 HTTP/2.0" 200 19688 "-" "Mozilla/5.0 AppleWebKit/537.36 (KHTML, like Gecko; compatible; ClaudeBot/1.0; +claudebot@anthropic.com)"
193.70.33.35 - - [27/Aug/2026:02:42:49 -0700] "GET /2026/08/21/pinko-kazino-samye-interesnye-fakty-o-kazino/feed/ HTTP/1.1" 200 2235 "-" "Mozilla/5.0 (compatible; MJ12bot/v1.4.8; http://mj12bot.com/)"
216.73.217.53 - - [27/Aug/2026:02:42:49 -0700] "GET /?m=90750062094 HTTP/2.0" 200 19734 "-" "Mozilla/5.0 AppleWebKit/537.36 (KHTML, like Gecko; compatible; ClaudeBot/1.0; +claudebot@anthropic.com)"
216.73.217.53 - - [27/Aug/2026:02:42:49 -0700] "GET /?m=83703332771 HTTP/2.0" 200 19688 "-" "Mozilla/5.0 AppleWebKit/537.36 (KHTML, like Gecko; compatible; ClaudeBot/1.0; +claudebot@anthropic.com)"
216.73.217.53 - - [27/Aug/2026:02:42:49 -0700] "GET /?m=1923965079 HTTP/2.0" 200 19688 "-" "Mozilla/5.0 AppleWebKit/537.36 (KHTML, like Gecko; compatible; ClaudeBot/1.0; +claudebot@anthropic.com)"
216.73.217.53 - - [27/Aug/2026:02:42:50 -0700] "GET /?m=26692816422 HTTP/2.0" 200 19734 "-" "Mozilla/5.0 AppleWebKit/537.36 (KHTML, like Gecko; compatible; ClaudeBot/1.0; +claudebot@anthropic.com)"
216.73.217.53 - - [27/Aug/2026:02:42:50 -0700] "GET /?m=15677940419 HTTP/2.0" 200 19688 "-" "Mozilla/5.0 AppleWebKit/537.36 (KHTML, like Gecko; compatible; ClaudeBot/1.0; +claudebot@anthropic.com)"
57.141.24.117 - - [27/Aug/2026:02:42:50 -0700] "GET / HTTP/2.0" 200 25278 "-" "facebookexternalhit/1.1 (+http://www.facebook.com/externalhit_uatext.php)"
66.249.74.192 - - [27/Aug/2026:02:42:51 -0700] "GET /pc/index.php?tags/%E3%80%90%E3%83%88%E3%83%AC%E3%83%95%E3%82%A1%E3%82%AF%E7%A5%9E%E6%88%B8%E6%96%B0%E9%95%B7%E7%94%B0%E3%80%91TOSHIBA%E3%81%AE%E5%A3%81%E6%8E%9B%E3%81%91%E3%82%A8%E3%82%A2%E3%82%B3%E3%83%B3%E3%81%A7%E3%81%99%EF%BC%81%EF%BC%81%EF%BC%81%EF%BC%81%EF%BC%81 HTTP/1.1" 200 64020 "-" "Mozilla/5.0 (Linux; Android 6.0.1; Nexus 5X Build/MMB29P) AppleWebKit/537.36 (KHTML, like Gecko) Chrome/151.0.7922.173 Mobile Safari/537.36 (compatible; GoogleOther)"
193.70.33.35 - - [27/Aug/2026:02:42:51 -0700] "GET /2026/08/21/safety-tips-for-playing-at-casino-online-non-aams-websites/feed/ HTTP/1.1" 200 2200 "-" "Mozilla/5.0 (compatible; MJ12bot/v1.4.8; http://mj12bot.com/)"
66.249.74.193 - - [27/Aug/2026:02:42:51 -0700] "GET /js/searchbox/1777250054 HTTP/1.1" 200 63997 "https://www.ablogformylove.com/ajax/productdeliverycalendar/?sku=95980560886&offset=" "Mozilla/5.0 (Linux; Android 6.0.1; Nexus 5X Build/MMB29P) AppleWebKit/537.36 (KHTML, like Gecko) Chrome/151.0.7922.173 Mobile Safari/537.36 (compatible; GoogleOther)"
216.73.217.53 - - [27/Aug/2026:02:42:52 -0700] "GET /?m=88463237114 HTTP/2.0" 200 19734 "-" "Mozilla/5.0 AppleWebKit/537.36 (KHTML, like Gecko; compatible; ClaudeBot/1.0; +claudebot@anthropic.com)"
193.70.33.35 - - [27/Aug/2026:02:42:53 -0700] "GET /2026/08/21/stavki-na-sport-1xbet-prilozheniia-dlia-mobilnykh-stavok/feed/ HTTP/1.1" 200 2281 "-" "Mozilla/5.0 (compatible; MJ12bot/v1.4.8; http://mj12bot.com/)"
216.73.217.53 - - [27/Aug/2026:02:42:53 -0700] "GET /?m=57997465497 HTTP/2.0" 200 19734 "-" "Mozilla/5.0 AppleWebKit/537.36 (KHTML, like Gecko; compatible; ClaudeBot/1.0; +claudebot@anthropic.com)"
216.73.217.53 - - [27/Aug/2026:02:42:53 -0700] "GET /?m=83976461486 HTTP/2.0" 200 19688 "-" "Mozilla/5.0 AppleWebKit/537.36 (KHTML, like Gecko; compatible; ClaudeBot/1.0; +claudebot@anthropic.com)"
216.73.217.53 - - [27/Aug/2026:02:42:53 -0700] "GET /?m=94266940915 HTTP/2.0" 200 19679 "-" "Mozilla/5.0 AppleWebKit/537.36 (KHTML, like Gecko; compatible; ClaudeBot/1.0; +claudebot@anthropic.com)"
216.73.217.53 - - [27/Aug/2026:02:42:53 -0700] "GET /?m=23827446935 HTTP/2.0" 200 19679 "-" "Mozilla/5.0 AppleWebKit/537.36 (KHTML, like Gecko; compatible; ClaudeBot/1.0; +claudebot@anthropic.com)"
216.73.217.53 - - [27/Aug/2026:02:42:54 -0700] "GET /?m=49023579912 HTTP/2.0" 200 19734 "-" "Mozilla/5.0 AppleWebKit/537.36 (KHTML, like Gecko; compatible; ClaudeBot/1.0; +claudebot@anthropic.com)"
216.73.217.53 - - [27/Aug/2026:02:42:54 -0700] "GET /?m=74733802343 HTTP/2.0" 200 19688 "-" "Mozilla/5.0 AppleWebKit/537.36 (KHTML, like Gecko; compatible; ClaudeBot/1.0; +claudebot@anthropic.com)"
216.73.217.53 - - [27/Aug/2026:02:42:54 -0700] "GET /?m=24030589879 HTTP/2.0" 200 19688 "-" "Mozilla/5.0 AppleWebKit/537.36 (KHTML, like Gecko; compatible; ClaudeBot/1.0; +claudebot@anthropic.com)"
216.73.217.53 - - [27/Aug/2026:02:42:54 -0700] "GET /?m=8389311517 HTTP/2.0" 200 19679 "-" "Mozilla/5.0 AppleWebKit/537.36 (KHTML, like Gecko; compatible; ClaudeBot/1.0; +claudebot@anthropic.com)"
66.249.74.194 - - [27/Aug/2026:02:42:54 -0700] "GET /?m=77122832255 HTTP/1.1" 200 62833 "-" "Mozilla/5.0 (Linux; Android 6.0.1; Nexus 5X Build/MMB29P) AppleWebKit/537.36 (KHTML, like Gecko) Chrome/151.0.7922.173 Mobile Safari/537.36 (compatible; GoogleOther)"
216.73.217.53 - - [27/Aug/2026:02:42:54 -0700] "GET /?m=67599405334 HTTP/2.0" 200 19688 "-" "Mozilla/5.0 AppleWebKit/537.36 (KHTML, like Gecko; compatible; ClaudeBot/1.0; +claudebot@anthropic.com)"
216.73.217.53 - - [27/Aug/2026:02:42:54 -0700] "GET /?m=92556446684 HTTP/2.0" 200 19688 "-" "Mozilla/5.0 AppleWebKit/537.36 (KHTML, like Gecko; compatible; ClaudeBot/1.0; +claudebot@anthropic.com)"
216.73.217.53 - - [27/Aug/2026:02:42:54 -0700] "GET /?m=67483549934 HTTP/2.0" 200 19679 "-" "Mozilla/5.0 AppleWebKit/537.36 (KHTML, like Gecko; compatible; ClaudeBot/1.0; +claudebot@anthropic.com)"
216.73.217.53 - - [27/Aug/2026:02:42:54 -0700] "GET /?m=22237124813 HTTP/2.0" 200 19689 "-" "Mozilla/5.0 AppleWebKit/537.36 (KHTML, like Gecko; compatible; ClaudeBot/1.0; +claudebot@anthropic.com)"
216.73.217.53 - - [27/Aug/2026:02:42:54 -0700] "GET /?m=53439604094 HTTP/2.0" 200 19689 "-" "Mozilla/5.0 AppleWebKit/537.36 (KHTML, like Gecko; compatible; ClaudeBot/1.0; +claudebot@anthropic.com)"
216.73.217.53 - - [27/Aug/2026:02:42:55 -0700] "GET /?m=5383837227 HTTP/2.0" 200 19726 "-" "Mozilla/5.0 AppleWebKit/537.36 (KHTML, like Gecko; compatible; ClaudeBot/1.0; +claudebot@anthropic.com)"
193.70.33.35 - - [27/Aug/2026:02:42:55 -0700] "GET /2026/08/21/strategie-vincenti-nei-casino-italiani-non-aams-guida-alla-scelta-della-piattaforma-migliore-2/ HTTP/1.1" 200 23647 "-" "Mozilla/5.0 (compatible; MJ12bot/v1.4.8; http://mj12bot.com/)"
216.73.217.53 - - [27/Aug/2026:02:42:55 -0700] "GET /?m=46800720058 HTTP/2.0" 200 19689 "-" "Mozilla/5.0 AppleWebKit/537.36 (KHTML, like Gecko; compatible; ClaudeBot/1.0; +claudebot@anthropic.com)"
216.73.217.53 - - [27/Aug/2026:02:42:55 -0700] "GET /?m=99486530050 HTTP/2.0" 200 19689 "-" "Mozilla/5.0 AppleWebKit/537.36 (KHTML, like Gecko; compatible; ClaudeBot/1.0; +claudebot@anthropic.com)"
216.73.217.53 - - [27/Aug/2026:02:42:55 -0700] "GET /?m=17123559296 HTTP/2.0" 200 19689 "-" "Mozilla/5.0 AppleWebKit/537.36 (KHTML, like Gecko; compatible; ClaudeBot/1.0; +claudebot@anthropic.com)"
57.141.0.7 - - [27/Aug/2026:02:42:55 -0700] "GET /?m=82254284641 HTTP/2.0" 200 19796 "-" "Mozilla/5.0 (Windows NT 10.0; Win64; x64) AppleWebKit/537.36 (KHTML, like Gecko) Chrome/145.0.0.0 Safari/537.36 (compatible; meta-externalagent/1.1 (+https://developers.facebook.com/docs/sharing/webmasters/crawler))"
216.73.217.53 - - [27/Aug/2026:02:42:55 -0700] "GET /?m=54112893632 HTTP/2.0" 200 19689 "-" "Mozilla/5.0 AppleWebKit/537.36 (KHTML, like Gecko; compatible; ClaudeBot/1.0; +claudebot@anthropic.com)"
216.73.217.53 - - [27/Aug/2026:02:42:55 -0700] "GET /?m=89294856130 HTTP/2.0" 200 19689 "-" "Mozilla/5.0 AppleWebKit/537.36 (KHTML, like Gecko; compatible; ClaudeBot/1.0; +claudebot@anthropic.com)"
216.73.217.53 - - [27/Aug/2026:02:42:55 -0700] "GET /?m=30795468145 HTTP/2.0" 200 19689 "-" "Mozilla/5.0 AppleWebKit/537.36 (KHTML, like Gecko; compatible; ClaudeBot/1.0; +claudebot@anthropic.com)"
216.73.217.53 - - [27/Aug/2026:02:42:55 -0700] "GET /?m=16848360041 HTTP/2.0" 200 19680 "-" "Mozilla/5.0 AppleWebKit/537.36 (KHTML, like Gecko; compatible; ClaudeBot/1.0; +claudebot@anthropic.com)"
216.73.217.53 - - [27/Aug/2026:02:42:55 -0700] "GET /?m=72563920833 HTTP/2.0" 200 19679 "-" "Mozilla/5.0 AppleWebKit/537.36 (KHTML, like Gecko; compatible; ClaudeBot/1.0; +claudebot@anthropic.com)"
216.73.217.53 - - [27/Aug/2026:02:42:56 -0700] "GET /?m=9415452316 HTTP/2.0" 200 19734 "-" "Mozilla/5.0 AppleWebKit/537.36 (KHTML, like Gecko; compatible; ClaudeBot/1.0; +claudebot@anthropic.com)"
216.73.217.53 - - [27/Aug/2026:02:42:56 -0700] "GET /?m=87491388936 HTTP/2.0" 200 19688 "-" "Mozilla/5.0 AppleWebKit/537.36 (KHTML, like Gecko; compatible; ClaudeBot/1.0; +claudebot@anthropic.com)"
216.73.217.53 - - [27/Aug/2026:02:42:56 -0700] "GET /?m=21697007298 HTTP/2.0" 200 19679 "-" "Mozilla/5.0 AppleWebKit/537.36 (KHTML, like Gecko; compatible; ClaudeBot/1.0; +claudebot@anthropic.com)"
216.73.217.53 - - [27/Aug/2026:02:42:56 -0700] "GET /?m=49853412207 HTTP/2.0" 200 19688 "-" "Mozilla/5.0 AppleWebKit/537.36 (KHTML, like Gecko; compatible; ClaudeBot/1.0; +claudebot@anthropic.com)"
216.73.217.53 - - [27/Aug/2026:02:42:56 -0700] "GET /?m=73902633893 HTTP/2.0" 200 19679 "-" "Mozilla/5.0 AppleWebKit/537.36 (KHTML, like Gecko; compatible; ClaudeBot/1.0; +claudebot@anthropic.com)"
216.73.217.53 - - [27/Aug/2026:02:42:56 -0700] "GET /?m=58731601781 HTTP/2.0" 200 19679 "-" "Mozilla/5.0 AppleWebKit/537.36 (KHTML, like Gecko; compatible; ClaudeBot/1.0; +claudebot@anthropic.com)"
216.73.217.53 - - [27/Aug/2026:02:42:56 -0700] "GET /?m=30313811532 HTTP/2.0" 200 19679 "-" "Mozilla/5.0 AppleWebKit/537.36 (KHTML, like Gecko; compatible; ClaudeBot/1.0; +claudebot@anthropic.com)"
216.73.217.53 - - [27/Aug/2026:02:42:56 -0700] "GET /?m=73169393100 HTTP/2.0" 200 19688 "-" "Mozilla/5.0 AppleWebKit/537.36 (KHTML, like Gecko; compatible; ClaudeBot/1.0; +claudebot@anthropic.com)"
216.73.217.53 - - [27/Aug/2026:02:42:56 -0700] "GET /?m=25733647550 HTTP/2.0" 200 19689 "-" "Mozilla/5.0 AppleWebKit/537.36 (KHTML, like Gecko; compatible; ClaudeBot/1.0; +claudebot@anthropic.com)"
216.73.217.53 - - [27/Aug/2026:02:42:56 -0700] "GET /?m=43949040626 HTTP/2.0" 200 19689 "-" "Mozilla/5.0 AppleWebKit/537.36 (KHTML, like Gecko; compatible; ClaudeBot/1.0; +claudebot@anthropic.com)"
216.73.217.53 - - [27/Aug/2026:02:42:57 -0700] "GET /?m=57285144101 HTTP/2.0" 200 19735 "-" "Mozilla/5.0 AppleWebKit/537.36 (KHTML, like Gecko; compatible; ClaudeBot/1.0; +claudebot@anthropic.com)"
193.70.33.35 - - [27/Aug/2026:02:42:57 -0700] "GET /2026/08/21/strategie-vincenti-nei-casino-italiani-non-aams-guida-alla-scelta-della-piattaforma-migliore-3/ HTTP/1.1" 200 23652 "-" "Mozilla/5.0 (compatible; MJ12bot/v1.4.8; http://mj12bot.com/)"
66.249.74.192 - - [27/Aug/2026:02:42:58 -0700] "GET /?m=85489531595 HTTP/1.1" 200 63095 "-" "Mozilla/5.0 (Linux; Android 6.0.1; Nexus 5X Build/MMB29P) AppleWebKit/537.36 (KHTML, like Gecko) Chrome/151.0.7922.173 Mobile Safari/537.36 (compatible; GoogleOther)"
82.86.112.111 - - [27/Aug/2026:02:42:58 -0700] "GET / HTTP/1.1" 200 30511 "-" "Mozilla/5.0 (Windows NT 10.0; Win64; x64) AppleWebKit/537.36 (KHTML, like Gecko) Chrome/120.0.0.0 Safari/537.36"
193.70.33.35 - - [27/Aug/2026:02:42:59 -0700] "GET /2026/08/21/strategie-vincenti-nei-casino-italiani-non-aams-guida-alla-scelta-della-piattaforma-migliore-4/ HTTP/1.1" 200 23725 "-" "Mozilla/5.0 (compatible; MJ12bot/v1.4.8; http://mj12bot.com/)"
216.73.217.53 - - [27/Aug/2026:02:43:00 -0700] "GET /?m=44461717539 HTTP/2.0" 200 19792 "-" "Mozilla/5.0 AppleWebKit/537.36 (KHTML, like Gecko; compatible; ClaudeBot/1.0; +claudebot@anthropic.com)"
216.73.217.53 - - [27/Aug/2026:02:43:00 -0700] "GET /?m=95325725815 HTTP/2.0" 200 19679 "-" "Mozilla/5.0 AppleWebKit/537.36 (KHTML, like Gecko; compatible; ClaudeBot/1.0; +claudebot@anthropic.com)"
216.73.217.53 - - [27/Aug/2026:02:43:00 -0700] "GET /?m=49903166930 HTTP/2.0" 200 19688 "-" "Mozilla/5.0 AppleWebKit/537.36 (KHTML, like Gecko; compatible; ClaudeBot/1.0; +claudebot@anthropic.com)"
216.73.217.53 - - [27/Aug/2026:02:43:00 -0700] "GET /?m=1185465963 HTTP/2.0" 200 19679 "-" "Mozilla/5.0 AppleWebKit/537.36 (KHTML, like Gecko; compatible; ClaudeBot/1.0; +claudebot@anthropic.com)"
216.73.217.53 - - [27/Aug/2026:02:43:00 -0700] "GET /?m=99543224745 HTTP/2.0" 200 19679 "-" "Mozilla/5.0 AppleWebKit/537.36 (KHTML, like Gecko; compatible; ClaudeBot/1.0; +claudebot@anthropic.com)"
216.73.217.53 - - [27/Aug/2026:02:43:00 -0700] "GET /?m=1265061167 HTTP/2.0" 200 19679 "-" "Mozilla/5.0 AppleWebKit/537.36 (KHTML, like Gecko; compatible; ClaudeBot/1.0; +claudebot@anthropic.com)"
66.249.74.192 - - [27/Aug/2026:02:43:01 -0700] "GET /goods.php?h=31872912122 HTTP/1.1" 200 28621 "-" "Mozilla/5.0 (Linux; Android 6.0.1; Nexus 5X Build/MMB29P) AppleWebKit/537.36 (KHTML, like Gecko) Chrome/151.0.7922.173 Mobile Safari/537.36 (compatible; GoogleOther)"
193.70.33.35 - - [27/Aug/2026:02:43:01 -0700] "GET /2026/08/21/strategie-vincenti-nei-casino-italiani-non-aams-guida-alla-scelta-della-piattaforma-migliore/feed/ HTTP/1.1" 200 2238 "-" "Mozilla/5.0 (compatible; MJ12bot/v1.4.8; http://mj12bot.com/)"
216.73.217.53 - - [27/Aug/2026:02:43:00 -0700] "GET /?m=20652804392 HTTP/2.0" 200 19679 "-" "Mozilla/5.0 AppleWebKit/537.36 (KHTML, like Gecko; compatible; ClaudeBot/1.0; +claudebot@anthropic.com)"
216.73.217.53 - - [27/Aug/2026:02:43:00 -0700] "GET /?m=3678554052 HTTP/2.0" 200 19679 "-" "Mozilla/5.0 AppleWebKit/537.36 (KHTML, like Gecko; compatible; ClaudeBot/1.0; +claudebot@anthropic.com)"
216.73.217.53 - - [27/Aug/2026:02:43:00 -0700] "GET /?m=36105289461 HTTP/2.0" 200 19688 "-" "Mozilla/5.0 AppleWebKit/537.36 (KHTML, like Gecko; compatible; ClaudeBot/1.0; +claudebot@anthropic.com)"
216.73.217.53 - - [27/Aug/2026:02:43:00 -0700] "GET /?m=82202364642 HTTP/2.0" 200 19688 "-" "Mozilla/5.0 AppleWebKit/537.36 (KHTML, like Gecko; compatible; ClaudeBot/1.0; +claudebot@anthropic.com)"
216.73.217.53 - - [27/Aug/2026:02:43:01 -0700] "GET /?m=40882813729 HTTP/2.0" 200 19734 "-" "Mozilla/5.0 AppleWebKit/537.36 (KHTML, like Gecko; compatible; ClaudeBot/1.0; +claudebot@anthropic.com)"
216.73.217.53 - - [27/Aug/2026:02:43:01 -0700] "GET /?m=68731527180 HTTP/2.0" 200 19688 "-" "Mozilla/5.0 AppleWebKit/537.36 (KHTML, like Gecko; compatible; ClaudeBot/1.0; +claudebot@anthropic.com)"
216.73.217.53 - - [27/Aug/2026:02:43:01 -0700] "GET /?m=58517853584 HTTP/2.0" 200 19688 "-" "Mozilla/5.0 AppleWebKit/537.36 (KHTML, like Gecko; compatible; ClaudeBot/1.0; +claudebot@anthropic.com)"
216.73.217.53 - - [27/Aug/2026:02:43:01 -0700] "GET /?m=62016310531 HTTP/2.0" 200 19688 "-" "Mozilla/5.0 AppleWebKit/537.36 (KHTML, like Gecko; compatible; ClaudeBot/1.0; +claudebot@anthropic.com)"
216.73.217.53 - - [27/Aug/2026:02:43:02 -0700] "GET /?m=90613220903 HTTP/2.0" 200 19734 "-" "Mozilla/5.0 AppleWebKit/537.36 (KHTML, like Gecko; compatible; ClaudeBot/1.0; +claudebot@anthropic.com)"
216.73.217.53 - - [27/Aug/2026:02:43:02 -0700] "GET /?m=37364342974 HTTP/2.0" 200 19679 "-" "Mozilla/5.0 AppleWebKit/537.36 (KHTML, like Gecko; compatible; ClaudeBot/1.0; +claudebot@anthropic.com)"
216.73.217.53 - - [27/Aug/2026:02:43:02 -0700] "GET /?m=76706700238 HTTP/2.0" 200 19679 "-" "Mozilla/5.0 AppleWebKit/537.36 (KHTML, like Gecko; compatible; ClaudeBot/1.0; +claudebot@anthropic.com)"
216.73.217.53 - - [27/Aug/2026:02:43:02 -0700] "GET /?m=94407698078 HTTP/2.0" 200 19679 "-" "Mozilla/5.0 AppleWebKit/537.36 (KHTML, like Gecko; compatible; ClaudeBot/1.0; +claudebot@anthropic.com)"
216.73.217.53 - - [27/Aug/2026:02:43:02 -0700] "GET /?m=47653812804 HTTP/2.0" 200 19688 "-" "Mozilla/5.0 AppleWebKit/537.36 (KHTML, like Gecko; compatible; ClaudeBot/1.0; +claudebot@anthropic.com)"
216.73.217.53 - - [27/Aug/2026:02:43:02 -0700] "GET /?m=96114816441 HTTP/2.0" 200 19688 "-" "Mozilla/5.0 AppleWebKit/537.36 (KHTML, like Gecko; compatible; ClaudeBot/1.0; +claudebot@anthropic.com)"
216.73.217.53 - - [27/Aug/2026:02:43:02 -0700] "GET /?m=20934507048 HTTP/2.0" 200 19688 "-" "Mozilla/5.0 AppleWebKit/537.36 (KHTML, like Gecko; compatible; ClaudeBot/1.0; +claudebot@anthropic.com)"
216.73.217.53 - - [27/Aug/2026:02:43:03 -0700] "GET /?m=2204770651 HTTP/2.0" 200 19734 "-" "Mozilla/5.0 AppleWebKit/537.36 (KHTML, like Gecko; compatible; ClaudeBot/1.0; +claudebot@anthropic.com)"
216.73.217.53 - - [27/Aug/2026:02:43:03 -0700] "GET /?m=10388258443 HTTP/2.0" 200 19688 "-" "Mozilla/5.0 AppleWebKit/537.36 (KHTML, like Gecko; compatible; ClaudeBot/1.0; +claudebot@anthropic.com)"
216.73.217.53 - - [27/Aug/2026:02:43:03 -0700] "GET /?m=41148677586 HTTP/2.0" 200 19688 "-" "Mozilla/5.0 AppleWebKit/537.36 (KHTML, like Gecko; compatible; ClaudeBot/1.0; +claudebot@anthropic.com)"
216.73.217.53 - - [27/Aug/2026:02:43:03 -0700] "GET /?m=10642675154 HTTP/2.0" 200 19679 "-" "Mozilla/5.0 AppleWebKit/537.36 (KHTML, like Gecko; compatible; ClaudeBot/1.0; +claudebot@anthropic.com)"
193.70.33.35 - - [27/Aug/2026:02:43:03 -0700] "GET /2026/08/21/strategien-fur-sportwetten-ohne-oasis-bei-neuen-wettanbietern/ HTTP/1.1" 200 24070 "-" "Mozilla/5.0 (compatible; MJ12bot/v1.4.8; http://mj12bot.com/)"
216.73.217.53 - - [27/Aug/2026:02:43:03 -0700] "GET /?m=46414084267 HTTP/2.0" 200 19688 "-" "Mozilla/5.0 AppleWebKit/537.36 (KHTML, like Gecko; compatible; ClaudeBot/1.0; +claudebot@anthropic.com)"
216.73.217.53 - - [27/Aug/2026:02:43:03 -0700] "GET /?m=42619869788 HTTP/2.0" 200 19688 "-" "Mozilla/5.0 AppleWebKit/537.36 (KHTML, like Gecko; compatible; ClaudeBot/1.0; +claudebot@anthropic.com)"
216.73.217.53 - - [27/Aug/2026:02:43:03 -0700] "GET /?m=48036695900 HTTP/2.0" 200 19688 "-" "Mozilla/5.0 AppleWebKit/537.36 (KHTML, like Gecko; compatible; ClaudeBot/1.0; +claudebot@anthropic.com)"
216.73.217.53 - - [27/Aug/2026:02:43:03 -0700] "GET /?m=59274010270 HTTP/2.0" 200 19688 "-" "Mozilla/5.0 AppleWebKit/537.36 (KHTML, like Gecko; compatible; ClaudeBot/1.0; +claudebot@anthropic.com)"
216.73.217.53 - - [27/Aug/2026:02:43:04 -0700] "GET /?m=42519945479 HTTP/2.0" 200 19725 "-" "Mozilla/5.0 AppleWebKit/537.36 (KHTML, like Gecko; compatible; ClaudeBot/1.0; +claudebot@anthropic.com)"
216.73.217.53 - - [27/Aug/2026:02:43:04 -0700] "GET /?m=59012053857 HTTP/2.0" 200 19688 "-" "Mozilla/5.0 AppleWebKit/537.36 (KHTML, like Gecko; compatible; ClaudeBot/1.0; +claudebot@anthropic.com)"
216.73.217.53 - - [27/Aug/2026:02:43:04 -0700] "GET /?m=39458384496 HTTP/2.0" 200 19679 "-" "Mozilla/5.0 AppleWebKit/537.36 (KHTML, like Gecko; compatible; ClaudeBot/1.0; +claudebot@anthropic.com)"
216.73.217.53 - - [27/Aug/2026:02:43:04 -0700] "GET /?m=81413880970 HTTP/2.0" 200 19679 "-" "Mozilla/5.0 AppleWebKit/537.36 (KHTML, like Gecko; compatible; ClaudeBot/1.0; +claudebot@anthropic.com)"
216.73.217.53 - - [27/Aug/2026:02:43:04 -0700] "GET /?m=35237513256 HTTP/2.0" 200 19688 "-" "Mozilla/5.0 AppleWebKit/537.36 (KHTML, like Gecko; compatible; ClaudeBot/1.0; +claudebot@anthropic.com)"
216.73.217.53 - - [27/Aug/2026:02:43:04 -0700] "GET /?m=84140393765 HTTP/2.0" 200 19688 "-" "Mozilla/5.0 AppleWebKit/537.36 (KHTML, like Gecko; compatible; ClaudeBot/1.0; +claudebot@anthropic.com)"
216.73.217.53 - - [27/Aug/2026:02:43:04 -0700] "GET /?m=14594248747 HTTP/2.0" 200 19688 "-" "Mozilla/5.0 AppleWebKit/537.36 (KHTML, like Gecko; compatible; ClaudeBot/1.0; +claudebot@anthropic.com)"
66.249.74.192 - - [27/Aug/2026:02:43:04 -0700] "GET /kaden/mtalk/?sku=38358807384 HTTP/1.1" 200 58452 "-" "Mozilla/5.0 (Linux; Android 6.0.1; Nexus 5X Build/MMB29P) AppleWebKit/537.36 (KHTML, like Gecko) Chrome/151.0.7922.173 Mobile Safari/537.36 (compatible; GoogleOther)"
216.73.217.53 - - [27/Aug/2026:02:43:04 -0700] "GET /?m=22005947386 HTTP/2.0" 200 19689 "-" "Mozilla/5.0 AppleWebKit/537.36 (KHTML, like Gecko; compatible; ClaudeBot/1.0; +claudebot@anthropic.com)"
216.73.217.53 - - [27/Aug/2026:02:43:04 -0700] "GET /?m=39328706332 HTTP/2.0" 200 19689 "-" "Mozilla/5.0 AppleWebKit/537.36 (KHTML, like Gecko; compatible; ClaudeBot/1.0; +claudebot@anthropic.com)"
216.73.217.53 - - [27/Aug/2026:02:43:05 -0700] "GET /?m=91798547242 HTTP/2.0" 200 19726 "-" "Mozilla/5.0 AppleWebKit/537.36 (KHTML, like Gecko; compatible; ClaudeBot/1.0; +claudebot@anthropic.com)"
216.73.217.53 - - [27/Aug/2026:02:43:05 -0700] "GET /?m=24510030452 HTTP/2.0" 200 19689 "-" "Mozilla/5.0 AppleWebKit/537.36 (KHTML, like Gecko; compatible; ClaudeBot/1.0; +claudebot@anthropic.com)"
216.73.217.53 - - [27/Aug/2026:02:43:05 -0700] "GET /?m=64408013537 HTTP/2.0" 200 19680 "-" "Mozilla/5.0 AppleWebKit/537.36 (KHTML, like Gecko; compatible; ClaudeBot/1.0; +claudebot@anthropic.com)"
216.73.217.53 - - [27/Aug/2026:02:43:05 -0700] "GET /?m=34144098138 HTTP/2.0" 200 19680 "-" "Mozilla/5.0 AppleWebKit/537.36 (KHTML, like Gecko; compatible; ClaudeBot/1.0; +claudebot@anthropic.com)"
216.73.217.53 - - [27/Aug/2026:02:43:05 -0700] "GET /?m=46810324792 HTTP/2.0" 200 19689 "-" "Mozilla/5.0 AppleWebKit/537.36 (KHTML, like Gecko; compatible; ClaudeBot/1.0; +claudebot@anthropic.com)"
193.70.33.35 - - [27/Aug/2026:02:43:05 -0700] "GET /2026/08/21/strategien-fur-sportwetten-ohne-oasis-bei-neuen-wettanbietern-2/feed/ HTTP/1.1" 200 2202 "-" "Mozilla/5.0 (compatible; MJ12bot/v1.4.8; http://mj12bot.com/)"
216.73.217.53 - - [27/Aug/2026:02:43:05 -0700] "GET /?m=91023836519 HTTP/2.0" 200 19689 "-" "Mozilla/5.0 AppleWebKit/537.36 (KHTML, like Gecko; compatible; ClaudeBot/1.0; +claudebot@anthropic.com)"
216.73.217.53 - - [27/Aug/2026:02:43:05 -0700] "GET /?m=86660574558 HTTP/2.0" 200 19680 "-" "Mozilla/5.0 AppleWebKit/537.36 (KHTML, like Gecko; compatible; ClaudeBot/1.0; +claudebot@anthropic.com)"
216.73.217.53 - - [27/Aug/2026:02:43:05 -0700] "GET /?m=38248031552 HTTP/2.0" 200 19689 "-" "Mozilla/5.0 AppleWebKit/537.36 (KHTML, like Gecko; compatible; ClaudeBot/1.0; +claudebot@anthropic.com)"
216.73.217.53 - - [27/Aug/2026:02:43:05 -0700] "GET /?m=77142284864 HTTP/2.0" 200 19688 "-" "Mozilla/5.0 AppleWebKit/537.36 (KHTML, like Gecko; compatible; ClaudeBot/1.0; +claudebot@anthropic.com)"
216.73.217.53 - - [27/Aug/2026:02:43:06 -0700] "GET /?m=8724182967 HTTP/2.0" 200 19725 "-" "Mozilla/5.0 AppleWebKit/537.36 (KHTML, like Gecko; compatible; ClaudeBot/1.0; +claudebot@anthropic.com)"
216.73.217.53 - - [27/Aug/2026:02:43:06 -0700] "GET /?m=82014825269 HTTP/2.0" 200 19688 "-" "Mozilla/5.0 AppleWebKit/537.36 (KHTML, like Gecko; compatible; ClaudeBot/1.0; +claudebot@anthropic.com)"
216.73.217.53 - - [27/Aug/2026:02:43:06 -0700] "GET /?m=55092233371 HTTP/2.0" 200 19688 "-" "Mozilla/5.0 AppleWebKit/537.36 (KHTML, like Gecko; compatible; ClaudeBot/1.0; +claudebot@anthropic.com)"
216.73.217.53 - - [27/Aug/2026:02:43:06 -0700] "GET /?m=4220758776 HTTP/2.0" 200 19688 "-" "Mozilla/5.0 AppleWebKit/537.36 (KHTML, like Gecko; compatible; ClaudeBot/1.0; +claudebot@anthropic.com)"
216.73.217.53 - - [27/Aug/2026:02:43:06 -0700] "GET /?m=73793465385 HTTP/2.0" 200 19688 "-" "Mozilla/5.0 AppleWebKit/537.36 (KHTML, like Gecko; compatible; ClaudeBot/1.0; +claudebot@anthropic.com)"
216.73.217.53 - - [27/Aug/2026:02:43:06 -0700] "GET /?m=57531133056 HTTP/2.0" 200 19688 "-" "Mozilla/5.0 AppleWebKit/537.36 (KHTML, like Gecko; compatible; ClaudeBot/1.0; +claudebot@anthropic.com)"
193.70.33.35 - - [27/Aug/2026:02:43:07 -0700] "GET /2026/08/21/swietna-gra-gladiator-przez-internet-w-charakterze-magiczny-rodzaj-spedzac-nv-casino-okres/feed/ HTTP/1.1" 200 2244 "-" "Mozilla/5.0 (compatible; MJ12bot/v1.4.8; http://mj12bot.com/)"
2.147.151.228 - - [27/Aug/2026:02:43:08 -0700] "GET /wp-login.php HTTP/1.1" 200 9019 "-" "Mozilla/5.0 (Windows NT 10.0; Win64; x64) AppleWebKit/537.36 (KHTML, like Gecko) Chrome/120.0.0.0 Safari/537.36"
66.249.74.192 - - [27/Aug/2026:02:43:08 -0700] "GET /ajax/productstorestocklist/?sku=12227184890&pref_cd= HTTP/1.1" 200 59918 "-" "Mozilla/5.0 (Linux; Android 6.0.1; Nexus 5X Build/MMB29P) AppleWebKit/537.36 (KHTML, like Gecko) Chrome/151.0.7922.173 Mobile Safari/537.36 (compatible; GoogleOther)"
193.70.33.35 - - [27/Aug/2026:02:43:09 -0700] "GET /2026/08/21/vliianie-nastavnichestva-na-vashu-pervuiu-pobedu/ HTTP/1.1" 200 24492 "-" "Mozilla/5.0 (compatible; MJ12bot/v1.4.8; http://mj12bot.com/)"
57.141.0.65 - - [27/Aug/2026:02:43:09 -0700] "GET /?m=67665536805 HTTP/2.0" 200 19795 "-" "Mozilla/5.0 (Windows NT 10.0; Win64; x64) AppleWebKit/537.36 (KHTML, like Gecko) Chrome/145.0.0.0 Safari/537.36 (compatible; meta-externalagent/1.1 (+https://developers.facebook.com/docs/sharing/webmasters/crawler))"
66.249.74.192 - - [27/Aug/2026:02:43:11 -0700] "GET /kaden/mtalk/?sku=67915576628 HTTP/1.1" 200 58700 "-" "Mozilla/5.0 (Linux; Android 6.0.1; Nexus 5X Build/MMB29P) AppleWebKit/537.36 (KHTML, like Gecko) Chrome/151.0.7922.173 Mobile Safari/537.36 (compatible; Googlebot/2.1; +http://www.google.com/bot.html)"
57.141.0.56 - - [27/Aug/2026:02:43:11 -0700] "GET /?m=45380930759 HTTP/2.0" 200 19795 "-" "Mozilla/5.0 (Windows NT 10.0; Win64; x64) AppleWebKit/537.36 (KHTML, like Gecko) Chrome/145.0.0.0 Safari/537.36 (compatible; meta-externalagent/1.1 (+https://developers.facebook.com/docs/sharing/webmasters/crawler))"
66.249.74.192 - - [27/Aug/2026:02:43:11 -0700] "GET /goods.php?f=45922636770 HTTP/1.1" 200 27837 "-" "Mozilla/5.0 (Linux; Android 6.0.1; Nexus 5X Build/MMB29P) AppleWebKit/537.36 (KHTML, like Gecko) Chrome/151.0.7922.173 Mobile Safari/537.36 (compatible; GoogleOther)"
2.147.151.228 - - [27/Aug/2026:02:43:11 -0700] "POST /wp-login.php HTTP/1.1" 302 3918 "https://www.ablogformylove.com/wp-login.php" "Mozilla/5.0 (Windows NT 10.0; Win64; x64) AppleWebKit/537.36 (KHTML, like Gecko) Chrome/120.0.0.0 Safari/537.36"
193.70.33.35 - - [27/Aug/2026:02:43:11 -0700] "GET /2026/08/21/wie-man-sichere-nicht-lizenzierte-sportwetten-in-deutschland-erkennt/ HTTP/1.1" 200 24060 "-" "Mozilla/5.0 (compatible; MJ12bot/v1.4.8; http://mj12bot.com/)"
193.70.33.35 - - [27/Aug/2026:02:43:14 -0700] "GET /2026/08/21/zahrajte-si-popularni-mostbet-aviator-a-soutezte-o-velke-ceny/ HTTP/1.1" 200 24084 "-" "Mozilla/5.0 (compatible; MJ12bot/v1.4.8; http://mj12bot.com/)"
66.249.74.192 - - [27/Aug/2026:02:43:14 -0700] "GET /?m=95703645326 HTTP/1.1" 200 58897 "-" "Mozilla/5.0 (Linux; Android 6.0.1; Nexus 5X Build/MMB29P) AppleWebKit/537.36 (KHTML, like Gecko) Chrome/151.0.7922.173 Mobile Safari/537.36 (compatible; GoogleOther)"
2.147.151.228 - - [27/Aug/2026:02:43:15 -0700] "GET /wp-admin/ HTTP/1.1" 200 28022 "https://www.ablogformylove.com/wp-login.php" "Mozilla/5.0 (Windows NT 10.0; Win64; x64) AppleWebKit/537.36 (KHTML, like Gecko) Chrome/120.0.0.0 Safari/537.36"
193.70.33.35 - - [27/Aug/2026:02:43:16 -0700] "GET /2026/08/24/achten-sie-auf-diese-hinweise-wie-man-sichere-wettanbieter-erkennt/ HTTP/1.1" 200 23720 "-" "Mozilla/5.0 (compatible; MJ12bot/v1.4.8; http://mj12bot.com/)"
66.249.74.193 - - [27/Aug/2026:02:43:18 -0700] "GET /pc/index.php?m=37945923412 HTTP/1.1" 200 62964 "-" "Mozilla/5.0 (Linux; Android 6.0.1; Nexus 5X Build/MMB29P) AppleWebKit/537.36 (KHTML, like Gecko) Chrome/151.0.7922.173 Mobile Safari/537.36 (compatible; GoogleOther)"
193.70.33.35 - - [27/Aug/2026:02:43:18 -0700] "GET /2026/08/24/achten-sie-auf-diese-hinweise-wie-man-sichere-wettanbieter-erkennt-2/ HTTP/1.1" 200 23687 "-" "Mozilla/5.0 (compatible; MJ12bot/v1.4.8; http://mj12bot.com/)"
216.73.217.53 - - [27/Aug/2026:02:43:19 -0700] "GET /?m=91958863359 HTTP/2.0" 200 19793 "-" "Mozilla/5.0 AppleWebKit/537.36 (KHTML, like Gecko; compatible; ClaudeBot/1.0; +claudebot@anthropic.com)"
216.73.217.53 - - [27/Aug/2026:02:43:19 -0700] "GET /?m=51282064631 HTTP/2.0" 200 19680 "-" "Mozilla/5.0 AppleWebKit/537.36 (KHTML, like Gecko; compatible; ClaudeBot/1.0; +claudebot@anthropic.com)"
216.73.217.53 - - [27/Aug/2026:02:43:19 -0700] "GET /?m=20816877235 HTTP/2.0" 200 19680 "-" "Mozilla/5.0 AppleWebKit/537.36 (KHTML, like Gecko; compatible; ClaudeBot/1.0; +claudebot@anthropic.com)"
216.73.217.53 - - [27/Aug/2026:02:43:19 -0700] "GET /?m=62296827018 HTTP/2.0" 200 19689 "-" "Mozilla/5.0 AppleWebKit/537.36 (KHTML, like Gecko; compatible; ClaudeBot/1.0; +claudebot@anthropic.com)"
216.73.217.53 - - [27/Aug/2026:02:43:19 -0700] "GET /?m=38245326189 HTTP/2.0" 200 19689 "-" "Mozilla/5.0 AppleWebKit/537.36 (KHTML, like Gecko; compatible; ClaudeBot/1.0; +claudebot@anthropic.com)"
216.73.217.53 - - [27/Aug/2026:02:43:19 -0700] "GET /?m=61447604919 HTTP/2.0" 200 19689 "-" "Mozilla/5.0 AppleWebKit/537.36 (KHTML, like Gecko; compatible; ClaudeBot/1.0; +claudebot@anthropic.com)"
216.73.217.53 - - [27/Aug/2026:02:43:19 -0700] "GET /?m=63267988277 HTTP/2.0" 200 19688 "-" "Mozilla/5.0 AppleWebKit/537.36 (KHTML, like Gecko; compatible; ClaudeBot/1.0; +claudebot@anthropic.com)"
216.73.217.53 - - [27/Aug/2026:02:43:20 -0700] "GET /?m=80794908378 HTTP/2.0" 200 19734 "-" "Mozilla/5.0 AppleWebKit/537.36 (KHTML, like Gecko; compatible; ClaudeBot/1.0; +claudebot@anthropic.com)"
216.73.217.53 - - [27/Aug/2026:02:43:20 -0700] "GET /?m=56707723333 HTTP/2.0" 200 19688 "-" "Mozilla/5.0 AppleWebKit/537.36 (KHTML, like Gecko; compatible; ClaudeBot/1.0; +claudebot@anthropic.com)"
216.73.217.53 - - [27/Aug/2026:02:43:20 -0700] "GET /?m=25122095683 HTTP/2.0" 200 19679 "-" "Mozilla/5.0 AppleWebKit/537.36 (KHTML, like Gecko; compatible; ClaudeBot/1.0; +claudebot@anthropic.com)"
216.73.217.53 - - [27/Aug/2026:02:43:20 -0700] "GET /?m=62361500463 HTTP/2.0" 200 19688 "-" "Mozilla/5.0 AppleWebKit/537.36 (KHTML, like Gecko; compatible; ClaudeBot/1.0; +claudebot@anthropic.com)"
216.73.217.53 - - [27/Aug/2026:02:43:20 -0700] "GET /?m=25499222261 HTTP/2.0" 200 19679 "-" "Mozilla/5.0 AppleWebKit/537.36 (KHTML, like Gecko; compatible; ClaudeBot/1.0; +claudebot@anthropic.com)"
216.73.217.53 - - [27/Aug/2026:02:43:20 -0700] "GET /?m=21717216054 HTTP/2.0" 200 19688 "-" "Mozilla/5.0 AppleWebKit/537.36 (KHTML, like Gecko; compatible; ClaudeBot/1.0; +claudebot@anthropic.com)"
216.73.217.53 - - [27/Aug/2026:02:43:20 -0700] "GET /?m=10032567228 HTTP/2.0" 200 19687 "-" "Mozilla/5.0 AppleWebKit/537.36 (KHTML, like Gecko; compatible; ClaudeBot/1.0; +claudebot@anthropic.com)"
57.141.0.66 - - [27/Aug/2026:02:43:20 -0700] "GET /?m=94507178722 HTTP/2.0" 200 19794 "-" "Mozilla/5.0 (Windows NT 10.0; Win64; x64) AppleWebKit/537.36 (KHTML, like Gecko) Chrome/145.0.0.0 Safari/537.36 (compatible; meta-externalagent/1.1 (+https://developers.facebook.com/docs/sharing/webmasters/crawler))"
193.70.33.35 - - [27/Aug/2026:02:43:20 -0700] "GET /2026/08/24/achten-sie-auf-diese-hinweise-wie-man-sichere-wettanbieter-erkennt-3/ HTTP/1.1" 200 23683 "-" "Mozilla/5.0 (compatible; MJ12bot/v1.4.8; http://mj12bot.com/)"
66.249.74.193 - - [27/Aug/2026:02:43:21 -0700] "GET /goods.php?a=15386018639 HTTP/1.1" 200 28071 "-" "Mozilla/5.0 (Linux; Android 6.0.1; Nexus 5X Build/MMB29P) AppleWebKit/537.36 (KHTML, like Gecko) Chrome/151.0.7922.173 Mobile Safari/537.36 (compatible; GoogleOther)"
216.73.217.53 - - [27/Aug/2026:02:43:20 -0700] "GET /?m=47741857522 HTTP/2.0" 200 19687 "-" "Mozilla/5.0 AppleWebKit/537.36 (KHTML, like Gecko; compatible; ClaudeBot/1.0; +claudebot@anthropic.com)"
216.73.217.53 - - [27/Aug/2026:02:43:21 -0700] "GET /?m=18984343698 HTTP/2.0" 200 19733 "-" "Mozilla/5.0 AppleWebKit/537.36 (KHTML, like Gecko; compatible; ClaudeBot/1.0; +claudebot@anthropic.com)"
216.73.217.53 - - [27/Aug/2026:02:43:21 -0700] "GET /?m=16318505630 HTTP/2.0" 200 19678 "-" "Mozilla/5.0 AppleWebKit/537.36 (KHTML, like Gecko; compatible; ClaudeBot/1.0; +claudebot@anthropic.com)"
216.73.217.53 - - [27/Aug/2026:02:43:21 -0700] "GET /?m=54711309145 HTTP/2.0" 200 19687 "-" "Mozilla/5.0 AppleWebKit/537.36 (KHTML, like Gecko; compatible; ClaudeBot/1.0; +claudebot@anthropic.com)"
216.73.217.53 - - [27/Aug/2026:02:43:21 -0700] "GET /?m=33887050814 HTTP/2.0" 200 19687 "-" "Mozilla/5.0 AppleWebKit/537.36 (KHTML, like Gecko; compatible; ClaudeBot/1.0; +claudebot@anthropic.com)"
216.73.217.53 - - [27/Aug/2026:02:43:21 -0700] "GET /?m=88781745384 HTTP/2.0" 200 19687 "-" "Mozilla/5.0 AppleWebKit/537.36 (KHTML, like Gecko; compatible; ClaudeBot/1.0; +claudebot@anthropic.com)"
216.73.217.53 - - [27/Aug/2026:02:43:21 -0700] "GET /?m=80553495939 HTTP/2.0" 200 19678 "-" "Mozilla/5.0 AppleWebKit/537.36 (KHTML, like Gecko; compatible; ClaudeBot/1.0; +claudebot@anthropic.com)"
216.73.217.53 - - [27/Aug/2026:02:43:21 -0700] "GET /?m=34913564443 HTTP/2.0" 200 19687 "-" "Mozilla/5.0 AppleWebKit/537.36 (KHTML, like Gecko; compatible; ClaudeBot/1.0; +claudebot@anthropic.com)"
216.73.217.53 - - [27/Aug/2026:02:43:21 -0700] "GET /?m=72581312761 HTTP/2.0" 200 19688 "-" "Mozilla/5.0 AppleWebKit/537.36 (KHTML, like Gecko; compatible; ClaudeBot/1.0; +claudebot@anthropic.com)"
216.73.217.53 - - [27/Aug/2026:02:43:22 -0700] "GET /?m=23759402600 HTTP/2.0" 200 19734 "-" "Mozilla/5.0 AppleWebKit/537.36 (KHTML, like Gecko; compatible; ClaudeBot/1.0; +claudebot@anthropic.com)"
216.73.217.53 - - [27/Aug/2026:02:43:22 -0700] "GET /?m=49880332195 HTTP/2.0" 200 19688 "-" "Mozilla/5.0 AppleWebKit/537.36 (KHTML, like Gecko; compatible; ClaudeBot/1.0; +claudebot@anthropic.com)"
57.141.0.30 - - [27/Aug/2026:02:43:22 -0700] "GET /?m=75453608743 HTTP/2.0" 200 19795 "-" "Mozilla/5.0 (Windows NT 10.0; Win64; x64) AppleWebKit/537.36 (KHTML, like Gecko) Chrome/145.0.0.0 Safari/537.36 (compatible; meta-externalagent/1.1 (+https://developers.facebook.com/docs/sharing/webmasters/crawler))"
216.73.217.53 - - [27/Aug/2026:02:43:22 -0700] "GET /?m=34721015501 HTTP/2.0" 200 19679 "-" "Mozilla/5.0 AppleWebKit/537.36 (KHTML, like Gecko; compatible; ClaudeBot/1.0; +claudebot@anthropic.com)"
216.73.217.53 - - [27/Aug/2026:02:43:22 -0700] "GET /?m=88536229667 HTTP/2.0" 200 19688 "-" "Mozilla/5.0 AppleWebKit/537.36 (KHTML, like Gecko; compatible; ClaudeBot/1.0; +claudebot@anthropic.com)"
216.73.217.53 - - [27/Aug/2026:02:43:22 -0700] "GET /?m=25260989282 HTTP/2.0" 200 19679 "-" "Mozilla/5.0 AppleWebKit/537.36 (KHTML, like Gecko; compatible; ClaudeBot/1.0; +claudebot@anthropic.com)"
216.73.217.53 - - [27/Aug/2026:02:43:22 -0700] "GET /?m=54308889666 HTTP/2.0" 200 19688 "-" "Mozilla/5.0 AppleWebKit/537.36 (KHTML, like Gecko; compatible; ClaudeBot/1.0; +claudebot@anthropic.com)"
193.70.33.35 - - [27/Aug/2026:02:43:23 -0700] "GET /2026/08/24/achten-sie-auf-diese-hinweise-wie-man-sichere-wettanbieter-erkennt-4/feed/ HTTP/1.1" 200 2206 "-" "Mozilla/5.0 (compatible; MJ12bot/v1.4.8; http://mj12bot.com/)"
216.73.217.53 - - [27/Aug/2026:02:43:22 -0700] "GET /?m=83001866455 HTTP/2.0" 200 19688 "-" "Mozilla/5.0 AppleWebKit/537.36 (KHTML, like Gecko; compatible; ClaudeBot/1.0; +claudebot@anthropic.com)"
216.73.217.53 - - [27/Aug/2026:02:43:22 -0700] "GET /?m=71341604304 HTTP/2.0" 200 19688 "-" "Mozilla/5.0 AppleWebKit/537.36 (KHTML, like Gecko; compatible; ClaudeBot/1.0; +claudebot@anthropic.com)"
216.73.217.53 - - [27/Aug/2026:02:43:23 -0700] "GET /?m=93315731022 HTTP/2.0" 200 19734 "-" "Mozilla/5.0 AppleWebKit/537.36 (KHTML, like Gecko; compatible; ClaudeBot/1.0; +claudebot@anthropic.com)"
114.119.140.50 - - [27/Aug/2026:02:43:22 -0700] "GET /?m=94278033711 HTTP/1.1" 200 24946 "https://www.ablogformylove.com/sitemap.xml" "Mozilla/5.0 (Linux; Android 7.0;) AppleWebKit/537.36 (HTML, like Gecko) Mobile Safari/537.36 (compatible; PetalBot;+https://webmaster.petalsearch.com/site/petalbot)"
216.73.217.53 - - [27/Aug/2026:02:43:23 -0700] "GET /?m=45206585611 HTTP/2.0" 200 19688 "-" "Mozilla/5.0 AppleWebKit/537.36 (KHTML, like Gecko; compatible; ClaudeBot/1.0; +claudebot@anthropic.com)"
216.73.217.53 - - [27/Aug/2026:02:43:23 -0700] "GET /?m=81854837608 HTTP/2.0" 200 19688 "-" "Mozilla/5.0 AppleWebKit/537.36 (KHTML, like Gecko; compatible; ClaudeBot/1.0; +claudebot@anthropic.com)"
216.73.217.53 - - [27/Aug/2026:02:43:23 -0700] "GET /?m=46949014940 HTTP/2.0" 200 19688 "-" "Mozilla/5.0 AppleWebKit/537.36 (KHTML, like Gecko; compatible; ClaudeBot/1.0; +claudebot@anthropic.com)"
216.73.217.53 - - [27/Aug/2026:02:43:23 -0700] "GET /?m=18529436535 HTTP/2.0" 200 19688 "-" "Mozilla/5.0 AppleWebKit/537.36 (KHTML, like Gecko; compatible; ClaudeBot/1.0; +claudebot@anthropic.com)"
216.73.217.53 - - [27/Aug/2026:02:43:23 -0700] "GET /?m=13410517407 HTTP/2.0" 200 19688 "-" "Mozilla/5.0 AppleWebKit/537.36 (KHTML, like Gecko; compatible; ClaudeBot/1.0; +claudebot@anthropic.com)"
216.73.217.53 - - [27/Aug/2026:02:43:23 -0700] "GET /?m=42704234690 HTTP/2.0" 200 19688 "-" "Mozilla/5.0 AppleWebKit/537.36 (KHTML, like Gecko; compatible; ClaudeBot/1.0; +claudebot@anthropic.com)"
57.141.0.55 - - [27/Aug/2026:02:43:23 -0700] "GET /?m=28666507906 HTTP/2.0" 200 19795 "-" "Mozilla/5.0 (Windows NT 10.0; Win64; x64) AppleWebKit/537.36 (KHTML, like Gecko) Chrome/145.0.0.0 Safari/537.36 (compatible; meta-externalagent/1.1 (+https://developers.facebook.com/docs/sharing/webmasters/crawler))"
216.73.217.53 - - [27/Aug/2026:02:43:23 -0700] "GET /?m=66361885688 HTTP/2.0" 200 19688 "-" "Mozilla/5.0 AppleWebKit/537.36 (KHTML, like Gecko; compatible; ClaudeBot/1.0; +claudebot@anthropic.com)"
216.73.217.53 - - [27/Aug/2026:02:43:23 -0700] "GET /?m=45532783780 HTTP/2.0" 200 19688 "-" "Mozilla/5.0 AppleWebKit/537.36 (KHTML, like Gecko; compatible; ClaudeBot/1.0; +claudebot@anthropic.com)"
216.73.217.53 - - [27/Aug/2026:02:43:24 -0700] "GET /?m=89521074901 HTTP/2.0" 200 19734 "-" "Mozilla/5.0 AppleWebKit/537.36 (KHTML, like Gecko; compatible; ClaudeBot/1.0; +claudebot@anthropic.com)"
66.249.74.193 - - [27/Aug/2026:02:43:24 -0700] "GET /?m=75229585979 HTTP/1.1" 200 58072 "-" "Mozilla/5.0 (Linux; Android 6.0.1; Nexus 5X Build/MMB29P) AppleWebKit/537.36 (KHTML, like Gecko) Chrome/151.0.7922.173 Mobile Safari/537.36 (compatible; GoogleOther)"
216.73.217.53 - - [27/Aug/2026:02:43:24 -0700] "GET /?m=83109068576 HTTP/2.0" 200 19679 "-" "Mozilla/5.0 AppleWebKit/537.36 (KHTML, like Gecko; compatible; ClaudeBot/1.0; +claudebot@anthropic.com)"
216.73.217.53 - - [27/Aug/2026:02:43:24 -0700] "GET /?m=7911837082 HTTP/2.0" 200 19679 "-" "Mozilla/5.0 AppleWebKit/537.36 (KHTML, like Gecko; compatible; ClaudeBot/1.0; +claudebot@anthropic.com)"
216.73.217.53 - - [27/Aug/2026:02:43:24 -0700] "GET /?m=81422890684 HTTP/2.0" 200 19679 "-" "Mozilla/5.0 AppleWebKit/537.36 (KHTML, like Gecko; compatible; ClaudeBot/1.0; +claudebot@anthropic.com)"
216.73.217.53 - - [27/Aug/2026:02:43:24 -0700] "GET /?m=40513021055 HTTP/2.0" 200 19679 "-" "Mozilla/5.0 AppleWebKit/537.36 (KHTML, like Gecko; compatible; ClaudeBot/1.0; +claudebot@anthropic.com)"
216.73.217.53 - - [27/Aug/2026:02:43:24 -0700] "GET /?m=74567862785 HTTP/2.0" 200 19688 "-" "Mozilla/5.0 AppleWebKit/537.36 (KHTML, like Gecko; compatible; ClaudeBot/1.0; +claudebot@anthropic.com)"
143.105.233.53 - - [27/Aug/2026:02:43:25 -0700] "GET /wp-admin/ HTTP/1.1" 200 32858 "-" "Mozilla/5.0 (Windows NT 10.0; Win64; x64) AppleWebKit/537.36 (KHTML, like Gecko) Chrome/120.0.0.0 Safari/537.36"
216.73.217.53 - - [27/Aug/2026:02:43:24 -0700] "GET /?m=67311834523 HTTP/2.0" 200 19688 "-" "Mozilla/5.0 AppleWebKit/537.36 (KHTML, like Gecko; compatible; ClaudeBot/1.0; +claudebot@anthropic.com)"
216.73.217.53 - - [27/Aug/2026:02:43:24 -0700] "GET /?m=51682774658 HTTP/2.0" 200 19688 "-" "Mozilla/5.0 AppleWebKit/537.36 (KHTML, like Gecko; compatible; ClaudeBot/1.0; +claudebot@anthropic.com)"
216.73.217.53 - - [27/Aug/2026:02:43:24 -0700] "GET /?m=98648223088 HTTP/2.0" 200 19689 "-" "Mozilla/5.0 AppleWebKit/537.36 (KHTML, like Gecko; compatible; ClaudeBot/1.0; +claudebot@anthropic.com)"
193.70.33.35 - - [27/Aug/2026:02:43:24 -0700] "GET /2026/08/24/betting-company-i-online-sports-wagering-1xbet-login-ghana-i-1xbet-possuindo-gh-2/ HTTP/1.1" 200 31032 "-" "Mozilla/5.0 (compatible; MJ12bot/v1.4.8; http://mj12bot.com/)"
216.73.217.53 - - [27/Aug/2026:02:43:25 -0700] "GET /?m=20584180698 HTTP/2.0" 200 19735 "-" "Mozilla/5.0 AppleWebKit/537.36 (KHTML, like Gecko; compatible; ClaudeBot/1.0; +claudebot@anthropic.com)"
216.73.217.53 - - [27/Aug/2026:02:43:25 -0700] "GET /?m=83787997379 HTTP/2.0" 200 19689 "-" "Mozilla/5.0 AppleWebKit/537.36 (KHTML, like Gecko; compatible; ClaudeBot/1.0; +claudebot@anthropic.com)"
216.73.217.53 - - [27/Aug/2026:02:43:25 -0700] "GET /?m=14620538627 HTTP/2.0" 200 19689 "-" "Mozilla/5.0 AppleWebKit/537.36 (KHTML, like Gecko; compatible; ClaudeBot/1.0; +claudebot@anthropic.com)"
193.70.33.35 - - [27/Aug/2026:02:43:27 -0700] "GET /2026/08/24/betting-company-i-online-sports-wagering-1xbet-login-ghana-i-1xbet-possuindo-gh/feed/ HTTP/1.1" 200 2222 "-" "Mozilla/5.0 (compatible; MJ12bot/v1.4.8; http://mj12bot.com/)"
66.249.74.192 - - [27/Aug/2026:02:43:27 -0700] "GET /shop.php?e=52568320854093 HTTP/1.1" 200 31719 "-" "Mozilla/5.0 (Linux; Android 6.0.1; Nexus 5X Build/MMB29P) AppleWebKit/537.36 (KHTML, like Gecko) Chrome/151.0.7922.173 Mobile Safari/537.36 (compatible; GoogleOther)"
143.105.233.53 - - [27/Aug/2026:02:43:28 -0700] "GET /wp-admin/post-new.php HTTP/1.1" 403 68199 "-" "Mozilla/5.0 (Windows NT 10.0; Win64; x64) AppleWebKit/537.36 (KHTML, like Gecko) Chrome/120.0.0.0 Safari/537.36"
193.70.33.35 - - [27/Aug/2026:02:43:29 -0700] "GET /2026/08/24/casino-non-aams-faq-common-questions-answered/ HTTP/1.1" 200 23499 "-" "Mozilla/5.0 (compatible; MJ12bot/v1.4.8; http://mj12bot.com/)"
66.249.74.193 - - [27/Aug/2026:02:43:30 -0700] "GET /pc/index.php?m=69377078523 HTTP/1.1" 200 66282 "-" "Mozilla/5.0 (Linux; Android 6.0.1; Nexus 5X Build/MMB29P) AppleWebKit/537.36 (KHTML, like Gecko) Chrome/151.0.7922.173 Mobile Safari/537.36 (compatible; GoogleOther)"
193.70.33.35 - - [27/Aug/2026:02:43:31 -0700] "GET /2026/08/24/casino-non-aams-faq-common-questions-answered-2/ HTTP/1.1" 200 23414 "-" "Mozilla/5.0 (compatible; MJ12bot/v1.4.8; http://mj12bot.com/)"
66.249.74.192 - - [27/Aug/2026:02:43:33 -0700] "GET /shop.php?e=64176120867101 HTTP/1.1" 200 31691 "-" "Mozilla/5.0 (Linux; Android 6.0.1; Nexus 5X Build/MMB29P) AppleWebKit/537.36 (KHTML, like Gecko) Chrome/151.0.7922.173 Mobile Safari/537.36 (compatible; GoogleOther)"
193.70.33.35 - - [27/Aug/2026:02:43:33 -0700] "GET /2026/08/24/casino-non-aams-faq-common-questions-answered-3/ HTTP/1.1" 200 23511 "-" "Mozilla/5.0 (compatible; MJ12bot/v1.4.8; http://mj12bot.com/)"
143.105.233.53 - - [27/Aug/2026:02:43:34 -0700] "POST /xmlrpc.php HTTP/1.1" 200 1935 "-" "WordPress/5.0; https://www.ablogformylove.com"
57.141.0.54 - - [27/Aug/2026:02:43:35 -0700] "GET /?m=5883667764 HTTP/2.0" 200 19797 "-" "Mozilla/5.0 (X11; Linux x86_64) AppleWebKit/537.36 (KHTML, like Gecko) Chrome/145.0.0.0 Safari/537.36 (compatible; meta-externalagent/1.1 (+https://developers.facebook.com/docs/sharing/webmasters/crawler))"
193.70.33.35 - - [27/Aug/2026:02:43:36 -0700] "GET /2026/08/24/erfolgreiche-wettgeschichten-aus-sportwetten-ohne-oasis/ HTTP/1.1" 200 23844 "-" "Mozilla/5.0 (compatible; MJ12bot/v1.4.8; http://mj12bot.com/)"
66.249.74.192 - - [27/Aug/2026:02:43:36 -0700] "GET /ajax/productdeliverycalendar/?sku=59147445725&offset= HTTP/1.1" 200 59892 "-" "Mozilla/5.0 (Linux; Android 6.0.1; Nexus 5X Build/MMB29P) AppleWebKit/537.36 (KHTML, like Gecko) Chrome/151.0.7922.173 Mobile Safari/537.36 (compatible; GoogleOther)"
193.70.33.35 - - [27/Aug/2026:02:43:38 -0700] "GET /2026/08/24/formazione-e-tutorial-per-i-casino-italiani-non-aams/ HTTP/1.1" 200 23609 "-" "Mozilla/5.0 (compatible; MJ12bot/v1.4.8; http://mj12bot.com/)"
66.249.74.193 - - [27/Aug/2026:02:43:39 -0700] "GET /js/searchbox/1777250054 HTTP/1.1" 200 64065 "https://www.ablogformylove.com/ajax/productdeliverycalendar/?sku=59147445725&offset=" "Mozilla/5.0 (Linux; Android 6.0.1; Nexus 5X Build/MMB29P) AppleWebKit/537.36 (KHTML, like Gecko) Chrome/151.0.7922.173 Mobile Safari/537.36 (compatible; GoogleOther)"
66.249.74.193 - - [27/Aug/2026:02:43:39 -0700] "GET /shop.php?e=46012642250739 HTTP/1.1" 200 27647 "-" "Mozilla/5.0 (Linux; Android 6.0.1; Nexus 5X Build/MMB29P) AppleWebKit/537.36 (KHTML, like Gecko) Chrome/151.0.7922.173 Mobile Safari/537.36 (compatible; GoogleOther)"
193.70.33.35 - - [27/Aug/2026:02:43:40 -0700] "GET /2026/08/24/jake-mostbet-bonusy-obdrzite-za-doporuceni-novych-hracu/feed/ HTTP/1.1" 200 2235 "-" "Mozilla/5.0 (compatible; MJ12bot/v1.4.8; http://mj12bot.com/)"
193.70.33.35 - - [27/Aug/2026:02:43:42 -0700] "GET /2026/08/24/kak-ispolzovat-1khbet-zerkalo-dlia-polucheniia-pooshchritelnykh-predlozhenii/ HTTP/1.1" 200 24133 "-" "Mozilla/5.0 (compatible; MJ12bot/v1.4.8; http://mj12bot.com/)"
66.249.74.194 - - [27/Aug/2026:02:43:42 -0700] "GET /?m=60804779044 HTTP/1.1" 200 63172 "-" "Mozilla/5.0 (Linux; Android 6.0.1; Nexus 5X Build/MMB29P) AppleWebKit/537.36 (KHTML, like Gecko) Chrome/151.0.7922.173 Mobile Safari/537.36 (compatible; GoogleOther)"
177.11.179.122 - - [27/Aug/2026:02:43:43 -0700] "GET / HTTP/1.1" 200 30511 "-" "Mozilla/5.0 (Windows NT 10.0; Win64; x64) AppleWebKit/537.36 (KHTML, like Gecko) Chrome/120.0.0.0 Safari/537.36"
193.70.33.35 - - [27/Aug/2026:02:43:44 -0700] "GET /2026/08/24/kak-ispolzovat-1khbet-zerkalo-dlia-polucheniia-pooshchritelnykh-predlozhenii-2/ HTTP/1.1" 200 24072 "-" "Mozilla/5.0 (compatible; MJ12bot/v1.4.8; http://mj12bot.com/)"
66.249.74.193 - - [27/Aug/2026:02:43:46 -0700] "GET /pc/index.php?m=64161456000 HTTP/1.1" 200 63274 "-" "Mozilla/5.0 (Linux; Android 6.0.1; Nexus 5X Build/MMB29P) AppleWebKit/537.36 (KHTML, like Gecko) Chrome/151.0.7922.173 Mobile Safari/537.36 (compatible; GoogleOther)"
193.70.33.35 - - [27/Aug/2026:02:43:46 -0700] "GET /2026/08/24/kak-ispolzovat-1khbet-zerkalo-dlia-polucheniia-pooshchritelnykh-predlozhenii-3/ HTTP/1.1" 200 24156 "-" "Mozilla/5.0 (compatible; MJ12bot/v1.4.8; http://mj12bot.com/)"
177.251.254.90 - - [27/Aug/2026:02:43:46 -0700] "POST /xmlrpc.php HTTP/1.1" 200 5046 "-" "Mozilla/5.0 (Macintosh; Intel Mac OS X 10_15_7) AppleWebKit/537.36 (KHTML, like Gecko) Chrome/128.0.0.0 Safari/537.36"
66.249.74.194 - - [27/Aug/2026:02:43:49 -0700] "GET /goods.php?r=96017189547 HTTP/1.1" 200 33275 "-" "Mozilla/5.0 (Linux; Android 6.0.1; Nexus 5X Build/MMB29P) AppleWebKit/537.36 (KHTML, like Gecko) Chrome/151.0.7922.173 Mobile Safari/537.36 (compatible; GoogleOther)"
216.73.217.53 - - [27/Aug/2026:02:43:49 -0700] "GET /?m=40136488417 HTTP/2.0" 200 19794 "-" "Mozilla/5.0 AppleWebKit/537.36 (KHTML, like Gecko; compatible; ClaudeBot/1.0; +claudebot@anthropic.com)"
216.73.217.53 - - [27/Aug/2026:02:43:49 -0700] "GET /?m=70989738500 HTTP/2.0" 200 19688 "-" "Mozilla/5.0 AppleWebKit/537.36 (KHTML, like Gecko; compatible; ClaudeBot/1.0; +claudebot@anthropic.com)"
193.70.33.35 - - [27/Aug/2026:02:43:49 -0700] "GET /2026/08/24/kak-proverit-podlinnost-1khbet-ofitsialnyi-sait-pered-skachivaniem/ HTTP/1.1" 200 24559 "-" "Mozilla/5.0 (compatible; MJ12bot/v1.4.8; http://mj12bot.com/)"
216.73.217.53 - - [27/Aug/2026:02:43:49 -0700] "GET /?m=66593220211 HTTP/2.0" 200 19688 "-" "Mozilla/5.0 AppleWebKit/537.36 (KHTML, like Gecko; compatible; ClaudeBot/1.0; +claudebot@anthropic.com)"
216.73.217.53 - - [27/Aug/2026:02:43:49 -0700] "GET /?m=83622647800 HTTP/2.0" 200 19679 "-" "Mozilla/5.0 AppleWebKit/537.36 (KHTML, like Gecko; compatible; ClaudeBot/1.0; +claudebot@anthropic.com)"
216.73.217.53 - - [27/Aug/2026:02:43:49 -0700] "GET /?m=54762307651 HTTP/2.0" 200 19688 "-" "Mozilla/5.0 AppleWebKit/537.36 (KHTML, like Gecko; compatible; ClaudeBot/1.0; +claudebot@anthropic.com)"
216.73.217.53 - - [27/Aug/2026:02:43:49 -0700] "GET /?m=98456466195 HTTP/2.0" 200 19688 "-" "Mozilla/5.0 AppleWebKit/537.36 (KHTML, like Gecko; compatible; ClaudeBot/1.0; +claudebot@anthropic.com)"
216.73.217.53 - - [27/Aug/2026:02:43:49 -0700] "GET /?m=12138596460 HTTP/2.0" 200 19688 "-" "Mozilla/5.0 AppleWebKit/537.36 (KHTML, like Gecko; compatible; ClaudeBot/1.0; +claudebot@anthropic.com)"
216.73.217.53 - - [27/Aug/2026:02:43:50 -0700] "GET /?m=78773521496 HTTP/2.0" 200 19725 "-" "Mozilla/5.0 AppleWebKit/537.36 (KHTML, like Gecko; compatible; ClaudeBot/1.0; +claudebot@anthropic.com)"
216.73.217.53 - - [27/Aug/2026:02:43:50 -0700] "GET /?m=58598609895 HTTP/2.0" 200 19688 "-" "Mozilla/5.0 AppleWebKit/537.36 (KHTML, like Gecko; compatible; ClaudeBot/1.0; +claudebot@anthropic.com)"
216.73.217.53 - - [27/Aug/2026:02:43:50 -0700] "GET /?m=36862546717 HTTP/2.0" 200 19688 "-" "Mozilla/5.0 AppleWebKit/537.36 (KHTML, like Gecko; compatible; ClaudeBot/1.0; +claudebot@anthropic.com)"
216.73.217.53 - - [27/Aug/2026:02:43:51 -0700] "GET /?m=74897206525 HTTP/2.0" 200 19734 "-" "Mozilla/5.0 AppleWebKit/537.36 (KHTML, like Gecko; compatible; ClaudeBot/1.0; +claudebot@anthropic.com)"
216.73.217.53 - - [27/Aug/2026:02:43:51 -0700] "GET /?m=69374870656 HTTP/2.0" 200 19688 "-" "Mozilla/5.0 AppleWebKit/537.36 (KHTML, like Gecko; compatible; ClaudeBot/1.0; +claudebot@anthropic.com)"
177.251.254.90 - - [27/Aug/2026:02:43:51 -0700] "POST /xmlrpc.php HTTP/1.1" 200 4023 "-" "Mozilla/5.0 (Windows NT 10.0; Win64; x64) AppleWebKit/537.36 (KHTML, like Gecko) Chrome/148.0.0.0 Safari/537.36 Edg/148.0.0.0"
216.73.217.53 - - [27/Aug/2026:02:43:51 -0700] "GET /?m=24001879398 HTTP/2.0" 200 19688 "-" "Mozilla/5.0 AppleWebKit/537.36 (KHTML, like Gecko; compatible; ClaudeBot/1.0; +claudebot@anthropic.com)"
216.73.217.53 - - [27/Aug/2026:02:43:51 -0700] "GET /?m=60527133391 HTTP/2.0" 200 19688 "-" "Mozilla/5.0 AppleWebKit/537.36 (KHTML, like Gecko; compatible; ClaudeBot/1.0; +claudebot@anthropic.com)"
