64.227.107.176 - - [27/Aug/2026:01:03:42 -0700] "GET /favicon.ico HTTP/1.1" 200 5226 "https://www.ablogformylove.com/" "Mozilla/5.0 (X11; Linux x86_64) AppleWebKit/537.36 (KHTML, like Gecko) Chrome/142.0.0.0 Safari/537.36"
66.249.74.193 - - [27/Aug/2026:01:03:45 -0700] "GET /?m=11116190925 HTTP/1.1" 200 63123 "-" "Mozilla/5.0 (Linux; Android 6.0.1; Nexus 5X Build/MMB29P) AppleWebKit/537.36 (KHTML, like Gecko) Chrome/151.0.7922.173 Mobile Safari/537.36 (compatible; GoogleOther)"
66.249.74.194 - - [27/Aug/2026:01:03:51 -0700] "GET /?m=82912476382 HTTP/1.1" 200 69001 "-" "Mozilla/5.0 (Linux; Android 6.0.1; Nexus 5X Build/MMB29P) AppleWebKit/537.36 (KHTML, like Gecko) Chrome/151.0.7922.173 Mobile Safari/537.36 (compatible; GoogleOther)"
145.239.69.106 - - [27/Aug/2026:01:03:54 -0700] "GET /robots.txt HTTP/1.1" 200 5073 "-" "Mozilla/5.0 (compatible; MJ12bot/v1.4.8; http://mj12bot.com/)"
145.239.69.106 - - [27/Aug/2026:01:03:56 -0700] "GET /2026/08/12/jojobet-guncel-de-en-populer-casino-oyunlari-hangileri/ HTTP/1.1" 200 23993 "-" "Mozilla/5.0 (compatible; MJ12bot/v1.4.8; http://mj12bot.com/)"
66.249.74.194 - - [27/Aug/2026:01:03:59 -0700] "GET /ajax/productstorestocklist/?sku=92603873233&pref_cd= HTTP/1.1" 200 63564 "-" "Mozilla/5.0 (Linux; Android 6.0.1; Nexus 5X Build/MMB29P) AppleWebKit/537.36 (KHTML, like Gecko) Chrome/151.0.7922.173 Mobile Safari/537.36 (compatible; GoogleOther)"
145.239.69.106 - - [27/Aug/2026:01:03:59 -0700] "GET /2026/08/12/nv-casino-die-besten-spielautomaten-und-live-casino-features-im-jahr-2026/ HTTP/1.1" 200 24190 "-" "Mozilla/5.0 (compatible; MJ12bot/v1.4.8; http://mj12bot.com/)"
145.239.69.106 - - [27/Aug/2026:01:04:01 -0700] "GET /2026/08/12/pinco-kazinonun-rasmiy-kirishine-zhana-sunushtaryna-zhalpy-koz-karash/ HTTP/1.1" 200 25056 "-" "Mozilla/5.0 (compatible; MJ12bot/v1.4.8; http://mj12bot.com/)"
145.239.69.106 - - [27/Aug/2026:01:04:04 -0700] "GET /2026/08/12/pinco-rasmiy-kazino-kiruu-zhana-oyundardyn-unikalduu-sunushtary/ HTTP/1.1" 200 24441 "-" "Mozilla/5.0 (compatible; MJ12bot/v1.4.8; http://mj12bot.com/)"
66.249.74.192 - - [27/Aug/2026:01:04:05 -0700] "GET /?m=51845900868 HTTP/1.1" 200 63825 "-" "Mozilla/5.0 (Linux; Android 6.0.1; Nexus 5X Build/MMB29P) AppleWebKit/537.36 (KHTML, like Gecko) Chrome/151.0.7922.173 Mobile Safari/537.36 (compatible; GoogleOther)"
66.249.74.193 - - [27/Aug/2026:01:04:05 -0700] "GET /ajax/productstorestocklist/?sku=51987116390&lat= HTTP/1.1" 200 63669 "-" "Mozilla/5.0 (Linux; Android 6.0.1; Nexus 5X Build/MMB29P) AppleWebKit/537.36 (KHTML, like Gecko) Chrome/151.0.7922.173 Mobile Safari/537.36 (compatible; Googlebot/2.1; +http://www.google.com/bot.html)"
145.239.69.106 - - [27/Aug/2026:01:04:06 -0700] "GET /2026/08/13/brionis-casino-najlepsze-sloty-gry-na-zywo-i-wyjatkowe-funkcje/ HTTP/1.1" 200 24504 "-" "Mozilla/5.0 (compatible; MJ12bot/v1.4.8; http://mj12bot.com/)"
114.119.140.13 - - [27/Aug/2026:01:04:08 -0700] "GET /2015/06/13/first-time-swinging HTTP/1.1" 200 6553 "https://www.ablogformylove.com/2015/06/13/first-time-swinging" "Mozilla/5.0 (Linux; Android 7.0;) AppleWebKit/537.36 (HTML, like Gecko) Mobile Safari/537.36 (compatible; PetalBot;+https://webmaster.petalsearch.com/site/petalbot)"
145.239.69.106 - - [27/Aug/2026:01:04:08 -0700] "GET /2026/08/13/como-acceder-a-pinco-guia-completa-para-un-inicio-seguro-en-2026/ HTTP/1.1" 200 24416 "-" "Mozilla/5.0 (compatible; MJ12bot/v1.4.8; http://mj12bot.com/)"
66.249.74.192 - - [27/Aug/2026:01:04:11 -0700] "GET /ajax/productstorestocklist/?sku=8106118071&lat= HTTP/1.1" 200 69788 "-" "Mozilla/5.0 (Linux; Android 6.0.1; Nexus 5X Build/MMB29P) AppleWebKit/537.36 (KHTML, like Gecko) Chrome/151.0.7922.173 Mobile Safari/537.36 (compatible; GoogleOther)"
145.239.69.106 - - [27/Aug/2026:01:04:11 -0700] "GET /2026/08/13/exploring-the-best-payment-methods-for-fast-withdrawals-at-payid-pokies-australia/ HTTP/1.1" 200 24554 "-" "Mozilla/5.0 (compatible; MJ12bot/v1.4.8; http://mj12bot.com/)"
145.239.69.106 - - [27/Aug/2026:01:04:13 -0700] "GET /2026/08/13/fanobet-mobile-app-speel-eenvoudig-en-profiteer-van-24-7-klantenservice/ HTTP/1.1" 200 24149 "-" "Mozilla/5.0 (compatible; MJ12bot/v1.4.8; http://mj12bot.com/)"
66.249.74.192 - - [27/Aug/2026:01:04:14 -0700] "GET /?m=70915222851 HTTP/1.1" 200 58776 "-" "Mozilla/5.0 (Linux; Android 6.0.1; Nexus 5X Build/MMB29P) AppleWebKit/537.36 (KHTML, like Gecko) Chrome/151.0.7922.173 Mobile Safari/537.36 (compatible; GoogleOther)"
145.239.69.106 - - [27/Aug/2026:01:04:16 -0700] "GET /2026/08/13/maximize-your-gaming-potential-high-rtp-slots-and-welcome-bonuses-at-online-pokies-nz/ HTTP/1.1" 200 24371 "-" "Mozilla/5.0 (compatible; MJ12bot/v1.4.8; http://mj12bot.com/)"
145.239.69.106 - - [27/Aug/2026:01:04:18 -0700] "GET /2026/08/13/online-casino-tachytita-analipseon-kai-asfaleia-ton-pliromon/ HTTP/1.1" 200 24561 "-" "Mozilla/5.0 (compatible; MJ12bot/v1.4.8; http://mj12bot.com/)"
107.20.105.74 - - [27/Aug/2026:01:04:20 -0700] "HEAD / HTTP/2.0" 200 105 "http://75.119.195.61" "DreamHost SiteMonitor 1.0"
145.239.69.106 - - [27/Aug/2026:01:04:21 -0700] "GET /2026/08/13/pinco-canli-casino-heyecan-verici-oyunlar-ve-stratejiler/ HTTP/1.1" 200 23933 "-" "Mozilla/5.0 (compatible; MJ12bot/v1.4.8; http://mj12bot.com/)"
66.249.74.192 - - [27/Aug/2026:01:04:21 -0700] "GET /goods.php?n=23912465357 HTTP/1.1" 200 32911 "-" "Mozilla/5.0 (Linux; Android 6.0.1; Nexus 5X Build/MMB29P) AppleWebKit/537.36 (KHTML, like Gecko) Chrome/151.0.7922.173 Mobile Safari/537.36 (compatible; GoogleOther)"
145.239.69.106 - - [27/Aug/2026:01:04:23 -0700] "GET /2026/08/14/onlyspins-casino-a-legjobb-asztali-jatekok-es-nyerogepek-2026-ban/ HTTP/1.1" 200 24359 "-" "Mozilla/5.0 (compatible; MJ12bot/v1.4.8; http://mj12bot.com/)"
66.249.74.192 - - [27/Aug/2026:01:04:25 -0700] "GET /?m=89953245102 HTTP/1.1" 200 58086 "-" "Mozilla/5.0 (Linux; Android 6.0.1; Nexus 5X Build/MMB29P) AppleWebKit/537.36 (KHTML, like Gecko) Chrome/151.0.7922.173 Mobile Safari/537.36 (compatible; GoogleOther)"
145.239.69.106 - - [27/Aug/2026:01:04:25 -0700] "GET /2026/08/14/rtbet-casino-2026-bonusy-a-akce-ktere-si-nenechte-ujit/ HTTP/1.1" 200 24375 "-" "Mozilla/5.0 (compatible; MJ12bot/v1.4.8; http://mj12bot.com/)"
66.249.74.192 - - [27/Aug/2026:01:04:28 -0700] "GET /goods.php?f=54343605536 HTTP/1.1" 200 28185 "-" "Mozilla/5.0 (Linux; Android 6.0.1; Nexus 5X Build/MMB29P) AppleWebKit/537.36 (KHTML, like Gecko) Chrome/151.0.7922.173 Mobile Safari/537.36 (compatible; GoogleOther)"
145.239.69.106 - - [27/Aug/2026:01:04:28 -0700] "GET /2026/08/15/pinup-kazino-giris-surtli-login-v-ksilmz-oyun-imkani/ HTTP/1.1" 200 23890 "-" "Mozilla/5.0 (compatible; MJ12bot/v1.4.8; http://mj12bot.com/)"
158.58.172.12 - - [27/Aug/2026:01:04:29 -0700] "POST /xmlrpc.php HTTP/1.1" 429 5058 "-" "Mozilla/5.0 (Windows NT 10.0; Win64; x64; rv:128.0) Gecko/20100101 Firefox/128.0"
145.239.69.106 - - [27/Aug/2026:01:04:30 -0700] "GET /2026/08/15/pos-na-eggrafeite-sto-pulsarspins-casino-odigos-gia-neoys-paiktes/ HTTP/1.1" 200 24960 "-" "Mozilla/5.0 (compatible; MJ12bot/v1.4.8; http://mj12bot.com/)"
66.249.74.192 - - [27/Aug/2026:01:04:31 -0700] "GET /kaden/mtalk/?sku=10028164206 HTTP/1.1" 200 60429 "-" "Mozilla/5.0 (Linux; Android 6.0.1; Nexus 5X Build/MMB29P) AppleWebKit/537.36 (KHTML, like Gecko) Chrome/151.0.7922.173 Mobile Safari/537.36 (compatible; GoogleOther)"
145.239.69.106 - - [27/Aug/2026:01:04:33 -0700] "GET /2026/08/17/ HTTP/1.1" 200 23107 "-" "Mozilla/5.0 (compatible; MJ12bot/v1.4.8; http://mj12bot.com/)"
66.249.74.192 - - [27/Aug/2026:01:04:35 -0700] "GET /?m=45537209897 HTTP/1.1" 200 59065 "-" "Mozilla/5.0 (Linux; Android 6.0.1; Nexus 5X Build/MMB29P) AppleWebKit/537.36 (KHTML, like Gecko) Chrome/151.0.7922.173 Mobile Safari/537.36 (compatible; GoogleOther)"
145.239.69.106 - - [27/Aug/2026:01:04:35 -0700] "GET /2026/08/17/1xbet-app-download-1xbet-for-android-ios-5/ HTTP/1.1" 200 30571 "-" "Mozilla/5.0 (compatible; MJ12bot/v1.4.8; http://mj12bot.com/)"
145.239.69.106 - - [27/Aug/2026:01:04:37 -0700] "GET /2026/08/17/casino-non-aams-a-closer-look-at-game-fairness/ HTTP/1.1" 200 24060 "-" "Mozilla/5.0 (compatible; MJ12bot/v1.4.8; http://mj12bot.com/)"
66.249.74.193 - - [27/Aug/2026:01:04:38 -0700] "GET /shop.php?e=6579012004845 HTTP/1.1" 200 31594 "-" "Mozilla/5.0 (Linux; Android 6.0.1; Nexus 5X Build/MMB29P) AppleWebKit/537.36 (KHTML, like Gecko) Chrome/151.0.7922.173 Mobile Safari/537.36 (compatible; GoogleOther)"
145.239.69.106 - - [27/Aug/2026:01:04:40 -0700] "GET /2026/08/17/casino-non-aams-exploring-cryptocurrency-betting-options/ HTTP/1.1" 200 23476 "-" "Mozilla/5.0 (compatible; MJ12bot/v1.4.8; http://mj12bot.com/)"
145.239.69.106 - - [27/Aug/2026:01:04:42 -0700] "GET /2026/08/17/como-comecar-a-jogar-no-megarich-portugal-um-guia-pratico-para-iniciantes/ HTTP/1.1" 200 24464 "-" "Mozilla/5.0 (compatible; MJ12bot/v1.4.8; http://mj12bot.com/)"
66.249.74.193 - - [27/Aug/2026:01:04:44 -0700] "GET /?m=92025001436 HTTP/1.1" 200 64200 "-" "Mozilla/5.0 (Linux; Android 6.0.1; Nexus 5X Build/MMB29P) AppleWebKit/537.36 (KHTML, like Gecko) Chrome/151.0.7922.173 Mobile Safari/537.36 (compatible; GoogleOther)"
145.239.69.106 - - [27/Aug/2026:01:04:44 -0700] "GET /2026/08/17/drakaris-casino-i-2026-de-beste-bonusene-og-spillene-a-utforske/ HTTP/1.1" 200 24228 "-" "Mozilla/5.0 (compatible; MJ12bot/v1.4.8; http://mj12bot.com/)"
145.239.69.106 - - [27/Aug/2026:01:04:47 -0700] "GET /2026/08/17/hoe-profiteer-je-van-de-beste-bonussen-bij-beste-online-casino-zonder-cruks-in/ HTTP/1.1" 200 24185 "-" "Mozilla/5.0 (compatible; MJ12bot/v1.4.8; http://mj12bot.com/)"
66.249.74.192 - - [27/Aug/2026:01:04:47 -0700] "GET /?m=96680860467 HTTP/1.1" 200 63345 "-" "Mozilla/5.0 (Linux; Android 6.0.1; Nexus 5X Build/MMB29P) AppleWebKit/537.36 (KHTML, like Gecko) Chrome/151.0.7922.173 Mobile Safari/537.36 (compatible; GoogleOther)"
145.239.69.106 - - [27/Aug/2026:01:04:49 -0700] "GET /2026/08/17/laos-roads-2026-kaszino-promociok-a-legjobb-ajanlatok-magyar-jatekosoknak/ HTTP/1.1" 200 24804 "-" "Mozilla/5.0 (compatible; MJ12bot/v1.4.8; http://mj12bot.com/)"
66.249.74.193 - - [27/Aug/2026:01:04:51 -0700] "GET /ajax/productstorestocklist/?sku=60512748090&lat= HTTP/1.1" 200 63808 "-" "Mozilla/5.0 (Linux; Android 6.0.1; Nexus 5X Build/MMB29P) AppleWebKit/537.36 (KHTML, like Gecko) Chrome/151.0.7922.173 Mobile Safari/537.36 (compatible; GoogleOther)"
66.249.74.194 - - [27/Aug/2026:01:04:51 -0700] "GET /ajax/productstorestocklist/?sku=48244227677&lat= HTTP/1.1" 200 65070 "-" "Mozilla/5.0 (Linux; Android 6.0.1; Nexus 5X Build/MMB29P) AppleWebKit/537.36 (KHTML, like Gecko) Chrome/151.0.7922.173 Mobile Safari/537.36 (compatible; Googlebot/2.1; +http://www.google.com/bot.html)"
145.239.69.106 - - [27/Aug/2026:01:04:52 -0700] "GET /2026/08/17/pos-na-xekinisete-sto-online-casino-vimata-gia-neoys-paiktes/ HTTP/1.1" 200 24900 "-" "Mozilla/5.0 (compatible; MJ12bot/v1.4.8; http://mj12bot.com/)"
145.239.69.106 - - [27/Aug/2026:01:04:54 -0700] "GET /2026/08/17/stavki-na-sport-1xbet-podrobnyi-obzor-vozmozhnostei-bukmekera-v-2023-5/ HTTP/1.1" 200 24772 "-" "Mozilla/5.0 (compatible; MJ12bot/v1.4.8; http://mj12bot.com/)"
66.249.74.193 - - [27/Aug/2026:01:04:54 -0700] "GET /goods.php?m=65668265597 HTTP/1.1" 200 28280 "-" "Mozilla/5.0 (Linux; Android 6.0.1; Nexus 5X Build/MMB29P) AppleWebKit/537.36 (KHTML, like Gecko) Chrome/151.0.7922.173 Mobile Safari/537.36 (compatible; GoogleOther)"
145.239.69.106 - - [27/Aug/2026:01:04:56 -0700] "GET /2026/08/18/ HTTP/1.1" 200 23173 "-" "Mozilla/5.0 (compatible; MJ12bot/v1.4.8; http://mj12bot.com/)"
66.249.74.194 - - [27/Aug/2026:01:04:58 -0700] "GET /kaden/mtalk/?sku=26205080892 HTTP/1.1" 200 63137 "-" "Mozilla/5.0 (Linux; Android 6.0.1; Nexus 5X Build/MMB29P) AppleWebKit/537.36 (KHTML, like Gecko) Chrome/151.0.7922.173 Mobile Safari/537.36 (compatible; GoogleOther)"
145.239.69.106 - - [27/Aug/2026:01:04:58 -0700] "GET /2026/08/18/best-new-online-casino-unique-themes-and-graphics/ HTTP/1.1" 200 23774 "-" "Mozilla/5.0 (compatible; MJ12bot/v1.4.8; http://mj12bot.com/)"
145.239.69.106 - - [27/Aug/2026:01:05:01 -0700] "GET /2026/08/18/chestnyi-razbor-funktsionala-pin-ap-otzyvy-o-vyvode-sredstv/ HTTP/1.1" 200 24051 "-" "Mozilla/5.0 (compatible; MJ12bot/v1.4.8; http://mj12bot.com/)"
66.249.74.192 - - [27/Aug/2026:01:05:01 -0700] "GET /?m=20665480258 HTTP/1.1" 200 63061 "-" "Mozilla/5.0 (Linux; Android 6.0.1; Nexus 5X Build/MMB29P) AppleWebKit/537.36 (KHTML, like Gecko) Chrome/151.0.7922.173 Mobile Safari/537.36 (compatible; GoogleOther)"
145.239.69.106 - - [27/Aug/2026:01:05:03 -0700] "GET /2026/08/18/cw-check-https-test123-com/ HTTP/1.1" 200 21353 "-" "Mozilla/5.0 (compatible; MJ12bot/v1.4.8; http://mj12bot.com/)"
145.239.69.106 - - [27/Aug/2026:01:05:05 -0700] "GET /2026/08/18/esplorando-i-giochi-da-casino-live-innovativi-su-siti-online-non-aams/ HTTP/1.1" 200 23472 "-" "Mozilla/5.0 (compatible; MJ12bot/v1.4.8; http://mj12bot.com/)"
66.249.74.192 - - [27/Aug/2026:01:05:07 -0700] "GET /?m=57720932784 HTTP/1.1" 200 64503 "-" "Mozilla/5.0 (Linux; Android 6.0.1; Nexus 5X Build/MMB29P) AppleWebKit/537.36 (KHTML, like Gecko) Chrome/151.0.7922.173 Mobile Safari/537.36 (compatible; GoogleOther)"
145.239.69.106 - - [27/Aug/2026:01:05:08 -0700] "GET /2026/08/18/issleduem-ofitsialnyi-sait-1xbet-preimushchestva-ikh-partnerskoi-programmy/ HTTP/1.1" 200 23954 "-" "Mozilla/5.0 (compatible; MJ12bot/v1.4.8; http://mj12bot.com/)"
66.249.74.192 - - [27/Aug/2026:01:05:10 -0700] "GET /?m=38418496756 HTTP/1.1" 200 59727 "-" "Mozilla/5.0 (Linux; Android 6.0.1; Nexus 5X Build/MMB29P) AppleWebKit/537.36 (KHTML, like Gecko) Chrome/151.0.7922.173 Mobile Safari/537.36 (compatible; GoogleOther)"
145.239.69.106 - - [27/Aug/2026:01:05:10 -0700] "GET /2026/08/18/pinco-kazinoda-qbul-olunan-odnis-metodlarini-anlamaq/ HTTP/1.1" 200 23619 "-" "Mozilla/5.0 (compatible; MJ12bot/v1.4.8; http://mj12bot.com/)"
66.249.74.192 - - [27/Aug/2026:01:05:15 -0700] "GET /pc/index.php?m=7883208255 HTTP/1.1" 200 58989 "-" "Mozilla/5.0 (Linux; Android 6.0.1; Nexus 5X Build/MMB29P) AppleWebKit/537.36 (KHTML, like Gecko) Chrome/151.0.7922.173 Mobile Safari/537.36 (compatible; GoogleOther)"
145.239.69.106 - - [27/Aug/2026:01:05:12 -0700] "GET /2026/08/18/pinco-kazinoda-qbul-olunan-odnis-metodlarini-anlamaq-4/ HTTP/1.1" 200 23598 "-" "Mozilla/5.0 (compatible; MJ12bot/v1.4.8; http://mj12bot.com/)"
57.141.0.19 - - [27/Aug/2026:01:05:16 -0700] "GET /?m=96911182059 HTTP/2.0" 200 19796 "-" "Mozilla/5.0 (Windows NT 10.0; Win64; x64) AppleWebKit/537.36 (KHTML, like Gecko) Chrome/145.0.0.0 Safari/537.36 (compatible; meta-externalagent/1.1 (+https://developers.facebook.com/docs/sharing/webmasters/crawler))"
145.239.69.106 - - [27/Aug/2026:01:05:17 -0700] "GET /2026/08/18/pinko-kazino-uspekhi-i-provaly-znamenitykh-igrokov/ HTTP/1.1" 200 24746 "-" "Mozilla/5.0 (compatible; MJ12bot/v1.4.8; http://mj12bot.com/)"
145.239.69.106 - - [27/Aug/2026:01:05:19 -0700] "GET /2026/08/18/preimushchestva-ispolzovaniia-1khbet-onlain-servis-dlia-stavok-dlia-igrokov-4/ HTTP/1.1" 200 24114 "-" "Mozilla/5.0 (compatible; MJ12bot/v1.4.8; http://mj12bot.com/)"
66.249.74.192 - - [27/Aug/2026:01:05:22 -0700] "GET /ajax/productstorestocklist/?sku=78481717665&my_store=1 HTTP/1.1" 200 63197 "-" "Mozilla/5.0 (Linux; Android 6.0.1; Nexus 5X Build/MMB29P) AppleWebKit/537.36 (KHTML, like Gecko) Chrome/151.0.7922.173 Mobile Safari/537.36 (compatible; GoogleOther)"
145.239.69.106 - - [27/Aug/2026:01:05:21 -0700] "GET /2026/08/18/sblocca-offerte-esclusive-con-il-nuovo-codice-promozionale-di-500casino/ HTTP/1.1" 200 24119 "-" "Mozilla/5.0 (compatible; MJ12bot/v1.4.8; http://mj12bot.com/)"
185.100.103.190 - - [27/Aug/2026:01:05:22 -0700] "POST /xmlrpc.php HTTP/1.1" 200 5046 "-" "Mozilla/5.0 (X11; Linux x86_64) AppleWebKit/537.36 (KHTML, like Gecko) Chrome/130.0.0.0 Safari/537.36"
145.239.69.106 - - [27/Aug/2026:01:05:24 -0700] "GET /2026/08/18/unlock-roman-casino-secrets-with-exciting-no-deposit-rewards/ HTTP/1.1" 200 24717 "-" "Mozilla/5.0 (compatible; MJ12bot/v1.4.8; http://mj12bot.com/)"
66.249.74.192 - - [27/Aug/2026:01:05:25 -0700] "GET /ajax/productstorestocklist/?sku=81947027378&pref_cd= HTTP/1.1" 200 59076 "-" "Mozilla/5.0 (Linux; Android 6.0.1; Nexus 5X Build/MMB29P) AppleWebKit/537.36 (KHTML, like Gecko) Chrome/151.0.7922.173 Mobile Safari/537.36 (compatible; GoogleOther)"
75.119.195.61 - - [27/Aug/2026:01:05:22 -0700] "POST /wp-cron.php?doing_wp_cron=1787817922.5099050998687744140625 HTTP/1.1" 200 6592 "-" "WordPress/7.1; https://www.ablogformylove.com"
185.100.103.190 - - [27/Aug/2026:01:05:26 -0700] "POST /xmlrpc.php HTTP/1.1" 200 6144 "-" "Mozilla/5.0 (X11; Linux x86_64; rv:138.0) Gecko/20100101 Firefox/138.0"
145.239.69.106 - - [27/Aug/2026:01:05:26 -0700] "GET /2026/08/18/vliianie-pinko-kazino-otzyvy-na-igrovuiu-reputatsiiu-zavedeniia-3/ HTTP/1.1" 200 24647 "-" "Mozilla/5.0 (compatible; MJ12bot/v1.4.8; http://mj12bot.com/)"
66.249.74.192 - - [27/Aug/2026:01:05:28 -0700] "GET /?m=67934120256 HTTP/1.1" 200 58284 "-" "Mozilla/5.0 (Linux; Android 6.0.1; Nexus 5X Build/MMB29P) AppleWebKit/537.36 (KHTML, like Gecko) Chrome/151.0.7922.173 Mobile Safari/537.36 (compatible; GoogleOther)"
145.239.69.106 - - [27/Aug/2026:01:05:28 -0700] "GET /2026/08/19/bezopasnye-praktiki-stavok-na-1win-ofitsialnyi-sait/ HTTP/1.1" 200 24747 "-" "Mozilla/5.0 (compatible; MJ12bot/v1.4.8; http://mj12bot.com/)"
185.100.103.190 - - [27/Aug/2026:01:05:28 -0700] "GET /2026/08/27/raspadinha-online-10-melhores-sites-uma-vez-que-arruii-aparelhamento-infantilidade-raspar-2026/ HTTP/1.1" 200 26475 "-" "Mozilla/5.0 (Windows NT 10.0; Win64; x64) AppleWebKit/537.36 (KHTML, like Gecko) Chrome/135.0.0.0 Safari/537.36 Edg/135.0.0.0"
145.239.69.106 - - [27/Aug/2026:01:05:31 -0700] "GET /2026/08/19/bezopasnye-praktiki-stavok-na-1win-ofitsialnyi-sait-2/feed/ HTTP/1.1" 200 2279 "-" "Mozilla/5.0 (compatible; MJ12bot/v1.4.8; http://mj12bot.com/)"
145.239.69.106 - - [27/Aug/2026:01:05:32 -0700] "GET /2026/08/19/bonusy-za-registratsiiu-v-pinko-kazino-otzyvy-klientov-2/ HTTP/1.1" 200 24470 "-" "Mozilla/5.0 (compatible; MJ12bot/v1.4.8; http://mj12bot.com/)"
57.141.0.45 - - [27/Aug/2026:01:05:33 -0700] "GET /?m=29936985781 HTTP/2.0" 200 19796 "-" "Mozilla/5.0 (Windows NT 10.0; Win64; x64) AppleWebKit/537.36 (KHTML, like Gecko) Chrome/145.0.0.0 Safari/537.36 (compatible; meta-externalagent/1.1 (+https://developers.facebook.com/docs/sharing/webmasters/crawler))"
114.119.140.13 - - [27/Aug/2026:01:05:33 -0700] "GET /2026/08/23/finest-immediate-detachment-internet-casino-australian-golden-legend-online-slot-continent-fast-payment/ HTTP/1.1" 200 31229 "https://www.ablogformylove.com/2026/08/23/immortal-love-position-remark-and-bally-wulff-gaming-slots-you-can-totally-free-enjoy-in-the-united-kingdom/" "Mozilla/5.0 (Linux; Android 7.0;) AppleWebKit/537.36 (HTML, like Gecko) Mobile Safari/537.36 (compatible; PetalBot;+https://webmaster.petalsearch.com/site/petalbot)"
66.249.74.193 - - [27/Aug/2026:01:05:34 -0700] "GET /?m=78804450503 HTTP/1.1" 200 63931 "-" "Mozilla/5.0 (Linux; Android 6.0.1; Nexus 5X Build/MMB29P) AppleWebKit/537.36 (KHTML, like Gecko) Chrome/151.0.7922.173 Mobile Safari/537.36 (compatible; GoogleOther)"
145.239.69.106 - - [27/Aug/2026:01:05:35 -0700] "GET /2026/08/19/chto-delat-esli-vy-ne-mozhete-skachat-1win-resheniia/feed/ HTTP/1.1" 200 2269 "-" "Mozilla/5.0 (compatible; MJ12bot/v1.4.8; http://mj12bot.com/)"
145.239.69.106 - - [27/Aug/2026:01:05:36 -0700] "GET /2026/08/19/izuchaem-1xbet-zerkalo-cherez-rasshireniia-dlia-brauzera-dlia-udobnogo-dostupa-2/ HTTP/1.1" 200 24225 "-" "Mozilla/5.0 (compatible; MJ12bot/v1.4.8; http://mj12bot.com/)"
66.249.74.192 - - [27/Aug/2026:01:05:37 -0700] "GET /?m=25750798783 HTTP/1.1" 200 64865 "-" "Mozilla/5.0 (Linux; Android 6.0.1; Nexus 5X Build/MMB29P) AppleWebKit/537.36 (KHTML, like Gecko) Chrome/151.0.7922.173 Mobile Safari/537.36 (compatible; GoogleOther)"
145.239.69.106 - - [27/Aug/2026:01:05:39 -0700] "GET /2026/08/19/izuchaem-1xbet-zerkalo-cherez-rasshireniia-dlia-brauzera-dlia-udobnogo-dostupa/feed/ HTTP/1.1" 200 2304 "-" "Mozilla/5.0 (compatible; MJ12bot/v1.4.8; http://mj12bot.com/)"
145.239.69.106 - - [27/Aug/2026:01:05:41 -0700] "GET /2026/08/19/kak-1khbet-vliiaet-na-vremia-priema-i-rascheta-stavki-2/ HTTP/1.1" 200 24740 "-" "Mozilla/5.0 (compatible; MJ12bot/v1.4.8; http://mj12bot.com/)"
59.98.192.86 - - [27/Aug/2026:01:05:39 -0700] "POST /xmlrpc.php HTTP/1.1" 200 5046 "-" "Mozilla/5.0 (Macintosh; Intel Mac OS X 10_15_7) AppleWebKit/537.36 (KHTML, like Gecko) obsidian/1.8.9 Chrome/132.0.6834.210 Electron/34.3.0 Safari/537.36"
75.119.195.61 - - [27/Aug/2026:01:05:41 -0700] "POST /wp-cron.php?doing_wp_cron=1787817941.0904369354248046875000 HTTP/1.1" 200 6592 "-" "WordPress/7.1; https://www.ablogformylove.com"
66.249.74.193 - - [27/Aug/2026:01:05:41 -0700] "GET /goods.php?o=15917552776 HTTP/1.1" 200 33067 "-" "Mozilla/5.0 (Linux; Android 6.0.1; Nexus 5X Build/MMB29P) AppleWebKit/537.36 (KHTML, like Gecko) Chrome/151.0.7922.173 Mobile Safari/537.36 (compatible; GoogleOther)"
145.239.69.106 - - [27/Aug/2026:01:05:43 -0700] "GET /2026/08/19/kak-bystro-skachat-1khbet-na-android-bez-lishnikh-deistvii-2/ HTTP/1.1" 200 23968 "-" "Mozilla/5.0 (compatible; MJ12bot/v1.4.8; http://mj12bot.com/)"
145.239.69.106 - - [27/Aug/2026:01:05:45 -0700] "GET /2026/08/19/kak-bystro-skachat-1khbet-na-android-bez-lishnikh-deistvii-3/ HTTP/1.1" 200 24034 "-" "Mozilla/5.0 (compatible; MJ12bot/v1.4.8; http://mj12bot.com/)"
66.249.74.194 - - [27/Aug/2026:01:05:46 -0700] "GET /goods.php?v=72166879289 HTTP/1.1" 200 33399 "-" "Mozilla/5.0 (Linux; Android 6.0.1; Nexus 5X Build/MMB29P) AppleWebKit/537.36 (KHTML, like Gecko) Chrome/151.0.7922.173 Mobile Safari/537.36 (compatible; GoogleOther)"
66.249.74.194 - - [27/Aug/2026:01:05:47 -0700] "GET /shop.php?e=7513846710467 HTTP/1.1" 200 31586 "-" "Mozilla/5.0 (Linux; Android 6.0.1; Nexus 5X Build/MMB29P) AppleWebKit/537.36 (KHTML, like Gecko) Chrome/151.0.7922.173 Mobile Safari/537.36 (compatible; Googlebot/2.1; +http://www.google.com/bot.html)"
145.239.69.106 - - [27/Aug/2026:01:05:48 -0700] "GET /2026/08/19/kak-bystro-skachat-1khbet-na-android-bez-lishnikh-deistvii/feed/ HTTP/1.1" 200 2296 "-" "Mozilla/5.0 (compatible; MJ12bot/v1.4.8; http://mj12bot.com/)"
59.98.192.86 - - [27/Aug/2026:01:05:47 -0700] "POST /xmlrpc.php HTTP/1.1" 200 4414 "-" "Mozilla/5.0 (X11; Linux x86_64; rv:137.0) Gecko/20100101 Firefox/137.0"
66.249.74.193 - - [27/Aug/2026:01:05:48 -0700] "GET /?tags/C224e HTTP/1.1" 200 65204 "-" "Mozilla/5.0 (Linux; Android 6.0.1; Nexus 5X Build/MMB29P) AppleWebKit/537.36 (KHTML, like Gecko) Chrome/151.0.7922.173 Mobile Safari/537.36 (compatible; Googlebot/2.1; +http://www.google.com/bot.html)"
145.239.69.106 - - [27/Aug/2026:01:05:50 -0700] "GET /2026/08/19/kak-sdelat-depozity-na-1win-ofitsialnyi-sait-bezopasno/feed/ HTTP/1.1" 200 2284 "-" "Mozilla/5.0 (compatible; MJ12bot/v1.4.8; http://mj12bot.com/)"
66.249.74.194 - - [27/Aug/2026:01:05:50 -0700] "GET /ajax/productstorestocklist/?sku=19419774494&lat= HTTP/1.1" 200 58507 "-" "Mozilla/5.0 (Linux; Android 6.0.1; Nexus 5X Build/MMB29P) AppleWebKit/537.36 (KHTML, like Gecko) Chrome/151.0.7922.173 Mobile Safari/537.36 (compatible; GoogleOther)"
145.239.69.106 - - [27/Aug/2026:01:05:52 -0700] "GET /2026/08/19/kak-usilit-nastroiki-bezopasnosti-vashego-1win-vkhoda-2/ HTTP/1.1" 200 24540 "-" "Mozilla/5.0 (compatible; MJ12bot/v1.4.8; http://mj12bot.com/)"
66.249.74.194 - - [27/Aug/2026:01:05:54 -0700] "GET /shop.php?e=47985378228974 HTTP/1.1" 200 31810 "-" "Mozilla/5.0 (Linux; Android 6.0.1; Nexus 5X Build/MMB29P) AppleWebKit/537.36 (KHTML, like Gecko) Chrome/151.0.7922.173 Mobile Safari/537.36 (compatible; Googlebot/2.1; +http://www.google.com/bot.html)"
59.98.192.86 - - [27/Aug/2026:01:05:53 -0700] "GET /2026/08/27/bonos-de-casino-falto-casino-sin-deposito-unlimluck-tanque-2026-12-mas-grandes-casinos/ HTTP/1.1" 200 24787 "-" "Mozilla/5.0 (Windows NT 10.0; Win64; x64) AppleWebKit/537.36 (KHTML, like Gecko) obsidian/1.6.5 Chrome/124.0.6367.243 Electron/30.1.2 Safari/537.36"
145.239.69.106 - - [27/Aug/2026:01:05:54 -0700] "GET /2026/08/19/luchshie-strategii-dlia-igry-v-ruletku-v-onlain-kazino-pinko/ HTTP/1.1" 200 24566 "-" "Mozilla/5.0 (compatible; MJ12bot/v1.4.8; http://mj12bot.com/)"
66.249.74.192 - - [27/Aug/2026:01:05:54 -0700] "GET /?m=60478311895 HTTP/1.1" 200 63882 "-" "Mozilla/5.0 (Linux; Android 6.0.1; Nexus 5X Build/MMB29P) AppleWebKit/537.36 (KHTML, like Gecko) Chrome/151.0.7922.173 Mobile Safari/537.36 (compatible; GoogleOther)"
145.239.69.106 - - [27/Aug/2026:01:05:57 -0700] "GET /2026/08/19/odomknite-talismania-kasino-bez-vkladov-a-zazite-magicke-vyhry-okamzite/ HTTP/1.1" 200 24696 "-" "Mozilla/5.0 (compatible; MJ12bot/v1.4.8; http://mj12bot.com/)"
66.249.74.193 - - [27/Aug/2026:01:05:58 -0700] "GET /?m=81927499753 HTTP/1.1" 200 63243 "-" "Mozilla/5.0 (Linux; Android 6.0.1; Nexus 5X Build/MMB29P) AppleWebKit/537.36 (KHTML, like Gecko) Chrome/151.0.7922.173 Mobile Safari/537.36 (compatible; GoogleOther)"
145.239.69.106 - - [27/Aug/2026:01:05:59 -0700] "GET /2026/08/19/page/2/ HTTP/1.1" 200 25389 "-" "Mozilla/5.0 (compatible; MJ12bot/v1.4.8; http://mj12bot.com/)"
145.239.69.106 - - [27/Aug/2026:01:06:01 -0700] "GET /2026/08/19/pinco-casino-mobil-cihazlar-ucun-pinco-indir-apk-tkliflri/ HTTP/1.1" 200 23785 "-" "Mozilla/5.0 (compatible; MJ12bot/v1.4.8; http://mj12bot.com/)"
66.249.74.193 - - [27/Aug/2026:01:06:02 -0700] "GET /kaden/mtalk/?sku=76868027839 HTTP/1.1" 200 58958 "-" "Mozilla/5.0 (Linux; Android 6.0.1; Nexus 5X Build/MMB29P) AppleWebKit/537.36 (KHTML, like Gecko) Chrome/151.0.7922.173 Mobile Safari/537.36 (compatible; GoogleOther)"
145.239.69.106 - - [27/Aug/2026:01:06:03 -0700] "GET /2026/08/19/pinko-kazino-kak-chitat-pravila-igr/ HTTP/1.1" 200 24347 "-" "Mozilla/5.0 (compatible; MJ12bot/v1.4.8; http://mj12bot.com/)"
66.249.74.192 - - [27/Aug/2026:01:06:06 -0700] "GET /?m=57156562835 HTTP/1.1" 200 63170 "-" "Mozilla/5.0 (Linux; Android 6.0.1; Nexus 5X Build/MMB29P) AppleWebKit/537.36 (KHTML, like Gecko) Chrome/151.0.7922.173 Mobile Safari/537.36 (compatible; GoogleOther)"
145.239.69.106 - - [27/Aug/2026:01:06:06 -0700] "GET /2026/08/19/preimushchestva-1xbet-dinamicheskikh-koeffitsientov-v-laive-dlia-igrokov/ HTTP/1.1" 200 24006 "-" "Mozilla/5.0 (compatible; MJ12bot/v1.4.8; http://mj12bot.com/)"
145.239.69.106 - - [27/Aug/2026:01:06:08 -0700] "GET /2026/08/19/preimushchestva-1xbet-dinamicheskikh-koeffitsientov-v-laive-dlia-igrokov-2/ HTTP/1.1" 200 23925 "-" "Mozilla/5.0 (compatible; MJ12bot/v1.4.8; http://mj12bot.com/)"
66.249.74.192 - - [27/Aug/2026:01:06:10 -0700] "GET /?m=39137312772 HTTP/1.1" 200 58701 "-" "Mozilla/5.0 (Linux; Android 6.0.1; Nexus 5X Build/MMB29P) AppleWebKit/537.36 (KHTML, like Gecko) Chrome/151.0.7922.173 Mobile Safari/537.36 (compatible; GoogleOther)"
145.239.69.106 - - [27/Aug/2026:01:06:11 -0700] "GET /2026/08/19/preimushchestva-1xbet-dinamicheskikh-koeffitsientov-v-laive-dlia-igrokov-3/ HTTP/1.1" 200 23985 "-" "Mozilla/5.0 (compatible; MJ12bot/v1.4.8; http://mj12bot.com/)"
145.239.69.106 - - [27/Aug/2026:01:06:13 -0700] "GET /2026/08/19/rol-podderzhki-soobshchestva-v-dostizhenii-1-vyigrysha-obzor-kazino-slotmasters-2/ HTTP/1.1" 200 24620 "-" "Mozilla/5.0 (compatible; MJ12bot/v1.4.8; http://mj12bot.com/)"
66.249.74.192 - - [27/Aug/2026:01:06:13 -0700] "GET /shop.php?e=95576981966448 HTTP/1.1" 200 26856 "-" "Mozilla/5.0 (Linux; Android 6.0.1; Nexus 5X Build/MMB29P) AppleWebKit/537.36 (KHTML, like Gecko) Chrome/151.0.7922.173 Mobile Safari/537.36 (compatible; GoogleOther)"
145.239.69.106 - - [27/Aug/2026:01:06:15 -0700] "GET /2026/08/19/sviaz-mezhdu-1win-vkhodom-i-doveriem-polzovatelei/ HTTP/1.1" 200 24323 "-" "Mozilla/5.0 (compatible; MJ12bot/v1.4.8; http://mj12bot.com/)"
66.249.74.192 - - [27/Aug/2026:01:06:18 -0700] "GET /?m=79940191798 HTTP/1.1" 200 59307 "-" "Mozilla/5.0 (Linux; Android 6.0.1; Nexus 5X Build/MMB29P) AppleWebKit/537.36 (KHTML, like Gecko) Chrome/151.0.7922.173 Mobile Safari/537.36 (compatible; GoogleOther)"
145.239.69.106 - - [27/Aug/2026:01:06:18 -0700] "GET /2026/08/19/sviaz-mezhdu-1win-vkhodom-i-doveriem-polzovatelei-2/ HTTP/1.1" 200 24314 "-" "Mozilla/5.0 (compatible; MJ12bot/v1.4.8; http://mj12bot.com/)"
145.239.69.106 - - [27/Aug/2026:01:06:20 -0700] "GET /2026/08/19/vazhnost-obratnoi-sviazi-polzovatelei-dlia-uluchsheniia-1win-kazino/ HTTP/1.1" 200 24019 "-" "Mozilla/5.0 (compatible; MJ12bot/v1.4.8; http://mj12bot.com/)"
57.141.0.2 - - [27/Aug/2026:01:06:20 -0700] "GET /?m=1582675908 HTTP/2.0" 200 19796 "-" "Mozilla/5.0 (Windows NT 10.0; Win64; x64) AppleWebKit/537.36 (KHTML, like Gecko) Chrome/145.0.0.0 Safari/537.36 Edg/145.0.0.0 (compatible; meta-externalagent/1.1 (+https://developers.facebook.com/docs/sharing/webmasters/crawler))"
66.249.74.192 - - [27/Aug/2026:01:06:21 -0700] "GET /shop.php?e=80383458707149 HTTP/1.1" 200 27026 "-" "Mozilla/5.0 (Linux; Android 6.0.1; Nexus 5X Build/MMB29P) AppleWebKit/537.36 (KHTML, like Gecko) Chrome/151.0.7922.173 Mobile Safari/537.36 (compatible; GoogleOther)"
57.141.0.25 - - [27/Aug/2026:01:06:21 -0700] "GET /?m=34213243547 HTTP/2.0" 200 19795 "-" "Mozilla/5.0 (Macintosh; Intel Mac OS X 10_15_7) AppleWebKit/537.36 (KHTML, like Gecko) Chrome/145.0.0.0 Safari/537.36 (compatible; meta-externalagent/1.1 (+https://developers.facebook.com/docs/sharing/webmasters/crawler))"
145.239.69.106 - - [27/Aug/2026:01:06:22 -0700] "GET /2026/08/19/zazijte-vzruseni-playzilla-bez-vkladu-a-objevte-sve-oblibene-hry-bez-rizika/ HTTP/1.1" 200 24631 "-" "Mozilla/5.0 (compatible; MJ12bot/v1.4.8; http://mj12bot.com/)"
66.249.74.193 - - [27/Aug/2026:01:06:24 -0700] "GET /shop.php?e=70277529200306 HTTP/1.1" 200 31689 "-" "Mozilla/5.0 (Linux; Android 6.0.1; Nexus 5X Build/MMB29P) AppleWebKit/537.36 (KHTML, like Gecko) Chrome/151.0.7922.173 Mobile Safari/537.36 (compatible; GoogleOther)"
145.239.69.106 - - [27/Aug/2026:01:06:25 -0700] "GET /2026/08/20/acesso-ao-sistema-do-cassino-demolido-desbloqueado-com-facilidade/ HTTP/1.1" 200 24724 "-" "Mozilla/5.0 (compatible; MJ12bot/v1.4.8; http://mj12bot.com/)"
66.249.74.193 - - [27/Aug/2026:01:06:28 -0700] "GET /kaden/mtalk/?sku=98306927250 HTTP/1.1" 200 60059 "-" "Mozilla/5.0 (Linux; Android 6.0.1; Nexus 5X Build/MMB29P) AppleWebKit/537.36 (KHTML, like Gecko) Chrome/151.0.7922.173 Mobile Safari/537.36 (compatible; GoogleOther)"
145.239.69.106 - - [27/Aug/2026:01:06:27 -0700] "GET /2026/08/20/astra-luck-gluck-auf-abruf-erleben/ HTTP/1.1" 200 25524 "-" "Mozilla/5.0 (compatible; MJ12bot/v1.4.8; http://mj12bot.com/)"
145.239.69.106 - - [27/Aug/2026:01:06:30 -0700] "GET /2026/08/20/astra-luck-login-zugang-zum-nachsten-level/ HTTP/1.1" 200 24930 "-" "Mozilla/5.0 (compatible; MJ12bot/v1.4.8; http://mj12bot.com/)"
66.249.74.192 - - [27/Aug/2026:01:06:31 -0700] "GET /ajax/productstorestocklist/?sku=78481717665&lat= HTTP/1.1" 200 65172 "-" "Mozilla/5.0 (Linux; Android 6.0.1; Nexus 5X Build/MMB29P) AppleWebKit/537.36 (KHTML, like Gecko) Chrome/151.0.7922.173 Mobile Safari/537.36 (compatible; GoogleOther)"
145.239.69.106 - - [27/Aug/2026:01:06:32 -0700] "GET /2026/08/20/bet365-casino-afkast-2026-bemaerke-alle-tilbud/ HTTP/1.1" 200 24469 "-" "Mozilla/5.0 (compatible; MJ12bot/v1.4.8; http://mj12bot.com/)"
66.249.74.193 - - [27/Aug/2026:01:06:34 -0700] "GET /pc/index.php?m=71388247923 HTTP/1.1" 200 63318 "-" "Mozilla/5.0 (Linux; Android 6.0.1; Nexus 5X Build/MMB29P) AppleWebKit/537.36 (KHTML, like Gecko) Chrome/151.0.7922.173 Mobile Safari/537.36 (compatible; GoogleOther)"
145.239.69.106 - - [27/Aug/2026:01:06:34 -0700] "GET /2026/08/20/boostez-votre-concentration-avec-incaspin/ HTTP/1.1" 200 25441 "-" "Mozilla/5.0 (compatible; MJ12bot/v1.4.8; http://mj12bot.com/)"
66.249.74.192 - - [27/Aug/2026:01:06:37 -0700] "GET /kaden/mtalk/?sku=34045313846 HTTP/1.1" 200 64447 "-" "Mozilla/5.0 (Linux; Android 6.0.1; Nexus 5X Build/MMB29P) AppleWebKit/537.36 (KHTML, like Gecko) Chrome/151.0.7922.173 Mobile Safari/537.36 (compatible; Googlebot/2.1; +http://www.google.com/bot.html)"
145.239.69.106 - - [27/Aug/2026:01:06:37 -0700] "GET /2026/08/20/chto-govoriat-otzyvy-o-kazino-pinko-v-poiskakh-pravdy/ HTTP/1.1" 200 24540 "-" "Mozilla/5.0 (compatible; MJ12bot/v1.4.8; http://mj12bot.com/)"
66.249.74.193 - - [27/Aug/2026:01:06:37 -0700] "GET /?m=40203161868 HTTP/1.1" 200 58630 "-" "Mozilla/5.0 (Linux; Android 6.0.1; Nexus 5X Build/MMB29P) AppleWebKit/537.36 (KHTML, like Gecko) Chrome/151.0.7922.173 Mobile Safari/537.36 (compatible; GoogleOther)"
145.239.69.106 - - [27/Aug/2026:01:06:39 -0700] "GET /2026/08/20/chto-govoriat-otzyvy-o-kazino-pinko-v-poiskakh-pravdy-2/ HTTP/1.1" 200 24467 "-" "Mozilla/5.0 (compatible; MJ12bot/v1.4.8; http://mj12bot.com/)"
145.239.69.106 - - [27/Aug/2026:01:06:41 -0700] "GET /2026/08/20/chto-govoriat-otzyvy-o-kazino-pinko-v-poiskakh-pravdy-3/ HTTP/1.1" 200 24465 "-" "Mozilla/5.0 (compatible; MJ12bot/v1.4.8; http://mj12bot.com/)"
145.239.69.106 - - [27/Aug/2026:01:06:43 -0700] "GET /2026/08/20/chto-govoriat-otzyvy-o-kazino-pinko-v-poiskakh-pravdy-4/ HTTP/1.1" 200 24464 "-" "Mozilla/5.0 (compatible; MJ12bot/v1.4.8; http://mj12bot.com/)"
66.249.74.194 - - [27/Aug/2026:01:06:44 -0700] "GET /?m=41735541388 HTTP/1.1" 200 62555 "-" "Mozilla/5.0 (Linux; Android 6.0.1; Nexus 5X Build/MMB29P) AppleWebKit/537.36 (KHTML, like Gecko) Chrome/151.0.7922.173 Mobile Safari/537.36 (compatible; GoogleOther)"
145.239.69.106 - - [27/Aug/2026:01:06:46 -0700] "GET /2026/08/20/chto-govoriat-otzyvy-o-kazino-pinko-v-poiskakh-pravdy-5/ HTTP/1.1" 200 24510 "-" "Mozilla/5.0 (compatible; MJ12bot/v1.4.8; http://mj12bot.com/)"
66.249.74.193 - - [27/Aug/2026:01:06:47 -0700] "GET /?m=27812690379 HTTP/1.1" 200 63353 "-" "Mozilla/5.0 (Linux; Android 6.0.1; Nexus 5X Build/MMB29P) AppleWebKit/537.36 (KHTML, like Gecko) Chrome/151.0.7922.173 Mobile Safari/537.36 (compatible; GoogleOther)"
145.239.69.106 - - [27/Aug/2026:01:06:48 -0700] "GET /2026/08/20/danmarks-komplette-wild-tokyo-casino-kortspilsguide/ HTTP/1.1" 200 25564 "-" "Mozilla/5.0 (compatible; MJ12bot/v1.4.8; http://mj12bot.com/)"
145.239.69.106 - - [27/Aug/2026:01:06:50 -0700] "GET /2026/08/21/pinko-kazino-samye-interesnye-fakty-o-kazino/ HTTP/1.1" 200 24587 "-" "Mozilla/5.0 (compatible; MJ12bot/v1.4.8; http://mj12bot.com/)"
145.239.69.106 - - [27/Aug/2026:01:06:52 -0700] "GET /2026/08/21/pinko-kazino-samye-interesnye-fakty-o-kazino-2/ HTTP/1.1" 200 24502 "-" "Mozilla/5.0 (compatible; MJ12bot/v1.4.8; http://mj12bot.com/)"
66.249.74.193 - - [27/Aug/2026:01:06:55 -0700] "GET /?m=19721766325 HTTP/1.1" 200 63676 "-" "Mozilla/5.0 (Linux; Android 6.0.1; Nexus 5X Build/MMB29P) AppleWebKit/537.36 (KHTML, like Gecko) Chrome/151.0.7922.173 Mobile Safari/537.36 (compatible; GoogleOther)"
145.239.69.106 - - [27/Aug/2026:01:06:55 -0700] "GET /2026/08/21/pinko-kazino-samye-interesnye-fakty-o-kazino-3/ HTTP/1.1" 200 24595 "-" "Mozilla/5.0 (compatible; MJ12bot/v1.4.8; http://mj12bot.com/)"
145.239.69.106 - - [27/Aug/2026:01:06:58 -0700] "GET /2026/08/21/rotiri-indian-dreaming-nv-casino-1-magazie-gratuite-ci-achitare-bonusuri-de-casino-exclusive-2025/feed/ HTTP/1.1" 200 2243 "-" "Mozilla/5.0 (compatible; MJ12bot/v1.4.8; http://mj12bot.com/)"
145.239.69.106 - - [27/Aug/2026:01:06:59 -0700] "GET /2026/08/21/safety-tips-for-playing-at-casino-online-non-aams-websites/ HTTP/1.1" 200 24201 "-" "Mozilla/5.0 (compatible; MJ12bot/v1.4.8; http://mj12bot.com/)"
114.119.146.219 - - [27/Aug/2026:01:07:00 -0700] "GET /2015/08/10/cousins/ HTTP/1.1" 200 26908 "https://www.ablogformylove.com/2015/08/" "Mozilla/5.0 (Linux; Android 7.0;) AppleWebKit/537.36 (HTML, like Gecko) Mobile Safari/537.36 (compatible; PetalBot;+https://webmaster.petalsearch.com/site/petalbot)"
145.239.69.106 - - [27/Aug/2026:01:07:02 -0700] "GET /2026/08/21/stavki-na-sport-1xbet-prilozheniia-dlia-mobilnykh-stavok/ HTTP/1.1" 200 24332 "-" "Mozilla/5.0 (compatible; MJ12bot/v1.4.8; http://mj12bot.com/)"
145.239.69.106 - - [27/Aug/2026:01:07:04 -0700] "GET /2026/08/21/strategie-vincenti-nei-casino-italiani-non-aams-guida-alla-scelta-della-piattaforma-migliore/ HTTP/1.1" 200 23777 "-" "Mozilla/5.0 (compatible; MJ12bot/v1.4.8; http://mj12bot.com/)"
66.249.74.193 - - [27/Aug/2026:01:07:05 -0700] "GET /kaden/mtalk/?sku=19419774494 HTTP/1.1" 200 63801 "-" "Mozilla/5.0 (Linux; Android 6.0.1; Nexus 5X Build/MMB29P) AppleWebKit/537.36 (KHTML, like Gecko) Chrome/151.0.7922.173 Mobile Safari/537.36 (compatible; GoogleOther)"
145.239.69.106 - - [27/Aug/2026:01:07:06 -0700] "GET /2026/08/24/dla-ciebie-to-wskazuje-duzy-wybor-obszarow-do-grania-zamiast-stresu-w-sprawie-inwestowania/feed/ HTTP/1.1" 200 2233 "-" "Mozilla/5.0 (compatible; MJ12bot/v1.4.8; http://mj12bot.com/)"
66.249.74.192 - - [27/Aug/2026:01:07:08 -0700] "GET /?m=67239402412 HTTP/1.1" 200 63064 "-" "Mozilla/5.0 (Linux; Android 6.0.1; Nexus 5X Build/MMB29P) AppleWebKit/537.36 (KHTML, like Gecko) Chrome/151.0.7922.173 Mobile Safari/537.36 (compatible; GoogleOther)"
145.239.69.106 - - [27/Aug/2026:01:07:08 -0700] "GET /2026/08/24/jake-mostbet-bonusy-obdrzite-za-doporuceni-novych-hracu/ HTTP/1.1" 200 23556 "-" "Mozilla/5.0 (compatible; MJ12bot/v1.4.8; http://mj12bot.com/)"
145.239.69.106 - - [27/Aug/2026:01:07:10 -0700] "GET /2026/08/24/kakovy-preimushchestva-3/ HTTP/1.1" 200 24269 "-" "Mozilla/5.0 (compatible; MJ12bot/v1.4.8; http://mj12bot.com/)"
66.249.74.192 - - [27/Aug/2026:01:07:11 -0700] "GET /?m=59481548795 HTTP/1.1" 200 59765 "-" "Mozilla/5.0 (Linux; Android 6.0.1; Nexus 5X Build/MMB29P) AppleWebKit/537.36 (KHTML, like Gecko) Chrome/151.0.7922.173 Mobile Safari/537.36 (compatible; GoogleOther)"
145.239.69.106 - - [27/Aug/2026:01:07:13 -0700] "GET /2026/08/24/kakovy-preimushchestva-4/feed/ HTTP/1.1" 200 2286 "-" "Mozilla/5.0 (compatible; MJ12bot/v1.4.8; http://mj12bot.com/)"
57.141.0.21 - - [27/Aug/2026:01:07:13 -0700] "GET /?m=51096557514 HTTP/2.0" 200 19796 "-" "Mozilla/5.0 (Windows NT 10.0; Win64; x64) AppleWebKit/537.36 (KHTML, like Gecko) Chrome/145.0.0.0 Safari/537.36 (compatible; meta-externalagent/1.1 (+https://developers.facebook.com/docs/sharing/webmasters/crawler))"
145.239.69.106 - - [27/Aug/2026:01:07:15 -0700] "GET /2026/08/24/page/3/ HTTP/1.1" 200 24034 "-" "Mozilla/5.0 (compatible; MJ12bot/v1.4.8; http://mj12bot.com/)"
57.141.0.25 - - [27/Aug/2026:01:07:15 -0700] "GET /2026/08/26/the-ultimate-guide-to-real-money-slots-at-online-pokies-nz/ HTTP/2.0" 200 24267 "-" "Mozilla/5.0 (Windows NT 10.0; Win64; x64) AppleWebKit/537.36 (KHTML, like Gecko) Chrome/145.0.0.0 Safari/537.36 (compatible; meta-externalagent/1.1 (+https://developers.facebook.com/docs/sharing/webmasters/crawler))"
145.239.69.106 - - [27/Aug/2026:01:07:17 -0700] "GET /2026/08/24/problemy-navigatsii-po-meniu-ofitsialnogo-saita-i-ikh-resheniia/feed/ HTTP/1.1" 200 2300 "-" "Mozilla/5.0 (compatible; MJ12bot/v1.4.8; http://mj12bot.com/)"
145.239.69.106 - - [27/Aug/2026:01:07:19 -0700] "GET /2026/08/24/sensible-medical-insurance-preparations/feed/ HTTP/1.1" 200 2164 "-" "Mozilla/5.0 (compatible; MJ12bot/v1.4.8; http://mj12bot.com/)"
66.249.74.192 - - [27/Aug/2026:01:07:20 -0700] "GET /kaden/mtalk/?sku=49823506343 HTTP/1.1" 200 64044 "-" "Mozilla/5.0 (Linux; Android 6.0.1; Nexus 5X Build/MMB29P) AppleWebKit/537.36 (KHTML, like Gecko) Chrome/151.0.7922.173 Mobile Safari/537.36 (compatible; GoogleOther)"
145.239.69.106 - - [27/Aug/2026:01:07:20 -0700] "GET /2026/08/24/seriose-wettanbieter-gelenkige-strategien-fur-sportwetten-ohne-oasis/ HTTP/1.1" 200 24031 "-" "Mozilla/5.0 (compatible; MJ12bot/v1.4.8; http://mj12bot.com/)"
145.239.69.106 - - [27/Aug/2026:01:07:23 -0700] "GET /2026/08/24/seriose-wettanbieter-gelenkige-strategien-fur-sportwetten-ohne-oasis-2/ HTTP/1.1" 200 23971 "-" "Mozilla/5.0 (compatible; MJ12bot/v1.4.8; http://mj12bot.com/)"
66.249.74.192 - - [27/Aug/2026:01:07:24 -0700] "GET /?m=85376818669 HTTP/1.1" 200 57898 "-" "Mozilla/5.0 (Linux; Android 6.0.1; Nexus 5X Build/MMB29P) AppleWebKit/537.36 (KHTML, like Gecko) Chrome/151.0.7922.173 Mobile Safari/537.36 (compatible; GoogleOther)"
122.54.159.86 - - [27/Aug/2026:01:07:24 -0700] "POST /xmlrpc.php HTTP/1.1" 200 5046 "-" "Mozilla/5.0 (X11; Linux x86_64) AppleWebKit/537.36 (KHTML, like Gecko) Chrome/130.0.0.0 Safari/537.36"
75.119.195.61 - - [27/Aug/2026:01:07:25 -0700] "POST /wp-cron.php?doing_wp_cron=1787818045.1591689586639404296875 HTTP/1.1" 200 6592 "-" "WordPress/7.1; https://www.ablogformylove.com"
145.239.69.106 - - [27/Aug/2026:01:07:25 -0700] "GET /2026/08/24/sichere-wettplattformen-rezension-zu-den-besten-sportwetten-ohne-oase-in-deutschland-2/ HTTP/1.1" 200 23808 "-" "Mozilla/5.0 (compatible; MJ12bot/v1.4.8; http://mj12bot.com/)"
66.249.74.192 - - [27/Aug/2026:01:07:27 -0700] "GET /?m=79208344431 HTTP/1.1" 200 59422 "-" "Mozilla/5.0 (Linux; Android 6.0.1; Nexus 5X Build/MMB29P) AppleWebKit/537.36 (KHTML, like Gecko) Chrome/151.0.7922.173 Mobile Safari/537.36 (compatible; GoogleOther)"
52.207.47.227 - - [27/Aug/2026:01:07:28 -0700] "GET /2026/08/20/veden-alykas-voima-tehosta-elamasi-luonnollisella-aquawinilla/ HTTP/1.1" 200 29505 "-" "Mozilla/5.0 AppleWebKit/537.36 (KHTML, like Gecko; compatible; Amazonbot/0.1; +https://developer.amazon.com/support/amazonbot) Chrome/119.0.6045.214 Safari/537.36"
57.141.0.27 - - [27/Aug/2026:01:07:29 -0700] "GET /?m=13437476058 HTTP/2.0" 200 19796 "-" "Mozilla/5.0 (X11; Linux x86_64) AppleWebKit/537.36 (KHTML, like Gecko) Chrome/145.0.0.0 Safari/537.36 (compatible; meta-externalagent/1.1 (+https://developers.facebook.com/docs/sharing/webmasters/crawler))"
122.54.159.86 - - [27/Aug/2026:01:07:29 -0700] "POST /xmlrpc.php HTTP/1.1" 200 4591 "-" "Mozilla/5.0 (Windows NT 10.0; Win64; x64) AppleWebKit/537.36 (KHTML, like Gecko) Chrome/131.0.0.0 Safari/537.36"
13.154.16.201 - - [27/Aug/2026:01:07:30 -0700] "POST /xmlrpc.php HTTP/1.1" 429 5058 "-" "Mozilla/5.0 (Windows NT 10.0; Win64; x64) AppleWebKit/537.36 (KHTML, like Gecko) Chrome/114.0.0.0 Safari/537.36"
145.239.69.106 - - [27/Aug/2026:01:07:29 -0700] "GET /2026/08/24/sichere-wettplattformen-rezension-zu-den-besten-sportwetten-ohne-oase-in-deutschland/feed/ HTTP/1.1" 200 2220 "-" "Mozilla/5.0 (compatible; MJ12bot/v1.4.8; http://mj12bot.com/)"
13.154.16.201 - - [27/Aug/2026:01:07:30 -0700] "POST /xmlrpc.php HTTP/1.1" 429 636 "-" "Mozilla/5.0 (Windows NT 10.0; Win64; x64) AppleWebKit/537.36 (KHTML, like Gecko) Chrome/114.0.0.0 Safari/537.36"
66.249.74.193 - - [27/Aug/2026:01:07:30 -0700] "GET /?m=2487101405 HTTP/1.1" 200 64206 "-" "Mozilla/5.0 (Linux; Android 6.0.1; Nexus 5X Build/MMB29P) AppleWebKit/537.36 (KHTML, like Gecko) Chrome/151.0.7922.173 Mobile Safari/537.36 (compatible; Googlebot/2.1; +http://www.google.com/bot.html)"
145.239.69.106 - - [27/Aug/2026:01:07:31 -0700] "GET /2026/08/24/vip-programs-at-the-best-online-casino-in-canada-explained-2/feed/ HTTP/1.1" 200 2200 "-" "Mozilla/5.0 (compatible; MJ12bot/v1.4.8; http://mj12bot.com/)"
66.249.74.192 - - [27/Aug/2026:01:07:31 -0700] "GET /?m=69617619329 HTTP/1.1" 200 63183 "-" "Mozilla/5.0 (Linux; Android 6.0.1; Nexus 5X Build/MMB29P) AppleWebKit/537.36 (KHTML, like Gecko) Chrome/151.0.7922.173 Mobile Safari/537.36 (compatible; Googlebot/2.1; +http://www.google.com/bot.html)"
66.249.74.192 - - [27/Aug/2026:01:07:32 -0700] "GET /goods.php?v=45188843328 HTTP/1.1" 200 27937 "-" "Mozilla/5.0 (Linux; Android 6.0.1; Nexus 5X Build/MMB29P) AppleWebKit/537.36 (KHTML, like Gecko) Chrome/151.0.7922.173 Mobile Safari/537.36 (compatible; Googlebot/2.1; +http://www.google.com/bot.html)"
66.249.74.192 - - [27/Aug/2026:01:07:32 -0700] "GET /?m=20247050155 HTTP/1.1" 200 58265 "-" "Mozilla/5.0 (Linux; Android 6.0.1; Nexus 5X Build/MMB29P) AppleWebKit/537.36 (KHTML, like Gecko) Chrome/151.0.7922.173 Mobile Safari/537.36 (compatible; Googlebot/2.1; +http://www.google.com/bot.html)"
145.239.69.106 - - [27/Aug/2026:01:07:33 -0700] "GET /2026/08/24/vip-programs-at-the-best-online-casino-in-canada-explained-3/feed/ HTTP/1.1" 200 2201 "-" "Mozilla/5.0 (compatible; MJ12bot/v1.4.8; http://mj12bot.com/)"
122.54.159.86 - - [27/Aug/2026:01:07:32 -0700] "GET /2026/08/27/best-efetivo-money-slots-for-us-players-in-2026/ HTTP/1.1" 200 25027 "-" "Mozilla/5.0 (Windows NT 10.0; Win64; x64) AppleWebKit/537.36 (KHTML, like Gecko) Chrome/133.0.0.0 Safari/537.36 OPR/118.0.0.0"
66.249.74.192 - - [27/Aug/2026:01:07:33 -0700] "GET /goods.php?v=92939523112 HTTP/1.1" 200 27887 "-" "Mozilla/5.0 (Linux; Android 6.0.1; Nexus 5X Build/MMB29P) AppleWebKit/537.36 (KHTML, like Gecko) Chrome/151.0.7922.173 Mobile Safari/537.36 (compatible; Googlebot/2.1; +http://www.google.com/bot.html)"
66.249.74.194 - - [27/Aug/2026:01:07:34 -0700] "GET /goods.php?w=94387962500 HTTP/1.1" 200 34700 "-" "Mozilla/5.0 (Linux; Android 6.0.1; Nexus 5X Build/MMB29P) AppleWebKit/537.36 (KHTML, like Gecko) Chrome/151.0.7922.173 Mobile Safari/537.36 (compatible; GoogleOther)"
145.239.69.106 - - [27/Aug/2026:01:07:35 -0700] "GET /2026/08/24/vip-programs-at-the-best-online-casino-in-canada-explained/feed/ HTTP/1.1" 200 2199 "-" "Mozilla/5.0 (compatible; MJ12bot/v1.4.8; http://mj12bot.com/)"
145.239.69.106 - - [27/Aug/2026:01:07:36 -0700] "GET /2026/08/24/w-tym-nie-wlaczy-nam-w-obstawienie-ze-wszystkich-liczb-w-sprawie-kolorze-czerwonym-na-ruletce/ HTTP/1.1" 200 25230 "-" "Mozilla/5.0 (compatible; MJ12bot/v1.4.8; http://mj12bot.com/)"
66.249.74.193 - - [27/Aug/2026:01:07:38 -0700] "GET /?m=85650534742 HTTP/1.1" 200 62913 "-" "Mozilla/5.0 (Linux; Android 6.0.1; Nexus 5X Build/MMB29P) AppleWebKit/537.36 (KHTML, like Gecko) Chrome/151.0.7922.173 Mobile Safari/537.36 (compatible; GoogleOther)"
145.239.69.106 - - [27/Aug/2026:01:07:39 -0700] "GET /2026/08/26/100-put-complement-to-3000-cats-1-deposit-in-addition-to-100-to-your-family-betmgm-local-casino/feed/ HTTP/1.1" 200 2247 "-" "Mozilla/5.0 (compatible; MJ12bot/v1.4.8; http://mj12bot.com/)"
145.239.69.106 - - [27/Aug/2026:01:07:41 -0700] "GET /2026/08/26/150-free-spins-live-casino-for-the-mask-of-your-golden-sphinx-from-the-limitless-casino/ HTTP/1.1" 200 25962 "-" "Mozilla/5.0 (compatible; MJ12bot/v1.4.8; http://mj12bot.com/)"
66.249.74.192 - - [27/Aug/2026:01:07:41 -0700] "GET /ajax/productstorestocklist/?sku=4950829456&my_store=1 HTTP/1.1" 200 64376 "-" "Mozilla/5.0 (Linux; Android 6.0.1; Nexus 5X Build/MMB29P) AppleWebKit/537.36 (KHTML, like Gecko) Chrome/151.0.7922.173 Mobile Safari/537.36 (compatible; Googlebot/2.1; +http://www.google.com/bot.html)"
66.249.74.194 - - [27/Aug/2026:01:07:42 -0700] "GET /?m=1430696435 HTTP/1.1" 200 63360 "-" "Mozilla/5.0 (Linux; Android 6.0.1; Nexus 5X Build/MMB29P) AppleWebKit/537.36 (KHTML, like Gecko) Chrome/151.0.7922.173 Mobile Safari/537.36 (compatible; GoogleOther)"
145.239.69.106 - - [27/Aug/2026:01:07:43 -0700] "GET /2026/08/26/2026/ HTTP/1.1" 200 25144 "-" "Mozilla/5.0 (compatible; MJ12bot/v1.4.8; http://mj12bot.com/)"
66.249.74.194 - - [27/Aug/2026:01:07:45 -0700] "GET /?m=23619547598 HTTP/1.1" 200 59606 "-" "Mozilla/5.0 (Linux; Android 6.0.1; Nexus 5X Build/MMB29P) AppleWebKit/537.36 (KHTML, like Gecko) Chrome/151.0.7922.173 Mobile Safari/537.36 (compatible; GoogleOther)"
145.239.69.106 - - [27/Aug/2026:01:07:45 -0700] "GET /2026/08/26/2026s-minimum-5-deposit-casino-better-real-money-position-casinos/ HTTP/1.1" 200 26903 "-" "Mozilla/5.0 (compatible; MJ12bot/v1.4.8; http://mj12bot.com/)"
145.239.69.106 - - [27/Aug/2026:01:07:48 -0700] "GET /2026/08/26/50-freispiele-ohne-einzahlung-sofortig-zuganglich-no-anzahlung/feed/ HTTP/1.1" 200 6808 "-" "Mozilla/5.0 (compatible; MJ12bot/v1.4.8; http://mj12bot.com/)"
66.249.74.193 - - [27/Aug/2026:01:07:48 -0700] "GET /?m=91286247351 HTTP/1.1" 200 62879 "-" "Mozilla/5.0 (Linux; Android 6.0.1; Nexus 5X Build/MMB29P) AppleWebKit/537.36 (KHTML, like Gecko) Chrome/151.0.7922.173 Mobile Safari/537.36 (compatible; GoogleOther)"
145.239.69.106 - - [27/Aug/2026:01:07:50 -0700] "GET /2026/08/26/aztec-wealth-gambling-establishment-mr-cash-back-slot-sites-comment-finalized/feed/ HTTP/1.1" 200 6817 "-" "Mozilla/5.0 (compatible; MJ12bot/v1.4.8; http://mj12bot.com/)"
66.249.74.192 - - [27/Aug/2026:01:07:52 -0700] "GET /ajax/productstorestocklist/?sku=69947288749&my_store=1 HTTP/1.1" 200 64300 "-" "Mozilla/5.0 (Linux; Android 6.0.1; Nexus 5X Build/MMB29P) AppleWebKit/537.36 (KHTML, like Gecko) Chrome/151.0.7922.173 Mobile Safari/537.36 (compatible; GoogleOther)"
145.239.69.106 - - [27/Aug/2026:01:07:53 -0700] "GET /2026/08/26/beste-angeschlossen-casinos-spielotheken-2026/ HTTP/1.1" 200 31281 "-" "Mozilla/5.0 (compatible; MJ12bot/v1.4.8; http://mj12bot.com/)"
145.239.69.106 - - [27/Aug/2026:01:07:55 -0700] "GET /2026/08/26/blackjack-royalgame-login-app-herunterladen-strategien-and-basisstrategie-verkettete-liste-zum-gewinnen/feed/ HTTP/1.1" 200 6846 "-" "Mozilla/5.0 (compatible; MJ12bot/v1.4.8; http://mj12bot.com/)"
66.249.74.195 - - [27/Aug/2026:01:07:55 -0700] "GET /?m=76446445291 HTTP/1.1" 200 63367 "-" "Mozilla/5.0 (Linux; Android 6.0.1; Nexus 5X Build/MMB29P) AppleWebKit/537.36 (KHTML, like Gecko) Chrome/151.0.7922.173 Mobile Safari/537.36 (compatible; GoogleOther)"
145.239.69.106 - - [27/Aug/2026:01:07:58 -0700] "GET /2026/08/26/casinos-via-schneller-ausschuttung-2026-gewinne-geradlinig-auf-das-kontoverbindung/ HTTP/1.1" 200 31104 "-" "Mozilla/5.0 (compatible; MJ12bot/v1.4.8; http://mj12bot.com/)"
145.239.69.106 - - [27/Aug/2026:01:08:00 -0700] "GET /2026/08/26/cracking-newest-development-and-online-casino-1-dollar-minimum-deposit-videos-to-own-canada/ HTTP/1.1" 200 30596 "-" "Mozilla/5.0 (compatible; MJ12bot/v1.4.8; http://mj12bot.com/)"
66.249.74.192 - - [27/Aug/2026:01:08:01 -0700] "GET /?m=55732397139 HTTP/1.1" 200 68810 "-" "Mozilla/5.0 (Linux; Android 6.0.1; Nexus 5X Build/MMB29P) AppleWebKit/537.36 (KHTML, like Gecko) Chrome/151.0.7922.173 Mobile Safari/537.36 (compatible; GoogleOther)"
145.239.69.106 - - [27/Aug/2026:01:08:03 -0700] "GET /2026/08/26/echtgeld-kasino-marz-victorious-1-einzahlung-2024-2026-diese-besten-ernahrer-via-provision-inoffizieller-mitarbeiter-kollationieren/feed/ HTTP/1.1" 200 6894 "-" "Mozilla/5.0 (compatible; MJ12bot/v1.4.8; http://mj12bot.com/)"
