66.249.74.192 - - [27/Aug/2026:02:02:13 -0700] "GET /goods.php?i=53002476613 HTTP/1.1" 200 30057 "-" "Mozilla/5.0 (Linux; Android 6.0.1; Nexus 5X Build/MMB29P) AppleWebKit/537.36 (KHTML, like Gecko) Chrome/151.0.7922.173 Mobile Safari/537.36 (compatible; GoogleOther)"
216.73.217.53 - - [27/Aug/2026:02:02:14 -0700] "GET /2026/08/27/greatest-online-slots-the-real-deal-cash-in-the-united-states-2026/feed/ HTTP/2.0" 200 2047 "-" "Mozilla/5.0 AppleWebKit/537.36 (KHTML, like Gecko; compatible; ClaudeBot/1.0; +claudebot@anthropic.com)"
66.249.74.192 - - [27/Aug/2026:02:02:16 -0700] "GET /?m=90111029519 HTTP/1.1" 200 58465 "-" "Mozilla/5.0 (Linux; Android 6.0.1; Nexus 5X Build/MMB29P) AppleWebKit/537.36 (KHTML, like Gecko) Chrome/151.0.7922.173 Mobile Safari/537.36 (compatible; GoogleOther)"
66.249.74.192 - - [27/Aug/2026:02:02:18 -0700] "GET /ajax/productdeliverycalendar/?sku=34836419874&offset= HTTP/1.1" 200 59559 "-" "Mozilla/5.0 (Linux; Android 6.0.1; Nexus 5X Build/MMB29P) AppleWebKit/537.36 (KHTML, like Gecko) Chrome/151.0.7922.173 Mobile Safari/537.36 (compatible; Googlebot/2.1; +http://www.google.com/bot.html)"
66.249.74.192 - - [27/Aug/2026:02:02:19 -0700] "GET /kaden/mtalk/?sku=55673518379 HTTP/1.1" 200 59713 "-" "Mozilla/5.0 (Linux; Android 6.0.1; Nexus 5X Build/MMB29P) AppleWebKit/537.36 (KHTML, like Gecko) Chrome/151.0.7922.173 Mobile Safari/537.36 (compatible; GoogleOther)"
66.249.74.192 - - [27/Aug/2026:02:02:23 -0700] "GET /goods.php?c=33848471206 HTTP/1.1" 200 29052 "-" "Mozilla/5.0 (Linux; Android 6.0.1; Nexus 5X Build/MMB29P) AppleWebKit/537.36 (KHTML, like Gecko) Chrome/151.0.7922.173 Mobile Safari/537.36 (compatible; GoogleOther)"
66.249.74.193 - - [27/Aug/2026:02:02:25 -0700] "GET /?m=81875151066 HTTP/1.1" 200 62809 "-" "Mozilla/5.0 (Linux; Android 6.0.1; Nexus 5X Build/MMB29P) AppleWebKit/537.36 (KHTML, like Gecko) Chrome/151.0.7922.173 Mobile Safari/537.36 (compatible; Googlebot/2.1; +http://www.google.com/bot.html)"
66.249.74.193 - - [27/Aug/2026:02:02:25 -0700] "GET /?m=76924868474 HTTP/1.1" 200 59730 "-" "Mozilla/5.0 (Linux; Android 6.0.1; Nexus 5X Build/MMB29P) AppleWebKit/537.36 (KHTML, like Gecko) Chrome/151.0.7922.173 Mobile Safari/537.36 (compatible; Googlebot/2.1; +http://www.google.com/bot.html)"
66.249.74.192 - - [27/Aug/2026:02:02:26 -0700] "GET /shop.php?e=20180963625890 HTTP/1.1" 200 26853 "-" "Mozilla/5.0 (Linux; Android 6.0.1; Nexus 5X Build/MMB29P) AppleWebKit/537.36 (KHTML, like Gecko) Chrome/151.0.7922.173 Mobile Safari/537.36 (compatible; GoogleOther)"
66.249.74.194 - - [27/Aug/2026:02:02:28 -0700] "GET /shop.php?e=44891035313727 HTTP/1.1" 200 31660 "-" "Mozilla/5.0 (Linux; Android 6.0.1; Nexus 5X Build/MMB29P) AppleWebKit/537.36 (KHTML, like Gecko) Chrome/151.0.7922.173 Mobile Safari/537.36 (compatible; Googlebot/2.1; +http://www.google.com/bot.html)"
66.249.74.192 - - [27/Aug/2026:02:02:29 -0700] "GET /ajax/productdeliverycalendar/?sku=26828355741&offset= HTTP/1.1" 200 58610 "-" "Mozilla/5.0 (Linux; Android 6.0.1; Nexus 5X Build/MMB29P) AppleWebKit/537.36 (KHTML, like Gecko) Chrome/151.0.7922.173 Mobile Safari/537.36 (compatible; GoogleOther)"
66.249.74.192 - - [27/Aug/2026:02:02:32 -0700] "GET /?m=39945172448 HTTP/1.1" 200 57831 "-" "Mozilla/5.0 (Linux; Android 6.0.1; Nexus 5X Build/MMB29P) AppleWebKit/537.36 (KHTML, like Gecko) Chrome/151.0.7922.173 Mobile Safari/537.36 (compatible; GoogleOther)"
66.249.74.193 - - [27/Aug/2026:02:02:35 -0700] "GET /pc/index.php?m=72209453547 HTTP/1.1" 200 63508 "-" "Mozilla/5.0 (Linux; Android 6.0.1; Nexus 5X Build/MMB29P) AppleWebKit/537.36 (KHTML, like Gecko) Chrome/151.0.7922.173 Mobile Safari/537.36 (compatible; GoogleOther)"
66.249.74.193 - - [27/Aug/2026:02:02:38 -0700] "GET /?m=45669115788 HTTP/1.1" 200 58330 "-" "Mozilla/5.0 (Linux; Android 6.0.1; Nexus 5X Build/MMB29P) AppleWebKit/537.36 (KHTML, like Gecko) Chrome/151.0.7922.173 Mobile Safari/537.36 (compatible; GoogleOther)"
186.122.1.142 - - [27/Aug/2026:02:02:39 -0700] "GET /kaden/mtalk/?sku=71250419522 HTTP/2.0" 200 19796 "https://www.ablogformylove.com" "Mozilla/5.0 (Windows NT 10.0; Win64; x64) AppleWebKit/537.36 (KHTML, like Gecko) Chrome/143.0.0.0 Safari/537.36"
66.249.74.192 - - [27/Aug/2026:02:02:42 -0700] "GET /?m=7589021158 HTTP/1.1" 200 64275 "-" "Mozilla/5.0 (Linux; Android 6.0.1; Nexus 5X Build/MMB29P) AppleWebKit/537.36 (KHTML, like Gecko) Chrome/151.0.7922.173 Mobile Safari/537.36 (compatible; GoogleOther)"
66.249.74.193 - - [27/Aug/2026:02:02:45 -0700] "GET /goods.php?u=44364642025 HTTP/1.1" 200 32688 "-" "Mozilla/5.0 (Linux; Android 6.0.1; Nexus 5X Build/MMB29P) AppleWebKit/537.36 (KHTML, like Gecko) Chrome/151.0.7922.173 Mobile Safari/537.36 (compatible; GoogleOther)"
66.249.74.192 - - [27/Aug/2026:02:02:48 -0700] "GET /kaden/mtalk/?sku=7025728232 HTTP/1.1" 200 65075 "-" "Mozilla/5.0 (Linux; Android 6.0.1; Nexus 5X Build/MMB29P) AppleWebKit/537.36 (KHTML, like Gecko) Chrome/151.0.7922.173 Mobile Safari/537.36 (compatible; GoogleOther)"
66.249.74.192 - - [27/Aug/2026:02:02:52 -0700] "GET /?m=49643910753 HTTP/1.1" 200 59707 "-" "Mozilla/5.0 (Linux; Android 6.0.1; Nexus 5X Build/MMB29P) AppleWebKit/537.36 (KHTML, like Gecko) Chrome/151.0.7922.173 Mobile Safari/537.36 (compatible; GoogleOther)"
66.249.74.192 - - [27/Aug/2026:02:02:55 -0700] "GET /?m=835549421 HTTP/1.1" 200 58435 "-" "Mozilla/5.0 (Linux; Android 6.0.1; Nexus 5X Build/MMB29P) AppleWebKit/537.36 (KHTML, like Gecko) Chrome/151.0.7922.173 Mobile Safari/537.36 (compatible; GoogleOther)"
66.249.74.196 - - [27/Aug/2026:02:02:59 -0700] "GET /?m=79639859757 HTTP/1.1" 200 62845 "-" "Mozilla/5.0 (Linux; Android 6.0.1; Nexus 5X Build/MMB29P) AppleWebKit/537.36 (KHTML, like Gecko) Chrome/151.0.7922.173 Mobile Safari/537.36 (compatible; GoogleOther)"
66.249.74.192 - - [27/Aug/2026:02:03:02 -0700] "GET /ajax/productstorestocklist/?sku=9904386356&lat= HTTP/1.1" 200 62856 "-" "Mozilla/5.0 (Linux; Android 6.0.1; Nexus 5X Build/MMB29P) AppleWebKit/537.36 (KHTML, like Gecko) Chrome/151.0.7922.173 Mobile Safari/537.36 (compatible; GoogleOther)"
66.249.74.193 - - [27/Aug/2026:02:03:06 -0700] "GET /shop.php?e=80513733236304 HTTP/1.1" 200 31853 "-" "Mozilla/5.0 (Linux; Android 6.0.1; Nexus 5X Build/MMB29P) AppleWebKit/537.36 (KHTML, like Gecko) Chrome/151.0.7922.173 Mobile Safari/537.36 (compatible; GoogleOther)"
66.249.74.195 - - [27/Aug/2026:02:03:09 -0700] "GET /?m=17762858446 HTTP/1.1" 200 63043 "-" "Mozilla/5.0 (Linux; Android 6.0.1; Nexus 5X Build/MMB29P) AppleWebKit/537.36 (KHTML, like Gecko) Chrome/151.0.7922.173 Mobile Safari/537.36 (compatible; GoogleOther)"
66.249.74.192 - - [27/Aug/2026:02:03:13 -0700] "GET /ajax/productstorestocklist/?sku=90939485111&my_store=1 HTTP/1.1" 200 64583 "-" "Mozilla/5.0 (Linux; Android 6.0.1; Nexus 5X Build/MMB29P) AppleWebKit/537.36 (KHTML, like Gecko) Chrome/151.0.7922.173 Mobile Safari/537.36 (compatible; GoogleOther)"
66.249.74.192 - - [27/Aug/2026:02:03:17 -0700] "GET /?m=36613614901 HTTP/1.1" 200 58466 "-" "Mozilla/5.0 (Linux; Android 6.0.1; Nexus 5X Build/MMB29P) AppleWebKit/537.36 (KHTML, like Gecko) Chrome/151.0.7922.173 Mobile Safari/537.36 (compatible; GoogleOther)"
66.249.74.192 - - [27/Aug/2026:02:03:20 -0700] "GET /ajax/productdeliverycalendar/?sku=32501097640&offset= HTTP/1.1" 200 58733 "-" "Mozilla/5.0 (Linux; Android 6.0.1; Nexus 5X Build/MMB29P) AppleWebKit/537.36 (KHTML, like Gecko) Chrome/151.0.7922.173 Mobile Safari/537.36 (compatible; Googlebot/2.1; +http://www.google.com/bot.html)"
66.249.74.193 - - [27/Aug/2026:02:03:20 -0700] "GET /?m=95689493853 HTTP/1.1" 200 62550 "-" "Mozilla/5.0 (Linux; Android 6.0.1; Nexus 5X Build/MMB29P) AppleWebKit/537.36 (KHTML, like Gecko) Chrome/151.0.7922.173 Mobile Safari/537.36 (compatible; GoogleOther)"
66.249.74.192 - - [27/Aug/2026:02:03:24 -0700] "GET /shop.php?e=56093416638391 HTTP/1.1" 200 27125 "-" "Mozilla/5.0 (Linux; Android 6.0.1; Nexus 5X Build/MMB29P) AppleWebKit/537.36 (KHTML, like Gecko) Chrome/151.0.7922.173 Mobile Safari/537.36 (compatible; GoogleOther)"
66.249.74.193 - - [27/Aug/2026:02:03:27 -0700] "GET /?m=88105807079 HTTP/1.1" 200 63297 "-" "Mozilla/5.0 (Linux; Android 6.0.1; Nexus 5X Build/MMB29P) AppleWebKit/537.36 (KHTML, like Gecko) Chrome/151.0.7922.173 Mobile Safari/537.36 (compatible; GoogleOther)"
66.249.74.192 - - [27/Aug/2026:02:03:31 -0700] "GET /pc/index.php?m=54526657305 HTTP/1.1" 200 66062 "-" "Mozilla/5.0 (Linux; Android 6.0.1; Nexus 5X Build/MMB29P) AppleWebKit/537.36 (KHTML, like Gecko) Chrome/151.0.7922.173 Mobile Safari/537.36 (compatible; GoogleOther)"
66.249.74.193 - - [27/Aug/2026:02:03:35 -0700] "GET /goods.php?z=33200868119 HTTP/1.1" 200 34349 "-" "Mozilla/5.0 (Linux; Android 6.0.1; Nexus 5X Build/MMB29P) AppleWebKit/537.36 (KHTML, like Gecko) Chrome/151.0.7922.173 Mobile Safari/537.36 (compatible; GoogleOther)"
66.249.74.193 - - [27/Aug/2026:02:03:38 -0700] "GET /?m=95604049674 HTTP/1.1" 200 58381 "-" "Mozilla/5.0 (Linux; Android 6.0.1; Nexus 5X Build/MMB29P) AppleWebKit/537.36 (KHTML, like Gecko) Chrome/151.0.7922.173 Mobile Safari/537.36 (compatible; GoogleOther)"
66.249.74.192 - - [27/Aug/2026:02:03:39 -0700] "GET /?tags/KC HTTP/1.1" 200 64004 "-" "Mozilla/5.0 (Linux; Android 6.0.1; Nexus 5X Build/MMB29P) AppleWebKit/537.36 (KHTML, like Gecko) Chrome/151.0.7922.173 Mobile Safari/537.36 (compatible; Googlebot/2.1; +http://www.google.com/bot.html)"
66.249.74.193 - - [27/Aug/2026:02:03:42 -0700] "GET /shop.php?e=75188360979954 HTTP/1.1" 200 27242 "-" "Mozilla/5.0 (Linux; Android 6.0.1; Nexus 5X Build/MMB29P) AppleWebKit/537.36 (KHTML, like Gecko) Chrome/151.0.7922.173 Mobile Safari/537.36 (compatible; GoogleOther)"
66.249.74.192 - - [27/Aug/2026:02:03:45 -0700] "GET /goods.php?l=32469484136 HTTP/1.1" 200 33323 "-" "Mozilla/5.0 (Linux; Android 6.0.1; Nexus 5X Build/MMB29P) AppleWebKit/537.36 (KHTML, like Gecko) Chrome/151.0.7922.173 Mobile Safari/537.36 (compatible; GoogleOther)"
66.249.74.192 - - [27/Aug/2026:02:03:48 -0700] "GET /shop.php?e=85807675741132 HTTP/1.1" 200 26968 "-" "Mozilla/5.0 (Linux; Android 6.0.1; Nexus 5X Build/MMB29P) AppleWebKit/537.36 (KHTML, like Gecko) Chrome/151.0.7922.173 Mobile Safari/537.36 (compatible; GoogleOther)"
66.249.74.194 - - [27/Aug/2026:02:03:53 -0700] "GET /?m=33941196445 HTTP/1.1" 200 64376 "-" "Mozilla/5.0 (Linux; Android 6.0.1; Nexus 5X Build/MMB29P) AppleWebKit/537.36 (KHTML, like Gecko) Chrome/151.0.7922.173 Mobile Safari/537.36 (compatible; GoogleOther)"
49.47.141.38 - - [27/Aug/2026:02:03:48 -0700] "GET /attribution/ HTTP/1.1" 200 25619 "-" "Mozilla/5.0 (Windows NT 10.0; Win64; x64) AppleWebKit/537.36 (KHTML, like Gecko) Chrome/131.0.0.0 Safari/537.36"
189.243.166.138 - - [27/Aug/2026:02:03:54 -0700] "GET /attribution/ HTTP/1.1" 200 25627 "-" "Mozilla/5.0 (Windows NT 10.0; Win64; x64) AppleWebKit/537.36 (KHTML, like Gecko) Chrome/131.0.0.0 Safari/537.36"
66.249.74.194 - - [27/Aug/2026:02:03:57 -0700] "GET /?m=68287414990 HTTP/1.1" 200 58760 "-" "Mozilla/5.0 (Linux; Android 6.0.1; Nexus 5X Build/MMB29P) AppleWebKit/537.36 (KHTML, like Gecko) Chrome/151.0.7922.173 Mobile Safari/537.36 (compatible; GoogleOther)"
66.249.74.193 - - [27/Aug/2026:02:04:01 -0700] "GET /ajax/productstorestocklist/?sku=72308263148&my_store=1 HTTP/1.1" 200 63138 "-" "Mozilla/5.0 (Linux; Android 6.0.1; Nexus 5X Build/MMB29P) AppleWebKit/537.36 (KHTML, like Gecko) Chrome/151.0.7922.173 Mobile Safari/537.36 (compatible; GoogleOther)"
66.249.74.192 - - [27/Aug/2026:02:04:05 -0700] "GET /shop.php?e=67967111675210 HTTP/1.1" 200 32071 "-" "Mozilla/5.0 (Linux; Android 6.0.1; Nexus 5X Build/MMB29P) AppleWebKit/537.36 (KHTML, like Gecko) Chrome/151.0.7922.173 Mobile Safari/537.36 (compatible; GoogleOther)"
66.249.74.193 - - [27/Aug/2026:02:04:09 -0700] "GET /?m=73205989396 HTTP/1.1" 200 62835 "-" "Mozilla/5.0 (Linux; Android 6.0.1; Nexus 5X Build/MMB29P) AppleWebKit/537.36 (KHTML, like Gecko) Chrome/151.0.7922.173 Mobile Safari/537.36 (compatible; GoogleOther)"
66.249.74.192 - - [27/Aug/2026:02:04:13 -0700] "GET /ajax/productstorestocklist/?sku=69003443308&my_store=1 HTTP/1.1" 200 64555 "-" "Mozilla/5.0 (Linux; Android 6.0.1; Nexus 5X Build/MMB29P) AppleWebKit/537.36 (KHTML, like Gecko) Chrome/151.0.7922.173 Mobile Safari/537.36 (compatible; GoogleOther)"
66.249.74.192 - - [27/Aug/2026:02:04:15 -0700] "GET /?m=53953044465 HTTP/1.1" 200 63987 "-" "Mozilla/5.0 (Linux; Android 6.0.1; Nexus 5X Build/MMB29P) AppleWebKit/537.36 (KHTML, like Gecko) Chrome/151.0.7922.173 Mobile Safari/537.36 (compatible; Googlebot/2.1; +http://www.google.com/bot.html)"
66.249.74.192 - - [27/Aug/2026:02:04:16 -0700] "GET /?m=1617609536 HTTP/1.1" 200 59162 "-" "Mozilla/5.0 (Linux; Android 6.0.1; Nexus 5X Build/MMB29P) AppleWebKit/537.36 (KHTML, like Gecko) Chrome/151.0.7922.173 Mobile Safari/537.36 (compatible; Googlebot/2.1; +http://www.google.com/bot.html)"
57.141.22.38 - - [27/Aug/2026:02:04:16 -0700] "GET / HTTP/2.0" 200 24914 "-" "facebookexternalhit/1.1 (+http://www.facebook.com/externalhit_uatext.php)"
66.249.74.192 - - [27/Aug/2026:02:04:17 -0700] "GET /?m=28194700892 HTTP/1.1" 200 58087 "-" "Mozilla/5.0 (Linux; Android 6.0.1; Nexus 5X Build/MMB29P) AppleWebKit/537.36 (KHTML, like Gecko) Chrome/151.0.7922.173 Mobile Safari/537.36 (compatible; Googlebot/2.1; +http://www.google.com/bot.html)"
66.249.74.193 - - [27/Aug/2026:02:04:17 -0700] "GET /pc/index.php?m=85923409277 HTTP/1.1" 200 64288 "-" "Mozilla/5.0 (Linux; Android 6.0.1; Nexus 5X Build/MMB29P) AppleWebKit/537.36 (KHTML, like Gecko) Chrome/151.0.7922.173 Mobile Safari/537.36 (compatible; GoogleOther)"
107.20.105.74 - - [27/Aug/2026:02:04:20 -0700] "HEAD / HTTP/2.0" 200 105 "http://75.119.195.61" "DreamHost SiteMonitor 1.0"
66.249.74.192 - - [27/Aug/2026:02:04:21 -0700] "GET /?m=7738342111 HTTP/1.1" 200 63282 "-" "Mozilla/5.0 (Linux; Android 6.0.1; Nexus 5X Build/MMB29P) AppleWebKit/537.36 (KHTML, like Gecko) Chrome/151.0.7922.173 Mobile Safari/537.36 (compatible; GoogleOther)"
66.249.74.193 - - [27/Aug/2026:02:04:22 -0700] "GET /goods.php?j=94697069679 HTTP/1.1" 200 33203 "-" "Mozilla/5.0 (Linux; Android 6.0.1; Nexus 5X Build/MMB29P) AppleWebKit/537.36 (KHTML, like Gecko) Chrome/151.0.7922.173 Mobile Safari/537.36 (compatible; Googlebot/2.1; +http://www.google.com/bot.html)"
57.141.0.45 - - [27/Aug/2026:02:04:24 -0700] "GET /?m=13063325290 HTTP/2.0" 200 19796 "-" "Mozilla/5.0 (Macintosh; Intel Mac OS X 10_15_7) AppleWebKit/537.36 (KHTML, like Gecko) Chrome/145.0.0.0 Safari/537.36 (compatible; meta-externalagent/1.1 (+https://developers.facebook.com/docs/sharing/webmasters/crawler))"
66.249.74.192 - - [27/Aug/2026:02:04:25 -0700] "GET /shop.php?e=13162451131140 HTTP/1.1" 200 26821 "-" "Mozilla/5.0 (Linux; Android 6.0.1; Nexus 5X Build/MMB29P) AppleWebKit/537.36 (KHTML, like Gecko) Chrome/151.0.7922.173 Mobile Safari/537.36 (compatible; GoogleOther)"
66.249.74.193 - - [27/Aug/2026:02:04:29 -0700] "GET /?m=39736434478 HTTP/1.1" 200 62747 "-" "Mozilla/5.0 (Linux; Android 6.0.1; Nexus 5X Build/MMB29P) AppleWebKit/537.36 (KHTML, like Gecko) Chrome/151.0.7922.173 Mobile Safari/537.36 (compatible; GoogleOther)"
66.249.74.194 - - [27/Aug/2026:02:04:33 -0700] "GET /?m=58266176150 HTTP/1.1" 200 64094 "-" "Mozilla/5.0 (Linux; Android 6.0.1; Nexus 5X Build/MMB29P) AppleWebKit/537.36 (KHTML, like Gecko) Chrome/151.0.7922.173 Mobile Safari/537.36 (compatible; GoogleOther)"
66.249.74.192 - - [27/Aug/2026:02:04:34 -0700] "GET /goods.php?l=32469484136 HTTP/1.1" 200 33333 "-" "Mozilla/5.0 (Linux; Android 6.0.1; Nexus 5X Build/MMB29P) AppleWebKit/537.36 (KHTML, like Gecko) Chrome/151.0.7922.173 Mobile Safari/537.36 (compatible; Googlebot/2.1; +http://www.google.com/bot.html)"
54.167.32.123 - - [27/Aug/2026:02:04:36 -0700] "GET /wp-json/oembed/1.0/embed?url=https://www.ablogformylove.com/2026/08/23/step-mystic-moon-slot-one-lowest-deposit-gambling-enterprises-august-2026/ HTTP/1.1" 200 7837 "-" "Mozilla/5.0 AppleWebKit/537.36 (KHTML, like Gecko; compatible; Amazonbot/0.1; +https://developer.amazon.com/support/amazonbot) Chrome/119.0.6045.214 Safari/537.36"
66.249.74.194 - - [27/Aug/2026:02:04:37 -0700] "GET /ajax/productstorestocklist/?sku=13007080650&lat= HTTP/1.1" 200 58841 "-" "Mozilla/5.0 (Linux; Android 6.0.1; Nexus 5X Build/MMB29P) AppleWebKit/537.36 (KHTML, like Gecko) Chrome/151.0.7922.173 Mobile Safari/537.36 (compatible; GoogleOther)"
66.249.74.193 - - [27/Aug/2026:02:04:40 -0700] "GET /goods.php?e=33797976005 HTTP/1.1" 200 33079 "-" "Mozilla/5.0 (Linux; Android 6.0.1; Nexus 5X Build/MMB29P) AppleWebKit/537.36 (KHTML, like Gecko) Chrome/151.0.7922.173 Mobile Safari/537.36 (compatible; GoogleOther)"
66.249.74.194 - - [27/Aug/2026:02:04:44 -0700] "GET /?m=79245216986 HTTP/1.1" 200 63279 "-" "Mozilla/5.0 (Linux; Android 6.0.1; Nexus 5X Build/MMB29P) AppleWebKit/537.36 (KHTML, like Gecko) Chrome/151.0.7922.173 Mobile Safari/537.36 (compatible; GoogleOther)"
66.249.74.192 - - [27/Aug/2026:02:04:48 -0700] "GET /?m=90681503341 HTTP/1.1" 200 63620 "-" "Mozilla/5.0 (Linux; Android 6.0.1; Nexus 5X Build/MMB29P) AppleWebKit/537.36 (KHTML, like Gecko) Chrome/151.0.7922.173 Mobile Safari/537.36 (compatible; GoogleOther)"
66.249.74.195 - - [27/Aug/2026:02:04:51 -0700] "GET /goods.php?j=36031287302 HTTP/1.1" 200 33080 "-" "Mozilla/5.0 (Linux; Android 6.0.1; Nexus 5X Build/MMB29P) AppleWebKit/537.36 (KHTML, like Gecko) Chrome/151.0.7922.173 Mobile Safari/537.36 (compatible; GoogleOther)"
66.249.74.193 - - [27/Aug/2026:02:04:55 -0700] "GET /shop.php?e=53825387837507 HTTP/1.1" 200 31957 "-" "Mozilla/5.0 (Linux; Android 6.0.1; Nexus 5X Build/MMB29P) AppleWebKit/537.36 (KHTML, like Gecko) Chrome/151.0.7922.173 Mobile Safari/537.36 (compatible; GoogleOther)"
66.249.74.192 - - [27/Aug/2026:02:04:58 -0700] "GET /?m=43793088755 HTTP/1.1" 200 62823 "-" "Mozilla/5.0 (Linux; Android 6.0.1; Nexus 5X Build/MMB29P) AppleWebKit/537.36 (KHTML, like Gecko) Chrome/151.0.7922.173 Mobile Safari/537.36 (compatible; GoogleOther)"
66.249.74.192 - - [27/Aug/2026:02:05:02 -0700] "GET /goods.php?i=64162760832 HTTP/1.1" 200 27725 "-" "Mozilla/5.0 (Linux; Android 6.0.1; Nexus 5X Build/MMB29P) AppleWebKit/537.36 (KHTML, like Gecko) Chrome/151.0.7922.173 Mobile Safari/537.36 (compatible; GoogleOther)"
66.249.74.193 - - [27/Aug/2026:02:05:06 -0700] "GET /ajax/productstorestocklist/?sku=97170084606&lat= HTTP/1.1" 200 64586 "-" "Mozilla/5.0 (Linux; Android 6.0.1; Nexus 5X Build/MMB29P) AppleWebKit/537.36 (KHTML, like Gecko) Chrome/151.0.7922.173 Mobile Safari/537.36 (compatible; GoogleOther)"
66.249.74.193 - - [27/Aug/2026:02:05:09 -0700] "GET /?m=34188134715 HTTP/1.1" 200 58197 "-" "Mozilla/5.0 (Linux; Android 6.0.1; Nexus 5X Build/MMB29P) AppleWebKit/537.36 (KHTML, like Gecko) Chrome/151.0.7922.173 Mobile Safari/537.36 (compatible; GoogleOther)"
66.249.74.192 - - [27/Aug/2026:02:05:13 -0700] "GET /goods.php?k=43266142023 HTTP/1.1" 200 32684 "-" "Mozilla/5.0 (Linux; Android 6.0.1; Nexus 5X Build/MMB29P) AppleWebKit/537.36 (KHTML, like Gecko) Chrome/151.0.7922.173 Mobile Safari/537.36 (compatible; GoogleOther)"
66.249.74.192 - - [27/Aug/2026:02:05:17 -0700] "GET /?m=89766494830 HTTP/1.1" 200 59324 "-" "Mozilla/5.0 (Linux; Android 6.0.1; Nexus 5X Build/MMB29P) AppleWebKit/537.36 (KHTML, like Gecko) Chrome/151.0.7922.173 Mobile Safari/537.36 (compatible; GoogleOther)"
57.141.0.63 - - [27/Aug/2026:02:05:19 -0700] "GET /?m=10163724186 HTTP/2.0" 200 19796 "-" "Mozilla/5.0 (Windows NT 10.0; Win64; x64) AppleWebKit/537.36 (KHTML, like Gecko) Chrome/145.0.0.0 Safari/537.36 (compatible; meta-externalagent/1.1 (+https://developers.facebook.com/docs/sharing/webmasters/crawler))"
66.249.74.192 - - [27/Aug/2026:02:05:21 -0700] "GET /?m=63961384829 HTTP/1.1" 200 58720 "-" "Mozilla/5.0 (Linux; Android 6.0.1; Nexus 5X Build/MMB29P) AppleWebKit/537.36 (KHTML, like Gecko) Chrome/151.0.7922.173 Mobile Safari/537.36 (compatible; GoogleOther)"
66.249.74.193 - - [27/Aug/2026:02:05:24 -0700] "GET /ajax/productstorestocklist/?sku=80506904786&lat= HTTP/1.1" 200 63929 "-" "Mozilla/5.0 (Linux; Android 6.0.1; Nexus 5X Build/MMB29P) AppleWebKit/537.36 (KHTML, like Gecko) Chrome/151.0.7922.173 Mobile Safari/537.36 (compatible; Googlebot/2.1; +http://www.google.com/bot.html)"
66.249.74.192 - - [27/Aug/2026:02:05:25 -0700] "GET /?m=96149581867 HTTP/1.1" 200 58230 "-" "Mozilla/5.0 (Linux; Android 6.0.1; Nexus 5X Build/MMB29P) AppleWebKit/537.36 (KHTML, like Gecko) Chrome/151.0.7922.173 Mobile Safari/537.36 (compatible; GoogleOther)"
66.249.74.192 - - [27/Aug/2026:02:05:28 -0700] "GET /?m=41200122711 HTTP/1.1" 200 63085 "-" "Mozilla/5.0 (Linux; Android 6.0.1; Nexus 5X Build/MMB29P) AppleWebKit/537.36 (KHTML, like Gecko) Chrome/151.0.7922.173 Mobile Safari/537.36 (compatible; Googlebot/2.1; +http://www.google.com/bot.html)"
66.249.74.193 - - [27/Aug/2026:02:05:28 -0700] "GET /goods.php?c=53573863889 HTTP/1.1" 200 33430 "-" "Mozilla/5.0 (Linux; Android 6.0.1; Nexus 5X Build/MMB29P) AppleWebKit/537.36 (KHTML, like Gecko) Chrome/151.0.7922.173 Mobile Safari/537.36 (compatible; GoogleOther)"
43.172.197.190 - - [27/Aug/2026:02:05:29 -0700] "GET /?p=1579 HTTP/1.1" 200 24983 "-" "Mozilla/5.0 (Windows NT 10.0; Win64; x64) AppleWebKit/537.36 (KHTML, like Gecko) Chrome/107.0.0.0 Safari/537.36"
43.172.196.193 - - [27/Aug/2026:02:05:31 -0700] "GET /wp-content/themes/saraswati-blog/assets/js/owl.carousel.min.js?ver=1787821529 HTTP/1.1" 200 16044 "https://ablogformylove.com.dream.website/?p=1579" "Mozilla/5.0 (Windows NT 10.0; Win64; x64) AppleWebKit/537.36 (KHTML, like Gecko) Chrome/107.0.0.0 Safari/537.36"
66.249.74.193 - - [27/Aug/2026:02:05:32 -0700] "GET /ajax/productstorestocklist/?sku=36837397983&my_store=1 HTTP/1.1" 200 59631 "-" "Mozilla/5.0 (Linux; Android 6.0.1; Nexus 5X Build/MMB29P) AppleWebKit/537.36 (KHTML, like Gecko) Chrome/151.0.7922.173 Mobile Safari/537.36 (compatible; GoogleOther)"
66.249.74.193 - - [27/Aug/2026:02:05:35 -0700] "GET /pc/index.php?m=27946156342 HTTP/1.1" 200 60253 "-" "Mozilla/5.0 (Linux; Android 6.0.1; Nexus 5X Build/MMB29P) AppleWebKit/537.36 (KHTML, like Gecko) Chrome/151.0.7922.173 Mobile Safari/537.36 (compatible; GoogleOther)"
66.249.74.194 - - [27/Aug/2026:02:05:39 -0700] "GET /?m=22859290403 HTTP/1.1" 200 63889 "-" "Mozilla/5.0 (Linux; Android 6.0.1; Nexus 5X Build/MMB29P) AppleWebKit/537.36 (KHTML, like Gecko) Chrome/151.0.7922.173 Mobile Safari/537.36 (compatible; GoogleOther)"
66.249.74.192 - - [27/Aug/2026:02:05:42 -0700] "GET /ajax/productstorestocklist/?sku=69003443308&lat= HTTP/1.1" 200 63375 "-" "Mozilla/5.0 (Linux; Android 6.0.1; Nexus 5X Build/MMB29P) AppleWebKit/537.36 (KHTML, like Gecko) Chrome/151.0.7922.173 Mobile Safari/537.36 (compatible; GoogleOther)"
66.249.74.193 - - [27/Aug/2026:02:05:46 -0700] "GET /?m=21056478737 HTTP/1.1" 200 62603 "-" "Mozilla/5.0 (Linux; Android 6.0.1; Nexus 5X Build/MMB29P) AppleWebKit/537.36 (KHTML, like Gecko) Chrome/151.0.7922.173 Mobile Safari/537.36 (compatible; GoogleOther)"
66.249.74.194 - - [27/Aug/2026:02:05:52 -0700] "GET /pc/index.php?m=83469964928 HTTP/1.1" 200 63841 "-" "Mozilla/5.0 (Linux; Android 6.0.1; Nexus 5X Build/MMB29P) AppleWebKit/537.36 (KHTML, like Gecko) Chrome/151.0.7922.173 Mobile Safari/537.36 (compatible; GoogleOther)"
66.249.74.193 - - [27/Aug/2026:02:05:56 -0700] "GET /?m=74924772485 HTTP/1.1" 200 64408 "-" "Mozilla/5.0 (Linux; Android 6.0.1; Nexus 5X Build/MMB29P) AppleWebKit/537.36 (KHTML, like Gecko) Chrome/151.0.7922.173 Mobile Safari/537.36 (compatible; GoogleOther)"
66.249.74.194 - - [27/Aug/2026:02:06:00 -0700] "GET /ajax/productstorestocklist/?sku=53090929077&pref_cd= HTTP/1.1" 200 63118 "-" "Mozilla/5.0 (Linux; Android 6.0.1; Nexus 5X Build/MMB29P) AppleWebKit/537.36 (KHTML, like Gecko) Chrome/151.0.7922.173 Mobile Safari/537.36 (compatible; GoogleOther)"
178.149.117.4 - - [27/Aug/2026:02:06:02 -0700] "POST /xmlrpc.php HTTP/1.1" 200 5046 "-" "Mozilla/5.0 (Windows NT 10.0; Win64; x64) AppleWebKit/537.36 (KHTML, like Gecko) obsidian/1.8.4 Chrome/130.0.6723.191 Electron/33.3.2 Safari/537.36"
66.249.74.192 - - [27/Aug/2026:02:06:03 -0700] "GET /?m=37139542546 HTTP/1.1" 200 63512 "-" "Mozilla/5.0 (Linux; Android 6.0.1; Nexus 5X Build/MMB29P) AppleWebKit/537.36 (KHTML, like Gecko) Chrome/151.0.7922.173 Mobile Safari/537.36 (compatible; GoogleOther)"
178.149.117.4 - - [27/Aug/2026:02:06:05 -0700] "POST /xmlrpc.php HTTP/1.1" 200 5502 "-" "Mozilla/5.0 (Windows NT 10.0; Win64; x64) AppleWebKit/537.36 (KHTML, like Gecko) obsidian/1.6.5 Chrome/124.0.6367.243 Electron/30.1.2 Safari/537.36"
75.119.195.61 - - [27/Aug/2026:02:06:02 -0700] "POST /wp-cron.php?doing_wp_cron=1787821562.6694340705871582031250 HTTP/1.1" 200 6592 "-" "WordPress/7.1; https://www.ablogformylove.com"
66.249.74.194 - - [27/Aug/2026:02:06:08 -0700] "GET /?m=57039161707 HTTP/1.1" 200 63097 "-" "Mozilla/5.0 (Linux; Android 6.0.1; Nexus 5X Build/MMB29P) AppleWebKit/537.36 (KHTML, like Gecko) Chrome/151.0.7922.173 Mobile Safari/537.36 (compatible; GoogleOther)"
178.149.117.4 - - [27/Aug/2026:02:06:07 -0700] "GET /2026/08/27/jeu-book-of-ra-deluxe-10-slot-pour-de-largent-pourboire-and-prime-300-specifique/ HTTP/1.1" 200 25907 "-" "Mozilla/5.0 (Windows NT 10.0; Win64; x64) AppleWebKit/537.36 (KHTML, like Gecko) Chrome/137.0.0.0 Safari/537.36"
57.141.0.56 - - [27/Aug/2026:02:06:12 -0700] "GET /?m=45794460880 HTTP/2.0" 200 19795 "-" "Mozilla/5.0 (Windows NT 10.0; Win64; x64) AppleWebKit/537.36 (KHTML, like Gecko) Chrome/145.0.0.0 Safari/537.36 (compatible; meta-externalagent/1.1 (+https://developers.facebook.com/docs/sharing/webmasters/crawler))"
66.249.74.193 - - [27/Aug/2026:02:06:13 -0700] "GET /kaden/mtalk/?sku=69003443308 HTTP/1.1" 200 64064 "-" "Mozilla/5.0 (Linux; Android 6.0.1; Nexus 5X Build/MMB29P) AppleWebKit/537.36 (KHTML, like Gecko) Chrome/151.0.7922.173 Mobile Safari/537.36 (compatible; GoogleOther)"
66.249.74.192 - - [27/Aug/2026:02:06:18 -0700] "GET /shop.php?e=61194955243191 HTTP/1.1" 200 31404 "-" "Mozilla/5.0 (Linux; Android 6.0.1; Nexus 5X Build/MMB29P) AppleWebKit/537.36 (KHTML, like Gecko) Chrome/151.0.7922.173 Mobile Safari/537.36 (compatible; GoogleOther)"
66.249.74.192 - - [27/Aug/2026:02:06:22 -0700] "GET /pc/index.php?m=16024118842 HTTP/1.1" 200 59595 "-" "Mozilla/5.0 (Linux; Android 6.0.1; Nexus 5X Build/MMB29P) AppleWebKit/537.36 (KHTML, like Gecko) Chrome/151.0.7922.173 Mobile Safari/537.36 (compatible; GoogleOther)"
57.141.0.28 - - [27/Aug/2026:02:06:24 -0700] "GET /?m=59709027645 HTTP/2.0" 200 19795 "-" "Mozilla/5.0 (Macintosh; Intel Mac OS X 10_15_7) AppleWebKit/537.36 (KHTML, like Gecko) Chrome/145.0.0.0 Safari/537.36 (compatible; meta-externalagent/1.1 (+https://developers.facebook.com/docs/sharing/webmasters/crawler))"
66.249.74.192 - - [27/Aug/2026:02:06:26 -0700] "GET /kaden/mtalk/?sku=61664646960 HTTP/1.1" 200 64719 "-" "Mozilla/5.0 (Linux; Android 6.0.1; Nexus 5X Build/MMB29P) AppleWebKit/537.36 (KHTML, like Gecko) Chrome/151.0.7922.173 Mobile Safari/537.36 (compatible; Googlebot/2.1; +http://www.google.com/bot.html)"
66.249.74.193 - - [27/Aug/2026:02:06:26 -0700] "GET /?m=89124262566 HTTP/1.1" 200 69294 "-" "Mozilla/5.0 (Linux; Android 6.0.1; Nexus 5X Build/MMB29P) AppleWebKit/537.36 (KHTML, like Gecko) Chrome/151.0.7922.173 Mobile Safari/537.36 (compatible; GoogleOther)"
66.249.74.192 - - [27/Aug/2026:02:06:30 -0700] "GET /?m=2611584862 HTTP/1.1" 200 63528 "-" "Mozilla/5.0 (Linux; Android 6.0.1; Nexus 5X Build/MMB29P) AppleWebKit/537.36 (KHTML, like Gecko) Chrome/151.0.7922.173 Mobile Safari/537.36 (compatible; GoogleOther)"
66.249.74.193 - - [27/Aug/2026:02:06:34 -0700] "GET /?m=64865053337 HTTP/1.1" 200 63359 "-" "Mozilla/5.0 (Linux; Android 6.0.1; Nexus 5X Build/MMB29P) AppleWebKit/537.36 (KHTML, like Gecko) Chrome/151.0.7922.173 Mobile Safari/537.36 (compatible; GoogleOther)"
66.249.74.193 - - [27/Aug/2026:02:06:38 -0700] "GET /pc/index.php?m=74034627230 HTTP/1.1" 200 58503 "-" "Mozilla/5.0 (Linux; Android 6.0.1; Nexus 5X Build/MMB29P) AppleWebKit/537.36 (KHTML, like Gecko) Chrome/151.0.7922.173 Mobile Safari/537.36 (compatible; GoogleOther)"
66.249.74.192 - - [27/Aug/2026:02:06:40 -0700] "GET /?m=53173636749 HTTP/1.1" 200 63232 "-" "Mozilla/5.0 (Linux; Android 6.0.1; Nexus 5X Build/MMB29P) AppleWebKit/537.36 (KHTML, like Gecko) Chrome/151.0.7922.173 Mobile Safari/537.36 (compatible; Googlebot/2.1; +http://www.google.com/bot.html)"
66.249.74.194 - - [27/Aug/2026:02:06:42 -0700] "GET /?m=8830089135 HTTP/1.1" 200 63137 "-" "Mozilla/5.0 (Linux; Android 6.0.1; Nexus 5X Build/MMB29P) AppleWebKit/537.36 (KHTML, like Gecko) Chrome/151.0.7922.173 Mobile Safari/537.36 (compatible; GoogleOther)"
66.249.74.193 - - [27/Aug/2026:02:06:46 -0700] "GET /?m=28189039623 HTTP/1.1" 200 63638 "-" "Mozilla/5.0 (Linux; Android 6.0.1; Nexus 5X Build/MMB29P) AppleWebKit/537.36 (KHTML, like Gecko) Chrome/151.0.7922.173 Mobile Safari/537.36 (compatible; GoogleOther)"
66.249.74.193 - - [27/Aug/2026:02:06:50 -0700] "GET /pc/index.php?m=73883272652 HTTP/1.1" 200 58352 "-" "Mozilla/5.0 (Linux; Android 6.0.1; Nexus 5X Build/MMB29P) AppleWebKit/537.36 (KHTML, like Gecko) Chrome/151.0.7922.173 Mobile Safari/537.36 (compatible; GoogleOther)"
66.249.74.192 - - [27/Aug/2026:02:06:54 -0700] "GET /?m=10009853767 HTTP/1.1" 200 63929 "-" "Mozilla/5.0 (Linux; Android 6.0.1; Nexus 5X Build/MMB29P) AppleWebKit/537.36 (KHTML, like Gecko) Chrome/151.0.7922.173 Mobile Safari/537.36 (compatible; GoogleOther)"
52.167.144.175 - - [27/Aug/2026:02:06:55 -0700] "GET /2026/08/05/coronavirus-disease-2019/ HTTP/2.0" 200 58728 "-" "Mozilla/5.0 AppleWebKit/537.36 (KHTML, like Gecko; compatible; bingbot/2.0; +http://www.bing.com/bingbot.htm) Chrome/116.0.1938.76 Safari/537.36"
66.249.74.192 - - [27/Aug/2026:02:06:57 -0700] "GET /?m=32580595555 HTTP/1.1" 200 58717 "-" "Mozilla/5.0 (Linux; Android 6.0.1; Nexus 5X Build/MMB29P) AppleWebKit/537.36 (KHTML, like Gecko) Chrome/151.0.7922.173 Mobile Safari/537.36 (compatible; GoogleOther)"
66.249.74.194 - - [27/Aug/2026:02:07:01 -0700] "GET /ajax/productstorestocklist/?sku=3801844512&pref_cd= HTTP/1.1" 200 64228 "-" "Mozilla/5.0 (Linux; Android 6.0.1; Nexus 5X Build/MMB29P) AppleWebKit/537.36 (KHTML, like Gecko) Chrome/151.0.7922.173 Mobile Safari/537.36 (compatible; GoogleOther)"
66.249.74.193 - - [27/Aug/2026:02:07:05 -0700] "GET /?m=33451079879/ HTTP/1.1" 200 64161 "-" "Mozilla/5.0 (Linux; Android 6.0.1; Nexus 5X Build/MMB29P) AppleWebKit/537.36 (KHTML, like Gecko) Chrome/151.0.7922.173 Mobile Safari/537.36 (compatible; GoogleOther)"
66.249.74.193 - - [27/Aug/2026:02:07:09 -0700] "GET /shop.php?e=54865110199121 HTTP/1.1" 200 27354 "-" "Mozilla/5.0 (Linux; Android 6.0.1; Nexus 5X Build/MMB29P) AppleWebKit/537.36 (KHTML, like Gecko) Chrome/151.0.7922.173 Mobile Safari/537.36 (compatible; GoogleOther)"
66.249.74.193 - - [27/Aug/2026:02:07:12 -0700] "GET /ajax/productstorestocklist/?sku=97170084606&pref_cd= HTTP/1.1" 200 58826 "-" "Mozilla/5.0 (Linux; Android 6.0.1; Nexus 5X Build/MMB29P) AppleWebKit/537.36 (KHTML, like Gecko) Chrome/151.0.7922.173 Mobile Safari/537.36 (compatible; GoogleOther)"
66.249.74.192 - - [27/Aug/2026:02:07:16 -0700] "GET /?m=89371570161 HTTP/1.1" 200 63366 "-" "Mozilla/5.0 (Linux; Android 6.0.1; Nexus 5X Build/MMB29P) AppleWebKit/537.36 (KHTML, like Gecko) Chrome/151.0.7922.173 Mobile Safari/537.36 (compatible; GoogleOther)"
66.249.74.192 - - [27/Aug/2026:02:07:19 -0700] "GET /?m=7476900561 HTTP/1.1" 200 58209 "-" "Mozilla/5.0 (Linux; Android 6.0.1; Nexus 5X Build/MMB29P) AppleWebKit/537.36 (KHTML, like Gecko) Chrome/151.0.7922.173 Mobile Safari/537.36 (compatible; GoogleOther)"
57.141.0.17 - - [27/Aug/2026:02:07:21 -0700] "GET /?m=45565918796 HTTP/2.0" 200 19795 "-" "Mozilla/5.0 (Windows NT 10.0; Win64; x64) AppleWebKit/537.36 (KHTML, like Gecko) Chrome/145.0.0.0 Safari/537.36 (compatible; meta-externalagent/1.1 (+https://developers.facebook.com/docs/sharing/webmasters/crawler))"
66.249.74.192 - - [27/Aug/2026:02:07:23 -0700] "GET /?m=57752240521 HTTP/1.1" 200 58966 "-" "Mozilla/5.0 (Linux; Android 6.0.1; Nexus 5X Build/MMB29P) AppleWebKit/537.36 (KHTML, like Gecko) Chrome/151.0.7922.173 Mobile Safari/537.36 (compatible; GoogleOther)"
66.249.74.193 - - [27/Aug/2026:02:07:27 -0700] "GET /pc/index.php?m=34826336353 HTTP/1.1" 200 63725 "-" "Mozilla/5.0 (Linux; Android 6.0.1; Nexus 5X Build/MMB29P) AppleWebKit/537.36 (KHTML, like Gecko) Chrome/151.0.7922.173 Mobile Safari/537.36 (compatible; GoogleOther)"
66.249.74.193 - - [27/Aug/2026:02:07:28 -0700] "GET /ajax/productstorestocklist/?sku=89134388367&my_store=1 HTTP/1.1" 200 60274 "-" "Mozilla/5.0 (Linux; Android 6.0.1; Nexus 5X Build/MMB29P) AppleWebKit/537.36 (KHTML, like Gecko) Chrome/151.0.7922.173 Mobile Safari/537.36 (compatible; Googlebot/2.1; +http://www.google.com/bot.html)"
66.249.74.193 - - [27/Aug/2026:02:07:30 -0700] "GET /?m=37376067565 HTTP/1.1" 200 58247 "-" "Mozilla/5.0 (Linux; Android 6.0.1; Nexus 5X Build/MMB29P) AppleWebKit/537.36 (KHTML, like Gecko) Chrome/151.0.7922.173 Mobile Safari/537.36 (compatible; GoogleOther)"
66.249.74.192 - - [27/Aug/2026:02:07:34 -0700] "GET /?m=77660549416 HTTP/1.1" 200 62857 "-" "Mozilla/5.0 (Linux; Android 6.0.1; Nexus 5X Build/MMB29P) AppleWebKit/537.36 (KHTML, like Gecko) Chrome/151.0.7922.173 Mobile Safari/537.36 (compatible; GoogleOther)"
66.249.74.194 - - [27/Aug/2026:02:07:37 -0700] "GET /kaden/mtalk/?sku=22343494112 HTTP/1.1" 200 63360 "-" "Mozilla/5.0 (Linux; Android 6.0.1; Nexus 5X Build/MMB29P) AppleWebKit/537.36 (KHTML, like Gecko) Chrome/151.0.7922.173 Mobile Safari/537.36 (compatible; GoogleOther)"
66.249.74.192 - - [27/Aug/2026:02:07:41 -0700] "GET /pc/index.php?m=70050476960 HTTP/1.1" 200 63107 "-" "Mozilla/5.0 (Linux; Android 6.0.1; Nexus 5X Build/MMB29P) AppleWebKit/537.36 (KHTML, like Gecko) Chrome/151.0.7922.173 Mobile Safari/537.36 (compatible; GoogleOther)"
66.249.74.192 - - [27/Aug/2026:02:07:44 -0700] "GET /ajax/productstorestocklist/?sku=8136007670&pref_cd= HTTP/1.1" 200 58537 "-" "Mozilla/5.0 (Linux; Android 6.0.1; Nexus 5X Build/MMB29P) AppleWebKit/537.36 (KHTML, like Gecko) Chrome/151.0.7922.173 Mobile Safari/537.36 (compatible; GoogleOther)"
66.249.74.194 - - [27/Aug/2026:02:07:48 -0700] "GET /goods.php?n=13454450583 HTTP/1.1" 200 32774 "-" "Mozilla/5.0 (Linux; Android 6.0.1; Nexus 5X Build/MMB29P) AppleWebKit/537.36 (KHTML, like Gecko) Chrome/151.0.7922.173 Mobile Safari/537.36 (compatible; GoogleOther)"
57.141.0.47 - - [27/Aug/2026:02:07:50 -0700] "GET /?m=45373803146 HTTP/2.0" 200 19796 "-" "Mozilla/5.0 (Macintosh; Intel Mac OS X 10_15_7) AppleWebKit/537.36 (KHTML, like Gecko) Chrome/145.0.0.0 Safari/537.36 (compatible; meta-externalagent/1.1 (+https://developers.facebook.com/docs/sharing/webmasters/crawler))"
66.249.74.194 - - [27/Aug/2026:02:07:51 -0700] "GET /?m=82407376473 HTTP/1.1" 200 59261 "-" "Mozilla/5.0 (Linux; Android 6.0.1; Nexus 5X Build/MMB29P) AppleWebKit/537.36 (KHTML, like Gecko) Chrome/151.0.7922.173 Mobile Safari/537.36 (compatible; GoogleOther)"
66.249.74.195 - - [27/Aug/2026:02:07:55 -0700] "GET /goods.php?h=85672015182 HTTP/1.1" 200 33295 "-" "Mozilla/5.0 (Linux; Android 6.0.1; Nexus 5X Build/MMB29P) AppleWebKit/537.36 (KHTML, like Gecko) Chrome/151.0.7922.173 Mobile Safari/537.36 (compatible; GoogleOther)"
66.249.74.194 - - [27/Aug/2026:02:07:57 -0700] "GET /?m=30353265733 HTTP/1.1" 200 63168 "-" "Mozilla/5.0 (Linux; Android 6.0.1; Nexus 5X Build/MMB29P) AppleWebKit/537.36 (KHTML, like Gecko) Chrome/151.0.7922.173 Mobile Safari/537.36 (compatible; Googlebot/2.1; +http://www.google.com/bot.html)"
66.249.74.194 - - [27/Aug/2026:02:07:58 -0700] "GET /?m=57669544045 HTTP/1.1" 200 58960 "-" "Mozilla/5.0 (Linux; Android 6.0.1; Nexus 5X Build/MMB29P) AppleWebKit/537.36 (KHTML, like Gecko) Chrome/151.0.7922.173 Mobile Safari/537.36 (compatible; Googlebot/2.1; +http://www.google.com/bot.html)"
66.249.74.194 - - [27/Aug/2026:02:07:58 -0700] "GET /?m=63639015257 HTTP/1.1" 200 63375 "-" "Mozilla/5.0 (Linux; Android 6.0.1; Nexus 5X Build/MMB29P) AppleWebKit/537.36 (KHTML, like Gecko) Chrome/151.0.7922.173 Mobile Safari/537.36 (compatible; GoogleOther)"
66.249.74.192 - - [27/Aug/2026:02:08:02 -0700] "GET /?m=69229181708 HTTP/1.1" 200 64088 "-" "Mozilla/5.0 (Linux; Android 6.0.1; Nexus 5X Build/MMB29P) AppleWebKit/537.36 (KHTML, like Gecko) Chrome/151.0.7922.173 Mobile Safari/537.36 (compatible; GoogleOther)"
57.141.0.42 - - [27/Aug/2026:02:08:04 -0700] "GET /?m=7749665320 HTTP/2.0" 200 19796 "-" "Mozilla/5.0 (Windows NT 10.0; Win64; x64) AppleWebKit/537.36 (KHTML, like Gecko) Chrome/145.0.0.0 Safari/537.36 (compatible; meta-externalagent/1.1 (+https://developers.facebook.com/docs/sharing/webmasters/crawler))"
66.249.74.194 - - [27/Aug/2026:02:08:05 -0700] "GET /js/searchbox/1777250054 HTTP/1.1" 200 64065 "https://www.ablogformylove.com/ajax/productstorestocklist/?sku=89134388367&my_store=1" "Mozilla/5.0 (Linux; Android 6.0.1; Nexus 5X Build/MMB29P) AppleWebKit/537.36 (KHTML, like Gecko) Chrome/151.0.7922.173 Mobile Safari/537.36 (compatible; Googlebot/2.1; +http://www.google.com/bot.html)"
66.249.74.193 - - [27/Aug/2026:02:08:07 -0700] "GET /?m=85680706744 HTTP/1.1" 200 65394 "-" "Mozilla/5.0 (Linux; Android 6.0.1; Nexus 5X Build/MMB29P) AppleWebKit/537.36 (KHTML, like Gecko) Chrome/151.0.7922.173 Mobile Safari/537.36 (compatible; GoogleOther)"
66.249.74.193 - - [27/Aug/2026:02:08:10 -0700] "GET /?m=68021417520 HTTP/1.1" 200 61015 "-" "Mozilla/5.0 (Linux; Android 6.0.1; Nexus 5X Build/MMB29P) AppleWebKit/537.36 (KHTML, like Gecko) Chrome/151.0.7922.173 Mobile Safari/537.36 (compatible; GoogleOther)"
66.249.74.192 - - [27/Aug/2026:02:08:14 -0700] "GET /goods.php?d=21782022709 HTTP/1.1" 200 32531 "-" "Mozilla/5.0 (Linux; Android 6.0.1; Nexus 5X Build/MMB29P) AppleWebKit/537.36 (KHTML, like Gecko) Chrome/151.0.7922.173 Mobile Safari/537.36 (compatible; GoogleOther)"
66.249.74.192 - - [27/Aug/2026:02:08:17 -0700] "GET /?m=39435756976 HTTP/1.1" 200 58008 "-" "Mozilla/5.0 (Linux; Android 6.0.1; Nexus 5X Build/MMB29P) AppleWebKit/537.36 (KHTML, like Gecko) Chrome/151.0.7922.173 Mobile Safari/537.36 (compatible; GoogleOther)"
66.249.74.192 - - [27/Aug/2026:02:08:20 -0700] "GET /?m=43818716706 HTTP/1.1" 200 58062 "-" "Mozilla/5.0 (Linux; Android 6.0.1; Nexus 5X Build/MMB29P) AppleWebKit/537.36 (KHTML, like Gecko) Chrome/151.0.7922.173 Mobile Safari/537.36 (compatible; GoogleOther)"
66.249.74.193 - - [27/Aug/2026:02:08:24 -0700] "GET /?m=28301941625 HTTP/1.1" 200 63721 "-" "Mozilla/5.0 (Linux; Android 6.0.1; Nexus 5X Build/MMB29P) AppleWebKit/537.36 (KHTML, like Gecko) Chrome/151.0.7922.173 Mobile Safari/537.36 (compatible; GoogleOther)"
66.249.74.192 - - [27/Aug/2026:02:08:28 -0700] "GET /pc/index.php?m=92713398411 HTTP/1.1" 200 63126 "-" "Mozilla/5.0 (Linux; Android 6.0.1; Nexus 5X Build/MMB29P) AppleWebKit/537.36 (KHTML, like Gecko) Chrome/151.0.7922.173 Mobile Safari/537.36 (compatible; GoogleOther)"
66.249.74.193 - - [27/Aug/2026:02:08:30 -0700] "GET /ajax/productstorestocklist/?sku=92364780865&lat= HTTP/1.1" 200 67362 "-" "Mozilla/5.0 (Linux; Android 6.0.1; Nexus 5X Build/MMB29P) AppleWebKit/537.36 (KHTML, like Gecko) Chrome/151.0.7922.173 Mobile Safari/537.36 (compatible; Googlebot/2.1; +http://www.google.com/bot.html)"
66.249.74.192 - - [27/Aug/2026:02:08:32 -0700] "GET /ajax/productstorestocklist/?sku=61090065993&pref_cd= HTTP/1.1" 200 58694 "-" "Mozilla/5.0 (Linux; Android 6.0.1; Nexus 5X Build/MMB29P) AppleWebKit/537.36 (KHTML, like Gecko) Chrome/151.0.7922.173 Mobile Safari/537.36 (compatible; GoogleOther)"
57.141.0.45 - - [27/Aug/2026:02:08:33 -0700] "GET /?m=50222700271 HTTP/2.0" 200 19796 "-" "Mozilla/5.0 (Windows NT 10.0; Win64; x64) AppleWebKit/537.36 (KHTML, like Gecko) Chrome/145.0.0.0 Safari/537.36 (compatible; meta-externalagent/1.1 (+https://developers.facebook.com/docs/sharing/webmasters/crawler))"
66.249.74.193 - - [27/Aug/2026:02:08:33 -0700] "GET /?m=9160313886 HTTP/1.1" 200 62958 "-" "Mozilla/5.0 (Linux; Android 6.0.1; Nexus 5X Build/MMB29P) AppleWebKit/537.36 (KHTML, like Gecko) Chrome/151.0.7922.173 Mobile Safari/537.36 (compatible; Googlebot/2.1; +http://www.google.com/bot.html)"
66.249.74.193 - - [27/Aug/2026:02:08:35 -0700] "GET /shop.php?e=15194296504827 HTTP/1.1" 200 27673 "-" "Mozilla/5.0 (Linux; Android 6.0.1; Nexus 5X Build/MMB29P) AppleWebKit/537.36 (KHTML, like Gecko) Chrome/151.0.7922.173 Mobile Safari/537.36 (compatible; Googlebot/2.1; +http://www.google.com/bot.html)"
66.249.74.193 - - [27/Aug/2026:02:08:36 -0700] "GET /?m=79178248440 HTTP/1.1" 200 63946 "-" "Mozilla/5.0 (Linux; Android 6.0.1; Nexus 5X Build/MMB29P) AppleWebKit/537.36 (KHTML, like Gecko) Chrome/151.0.7922.173 Mobile Safari/537.36 (compatible; GoogleOther)"
57.141.0.15 - - [27/Aug/2026:02:08:36 -0700] "GET /?m=64718929917 HTTP/2.0" 200 19796 "-" "Mozilla/5.0 (Windows NT 10.0; Win64; x64) AppleWebKit/537.36 (KHTML, like Gecko) Chrome/145.0.0.0 Safari/537.36 (compatible; meta-externalagent/1.1 (+https://developers.facebook.com/docs/sharing/webmasters/crawler))"
66.249.74.192 - - [27/Aug/2026:02:08:40 -0700] "GET /?m=5044307886 HTTP/1.1" 200 64798 "-" "Mozilla/5.0 (Linux; Android 6.0.1; Nexus 5X Build/MMB29P) AppleWebKit/537.36 (KHTML, like Gecko) Chrome/151.0.7922.173 Mobile Safari/537.36 (compatible; GoogleOther)"
66.249.74.192 - - [27/Aug/2026:02:08:43 -0700] "GET /goods.php?c=24060817297 HTTP/1.1" 200 28593 "-" "Mozilla/5.0 (Linux; Android 6.0.1; Nexus 5X Build/MMB29P) AppleWebKit/537.36 (KHTML, like Gecko) Chrome/151.0.7922.173 Mobile Safari/537.36 (compatible; GoogleOther)"
66.249.74.193 - - [27/Aug/2026:02:08:47 -0700] "GET /ajax/productdeliverycalendar/?sku=18766741405&offset= HTTP/1.1" 200 63365 "-" "Mozilla/5.0 (Linux; Android 6.0.1; Nexus 5X Build/MMB29P) AppleWebKit/537.36 (KHTML, like Gecko) Chrome/151.0.7922.173 Mobile Safari/537.36 (compatible; GoogleOther)"
66.249.74.195 - - [27/Aug/2026:02:08:50 -0700] "GET /?m=43755544862 HTTP/1.1" 200 63243 "-" "Mozilla/5.0 (Linux; Android 6.0.1; Nexus 5X Build/MMB29P) AppleWebKit/537.36 (KHTML, like Gecko) Chrome/151.0.7922.173 Mobile Safari/537.36 (compatible; GoogleOther)"
57.141.0.58 - - [27/Aug/2026:02:08:53 -0700] "GET /?m=16605698575 HTTP/2.0" 200 19796 "-" "Mozilla/5.0 (Windows NT 10.0; Win64; x64) AppleWebKit/537.36 (KHTML, like Gecko) Chrome/145.0.0.0 Safari/537.36 (compatible; meta-externalagent/1.1 (+https://developers.facebook.com/docs/sharing/webmasters/crawler))"
66.249.74.194 - - [27/Aug/2026:02:08:54 -0700] "GET /?m=9033117294 HTTP/1.1" 200 62678 "-" "Mozilla/5.0 (Linux; Android 6.0.1; Nexus 5X Build/MMB29P) AppleWebKit/537.36 (KHTML, like Gecko) Chrome/151.0.7922.173 Mobile Safari/537.36 (compatible; GoogleOther)"
66.249.74.192 - - [27/Aug/2026:02:08:58 -0700] "GET /?m=73858064999 HTTP/1.1" 200 64416 "-" "Mozilla/5.0 (Linux; Android 6.0.1; Nexus 5X Build/MMB29P) AppleWebKit/537.36 (KHTML, like Gecko) Chrome/151.0.7922.173 Mobile Safari/537.36 (compatible; GoogleOther)"
66.249.74.192 - - [27/Aug/2026:02:09:03 -0700] "GET /pc/index.php?tags/Eastman HTTP/1.1" 200 59070 "-" "Mozilla/5.0 (Linux; Android 6.0.1; Nexus 5X Build/MMB29P) AppleWebKit/537.36 (KHTML, like Gecko) Chrome/151.0.7922.173 Mobile Safari/537.36 (compatible; GoogleOther)"
66.249.74.193 - - [27/Aug/2026:02:09:07 -0700] "GET /kaden/mtalk/?sku=73650635529 HTTP/1.1" 200 63724 "-" "Mozilla/5.0 (compatible; Googlebot/2.1; +http://www.google.com/bot.html)"
66.249.74.192 - - [27/Aug/2026:02:09:07 -0700] "GET /shop.php?e=91888905337138 HTTP/1.1" 200 32340 "-" "Mozilla/5.0 (Linux; Android 6.0.1; Nexus 5X Build/MMB29P) AppleWebKit/537.36 (KHTML, like Gecko) Chrome/151.0.7922.173 Mobile Safari/537.36 (compatible; GoogleOther)"
66.249.74.192 - - [27/Aug/2026:02:09:12 -0700] "GET /?m=35944402605 HTTP/1.1" 200 61170 "-" "Mozilla/5.0 (Linux; Android 6.0.1; Nexus 5X Build/MMB29P) AppleWebKit/537.36 (KHTML, like Gecko) Chrome/151.0.7922.173 Mobile Safari/537.36 (compatible; GoogleOther)"
66.249.74.192 - - [27/Aug/2026:02:09:16 -0700] "GET /?m=95132082515 HTTP/1.1" 200 58478 "-" "Mozilla/5.0 (Linux; Android 6.0.1; Nexus 5X Build/MMB29P) AppleWebKit/537.36 (KHTML, like Gecko) Chrome/151.0.7922.173 Mobile Safari/537.36 (compatible; GoogleOther)"
107.20.105.74 - - [27/Aug/2026:02:09:20 -0700] "HEAD / HTTP/2.0" 200 105 "http://75.119.195.61" "DreamHost SiteMonitor 1.0"
66.249.74.192 - - [27/Aug/2026:02:09:20 -0700] "GET /kaden/mtalk/?sku=88997326797 HTTP/1.1" 200 60973 "-" "Mozilla/5.0 (Linux; Android 6.0.1; Nexus 5X Build/MMB29P) AppleWebKit/537.36 (KHTML, like Gecko) Chrome/151.0.7922.173 Mobile Safari/537.36 (compatible; GoogleOther)"
66.249.74.193 - - [27/Aug/2026:02:09:24 -0700] "GET /goods.php?d=83366553435 HTTP/1.1" 200 33465 "-" "Mozilla/5.0 (Linux; Android 6.0.1; Nexus 5X Build/MMB29P) AppleWebKit/537.36 (KHTML, like Gecko) Chrome/151.0.7922.173 Mobile Safari/537.36 (compatible; GoogleOther)"
66.249.74.193 - - [27/Aug/2026:02:09:28 -0700] "GET /goods.php?b=22424266733 HTTP/1.1" 200 30265 "-" "Mozilla/5.0 (Linux; Android 6.0.1; Nexus 5X Build/MMB29P) AppleWebKit/537.36 (KHTML, like Gecko) Chrome/151.0.7922.173 Mobile Safari/537.36 (compatible; GoogleOther)"
66.249.74.192 - - [27/Aug/2026:02:09:32 -0700] "GET /ajax/productstorestocklist/?sku=44160610040&lat= HTTP/1.1" 200 63715 "-" "Mozilla/5.0 (Linux; Android 6.0.1; Nexus 5X Build/MMB29P) AppleWebKit/537.36 (KHTML, like Gecko) Chrome/151.0.7922.173 Mobile Safari/537.36 (compatible; Googlebot/2.1; +http://www.google.com/bot.html)"
66.249.74.193 - - [27/Aug/2026:02:09:33 -0700] "GET /?m=95980560886 HTTP/1.1" 200 58155 "-" "Mozilla/5.0 (Linux; Android 6.0.1; Nexus 5X Build/MMB29P) AppleWebKit/537.36 (KHTML, like Gecko) Chrome/151.0.7922.173 Mobile Safari/537.36 (compatible; GoogleOther)"
66.249.74.193 - - [27/Aug/2026:02:09:37 -0700] "GET /?m=86426504615 HTTP/1.1" 200 58498 "-" "Mozilla/5.0 (Linux; Android 6.0.1; Nexus 5X Build/MMB29P) AppleWebKit/537.36 (KHTML, like Gecko) Chrome/151.0.7922.173 Mobile Safari/537.36 (compatible; GoogleOther)"
57.141.0.26 - - [27/Aug/2026:02:09:40 -0700] "GET /?m=88584218933 HTTP/2.0" 200 19795 "-" "Mozilla/5.0 (Macintosh; Intel Mac OS X 10_15_7) AppleWebKit/537.36 (KHTML, like Gecko) Chrome/145.0.0.0 Safari/537.36 (compatible; meta-externalagent/1.1 (+https://developers.facebook.com/docs/sharing/webmasters/crawler))"
66.249.74.192 - - [27/Aug/2026:02:09:41 -0700] "GET /?m=53647641575 HTTP/1.1" 200 63547 "-" "Mozilla/5.0 (Linux; Android 6.0.1; Nexus 5X Build/MMB29P) AppleWebKit/537.36 (KHTML, like Gecko) Chrome/151.0.7922.173 Mobile Safari/537.36 (compatible; GoogleOther)"
66.249.74.194 - - [27/Aug/2026:02:09:46 -0700] "GET /ajax/productdeliverycalendar/?sku=88997326797&offset= HTTP/1.1" 200 64432 "-" "Mozilla/5.0 (Linux; Android 6.0.1; Nexus 5X Build/MMB29P) AppleWebKit/537.36 (KHTML, like Gecko) Chrome/151.0.7922.173 Mobile Safari/537.36 (compatible; GoogleOther)"
57.141.0.7 - - [27/Aug/2026:02:09:49 -0700] "GET /?m=39269964471 HTTP/2.0" 200 19795 "-" "Mozilla/5.0 (Macintosh; Intel Mac OS X 10_15_7) AppleWebKit/537.36 (KHTML, like Gecko) Chrome/145.0.0.0 Safari/537.36 (compatible; meta-externalagent/1.1 (+https://developers.facebook.com/docs/sharing/webmasters/crawler))"
66.249.74.193 - - [27/Aug/2026:02:09:50 -0700] "GET /?m=63619014880 HTTP/1.1" 200 63857 "-" "Mozilla/5.0 (Linux; Android 6.0.1; Nexus 5X Build/MMB29P) AppleWebKit/537.36 (KHTML, like Gecko) Chrome/151.0.7922.173 Mobile Safari/537.36 (compatible; GoogleOther)"
57.141.0.61 - - [27/Aug/2026:02:09:51 -0700] "GET /?m=25119500646 HTTP/2.0" 200 19795 "-" "Mozilla/5.0 (Windows NT 10.0; Win64; x64) AppleWebKit/537.36 (KHTML, like Gecko) Chrome/145.0.0.0 Safari/537.36 (compatible; meta-externalagent/1.1 (+https://developers.facebook.com/docs/sharing/webmasters/crawler))"
66.249.74.194 - - [27/Aug/2026:02:09:52 -0700] "GET /?m=29107400528 HTTP/1.1" 200 64325 "-" "Mozilla/5.0 (Linux; Android 6.0.1; Nexus 5X Build/MMB29P) AppleWebKit/537.36 (KHTML, like Gecko) Chrome/151.0.7922.173 Mobile Safari/537.36 (compatible; Googlebot/2.1; +http://www.google.com/bot.html)"
57.141.0.64 - - [27/Aug/2026:02:09:54 -0700] "GET /?m=2845327303 HTTP/2.0" 200 19796 "-" "Mozilla/5.0 (Windows NT 10.0; Win64; x64) AppleWebKit/537.36 (KHTML, like Gecko) Chrome/145.0.0.0 Safari/537.36 (compatible; meta-externalagent/1.1 (+https://developers.facebook.com/docs/sharing/webmasters/crawler))"
66.249.74.192 - - [27/Aug/2026:02:09:55 -0700] "GET /shop.php?e=90052052445784 HTTP/1.1" 200 31890 "-" "Mozilla/5.0 (Linux; Android 6.0.1; Nexus 5X Build/MMB29P) AppleWebKit/537.36 (KHTML, like Gecko) Chrome/151.0.7922.173 Mobile Safari/537.36 (compatible; GoogleOther)"
57.141.0.70 - - [27/Aug/2026:02:09:54 -0700] "GET /?m=61752676203 HTTP/2.0" 200 19797 "-" "Mozilla/5.0 (Windows NT 10.0; Win64; x64) AppleWebKit/537.36 (KHTML, like Gecko) Chrome/145.0.0.0 Safari/537.36 (compatible; meta-externalagent/1.1 (+https://developers.facebook.com/docs/sharing/webmasters/crawler))"
66.249.74.195 - - [27/Aug/2026:02:09:59 -0700] "GET /pc/index.php?m=99480186623 HTTP/1.1" 200 63908 "-" "Mozilla/5.0 (Linux; Android 6.0.1; Nexus 5X Build/MMB29P) AppleWebKit/537.36 (KHTML, like Gecko) Chrome/151.0.7922.173 Mobile Safari/537.36 (compatible; GoogleOther)"
57.141.0.69 - - [27/Aug/2026:02:10:01 -0700] "GET /?m=91400865641 HTTP/2.0" 200 19795 "-" "Mozilla/5.0 (Windows NT 10.0; Win64; x64) AppleWebKit/537.36 (KHTML, like Gecko) Chrome/145.0.0.0 Safari/537.36 (compatible; meta-externalagent/1.1 (+https://developers.facebook.com/docs/sharing/webmasters/crawler))"
66.249.74.193 - - [27/Aug/2026:02:10:03 -0700] "GET /ajax/productdeliverycalendar/?sku=75700595266&offset= HTTP/1.1" 200 63501 "-" "Mozilla/5.0 (Linux; Android 6.0.1; Nexus 5X Build/MMB29P) AppleWebKit/537.36 (KHTML, like Gecko) Chrome/151.0.7922.173 Mobile Safari/537.36 (compatible; GoogleOther)"
57.141.0.55 - - [27/Aug/2026:02:10:05 -0700] "GET /?m=48223297366 HTTP/2.0" 200 19797 "-" "Mozilla/5.0 (Windows NT 10.0; Win64; x64) AppleWebKit/537.36 (KHTML, like Gecko) Chrome/145.0.0.0 Safari/537.36 (compatible; meta-externalagent/1.1 (+https://developers.facebook.com/docs/sharing/webmasters/crawler))"
