66.249.74.192 - - [27/Aug/2026:00:45:16 -0700] "GET /shop.php?e=41082510137896 HTTP/1.1" 200 28049 "-" "Mozilla/5.0 (Linux; Android 6.0.1; Nexus 5X Build/MMB29P) AppleWebKit/537.36 (KHTML, like Gecko) Chrome/151.0.7922.173 Mobile Safari/537.36 (compatible; GoogleOther)"
66.249.74.192 - - [27/Aug/2026:00:45:19 -0700] "GET /?m=54127995905 HTTP/1.1" 200 58558 "-" "Mozilla/5.0 (Linux; Android 6.0.1; Nexus 5X Build/MMB29P) AppleWebKit/537.36 (KHTML, like Gecko) Chrome/151.0.7922.173 Mobile Safari/537.36 (compatible; GoogleOther)"
183.182.114.9 - - [27/Aug/2026:00:45:20 -0700] "POST /xmlrpc.php HTTP/1.1" 200 5046 "-" "Mozilla/5.0 (Macintosh; Intel Mac OS X 10_15_7) AppleWebKit/537.36 (KHTML, like Gecko) Chrome/128.0.0.0 Safari/537.36"
75.119.195.61 - - [27/Aug/2026:00:45:21 -0700] "POST /wp-cron.php?doing_wp_cron=1787816720.9814729690551757812500 HTTP/1.1" 200 6592 "-" "WordPress/7.1; https://www.ablogformylove.com"
183.182.114.9 - - [27/Aug/2026:00:45:25 -0700] "POST /xmlrpc.php HTTP/1.1" 200 5724 "-" "Mozilla/5.0 (Macintosh; Intel Mac OS X 10_15_7) AppleWebKit/605.1.15 (KHTML, like Gecko) Version/16.6 Safari/605.1.15"
66.249.74.192 - - [27/Aug/2026:00:45:26 -0700] "GET /kaden/mtalk/?sku=98629684812 HTTP/1.1" 200 63877 "-" "Mozilla/5.0 (Linux; Android 6.0.1; Nexus 5X Build/MMB29P) AppleWebKit/537.36 (KHTML, like Gecko) Chrome/151.0.7922.173 Mobile Safari/537.36 (compatible; Googlebot/2.1; +http://www.google.com/bot.html)"
183.182.114.9 - - [27/Aug/2026:00:45:28 -0700] "GET /2026/08/27/totally-casino-dwarfs-gone-wild-rtp-free-spins-no-deposit-required/ HTTP/1.1" 200 25993 "-" "Mozilla/5.0 (Macintosh; Intel Mac OS X 10_15_7) AppleWebKit/537.36 (KHTML, like Gecko) Chrome/130.0.0.0 Safari/537.36"
66.249.74.193 - - [27/Aug/2026:00:45:30 -0700] "GET /?m=76323993256 HTTP/1.1" 200 63168 "-" "Mozilla/5.0 (Linux; Android 6.0.1; Nexus 5X Build/MMB29P) AppleWebKit/537.36 (KHTML, like Gecko) Chrome/151.0.7922.173 Mobile Safari/537.36 (compatible; GoogleOther)"
66.249.74.192 - - [27/Aug/2026:00:45:33 -0700] "GET /shop.php?e=48643060033234 HTTP/1.1" 200 31918 "-" "Mozilla/5.0 (Linux; Android 6.0.1; Nexus 5X Build/MMB29P) AppleWebKit/537.36 (KHTML, like Gecko) Chrome/151.0.7922.173 Mobile Safari/537.36 (compatible; GoogleOther)"
66.249.74.193 - - [27/Aug/2026:00:45:36 -0700] "GET /shop.php?e=36778022261965 HTTP/1.1" 200 32734 "-" "Mozilla/5.0 (Linux; Android 6.0.1; Nexus 5X Build/MMB29P) AppleWebKit/537.36 (KHTML, like Gecko) Chrome/151.0.7922.173 Mobile Safari/537.36 (compatible; GoogleOther)"
66.249.74.192 - - [27/Aug/2026:00:45:42 -0700] "GET /goods.php?t=94855813139 HTTP/1.1" 200 33618 "-" "Mozilla/5.0 (Linux; Android 6.0.1; Nexus 5X Build/MMB29P) AppleWebKit/537.36 (KHTML, like Gecko) Chrome/151.0.7922.173 Mobile Safari/537.36 (compatible; GoogleOther)"
66.249.74.192 - - [27/Aug/2026:00:45:45 -0700] "GET /?m=58989682390 HTTP/1.1" 200 58572 "-" "Mozilla/5.0 (Linux; Android 6.0.1; Nexus 5X Build/MMB29P) AppleWebKit/537.36 (KHTML, like Gecko) Chrome/151.0.7922.173 Mobile Safari/537.36 (compatible; GoogleOther)"
66.249.74.193 - - [27/Aug/2026:00:45:55 -0700] "GET /shop.php?e=48563107072240 HTTP/1.1" 200 32546 "-" "Mozilla/5.0 (Linux; Android 6.0.1; Nexus 5X Build/MMB29P) AppleWebKit/537.36 (KHTML, like Gecko) Chrome/151.0.7922.173 Mobile Safari/537.36 (compatible; GoogleOther)"
66.249.74.192 - - [27/Aug/2026:00:45:58 -0700] "GET /?m=59040068622 HTTP/1.1" 200 63447 "-" "Mozilla/5.0 (Linux; Android 6.0.1; Nexus 5X Build/MMB29P) AppleWebKit/537.36 (KHTML, like Gecko) Chrome/151.0.7922.173 Mobile Safari/537.36 (compatible; GoogleOther)"
66.249.74.193 - - [27/Aug/2026:00:46:02 -0700] "GET /shop.php?e=3945089479185 HTTP/1.1" 200 32022 "-" "Mozilla/5.0 (Linux; Android 6.0.1; Nexus 5X Build/MMB29P) AppleWebKit/537.36 (KHTML, like Gecko) Chrome/151.0.7922.173 Mobile Safari/537.36 (compatible; GoogleOther)"
66.249.74.192 - - [27/Aug/2026:00:46:08 -0700] "GET /shop.php?e=74652726508336 HTTP/1.1" 200 31496 "-" "Mozilla/5.0 (Linux; Android 6.0.1; Nexus 5X Build/MMB29P) AppleWebKit/537.36 (KHTML, like Gecko) Chrome/151.0.7922.173 Mobile Safari/537.36 (compatible; GoogleOther)"
66.249.74.192 - - [27/Aug/2026:00:46:11 -0700] "GET /shop.php?e=3574501404952 HTTP/1.1" 200 27077 "-" "Mozilla/5.0 (Linux; Android 6.0.1; Nexus 5X Build/MMB29P) AppleWebKit/537.36 (KHTML, like Gecko) Chrome/151.0.7922.173 Mobile Safari/537.36 (compatible; GoogleOther)"
57.141.0.35 - - [27/Aug/2026:00:46:12 -0700] "GET /2026/08/24/canada-casino-history-from-early-establishments-to-modern-giants/ HTTP/2.0" 200 23446 "-" "Mozilla/5.0 (Windows NT 10.0; Win64; x64) AppleWebKit/537.36 (KHTML, like Gecko) Chrome/145.0.0.0 Safari/537.36 (compatible; meta-externalagent/1.1 (+https://developers.facebook.com/docs/sharing/webmasters/crawler))"
188.252.235.98 - - [27/Aug/2026:00:46:12 -0700] "POST /xmlrpc.php HTTP/1.1" 200 614 "-" "Mozilla/5.0 (Windows NT 10.0; Win64; x64) AppleWebKit/537.36 (KHTML, like Gecko) obsidian/1.6.5 Chrome/124.0.6367.243 Electron/30.1.2 Safari/537.36"
75.119.195.61 - - [27/Aug/2026:00:46:12 -0700] "POST /wp-cron.php?doing_wp_cron=1787816772.8836259841918945312500 HTTP/1.1" 200 6592 "-" "WordPress/7.1; https://www.ablogformylove.com"
66.249.74.192 - - [27/Aug/2026:00:46:15 -0700] "GET /?m=77894588049 HTTP/1.1" 200 57914 "-" "Mozilla/5.0 (Linux; Android 6.0.1; Nexus 5X Build/MMB29P) AppleWebKit/537.36 (KHTML, like Gecko) Chrome/151.0.7922.173 Mobile Safari/537.36 (compatible; GoogleOther)"
188.252.235.98 - - [27/Aug/2026:00:46:16 -0700] "POST /xmlrpc.php HTTP/1.1" 200 4339 "-" "Mozilla/5.0 (X11; Linux x86_64) AppleWebKit/537.36 (KHTML, like Gecko) Chrome/134.0.0.0 Safari/537.36"
114.119.155.153 - - [27/Aug/2026:00:46:18 -0700] "GET /?m=11187284135 HTTP/1.1" 200 24947 "https://www.ablogformylove.com/sitemap.xml" "Mozilla/5.0 (Linux; Android 7.0;) AppleWebKit/537.36 (HTML, like Gecko) Mobile Safari/537.36 (compatible; PetalBot;+https://webmaster.petalsearch.com/site/petalbot)"
66.249.74.192 - - [27/Aug/2026:00:46:18 -0700] "GET /shop.php?e=18652965732929 HTTP/1.1" 200 26535 "-" "Mozilla/5.0 (Linux; Android 6.0.1; Nexus 5X Build/MMB29P) AppleWebKit/537.36 (KHTML, like Gecko) Chrome/151.0.7922.173 Mobile Safari/537.36 (compatible; GoogleOther)"
188.252.235.98 - - [27/Aug/2026:00:46:18 -0700] "GET /2026/08/27/100-first-put-bonus-nz-50-bonuses-2026/ HTTP/1.1" 200 24776 "-" "Mozilla/5.0 (Macintosh; Intel Mac OS X 10_15_7) AppleWebKit/605.1.15 (KHTML, like Gecko) Version/18.4 Safari/605.1.15"
66.249.74.192 - - [27/Aug/2026:00:46:22 -0700] "GET /?m=34912686028 HTTP/1.1" 200 58873 "-" "Mozilla/5.0 (Linux; Android 6.0.1; Nexus 5X Build/MMB29P) AppleWebKit/537.36 (KHTML, like Gecko) Chrome/151.0.7922.173 Mobile Safari/537.36 (compatible; GoogleOther)"
66.249.74.192 - - [27/Aug/2026:00:46:28 -0700] "GET /?m=58535462299 HTTP/1.1" 200 69099 "-" "Mozilla/5.0 (Linux; Android 6.0.1; Nexus 5X Build/MMB29P) AppleWebKit/537.36 (KHTML, like Gecko) Chrome/151.0.7922.173 Mobile Safari/537.36 (compatible; GoogleOther)"
57.141.0.60 - - [27/Aug/2026:00:46:36 -0700] "GET /?m=99077815672 HTTP/2.0" 200 19798 "-" "Mozilla/5.0 (Windows NT 10.0; Win64; x64) AppleWebKit/537.36 (KHTML, like Gecko) Chrome/145.0.0.0 Safari/537.36 (compatible; meta-externalagent/1.1 (+https://developers.facebook.com/docs/sharing/webmasters/crawler))"
66.249.74.192 - - [27/Aug/2026:00:46:36 -0700] "GET /?m=78601926283 HTTP/1.1" 200 62743 "-" "Mozilla/5.0 (Linux; Android 6.0.1; Nexus 5X Build/MMB29P) AppleWebKit/537.36 (KHTML, like Gecko) Chrome/151.0.7922.173 Mobile Safari/537.36 (compatible; GoogleOther)"
57.141.18.99 - - [27/Aug/2026:00:46:37 -0700] "GET / HTTP/2.0" 200 24326 "-" "facebookexternalhit/1.1 (+http://www.facebook.com/externalhit_uatext.php)"
57.141.0.71 - - [27/Aug/2026:00:46:40 -0700] "GET /?m=14477384061 HTTP/2.0" 200 19796 "-" "Mozilla/5.0 (Windows NT 10.0; Win64; x64) AppleWebKit/537.36 (KHTML, like Gecko) Chrome/145.0.0.0 Safari/537.36 (compatible; meta-externalagent/1.1 (+https://developers.facebook.com/docs/sharing/webmasters/crawler))"
66.249.74.193 - - [27/Aug/2026:00:46:40 -0700] "GET /shop.php?e=48779920436290 HTTP/1.1" 200 32058 "-" "Mozilla/5.0 (Linux; Android 6.0.1; Nexus 5X Build/MMB29P) AppleWebKit/537.36 (KHTML, like Gecko) Chrome/151.0.7922.173 Mobile Safari/537.36 (compatible; GoogleOther)"
216.73.217.53 - - [27/Aug/2026:00:46:41 -0700] "GET /robots.txt HTTP/2.0" 200 269 "-" "Mozilla/5.0 AppleWebKit/537.36 (KHTML, like Gecko; compatible; ClaudeBot/1.0; +claudebot@anthropic.com)"
216.73.217.53 - - [27/Aug/2026:00:46:41 -0700] "GET /2026/08/27/pharaoh-silver-slots-software-on-the-internet-gamble/ HTTP/2.0" 200 25564 "-" "Mozilla/5.0 AppleWebKit/537.36 (KHTML, like Gecko; compatible; ClaudeBot/1.0; +claudebot@anthropic.com)"
216.73.217.53 - - [27/Aug/2026:00:46:42 -0700] "GET /2026/08/27/page/2/ HTTP/2.0" 200 24496 "-" "Mozilla/5.0 AppleWebKit/537.36 (KHTML, like Gecko; compatible; ClaudeBot/1.0; +claudebot@anthropic.com)"
66.249.74.192 - - [27/Aug/2026:00:46:44 -0700] "GET /pc/index.php?m=1448275052/ HTTP/1.1" 200 64246 "-" "Mozilla/5.0 (Linux; Android 6.0.1; Nexus 5X Build/MMB29P) AppleWebKit/537.36 (KHTML, like Gecko) Chrome/151.0.7922.173 Mobile Safari/537.36 (compatible; GoogleOther)"
66.249.74.193 - - [27/Aug/2026:00:46:47 -0700] "GET /shop.php?e=68583530931654 HTTP/1.1" 200 31295 "-" "Mozilla/5.0 (Linux; Android 6.0.1; Nexus 5X Build/MMB29P) AppleWebKit/537.36 (KHTML, like Gecko) Chrome/151.0.7922.173 Mobile Safari/537.36 (compatible; GoogleOther)"
66.249.74.192 - - [27/Aug/2026:00:46:48 -0700] "GET /kaden/mtalk/?sku=23457490516 HTTP/1.1" 200 64633 "-" "Mozilla/5.0 (Linux; Android 6.0.1; Nexus 5X Build/MMB29P) AppleWebKit/537.36 (KHTML, like Gecko) Chrome/151.0.7922.173 Mobile Safari/537.36 (compatible; Googlebot/2.1; +http://www.google.com/bot.html)"
66.249.74.192 - - [27/Aug/2026:00:46:49 -0700] "GET /shop.php?e=90958241816894 HTTP/1.1" 200 27110 "-" "Mozilla/5.0 (Linux; Android 6.0.1; Nexus 5X Build/MMB29P) AppleWebKit/537.36 (KHTML, like Gecko) Chrome/151.0.7922.173 Mobile Safari/537.36 (compatible; Googlebot/2.1; +http://www.google.com/bot.html)"
66.249.74.193 - - [27/Aug/2026:00:46:49 -0700] "GET /shop.php?e=92773478491488 HTTP/1.1" 200 31621 "-" "Mozilla/5.0 (Linux; Android 6.0.1; Nexus 5X Build/MMB29P) AppleWebKit/537.36 (KHTML, like Gecko) Chrome/151.0.7922.173 Mobile Safari/537.36 (compatible; Googlebot/2.1; +http://www.google.com/bot.html)"
66.249.74.194 - - [27/Aug/2026:00:46:53 -0700] "GET /?m=62544451846 HTTP/1.1" 200 63716 "-" "Mozilla/5.0 (Linux; Android 6.0.1; Nexus 5X Build/MMB29P) AppleWebKit/537.36 (KHTML, like Gecko) Chrome/151.0.7922.173 Mobile Safari/537.36 (compatible; GoogleOther)"
66.249.74.194 - - [27/Aug/2026:00:46:54 -0700] "GET /shop.php?e=65153505631173 HTTP/1.1" 200 31598 "-" "Mozilla/5.0 (compatible; Googlebot/2.1; +http://www.google.com/bot.html)"
66.249.74.194 - - [27/Aug/2026:00:46:57 -0700] "GET /?m=63695248790 HTTP/1.1" 200 58831 "-" "Mozilla/5.0 (Linux; Android 6.0.1; Nexus 5X Build/MMB29P) AppleWebKit/537.36 (KHTML, like Gecko) Chrome/151.0.7922.173 Mobile Safari/537.36 (compatible; GoogleOther)"
57.141.0.31 - - [27/Aug/2026:00:46:57 -0700] "GET /?m=48829347798 HTTP/2.0" 200 19798 "-" "Mozilla/5.0 (Windows NT 10.0; Win64; x64) AppleWebKit/537.36 (KHTML, like Gecko) Chrome/145.0.0.0 Safari/537.36 (compatible; meta-externalagent/1.1 (+https://developers.facebook.com/docs/sharing/webmasters/crawler))"
66.249.74.193 - - [27/Aug/2026:00:47:00 -0700] "GET /shop.php?e=61422766598611 HTTP/1.1" 200 32303 "-" "Mozilla/5.0 (Linux; Android 6.0.1; Nexus 5X Build/MMB29P) AppleWebKit/537.36 (KHTML, like Gecko) Chrome/151.0.7922.173 Mobile Safari/537.36 (compatible; GoogleOther)"
66.249.74.193 - - [27/Aug/2026:00:47:03 -0700] "GET /?m=96751751456 HTTP/1.1" 200 59664 "-" "Mozilla/5.0 (Linux; Android 6.0.1; Nexus 5X Build/MMB29P) AppleWebKit/537.36 (KHTML, like Gecko) Chrome/151.0.7922.173 Mobile Safari/537.36 (compatible; GoogleOther)"
154.177.235.153 - - [27/Aug/2026:00:47:05 -0700] "POST /xmlrpc.php HTTP/1.1" 200 614 "-" "Mozilla/5.0 (Macintosh; Intel Mac OS X 10_15_7) AppleWebKit/537.36 (KHTML, like Gecko) Chrome/129.0.0.0 Safari/537.36"
66.249.74.193 - - [27/Aug/2026:00:47:06 -0700] "GET /goods.php?r=44685819072 HTTP/1.1" 200 28818 "-" "Mozilla/5.0 (Linux; Android 6.0.1; Nexus 5X Build/MMB29P) AppleWebKit/537.36 (KHTML, like Gecko) Chrome/151.0.7922.173 Mobile Safari/537.36 (compatible; GoogleOther)"
75.119.195.61 - - [27/Aug/2026:00:47:05 -0700] "POST /wp-cron.php?doing_wp_cron=1787816825.8382680416107177734375 HTTP/1.1" 200 6592 "-" "WordPress/7.1; https://www.ablogformylove.com"
154.177.235.153 - - [27/Aug/2026:00:47:09 -0700] "POST /xmlrpc.php HTTP/1.1" 200 5281 "-" "Mozilla/5.0 (Windows NT 10.0; Win64; x64; rv:138.0) Gecko/20100101 Firefox/138.0"
66.249.74.192 - - [27/Aug/2026:00:47:10 -0700] "GET /shop.php?e=44554381924780 HTTP/1.1" 200 31620 "-" "Mozilla/5.0 (Linux; Android 6.0.1; Nexus 5X Build/MMB29P) AppleWebKit/537.36 (KHTML, like Gecko) Chrome/151.0.7922.173 Mobile Safari/537.36 (compatible; GoogleOther)"
66.249.74.192 - - [27/Aug/2026:00:47:12 -0700] "GET /goods.php?s=55877553962 HTTP/1.1" 200 29107 "-" "Mozilla/5.0 (Linux; Android 6.0.1; Nexus 5X Build/MMB29P) AppleWebKit/537.36 (KHTML, like Gecko) Chrome/151.0.7922.173 Mobile Safari/537.36 (compatible; Googlebot/2.1; +http://www.google.com/bot.html)"
66.249.74.192 - - [27/Aug/2026:00:47:15 -0700] "GET /?m=53726782688/ HTTP/1.1" 200 59354 "-" "Mozilla/5.0 (Linux; Android 6.0.1; Nexus 5X Build/MMB29P) AppleWebKit/537.36 (KHTML, like Gecko) Chrome/151.0.7922.173 Mobile Safari/537.36 (compatible; GoogleOther)"
66.249.74.192 - - [27/Aug/2026:00:47:18 -0700] "GET /?m=10723578612 HTTP/1.1" 200 59550 "-" "Mozilla/5.0 (Linux; Android 6.0.1; Nexus 5X Build/MMB29P) AppleWebKit/537.36 (KHTML, like Gecko) Chrome/151.0.7922.173 Mobile Safari/537.36 (compatible; GoogleOther)"
66.249.74.192 - - [27/Aug/2026:00:47:21 -0700] "GET /shop.php?e=74596275905010 HTTP/1.1" 200 26630 "-" "Mozilla/5.0 (Linux; Android 6.0.1; Nexus 5X Build/MMB29P) AppleWebKit/537.36 (KHTML, like Gecko) Chrome/151.0.7922.173 Mobile Safari/537.36 (compatible; GoogleOther)"
216.73.217.53 - - [27/Aug/2026:00:47:22 -0700] "GET /2026/08/27/enjoy-twelve089-free-position-games-inside-canada/ HTTP/2.0" 200 24087 "-" "Mozilla/5.0 AppleWebKit/537.36 (KHTML, like Gecko; compatible; ClaudeBot/1.0; +claudebot@anthropic.com)"
216.73.217.53 - - [27/Aug/2026:00:47:22 -0700] "GET /2026/08/27/play-no-deposit-1xslot-2025-today/ HTTP/2.0" 200 25168 "-" "Mozilla/5.0 AppleWebKit/537.36 (KHTML, like Gecko; compatible; ClaudeBot/1.0; +claudebot@anthropic.com)"
66.249.74.193 - - [27/Aug/2026:00:47:28 -0700] "GET /?m=77507739321 HTTP/1.1" 200 68526 "-" "Mozilla/5.0 (Linux; Android 6.0.1; Nexus 5X Build/MMB29P) AppleWebKit/537.36 (KHTML, like Gecko) Chrome/151.0.7922.173 Mobile Safari/537.36 (compatible; GoogleOther)"
154.177.235.153 - - [27/Aug/2026:00:47:34 -0700] "GET /2026/08/27/100-free-spins-no-deposit-southern-africa-2026-best-offers/ HTTP/1.1" 200 25547 "-" "Mozilla/5.0 (Macintosh; Intel Mac OS X 10_15_7) AppleWebKit/537.36 (KHTML, like Gecko) Chrome/145.0.0.0 Safari/537.36 OPR/129.0.0.0"
66.249.74.193 - - [27/Aug/2026:00:47:35 -0700] "GET /pc/index.php?m=63061389556 HTTP/1.1" 200 64048 "-" "Mozilla/5.0 (Linux; Android 6.0.1; Nexus 5X Build/MMB29P) AppleWebKit/537.36 (KHTML, like Gecko) Chrome/151.0.7922.173 Mobile Safari/537.36 (compatible; GoogleOther)"
216.73.217.53 - - [27/Aug/2026:00:47:42 -0700] "GET /2026/08/27/holly-jolly-bonanza-on-the-internet-slot-check-this-out-complete-remark/ HTTP/2.0" 200 23930 "-" "Mozilla/5.0 AppleWebKit/537.36 (KHTML, like Gecko; compatible; ClaudeBot/1.0; +claudebot@anthropic.com)"
216.73.217.53 - - [27/Aug/2026:00:47:42 -0700] "GET /2026/08/27/best-boku-gambling-bitcoincom-casino-paypal-enterprises-2026/ HTTP/2.0" 200 25575 "-" "Mozilla/5.0 AppleWebKit/537.36 (KHTML, like Gecko; compatible; ClaudeBot/1.0; +claudebot@anthropic.com)"
114.119.140.50 - - [27/Aug/2026:00:47:41 -0700] "GET /2026/08/24/finest-real-cash-harbors-inside-2026-lucky-mermaid-online-slot-winnings-bucks-at-the-trusted-casinos/ HTTP/1.1" 200 29915 "https://www.ablogformylove.com/2026/08/24/south-african-kathmandu-for-real-money-embassy-doha-qatar/" "Mozilla/5.0 (Linux; Android 7.0;) AppleWebKit/537.36 (HTML, like Gecko) Mobile Safari/537.36 (compatible; PetalBot;+https://webmaster.petalsearch.com/site/petalbot)"
66.249.74.192 - - [27/Aug/2026:00:47:45 -0700] "GET /?m=44219714545 HTTP/1.1" 200 62993 "-" "Mozilla/5.0 (Linux; Android 6.0.1; Nexus 5X Build/MMB29P) AppleWebKit/537.36 (KHTML, like Gecko) Chrome/151.0.7922.173 Mobile Safari/537.36 (compatible; GoogleOther)"
57.141.0.7 - - [27/Aug/2026:00:47:50 -0700] "GET /?m=23077321663 HTTP/2.0" 200 19796 "-" "Mozilla/5.0 (Windows NT 10.0; Win64; x64) AppleWebKit/537.36 (KHTML, like Gecko) Chrome/145.0.0.0 Safari/537.36 (compatible; meta-externalagent/1.1 (+https://developers.facebook.com/docs/sharing/webmasters/crawler))"
66.249.74.192 - - [27/Aug/2026:00:47:53 -0700] "GET /?m=15818973997 HTTP/1.1" 200 62844 "-" "Mozilla/5.0 (Linux; Android 6.0.1; Nexus 5X Build/MMB29P) AppleWebKit/537.36 (KHTML, like Gecko) Chrome/151.0.7922.173 Mobile Safari/537.36 (compatible; GoogleOther)"
14.224.182.172 - - [27/Aug/2026:00:47:54 -0700] "POST /xmlrpc.php HTTP/1.1" 200 5046 "-" "Mozilla/5.0 (Macintosh; Intel Mac OS X 10.15; rv:137.0) Gecko/20100101 Firefox/137.0"
75.119.195.61 - - [27/Aug/2026:00:47:56 -0700] "POST /wp-cron.php?doing_wp_cron=1787816876.1404709815979003906250 HTTP/1.1" 200 6592 "-" "WordPress/7.1; https://www.ablogformylove.com"
57.141.0.58 - - [27/Aug/2026:00:47:57 -0700] "GET /?p=6779 HTTP/2.0" 200 1558 "-" "Mozilla/5.0 (Windows NT 10.0; Win64; x64) AppleWebKit/537.36 (KHTML, like Gecko) Chrome/145.0.0.0 Safari/537.36 (compatible; meta-externalagent/1.1 (+https://developers.facebook.com/docs/sharing/webmasters/crawler))"
66.249.74.193 - - [27/Aug/2026:00:47:57 -0700] "GET /shop.php?e=80302510568141 HTTP/1.1" 200 32086 "-" "Mozilla/5.0 (Linux; Android 6.0.1; Nexus 5X Build/MMB29P) AppleWebKit/537.36 (KHTML, like Gecko) Chrome/151.0.7922.173 Mobile Safari/537.36 (compatible; GoogleOther)"
216.73.217.53 - - [27/Aug/2026:00:47:58 -0700] "GET /2026/08/27/greatest-web-based-jackpot-paradise-50-no-deposit-free-spins-casinos-recognizing-neteller/ HTTP/2.0" 200 25620 "-" "Mozilla/5.0 AppleWebKit/537.36 (KHTML, like Gecko; compatible; ClaudeBot/1.0; +claudebot@anthropic.com)"
66.249.74.192 - - [27/Aug/2026:00:48:01 -0700] "GET /?m=32126870690 HTTP/1.1" 200 63386 "-" "Mozilla/5.0 (Linux; Android 6.0.1; Nexus 5X Build/MMB29P) AppleWebKit/537.36 (KHTML, like Gecko) Chrome/151.0.7922.173 Mobile Safari/537.36 (compatible; GoogleOther)"
14.224.182.172 - - [27/Aug/2026:00:48:01 -0700] "POST /xmlrpc.php HTTP/1.1" 200 3630 "-" "Mozilla/5.0 (Windows NT 10.0; Win64; x64) AppleWebKit/537.36 (KHTML, like Gecko) obsidian/1.8.4 Chrome/130.0.6723.191 Electron/33.3.2 Safari/537.36"
57.141.0.5 - - [27/Aug/2026:00:48:01 -0700] "GET /?m=43817936133 HTTP/2.0" 200 19795 "-" "Mozilla/5.0 (Windows NT 10.0; Win64; x64) AppleWebKit/537.36 (KHTML, like Gecko) Chrome/145.0.0.0 Safari/537.36 (compatible; meta-externalagent/1.1 (+https://developers.facebook.com/docs/sharing/webmasters/crawler))"
66.249.74.193 - - [27/Aug/2026:00:48:04 -0700] "GET /goods.php?w=12657597268 HTTP/1.1" 200 32422 "-" "Mozilla/5.0 (Linux; Android 6.0.1; Nexus 5X Build/MMB29P) AppleWebKit/537.36 (KHTML, like Gecko) Chrome/151.0.7922.173 Mobile Safari/537.36 (compatible; GoogleOther)"
66.249.74.193 - - [27/Aug/2026:00:48:08 -0700] "GET /shop.php?e=77021594505476 HTTP/1.1" 200 27661 "-" "Mozilla/5.0 (Linux; Android 6.0.1; Nexus 5X Build/MMB29P) AppleWebKit/537.36 (KHTML, like Gecko) Chrome/151.0.7922.173 Mobile Safari/537.36 (compatible; GoogleOther)"
14.224.182.172 - - [27/Aug/2026:00:48:06 -0700] "GET /2026/08/27/leovegas-casino-opinion-1100000-deposit-fits-a-hundred-100-percent-free-revolves-within-the-2026/ HTTP/1.1" 200 23870 "-" "Mozilla/5.0 (Windows NT 10.0; Win64; x64) AppleWebKit/537.36 (KHTML, like Gecko) Chrome/135.0.0.0 Safari/537.36"
66.249.74.192 - - [27/Aug/2026:00:48:11 -0700] "GET /?m=96231143808 HTTP/1.1" 200 64252 "-" "Mozilla/5.0 (Linux; Android 6.0.1; Nexus 5X Build/MMB29P) AppleWebKit/537.36 (KHTML, like Gecko) Chrome/151.0.7922.173 Mobile Safari/537.36 (compatible; GoogleOther)"
66.249.74.192 - - [27/Aug/2026:00:48:16 -0700] "GET /?m=50732928964 HTTP/1.1" 200 58309 "-" "Mozilla/5.0 (Linux; Android 6.0.1; Nexus 5X Build/MMB29P) AppleWebKit/537.36 (KHTML, like Gecko) Chrome/151.0.7922.173 Mobile Safari/537.36 (compatible; GoogleOther)"
66.249.74.192 - - [27/Aug/2026:00:48:20 -0700] "GET /?m=84995232683 HTTP/1.1" 200 58182 "-" "Mozilla/5.0 (Linux; Android 6.0.1; Nexus 5X Build/MMB29P) AppleWebKit/537.36 (KHTML, like Gecko) Chrome/151.0.7922.173 Mobile Safari/537.36 (compatible; GoogleOther)"
216.73.217.53 - - [27/Aug/2026:00:48:22 -0700] "GET /2026/08/27/looking-an-excellent-50-no-deposit-bonus-heres-where-youll-get-they/ HTTP/2.0" 200 23268 "-" "Mozilla/5.0 AppleWebKit/537.36 (KHTML, like Gecko; compatible; ClaudeBot/1.0; +claudebot@anthropic.com)"
57.141.0.9 - - [27/Aug/2026:00:48:24 -0700] "GET /?m=78882259505 HTTP/2.0" 200 19796 "-" "Mozilla/5.0 (Windows NT 10.0; Win64; x64) AppleWebKit/537.36 (KHTML, like Gecko) Chrome/145.0.0.0 Safari/537.36 (compatible; meta-externalagent/1.1 (+https://developers.facebook.com/docs/sharing/webmasters/crawler))"
66.249.74.194 - - [27/Aug/2026:00:48:26 -0700] "GET /goods.php?t=35914241386 HTTP/1.1" 200 33757 "-" "Mozilla/5.0 (Linux; Android 6.0.1; Nexus 5X Build/MMB29P) AppleWebKit/537.36 (KHTML, like Gecko) Chrome/151.0.7922.173 Mobile Safari/537.36 (compatible; Googlebot/2.1; +http://www.google.com/bot.html)"
66.249.74.193 - - [27/Aug/2026:00:48:26 -0700] "GET /js/searchbox/1777250054 HTTP/1.1" 200 63997 "https://www.ablogformylove.com/ajax/productstorestocklist/?sku=13633686700&pref_cd=" "Mozilla/5.0 (Linux; Android 6.0.1; Nexus 5X Build/MMB29P) AppleWebKit/537.36 (KHTML, like Gecko) Chrome/151.0.7922.173 Mobile Safari/537.36 (compatible; Googlebot/2.1; +http://www.google.com/bot.html)"
57.141.0.17 - - [27/Aug/2026:00:48:26 -0700] "GET /?m=21876847555 HTTP/2.0" 200 19796 "-" "Mozilla/5.0 (Macintosh; Intel Mac OS X 10_15_7) AppleWebKit/537.36 (KHTML, like Gecko) Chrome/145.0.0.0 Safari/537.36 (compatible; meta-externalagent/1.1 (+https://developers.facebook.com/docs/sharing/webmasters/crawler))"
66.249.74.193 - - [27/Aug/2026:00:48:27 -0700] "GET /?tags/855%E7%95%AA%E3%80%80%E9%9B%BB%E5%8B%95%E8%87%AA%E8%BB%A2%E8%BB%8A HTTP/1.1" 200 59629 "-" "Mozilla/5.0 (Linux; Android 6.0.1; Nexus 5X Build/MMB29P) AppleWebKit/537.36 (KHTML, like Gecko) Chrome/151.0.7922.173 Mobile Safari/537.36 (compatible; Googlebot/2.1; +http://www.google.com/bot.html)"
57.141.0.19 - - [27/Aug/2026:00:48:27 -0700] "GET /?m=56417228991 HTTP/2.0" 200 19796 "-" "Mozilla/5.0 (X11; Linux x86_64) AppleWebKit/537.36 (KHTML, like Gecko) Chrome/145.0.0.0 Safari/537.36 (compatible; meta-externalagent/1.1 (+https://developers.facebook.com/docs/sharing/webmasters/crawler))"
66.249.74.192 - - [27/Aug/2026:00:48:28 -0700] "GET /?m=76098898022 HTTP/1.1" 200 64599 "-" "Mozilla/5.0 (Linux; Android 6.0.1; Nexus 5X Build/MMB29P) AppleWebKit/537.36 (KHTML, like Gecko) Chrome/151.0.7922.173 Mobile Safari/537.36 (compatible; GoogleOther)"
57.141.0.28 - - [27/Aug/2026:00:48:29 -0700] "GET /?m=43145310769 HTTP/2.0" 200 19796 "-" "Mozilla/5.0 (Macintosh; Intel Mac OS X 10_15_7) AppleWebKit/537.36 (KHTML, like Gecko) Chrome/145.0.0.0 Safari/537.36 (compatible; meta-externalagent/1.1 (+https://developers.facebook.com/docs/sharing/webmasters/crawler))"
57.141.0.64 - - [27/Aug/2026:00:48:29 -0700] "GET /?m=81548302462 HTTP/2.0" 200 19796 "-" "Mozilla/5.0 (Windows NT 10.0; Win64; x64) AppleWebKit/537.36 (KHTML, like Gecko) Chrome/145.0.0.0 Safari/537.36 (compatible; meta-externalagent/1.1 (+https://developers.facebook.com/docs/sharing/webmasters/crawler))"
66.249.74.192 - - [27/Aug/2026:00:48:31 -0700] "GET /shop.php?e=34393383860196 HTTP/1.1" 200 26858 "-" "Mozilla/5.0 (Linux; Android 6.0.1; Nexus 5X Build/MMB29P) AppleWebKit/537.36 (KHTML, like Gecko) Chrome/151.0.7922.173 Mobile Safari/537.36 (compatible; GoogleOther)"
57.141.0.7 - - [27/Aug/2026:00:48:31 -0700] "GET /?m=10491030129 HTTP/2.0" 200 19795 "-" "Mozilla/5.0 (Windows NT 10.0; Win64; x64) AppleWebKit/537.36 (KHTML, like Gecko) Chrome/145.0.0.0 Safari/537.36 (compatible; meta-externalagent/1.1 (+https://developers.facebook.com/docs/sharing/webmasters/crawler))"
66.249.74.193 - - [27/Aug/2026:00:48:35 -0700] "GET /goods.php?b=52207763583 HTTP/1.1" 200 33223 "-" "Mozilla/5.0 (Linux; Android 6.0.1; Nexus 5X Build/MMB29P) AppleWebKit/537.36 (KHTML, like Gecko) Chrome/151.0.7922.173 Mobile Safari/537.36 (compatible; GoogleOther)"
66.249.74.192 - - [27/Aug/2026:00:48:38 -0700] "GET /shop.php?e=1005716633603 HTTP/1.1" 200 32324 "-" "Mozilla/5.0 (Linux; Android 6.0.1; Nexus 5X Build/MMB29P) AppleWebKit/537.36 (KHTML, like Gecko) Chrome/151.0.7922.173 Mobile Safari/537.36 (compatible; GoogleOther)"
198.58.173.149 - - [27/Aug/2026:00:48:40 -0700] "POST /xmlrpc.php HTTP/1.1" 200 614 "-" "Mozilla/5.0 (Windows NT 10.0; Win64; x64) AppleWebKit/537.36 (KHTML, like Gecko) Chrome/124.0.0.0 Safari/537.36"
66.249.74.192 - - [27/Aug/2026:00:48:41 -0700] "GET /?m=15478426848 HTTP/1.1" 200 58782 "-" "Mozilla/5.0 (Linux; Android 6.0.1; Nexus 5X Build/MMB29P) AppleWebKit/537.36 (KHTML, like Gecko) Chrome/151.0.7922.173 Mobile Safari/537.36 (compatible; GoogleOther)"
75.119.195.61 - - [27/Aug/2026:00:48:40 -0700] "POST /wp-cron.php?doing_wp_cron=1787816920.3403599262237548828125 HTTP/1.1" 200 6592 "-" "WordPress/7.1; https://www.ablogformylove.com"
198.58.173.149 - - [27/Aug/2026:00:48:44 -0700] "POST /xmlrpc.php HTTP/1.1" 200 5960 "-" "Mozilla/5.0 (Macintosh; Intel Mac OS X 10_15_7) AppleWebKit/537.36 (KHTML, like Gecko) obsidian/1.6.5 Chrome/124.0.6367.243 Electron/30.1.2 Safari/537.36"
198.58.173.149 - - [27/Aug/2026:00:48:45 -0700] "GET /2026/08/27/finest-internet-casino-no-deposit-added-bonus-rules-2026/ HTTP/1.1" 200 26126 "-" "Mozilla/5.0 (Macintosh; Intel Mac OS X 10_15_7) AppleWebKit/605.1.15 (KHTML, like Gecko) Version/18.2 Safari/605.1.15"
66.249.74.192 - - [27/Aug/2026:00:48:52 -0700] "GET /?m=69199058106 HTTP/1.1" 200 62745 "-" "Mozilla/5.0 (Linux; Android 6.0.1; Nexus 5X Build/MMB29P) AppleWebKit/537.36 (KHTML, like Gecko) Chrome/151.0.7922.173 Mobile Safari/537.36 (compatible; GoogleOther)"
66.249.74.192 - - [27/Aug/2026:00:48:56 -0700] "GET /?m=61057855320 HTTP/1.1" 200 57979 "-" "Mozilla/5.0 (Linux; Android 6.0.1; Nexus 5X Build/MMB29P) AppleWebKit/537.36 (KHTML, like Gecko) Chrome/151.0.7922.173 Mobile Safari/537.36 (compatible; GoogleOther)"
66.249.74.192 - - [27/Aug/2026:00:48:58 -0700] "GET /ajax/productdeliverycalendar/?sku=12004035080&offset= HTTP/1.1" 200 58982 "-" "Mozilla/5.0 (Linux; Android 6.0.1; Nexus 5X Build/MMB29P) AppleWebKit/537.36 (KHTML, like Gecko) Chrome/151.0.7922.173 Mobile Safari/537.36 (compatible; Googlebot/2.1; +http://www.google.com/bot.html)"
66.249.74.194 - - [27/Aug/2026:00:49:02 -0700] "GET /?m=98868249194 HTTP/1.1" 200 63227 "-" "Mozilla/5.0 (Linux; Android 6.0.1; Nexus 5X Build/MMB29P) AppleWebKit/537.36 (KHTML, like Gecko) Chrome/151.0.7922.173 Mobile Safari/537.36 (compatible; GoogleOther)"
216.73.217.53 - - [27/Aug/2026:00:49:04 -0700] "GET /2026/08/27/online-casinos-24-casino-promo-us-2026-checked-and-ranked/ HTTP/2.0" 200 24934 "-" "Mozilla/5.0 AppleWebKit/537.36 (KHTML, like Gecko; compatible; ClaudeBot/1.0; +claudebot@anthropic.com)"
66.249.74.194 - - [27/Aug/2026:00:49:06 -0700] "GET /shop.php?e=60642010345213 HTTP/1.1" 200 26809 "-" "Mozilla/5.0 (Linux; Android 6.0.1; Nexus 5X Build/MMB29P) AppleWebKit/537.36 (KHTML, like Gecko) Chrome/151.0.7922.173 Mobile Safari/537.36 (compatible; GoogleOther)"
114.119.146.219 - - [27/Aug/2026:00:49:05 -0700] "GET /2017/04/27/ HTTP/1.1" 200 24947 "https://www.ablogformylove.com/2017/04/27/saying-bye-bye-to-daytime-diapers" "Mozilla/5.0 (Linux; Android 7.0;) AppleWebKit/537.36 (HTML, like Gecko) Mobile Safari/537.36 (compatible; PetalBot;+https://webmaster.petalsearch.com/site/petalbot)"
66.249.74.193 - - [27/Aug/2026:00:49:09 -0700] "GET /shop.php?e=42024961010564 HTTP/1.1" 200 31559 "-" "Mozilla/5.0 (Linux; Android 6.0.1; Nexus 5X Build/MMB29P) AppleWebKit/537.36 (KHTML, like Gecko) Chrome/151.0.7922.173 Mobile Safari/537.36 (compatible; GoogleOther)"
66.249.74.192 - - [27/Aug/2026:00:49:13 -0700] "GET /?m=16357925992 HTTP/1.1" 200 63179 "-" "Mozilla/5.0 (Linux; Android 6.0.1; Nexus 5X Build/MMB29P) AppleWebKit/537.36 (KHTML, like Gecko) Chrome/151.0.7922.173 Mobile Safari/537.36 (compatible; GoogleOther)"
66.249.74.192 - - [27/Aug/2026:00:49:16 -0700] "GET /?m=16766042269 HTTP/1.1" 200 58171 "-" "Mozilla/5.0 (Linux; Android 6.0.1; Nexus 5X Build/MMB29P) AppleWebKit/537.36 (KHTML, like Gecko) Chrome/151.0.7922.173 Mobile Safari/537.36 (compatible; GoogleOther)"
57.141.0.48 - - [27/Aug/2026:00:49:19 -0700] "GET /?m=66382944789 HTTP/2.0" 200 19795 "-" "Mozilla/5.0 (Windows NT 10.0; Win64; x64) AppleWebKit/537.36 (KHTML, like Gecko) Chrome/145.0.0.0 Safari/537.36 (compatible; meta-externalagent/1.1 (+https://developers.facebook.com/docs/sharing/webmasters/crawler))"
107.20.105.74 - - [27/Aug/2026:00:49:20 -0700] "HEAD / HTTP/2.0" 200 105 "http://75.119.195.61" "DreamHost SiteMonitor 1.0"
66.249.74.192 - - [27/Aug/2026:00:49:26 -0700] "GET /?m=46172997024 HTTP/1.1" 200 62922 "-" "Mozilla/5.0 (Linux; Android 6.0.1; Nexus 5X Build/MMB29P) AppleWebKit/537.36 (KHTML, like Gecko) Chrome/151.0.7922.173 Mobile Safari/537.36 (compatible; GoogleOther)"
216.73.217.53 - - [27/Aug/2026:00:49:32 -0700] "GET /2026/08/27/penny-harbors-online-ten-better-video-game-and-you-may-where-you-should-enjoy-them/ HTTP/2.0" 200 24189 "-" "Mozilla/5.0 AppleWebKit/537.36 (KHTML, like Gecko; compatible; ClaudeBot/1.0; +claudebot@anthropic.com)"
66.249.74.193 - - [27/Aug/2026:00:49:39 -0700] "GET /shop.php?e=62296220729373 HTTP/1.1" 200 31868 "-" "Mozilla/5.0 (Linux; Android 6.0.1; Nexus 5X Build/MMB29P) AppleWebKit/537.36 (KHTML, like Gecko) Chrome/151.0.7922.173 Mobile Safari/537.36 (compatible; GoogleOther)"
66.249.74.193 - - [27/Aug/2026:00:49:42 -0700] "GET /?m=67479100277 HTTP/1.1" 200 58331 "-" "Mozilla/5.0 (Linux; Android 6.0.1; Nexus 5X Build/MMB29P) AppleWebKit/537.36 (KHTML, like Gecko) Chrome/151.0.7922.173 Mobile Safari/537.36 (compatible; GoogleOther)"
66.249.74.193 - - [27/Aug/2026:00:49:46 -0700] "GET /?m=21672983596 HTTP/1.1" 200 58250 "-" "Mozilla/5.0 (Linux; Android 6.0.1; Nexus 5X Build/MMB29P) AppleWebKit/537.36 (KHTML, like Gecko) Chrome/151.0.7922.173 Mobile Safari/537.36 (compatible; GoogleOther)"
66.249.74.192 - - [27/Aug/2026:00:49:49 -0700] "GET /?m=7082871993 HTTP/1.1" 200 64264 "-" "Mozilla/5.0 (Linux; Android 6.0.1; Nexus 5X Build/MMB29P) AppleWebKit/537.36 (KHTML, like Gecko) Chrome/151.0.7922.173 Mobile Safari/537.36 (compatible; GoogleOther)"
57.141.8.28 - - [27/Aug/2026:00:49:51 -0700] "GET / HTTP/2.0" 200 24296 "-" "facebookexternalhit/1.1 (+http://www.facebook.com/externalhit_uatext.php)"
66.249.74.193 - - [27/Aug/2026:00:49:52 -0700] "GET /?m=9904386356 HTTP/1.1" 200 62872 "-" "Mozilla/5.0 (Linux; Android 6.0.1; Nexus 5X Build/MMB29P) AppleWebKit/537.36 (KHTML, like Gecko) Chrome/151.0.7922.173 Mobile Safari/537.36 (compatible; GoogleOther)"
66.249.74.194 - - [27/Aug/2026:00:49:57 -0700] "GET /?m=91542675888 HTTP/1.1" 200 63252 "-" "Mozilla/5.0 (Linux; Android 6.0.1; Nexus 5X Build/MMB29P) AppleWebKit/537.36 (KHTML, like Gecko) Chrome/151.0.7922.173 Mobile Safari/537.36 (compatible; GoogleOther)"
216.73.217.53 - - [27/Aug/2026:00:49:58 -0700] "GET /2026/08/27/best-online-slots-games-2026-enjoy-ports-for-real-money/ HTTP/2.0" 200 26117 "-" "Mozilla/5.0 AppleWebKit/537.36 (KHTML, like Gecko; compatible; ClaudeBot/1.0; +claudebot@anthropic.com)"
66.249.74.193 - - [27/Aug/2026:00:50:01 -0700] "GET /?m=13897175167 HTTP/1.1" 200 63479 "-" "Mozilla/5.0 (Linux; Android 6.0.1; Nexus 5X Build/MMB29P) AppleWebKit/537.36 (KHTML, like Gecko) Chrome/151.0.7922.173 Mobile Safari/537.36 (compatible; GoogleOther)"
66.249.74.193 - - [27/Aug/2026:00:50:04 -0700] "GET /shop.php?e=91886257700688 HTTP/1.1" 200 26898 "-" "Mozilla/5.0 (Linux; Android 6.0.1; Nexus 5X Build/MMB29P) AppleWebKit/537.36 (KHTML, like Gecko) Chrome/151.0.7922.173 Mobile Safari/537.36 (compatible; GoogleOther)"
66.249.74.193 - - [27/Aug/2026:00:50:08 -0700] "GET /goods.php?f=23160746412 HTTP/1.1" 200 27719 "-" "Mozilla/5.0 (Linux; Android 6.0.1; Nexus 5X Build/MMB29P) AppleWebKit/537.36 (KHTML, like Gecko) Chrome/151.0.7922.173 Mobile Safari/537.36 (compatible; GoogleOther)"
66.249.74.192 - - [27/Aug/2026:00:50:09 -0700] "GET /?m=76391826877 HTTP/1.1" 200 63599 "-" "Mozilla/5.0 (Linux; Android 6.0.1; Nexus 5X Build/MMB29P) AppleWebKit/537.36 (KHTML, like Gecko) Chrome/151.0.7922.173 Mobile Safari/537.36 (compatible; Googlebot/2.1; +http://www.google.com/bot.html)"
66.249.74.192 - - [27/Aug/2026:00:50:11 -0700] "GET /shop.php?e=8026074175907 HTTP/1.1" 200 31468 "-" "Mozilla/5.0 (Linux; Android 6.0.1; Nexus 5X Build/MMB29P) AppleWebKit/537.36 (KHTML, like Gecko) Chrome/151.0.7922.173 Mobile Safari/537.36 (compatible; GoogleOther)"
66.249.74.192 - - [27/Aug/2026:00:50:13 -0700] "GET /?m=4925229218 HTTP/1.1" 200 57953 "-" "Mozilla/5.0 (Linux; Android 6.0.1; Nexus 5X Build/MMB29P) AppleWebKit/537.36 (KHTML, like Gecko) Chrome/151.0.7922.173 Mobile Safari/537.36 (compatible; Googlebot/2.1; +http://www.google.com/bot.html)"
66.249.74.192 - - [27/Aug/2026:00:50:13 -0700] "GET /?m=62975650045 HTTP/1.1" 200 58843 "-" "Mozilla/5.0 (Linux; Android 6.0.1; Nexus 5X Build/MMB29P) AppleWebKit/537.36 (KHTML, like Gecko) Chrome/151.0.7922.173 Mobile Safari/537.36 (compatible; Googlebot/2.1; +http://www.google.com/bot.html)"
66.249.74.192 - - [27/Aug/2026:00:50:14 -0700] "GET /?m=97073746999 HTTP/1.1" 200 59660 "-" "Mozilla/5.0 (Linux; Android 6.0.1; Nexus 5X Build/MMB29P) AppleWebKit/537.36 (KHTML, like Gecko) Chrome/151.0.7922.173 Mobile Safari/537.36 (compatible; GoogleOther)"
66.249.74.193 - - [27/Aug/2026:00:50:17 -0700] "GET /shop.php?e=88769873884745 HTTP/1.1" 200 31729 "-" "Mozilla/5.0 (Linux; Android 6.0.1; Nexus 5X Build/MMB29P) AppleWebKit/537.36 (KHTML, like Gecko) Chrome/151.0.7922.173 Mobile Safari/537.36 (compatible; GoogleOther)"
57.141.0.46 - - [27/Aug/2026:00:50:19 -0700] "GET /?m=41503466201 HTTP/2.0" 200 19796 "-" "Mozilla/5.0 (Windows NT 10.0; Win64; x64) AppleWebKit/537.36 (KHTML, like Gecko) Chrome/145.0.0.0 Safari/537.36 (compatible; meta-externalagent/1.1 (+https://developers.facebook.com/docs/sharing/webmasters/crawler))"
216.73.217.53 - - [27/Aug/2026:00:50:19 -0700] "GET /2026/08/27/no-deposit-added-bonus-requirements-dolphins-pearl-online-slot-us-affirmed-offers-august-2026/ HTTP/2.0" 200 24894 "-" "Mozilla/5.0 AppleWebKit/537.36 (KHTML, like Gecko; compatible; ClaudeBot/1.0; +claudebot@anthropic.com)"
66.249.74.193 - - [27/Aug/2026:00:50:21 -0700] "GET /?m=36453449329 HTTP/1.1" 200 57810 "-" "Mozilla/5.0 (Linux; Android 6.0.1; Nexus 5X Build/MMB29P) AppleWebKit/537.36 (KHTML, like Gecko) Chrome/151.0.7922.173 Mobile Safari/537.36 (compatible; GoogleOther)"
66.249.74.192 - - [27/Aug/2026:00:50:24 -0700] "GET /goods.php?q=84862628921 HTTP/1.1" 200 33755 "-" "Mozilla/5.0 (Linux; Android 6.0.1; Nexus 5X Build/MMB29P) AppleWebKit/537.36 (KHTML, like Gecko) Chrome/151.0.7922.173 Mobile Safari/537.36 (compatible; GoogleOther)"
114.119.145.7 - - [27/Aug/2026:00:50:30 -0700] "GET /2026/08/23/issleduem-preimushchestva-kazino-mostbet-v-sravnenii-s-drugimi-populiarnymi/ HTTP/1.1" 200 29427 "https://www.ablogformylove.com/2026/08/23/casino-non-aams-should-you-play-casino-games-there-3/" "Mozilla/5.0 (Linux; Android 7.0;) AppleWebKit/537.36 (HTML, like Gecko) Mobile Safari/537.36 (compatible; PetalBot;+https://webmaster.petalsearch.com/site/petalbot)"
66.249.74.193 - - [27/Aug/2026:00:50:31 -0700] "GET /?m=15205201867 HTTP/1.1" 200 63923 "-" "Mozilla/5.0 (Linux; Android 6.0.1; Nexus 5X Build/MMB29P) AppleWebKit/537.36 (KHTML, like Gecko) Chrome/151.0.7922.173 Mobile Safari/537.36 (compatible; GoogleOther)"
216.73.217.53 - - [27/Aug/2026:00:50:33 -0700] "GET /2026/08/27/greatest-no-deposit-bonus-gambling-enterprises-inside-richville-download-app-the-canada-2026/ HTTP/2.0" 200 25261 "-" "Mozilla/5.0 AppleWebKit/537.36 (KHTML, like Gecko; compatible; ClaudeBot/1.0; +claudebot@anthropic.com)"
66.249.74.192 - - [27/Aug/2026:00:50:38 -0700] "GET /?m=94574383639 HTTP/1.1" 200 63310 "-" "Mozilla/5.0 (Linux; Android 6.0.1; Nexus 5X Build/MMB29P) AppleWebKit/537.36 (KHTML, like Gecko) Chrome/151.0.7922.173 Mobile Safari/537.36 (compatible; GoogleOther)"
66.249.74.194 - - [27/Aug/2026:00:50:44 -0700] "GET /ajax/productstorestocklist/?sku=65909542201&pref_cd= HTTP/1.1" 200 64402 "-" "Mozilla/5.0 (Linux; Android 6.0.1; Nexus 5X Build/MMB29P) AppleWebKit/537.36 (KHTML, like Gecko) Chrome/151.0.7922.173 Mobile Safari/537.36 (compatible; Googlebot/2.1; +http://www.google.com/bot.html)"
66.249.74.194 - - [27/Aug/2026:00:50:50 -0700] "GET /shop.php?e=29414589934626 HTTP/1.1" 200 32481 "-" "Mozilla/5.0 (Linux; Android 6.0.1; Nexus 5X Build/MMB29P) AppleWebKit/537.36 (KHTML, like Gecko) Chrome/151.0.7922.173 Mobile Safari/537.36 (compatible; GoogleOther)"
216.73.217.53 - - [27/Aug/2026:00:50:51 -0700] "GET /2026/08/27/finest-pokies-incentives-2026-most-significant-bien-au-casino-incentives/ HTTP/2.0" 200 25320 "-" "Mozilla/5.0 AppleWebKit/537.36 (KHTML, like Gecko; compatible; ClaudeBot/1.0; +claudebot@anthropic.com)"
66.249.74.193 - - [27/Aug/2026:00:50:53 -0700] "GET /?m=51810763818 HTTP/1.1" 200 63197 "-" "Mozilla/5.0 (Linux; Android 6.0.1; Nexus 5X Build/MMB29P) AppleWebKit/537.36 (KHTML, like Gecko) Chrome/151.0.7922.173 Mobile Safari/537.36 (compatible; GoogleOther)"
66.249.74.192 - - [27/Aug/2026:00:50:56 -0700] "GET /goods.php?a=85881198112 HTTP/1.1" 200 32719 "-" "Mozilla/5.0 (Linux; Android 6.0.1; Nexus 5X Build/MMB29P) AppleWebKit/537.36 (KHTML, like Gecko) Chrome/151.0.7922.173 Mobile Safari/537.36 (compatible; GoogleOther)"
66.249.74.193 - - [27/Aug/2026:00:50:59 -0700] "GET /shop.php?e=36922160225516 HTTP/1.1" 200 32752 "-" "Mozilla/5.0 (Linux; Android 6.0.1; Nexus 5X Build/MMB29P) AppleWebKit/537.36 (KHTML, like Gecko) Chrome/151.0.7922.173 Mobile Safari/537.36 (compatible; GoogleOther)"
66.249.74.192 - - [27/Aug/2026:00:51:03 -0700] "GET /shop.php?e=81477158614299 HTTP/1.1" 200 31871 "-" "Mozilla/5.0 (Linux; Android 6.0.1; Nexus 5X Build/MMB29P) AppleWebKit/537.36 (KHTML, like Gecko) Chrome/151.0.7922.173 Mobile Safari/537.36 (compatible; Googlebot/2.1; +http://www.google.com/bot.html)"
66.249.74.192 - - [27/Aug/2026:00:51:06 -0700] "GET /shop.php?e=19490182170811 HTTP/1.1" 200 31956 "-" "Mozilla/5.0 (Linux; Android 6.0.1; Nexus 5X Build/MMB29P) AppleWebKit/537.36 (KHTML, like Gecko) Chrome/151.0.7922.173 Mobile Safari/537.36 (compatible; GoogleOther)"
57.141.0.19 - - [27/Aug/2026:00:51:06 -0700] "GET /?m=10376220616 HTTP/2.0" 200 19796 "-" "Mozilla/5.0 (Windows NT 10.0; Win64; x64) AppleWebKit/537.36 (KHTML, like Gecko) Chrome/145.0.0.0 Safari/537.36 (compatible; meta-externalagent/1.1 (+https://developers.facebook.com/docs/sharing/webmasters/crawler))"
216.73.217.53 - - [27/Aug/2026:00:51:07 -0700] "GET /2026/08/27/10-finest-web-based-casinos-the-real-deal-money-united-states-the-site-inside-2026/ HTTP/2.0" 200 24652 "-" "Mozilla/5.0 AppleWebKit/537.36 (KHTML, like Gecko; compatible; ClaudeBot/1.0; +claudebot@anthropic.com)"
66.249.74.192 - - [27/Aug/2026:00:51:09 -0700] "GET /shop.php?e=43828373363087 HTTP/1.1" 200 27418 "-" "Mozilla/5.0 (Linux; Android 6.0.1; Nexus 5X Build/MMB29P) AppleWebKit/537.36 (KHTML, like Gecko) Chrome/151.0.7922.173 Mobile Safari/537.36 (compatible; GoogleOther)"
66.249.74.192 - - [27/Aug/2026:00:51:14 -0700] "GET /?m=32836415383 HTTP/1.1" 200 58396 "-" "Mozilla/5.0 (Linux; Android 6.0.1; Nexus 5X Build/MMB29P) AppleWebKit/537.36 (KHTML, like Gecko) Chrome/151.0.7922.173 Mobile Safari/537.36 (compatible; GoogleOther)"
66.249.74.192 - - [27/Aug/2026:00:51:17 -0700] "GET /shop.php?e=46218252128741 HTTP/1.1" 200 26677 "-" "Mozilla/5.0 (Linux; Android 6.0.1; Nexus 5X Build/MMB29P) AppleWebKit/537.36 (KHTML, like Gecko) Chrome/151.0.7922.173 Mobile Safari/537.36 (compatible; GoogleOther)"
66.249.74.192 - - [27/Aug/2026:00:51:20 -0700] "GET /?m=31848820091 HTTP/1.1" 200 58015 "-" "Mozilla/5.0 (Linux; Android 6.0.1; Nexus 5X Build/MMB29P) AppleWebKit/537.36 (KHTML, like Gecko) Chrome/151.0.7922.173 Mobile Safari/537.36 (compatible; GoogleOther)"
66.249.74.192 - - [27/Aug/2026:00:51:23 -0700] "GET /shop.php?e=37384961789610 HTTP/1.1" 200 27504 "-" "Mozilla/5.0 (Linux; Android 6.0.1; Nexus 5X Build/MMB29P) AppleWebKit/537.36 (KHTML, like Gecko) Chrome/151.0.7922.173 Mobile Safari/537.36 (compatible; GoogleOther)"
66.249.74.193 - - [27/Aug/2026:00:51:27 -0700] "GET /?m=62691295613 HTTP/1.1" 200 63119 "-" "Mozilla/5.0 (Linux; Android 6.0.1; Nexus 5X Build/MMB29P) AppleWebKit/537.36 (KHTML, like Gecko) Chrome/151.0.7922.173 Mobile Safari/537.36 (compatible; GoogleOther)"
216.73.217.53 - - [27/Aug/2026:00:51:28 -0700] "GET /2026/08/27/greatest-crypto-online-casinos-2026-finest-cryptocurrency-casino-black-diamond-casino-bonuses/ HTTP/2.0" 200 24014 "-" "Mozilla/5.0 AppleWebKit/537.36 (KHTML, like Gecko; compatible; ClaudeBot/1.0; +claudebot@anthropic.com)"
66.249.74.192 - - [27/Aug/2026:00:51:33 -0700] "GET /?m=88906748736 HTTP/1.1" 200 69299 "-" "Mozilla/5.0 (Linux; Android 6.0.1; Nexus 5X Build/MMB29P) AppleWebKit/537.36 (KHTML, like Gecko) Chrome/151.0.7922.173 Mobile Safari/537.36 (compatible; GoogleOther)"
66.249.74.193 - - [27/Aug/2026:00:51:40 -0700] "GET /?m=81672396056 HTTP/1.1" 200 63091 "-" "Mozilla/5.0 (Linux; Android 6.0.1; Nexus 5X Build/MMB29P) AppleWebKit/537.36 (KHTML, like Gecko) Chrome/151.0.7922.173 Mobile Safari/537.36 (compatible; GoogleOther)"
46.6.119.93 - - [27/Aug/2026:00:51:40 -0700] "POST /xmlrpc.php HTTP/1.1" 200 5046 "-" "Mozilla/5.0 (Macintosh; Intel Mac OS X 10_15_7) AppleWebKit/605.1.15 (KHTML, like Gecko) Version/17.6 Safari/605.1.15"
66.249.74.193 - - [27/Aug/2026:00:51:43 -0700] "GET /?m=62024029263 HTTP/1.1" 200 59129 "-" "Mozilla/5.0 (Linux; Android 6.0.1; Nexus 5X Build/MMB29P) AppleWebKit/537.36 (KHTML, like Gecko) Chrome/151.0.7922.173 Mobile Safari/537.36 (compatible; GoogleOther)"
75.119.195.61 - - [27/Aug/2026:00:51:41 -0700] "POST /wp-cron.php?doing_wp_cron=1787817100.9252309799194335937500 HTTP/1.1" 200 6592 "-" "WordPress/7.1; https://www.ablogformylove.com"
46.6.119.93 - - [27/Aug/2026:00:51:44 -0700] "POST /xmlrpc.php HTTP/1.1" 200 5614 "-" "Mozilla/5.0 (Windows NT 10.0; Win64; x64) AppleWebKit/537.36 (KHTML, like Gecko) Chrome/136.0.0.0 Safari/537.36 Edg/136.0.0.0"
66.249.74.193 - - [27/Aug/2026:00:51:46 -0700] "GET /goods.php?k=52452520389 HTTP/1.1" 200 28139 "-" "Mozilla/5.0 (Linux; Android 6.0.1; Nexus 5X Build/MMB29P) AppleWebKit/537.36 (KHTML, like Gecko) Chrome/151.0.7922.173 Mobile Safari/537.36 (compatible; GoogleOther)"
46.6.119.93 - - [27/Aug/2026:00:51:47 -0700] "GET /2026/08/27/funciona-500-tragamonedas-gratuito-bonos-1xslot-sin-registrarte/ HTTP/1.1" 200 25810 "-" "Mozilla/5.0 (Windows NT 10.0; Win64; x64) AppleWebKit/537.36 (KHTML, like Gecko) Chrome/134.0.0.0 YaBrowser/25.4.0.0 Safari/537.36"
66.249.74.193 - - [27/Aug/2026:00:51:50 -0700] "GET /?m=47445026650 HTTP/1.1" 200 58160 "-" "Mozilla/5.0 (Linux; Android 6.0.1; Nexus 5X Build/MMB29P) AppleWebKit/537.36 (KHTML, like Gecko) Chrome/151.0.7922.173 Mobile Safari/537.36 (compatible; GoogleOther)"
66.249.74.193 - - [27/Aug/2026:00:51:52 -0700] "GET /?m=90757146734 HTTP/1.1" 200 62622 "-" "Mozilla/5.0 (Linux; Android 6.0.1; Nexus 5X Build/MMB29P) AppleWebKit/537.36 (KHTML, like Gecko) Chrome/151.0.7922.173 Mobile Safari/537.36 (compatible; Googlebot/2.1; +http://www.google.com/bot.html)"
66.249.74.192 - - [27/Aug/2026:00:51:53 -0700] "GET /shop.php?e=37925579088428 HTTP/1.1" 200 31926 "-" "Mozilla/5.0 (Linux; Android 6.0.1; Nexus 5X Build/MMB29P) AppleWebKit/537.36 (KHTML, like Gecko) Chrome/151.0.7922.173 Mobile Safari/537.36 (compatible; GoogleOther)"
114.119.146.219 - - [27/Aug/2026:00:51:55 -0700] "GET /2016/01/26 HTTP/1.1" 200 6553 "https://ablogformylove.com/2016/01/26" "Mozilla/5.0 (Linux; Android 7.0;) AppleWebKit/537.36 (HTML, like Gecko) Mobile Safari/537.36 (compatible; PetalBot;+https://webmaster.petalsearch.com/site/petalbot)"
66.249.74.193 - - [27/Aug/2026:00:51:57 -0700] "GET /ajax/productstorestocklist/?sku=71905336452&my_store=1 HTTP/1.1" 200 63186 "-" "Mozilla/5.0 (compatible; Googlebot/2.1; +http://www.google.com/bot.html)"
66.249.74.192 - - [27/Aug/2026:00:51:57 -0700] "GET /shop.php?e=22391581683502 HTTP/1.1" 200 27399 "-" "Mozilla/5.0 (Linux; Android 6.0.1; Nexus 5X Build/MMB29P) AppleWebKit/537.36 (KHTML, like Gecko) Chrome/151.0.7922.173 Mobile Safari/537.36 (compatible; GoogleOther)"
66.249.74.193 - - [27/Aug/2026:00:52:01 -0700] "GET /shop.php?e=61225255557782 HTTP/1.1" 200 32954 "-" "Mozilla/5.0 (Linux; Android 6.0.1; Nexus 5X Build/MMB29P) AppleWebKit/537.36 (KHTML, like Gecko) Chrome/151.0.7922.173 Mobile Safari/537.36 (compatible; GoogleOther)"
66.249.74.192 - - [27/Aug/2026:00:52:06 -0700] "GET /?m=23837406383 HTTP/1.1" 200 64290 "-" "Mozilla/5.0 (Linux; Android 6.0.1; Nexus 5X Build/MMB29P) AppleWebKit/537.36 (KHTML, like Gecko) Chrome/151.0.7922.173 Mobile Safari/537.36 (compatible; GoogleOther)"
216.73.217.53 - - [27/Aug/2026:00:52:11 -0700] "GET /2026/08/27/better-online-casinos-one-to-spend-real-money-february-sherlock-holmes-rtp-casino-2026-inform/ HTTP/2.0" 200 24532 "-" "Mozilla/5.0 AppleWebKit/537.36 (KHTML, like Gecko; compatible; ClaudeBot/1.0; +claudebot@anthropic.com)"
66.249.74.192 - - [27/Aug/2026:00:52:16 -0700] "GET /?m=40997852571 HTTP/1.1" 200 65095 "-" "Mozilla/5.0 (Linux; Android 6.0.1; Nexus 5X Build/MMB29P) AppleWebKit/537.36 (KHTML, like Gecko) Chrome/151.0.7922.173 Mobile Safari/537.36 (compatible; GoogleOther)"
57.141.0.29 - - [27/Aug/2026:00:52:17 -0700] "GET /?m=14355666138 HTTP/2.0" 200 19796 "-" "Mozilla/5.0 (Windows NT 10.0; Win64; x64) AppleWebKit/537.36 (KHTML, like Gecko) Chrome/145.0.0.0 Safari/537.36 (compatible; meta-externalagent/1.1 (+https://developers.facebook.com/docs/sharing/webmasters/crawler))"
66.249.74.192 - - [27/Aug/2026:00:52:19 -0700] "GET /shop.php?e=10944417163826 HTTP/1.1" 200 27394 "-" "Mozilla/5.0 (Linux; Android 6.0.1; Nexus 5X Build/MMB29P) AppleWebKit/537.36 (KHTML, like Gecko) Chrome/151.0.7922.173 Mobile Safari/537.36 (compatible; GoogleOther)"
66.249.74.192 - - [27/Aug/2026:00:52:23 -0700] "GET /goods.php?m=84737037754 HTTP/1.1" 200 28702 "-" "Mozilla/5.0 (Linux; Android 6.0.1; Nexus 5X Build/MMB29P) AppleWebKit/537.36 (KHTML, like Gecko) Chrome/151.0.7922.173 Mobile Safari/537.36 (compatible; GoogleOther)"
66.249.74.192 - - [27/Aug/2026:00:52:26 -0700] "GET /?m=12932575051 HTTP/1.1" 200 58211 "-" "Mozilla/5.0 (Linux; Android 6.0.1; Nexus 5X Build/MMB29P) AppleWebKit/537.36 (KHTML, like Gecko) Chrome/151.0.7922.173 Mobile Safari/537.36 (compatible; GoogleOther)"
66.249.74.192 - - [27/Aug/2026:00:52:29 -0700] "GET /?m=82754814538 HTTP/1.1" 200 57892 "-" "Mozilla/5.0 (Linux; Android 6.0.1; Nexus 5X Build/MMB29P) AppleWebKit/537.36 (KHTML, like Gecko) Chrome/151.0.7922.173 Mobile Safari/537.36 (compatible; GoogleOther)"
66.249.74.192 - - [27/Aug/2026:00:52:30 -0700] "GET /kaden/mtalk/?sku=62296665331 HTTP/1.1" 200 59171 "-" "Mozilla/5.0 (Linux; Android 6.0.1; Nexus 5X Build/MMB29P) AppleWebKit/537.36 (KHTML, like Gecko) Chrome/151.0.7922.173 Mobile Safari/537.36 (compatible; Googlebot/2.1; +http://www.google.com/bot.html)"
66.249.74.192 - - [27/Aug/2026:00:52:32 -0700] "GET /?m=33846936708 HTTP/1.1" 200 58105 "-" "Mozilla/5.0 (Linux; Android 6.0.1; Nexus 5X Build/MMB29P) AppleWebKit/537.36 (KHTML, like Gecko) Chrome/151.0.7922.173 Mobile Safari/537.36 (compatible; GoogleOther)"
66.249.74.193 - - [27/Aug/2026:00:52:36 -0700] "GET /?m=46115859830 HTTP/1.1" 200 63314 "-" "Mozilla/5.0 (Linux; Android 6.0.1; Nexus 5X Build/MMB29P) AppleWebKit/537.36 (KHTML, like Gecko) Chrome/151.0.7922.173 Mobile Safari/537.36 (compatible; GoogleOther)"
66.249.74.192 - - [27/Aug/2026:00:52:39 -0700] "GET /shop.php?e=77730802909679 HTTP/1.1" 200 31889 "-" "Mozilla/5.0 (Linux; Android 6.0.1; Nexus 5X Build/MMB29P) AppleWebKit/537.36 (KHTML, like Gecko) Chrome/151.0.7922.173 Mobile Safari/537.36 (compatible; GoogleOther)"
66.249.74.193 - - [27/Aug/2026:00:52:43 -0700] "GET /?m=56941551111 HTTP/1.1" 200 62584 "-" "Mozilla/5.0 (Linux; Android 6.0.1; Nexus 5X Build/MMB29P) AppleWebKit/537.36 (KHTML, like Gecko) Chrome/151.0.7922.173 Mobile Safari/537.36 (compatible; GoogleOther)"
66.249.74.193 - - [27/Aug/2026:00:52:46 -0700] "GET /pc/index.php?m=70257635919 HTTP/1.1" 200 58634 "-" "Mozilla/5.0 (Linux; Android 6.0.1; Nexus 5X Build/MMB29P) AppleWebKit/537.36 (KHTML, like Gecko) Chrome/151.0.7922.173 Mobile Safari/537.36 (compatible; GoogleOther)"
216.73.217.53 - - [27/Aug/2026:00:52:47 -0700] "GET /2026/08/27/top-casinos-one-deal-with-zimpler-in-casino-betburda-instant-play-america/ HTTP/2.0" 200 25304 "-" "Mozilla/5.0 AppleWebKit/537.36 (KHTML, like Gecko; compatible; ClaudeBot/1.0; +claudebot@anthropic.com)"
121.229.156.26 - - [27/Aug/2026:00:52:45 -0700] "GET / HTTP/1.1" 200 29588 "-" "Sogou web spider/4.0(+http://www.sogou.com/docs/help/webmasters.htm#07)"
66.249.74.194 - - [27/Aug/2026:00:52:54 -0700] "GET /shop.php?e=78160267127145 HTTP/1.1" 200 31748 "-" "Mozilla/5.0 (Linux; Android 6.0.1; Nexus 5X Build/MMB29P) AppleWebKit/537.36 (KHTML, like Gecko) Chrome/151.0.7922.173 Mobile Safari/537.36 (compatible; GoogleOther)"
