216.73.217.53 - - [27/Aug/2026:02:46:46 -0700] "GET /2026/08/27/100-percent-free-spins-no-deposit-8500-betvictor-casino-free-spins-during-the-real-money-gambling-enterprises/ HTTP/2.0" 200 24264 "-" "Mozilla/5.0 AppleWebKit/537.36 (KHTML, like Gecko; compatible; ClaudeBot/1.0; +claudebot@anthropic.com)"
216.73.217.53 - - [27/Aug/2026:02:46:47 -0700] "GET /2026/08/27/no-deposit-100-island-eyes-1-deposit-percent-free-revolves-to-own-pretty-cat-by-online-game-around-the-world/feed/ HTTP/2.0" 200 2050 "-" "Mozilla/5.0 AppleWebKit/537.36 (KHTML, like Gecko; compatible; ClaudeBot/1.0; +claudebot@anthropic.com)"
193.70.33.35 - - [27/Aug/2026:02:46:47 -0700] "GET /2026/08/27/cashman-casino-ports-game-programs-online-enjoy/feed/ HTTP/1.1" 200 6788 "-" "Mozilla/5.0 (compatible; MJ12bot/v1.4.8; http://mj12bot.com/)"
66.249.74.194 - - [27/Aug/2026:02:46:47 -0700] "GET /?tags/%E8%AA%B0%E3%81%8B%E6%8C%81%E3%81%A3%E3%81%A6%E8%A1%8C%E3%81%A3%E3%81%A6%EF%BC%81%E7%A0%B4%E6%A0%BC%EF%BC%81%E5%86%B7%E8%94%B5%E5%BA%AB%E5%AE%89%E3%81%8F%E8%AD%B2%E3%82%8A%E3%81%BE%E3%81%99%EF%BC%81%E5%80%A4%E4%B8%8B%E3%81%92%E3%81%97%E3%81%BE%E3%81%97%E3%81%9F%EF%BC%81%E3%81%94%E7%9B%B8%E8%AB%87%E3%81%8F%E3%81%A0%E3%81%95%E3%81%84%EF%BC%81 HTTP/1.1" 200 63817 "-" "Mozilla/5.0 (Linux; Android 6.0.1; Nexus 5X Build/MMB29P) AppleWebKit/537.36 (KHTML, like Gecko) Chrome/151.0.7922.173 Mobile Safari/537.36 (compatible; Googlebot/2.1; +http://www.google.com/bot.html)"
216.73.217.53 - - [27/Aug/2026:02:46:48 -0700] "GET /2026/08/27/no-deposit-free-spins-august-2026-royalgame-casino-australia-100-free-revolves-now-offers-to-the-indication-up-in-britain/feed/ HTTP/2.0" 200 2056 "-" "Mozilla/5.0 AppleWebKit/537.36 (KHTML, like Gecko; compatible; ClaudeBot/1.0; +claudebot@anthropic.com)"
216.73.217.53 - - [27/Aug/2026:02:46:47 -0700] "GET /2026/08/27/peace-slot-by-the-microgaming-casino-red-stag-casino-sign-up-bonus-remark-enjoy-on-the-web-at-no-cost/ HTTP/2.0" 200 24891 "-" "Mozilla/5.0 AppleWebKit/537.36 (KHTML, like Gecko; compatible; ClaudeBot/1.0; +claudebot@anthropic.com)"
216.73.217.53 - - [27/Aug/2026:02:46:48 -0700] "GET /2026/08/27/greatest-australian-on-the-web-pokies-payout-slots-real-money-2026-greatest-a-real-income-pokies-websites/feed/ HTTP/2.0" 200 1974 "-" "Mozilla/5.0 AppleWebKit/537.36 (KHTML, like Gecko; compatible; ClaudeBot/1.0; +claudebot@anthropic.com)"
216.73.217.53 - - [27/Aug/2026:02:46:48 -0700] "GET /2026/08/27/pirates-charm-totally-free-pokies-game-away-from-casino-ignition-100-free-spins-quickspin-that-have-limitless-loans/feed/ HTTP/2.0" 200 2005 "-" "Mozilla/5.0 AppleWebKit/537.36 (KHTML, like Gecko; compatible; ClaudeBot/1.0; +claudebot@anthropic.com)"
216.73.217.53 - - [27/Aug/2026:02:46:48 -0700] "GET /2026/08/27/finest-free-spins-no-deposit-incentives-to-possess-2026-winnings-real-cash/feed/ HTTP/2.0" 200 1956 "-" "Mozilla/5.0 AppleWebKit/537.36 (KHTML, like Gecko; compatible; ClaudeBot/1.0; +claudebot@anthropic.com)"
216.73.217.53 - - [27/Aug/2026:02:46:48 -0700] "GET /2026/08/27/greatest-christmas-time-casino-incentives-mamamia-bingo-casino-game-2026-casino-christmas-diary/ HTTP/2.0" 200 24304 "-" "Mozilla/5.0 AppleWebKit/537.36 (KHTML, like Gecko; compatible; ClaudeBot/1.0; +claudebot@anthropic.com)"
66.249.74.193 - - [27/Aug/2026:02:46:49 -0700] "GET /goods.php?e=75052031419 HTTP/1.1" 200 28407 "-" "Mozilla/5.0 (Linux; Android 6.0.1; Nexus 5X Build/MMB29P) AppleWebKit/537.36 (KHTML, like Gecko) Chrome/151.0.7922.173 Mobile Safari/537.36 (compatible; GoogleOther)"
216.73.217.53 - - [27/Aug/2026:02:46:49 -0700] "GET /2026/08/27/leovegas-casino-opinion-1100000-deposit-fits-a-hundred-100-percent-free-revolves-within-the-2026/ HTTP/2.0" 200 23364 "-" "Mozilla/5.0 AppleWebKit/537.36 (KHTML, like Gecko; compatible; ClaudeBot/1.0; +claudebot@anthropic.com)"
216.73.217.53 - - [27/Aug/2026:02:46:49 -0700] "GET /2026/08/27/better-ten-put-gambling-tiki-torch-pokie-for-money-establishment-incentives-uk-contrast-better-also-offers/feed/ HTTP/2.0" 200 1989 "-" "Mozilla/5.0 AppleWebKit/537.36 (KHTML, like Gecko; compatible; ClaudeBot/1.0; +claudebot@anthropic.com)"
193.70.33.35 - - [27/Aug/2026:02:46:49 -0700] "GET /2026/08/27/coin-grasp-totally-free-spins-the-current-website-links-august-2026/ HTTP/1.1" 200 30273 "-" "Mozilla/5.0 (compatible; MJ12bot/v1.4.8; http://mj12bot.com/)"
216.73.217.53 - - [27/Aug/2026:02:46:50 -0700] "GET /2026/08/27/ramses-primebetz-original-app-revenge-relax-gambling-trial-and-you-will-slot-remark/feed/ HTTP/2.0" 200 2026 "-" "Mozilla/5.0 AppleWebKit/537.36 (KHTML, like Gecko; compatible; ClaudeBot/1.0; +claudebot@anthropic.com)"
216.73.217.53 - - [27/Aug/2026:02:46:50 -0700] "GET /2026/08/27/maquinas-infantilidade-slots-gratis-aquele-outros-jogos-puerilidade-cassino-jogue-online-ja/ HTTP/2.0" 200 25702 "-" "Mozilla/5.0 AppleWebKit/537.36 (KHTML, like Gecko; compatible; ClaudeBot/1.0; +claudebot@anthropic.com)"
216.73.217.53 - - [27/Aug/2026:02:46:50 -0700] "GET /2026/08/27/finest-no-put-online-casino-incentives-in-the-usa-august-2026/feed/ HTTP/2.0" 200 1943 "-" "Mozilla/5.0 AppleWebKit/537.36 (KHTML, like Gecko; compatible; ClaudeBot/1.0; +claudebot@anthropic.com)"
216.73.217.53 - - [27/Aug/2026:02:46:50 -0700] "GET /2026/08/27/best-on-line-slot-web-sites-in-the-usa-2026-enjoy-a-real-income-slots/ HTTP/2.0" 200 24295 "-" "Mozilla/5.0 AppleWebKit/537.36 (KHTML, like Gecko; compatible; ClaudeBot/1.0; +claudebot@anthropic.com)"
216.73.217.53 - - [27/Aug/2026:02:46:50 -0700] "GET /2026/08/27/funciona-500-tragamonedas-gratuito-bonos-1xslot-sin-registrarte/ HTTP/2.0" 200 25276 "-" "Mozilla/5.0 AppleWebKit/537.36 (KHTML, like Gecko; compatible; ClaudeBot/1.0; +claudebot@anthropic.com)"
216.73.217.53 - - [27/Aug/2026:02:46:50 -0700] "GET /2026/08/27/100-free-spins-no-deposit-southern-africa-2026-best-offers/ HTTP/2.0" 200 25011 "-" "Mozilla/5.0 AppleWebKit/537.36 (KHTML, like Gecko; compatible; ClaudeBot/1.0; +claudebot@anthropic.com)"
216.73.217.53 - - [27/Aug/2026:02:46:50 -0700] "GET /2026/08/27/koi-princess-demo-sus-particulares-asi-como-juego-de-balde-96-aprende-mas-20percent-rtp/ HTTP/2.0" 200 24806 "-" "Mozilla/5.0 AppleWebKit/537.36 (KHTML, like Gecko; compatible; ClaudeBot/1.0; +claudebot@anthropic.com)"
216.73.217.53 - - [27/Aug/2026:02:46:51 -0700] "GET /2026/08/27/ensaio-pressuroso-snatch-casino-acimade-portugal-acercade-2026-jogos-bonus-como-levantamentos/ HTTP/2.0" 200 25371 "-" "Mozilla/5.0 AppleWebKit/537.36 (KHTML, like Gecko; compatible; ClaudeBot/1.0; +claudebot@anthropic.com)"
216.73.217.53 - - [27/Aug/2026:02:46:51 -0700] "GET /2026/08/27/online-casino-mobile-app-im-test-spielerlebnis-jederzeit-und-uberall-geniessen/ HTTP/2.0" 200 24169 "-" "Mozilla/5.0 AppleWebKit/537.36 (KHTML, like Gecko; compatible; ClaudeBot/1.0; +claudebot@anthropic.com)"
193.70.33.35 - - [27/Aug/2026:02:46:52 -0700] "GET /2026/08/27/enjoy-100-percent-merry-xmas-rtp-slot-machine-free-golden-goddess-igt-slot-resources-and-pokies-guide/ HTTP/1.1" 200 30501 "-" "Mozilla/5.0 (compatible; MJ12bot/v1.4.8; http://mj12bot.com/)"
66.249.74.192 - - [27/Aug/2026:02:46:52 -0700] "GET /ajax/productstorestocklist/?sku=50429343041&my_store=1 HTTP/1.1" 200 63379 "-" "Mozilla/5.0 (Linux; Android 6.0.1; Nexus 5X Build/MMB29P) AppleWebKit/537.36 (KHTML, like Gecko) Chrome/151.0.7922.173 Mobile Safari/537.36 (compatible; GoogleOther)"
57.141.0.56 - - [27/Aug/2026:02:46:53 -0700] "GET /?m=46818152503 HTTP/2.0" 200 19797 "-" "Mozilla/5.0 (Windows NT 10.0; Win64; x64) AppleWebKit/537.36 (KHTML, like Gecko) Chrome/145.0.0.0 Safari/537.36 (compatible; meta-externalagent/1.1 (+https://developers.facebook.com/docs/sharing/webmasters/crawler))"
216.73.217.53 - - [27/Aug/2026:02:46:53 -0700] "GET /2026/08/27/mega-joker-position-review-100-percent-free-demonstration-2026/feed/ HTTP/2.0" 200 1986 "-" "Mozilla/5.0 AppleWebKit/537.36 (KHTML, like Gecko; compatible; ClaudeBot/1.0; +claudebot@anthropic.com)"
216.73.217.53 - - [27/Aug/2026:02:46:53 -0700] "GET /2026/08/27/totally-casino-dwarfs-gone-wild-rtp-free-spins-no-deposit-required/ HTTP/2.0" 200 25356 "-" "Mozilla/5.0 AppleWebKit/537.36 (KHTML, like Gecko; compatible; ClaudeBot/1.0; +claudebot@anthropic.com)"
216.73.217.53 - - [27/Aug/2026:02:46:53 -0700] "GET /2026/08/27/greatest-web-based-casinos-taking-boku-inside-the-play-book-of-oz-rtp-online-2026/ HTTP/2.0" 200 24995 "-" "Mozilla/5.0 AppleWebKit/537.36 (KHTML, like Gecko; compatible; ClaudeBot/1.0; +claudebot@anthropic.com)"
216.73.217.53 - - [27/Aug/2026:02:46:54 -0700] "GET /2026/08/27/aztec-riches-casino-opinion-incentives-profits-much-more/ HTTP/2.0" 200 25432 "-" "Mozilla/5.0 AppleWebKit/537.36 (KHTML, like Gecko; compatible; ClaudeBot/1.0; +claudebot@anthropic.com)"
216.73.217.53 - - [27/Aug/2026:02:46:54 -0700] "GET /2026/08/27/thunderbolt-casino-coupon-codes-2026-100-percent-free-chips-suits-incentives/feed/ HTTP/2.0" 200 1966 "-" "Mozilla/5.0 AppleWebKit/537.36 (KHTML, like Gecko; compatible; ClaudeBot/1.0; +claudebot@anthropic.com)"
216.73.217.53 - - [27/Aug/2026:02:46:54 -0700] "GET /2026/08/27/loud-free-revolves-as-you-get-up-to-500x-the-bet/feed/ HTTP/2.0" 200 1936 "-" "Mozilla/5.0 AppleWebKit/537.36 (KHTML, like Gecko; compatible; ClaudeBot/1.0; +claudebot@anthropic.com)"
216.73.217.53 - - [27/Aug/2026:02:46:55 -0700] "GET /2026/08/27/fifty-100-percent-24-casino-partner-app-free-revolves-also-offers/feed/ HTTP/2.0" 200 1997 "-" "Mozilla/5.0 AppleWebKit/537.36 (KHTML, like Gecko; compatible; ClaudeBot/1.0; +claudebot@anthropic.com)"
216.73.217.53 - - [27/Aug/2026:02:46:55 -0700] "GET /2026/08/27/finest-internet-casino-no-deposit-added-bonus-rules-2026/ HTTP/2.0" 200 25583 "-" "Mozilla/5.0 AppleWebKit/537.36 (KHTML, like Gecko; compatible; ClaudeBot/1.0; +claudebot@anthropic.com)"
216.73.217.53 - - [27/Aug/2026:02:46:55 -0700] "GET /2026/08/27/king-of-ones-nile-slots-tips-enjoy-next-and-win/ HTTP/2.0" 200 24940 "-" "Mozilla/5.0 AppleWebKit/537.36 (KHTML, like Gecko; compatible; ClaudeBot/1.0; +claudebot@anthropic.com)"
193.70.33.35 - - [27/Aug/2026:02:46:55 -0700] "GET /2026/08/27/ensaio-pressuroso-snatch-casino-acimade-portugal-acercade-2026-jogos-bonus-como-levantamentos/ HTTP/1.1" 200 30427 "-" "Mozilla/5.0 (compatible; MJ12bot/v1.4.8; http://mj12bot.com/)"
216.73.217.53 - - [27/Aug/2026:02:46:56 -0700] "GET /2026/08/27/fifty-free-revolves-no-deposit-%ef%b8%8f-2026-better-now-offers/feed/ HTTP/2.0" 200 2002 "-" "Mozilla/5.0 AppleWebKit/537.36 (KHTML, like Gecko; compatible; ClaudeBot/1.0; +claudebot@anthropic.com)"
66.249.74.195 - - [27/Aug/2026:02:46:56 -0700] "GET /ajax/productstorestocklist/?sku=20083667430&lat= HTTP/1.1" 200 63360 "-" "Mozilla/5.0 (Linux; Android 6.0.1; Nexus 5X Build/MMB29P) AppleWebKit/537.36 (KHTML, like Gecko) Chrome/151.0.7922.173 Mobile Safari/537.36 (compatible; GoogleOther)"
216.73.217.53 - - [27/Aug/2026:02:46:56 -0700] "GET /2026/08/27/finest-canadian-gambling-enterprise-websites/feed/ HTTP/2.0" 200 1918 "-" "Mozilla/5.0 AppleWebKit/537.36 (KHTML, like Gecko; compatible; ClaudeBot/1.0; +claudebot@anthropic.com)"
216.73.217.53 - - [27/Aug/2026:02:46:56 -0700] "GET /2026/08/27/safari-web-browser-primebetz-apk-login-wikipedia/ HTTP/2.0" 200 24857 "-" "Mozilla/5.0 AppleWebKit/537.36 (KHTML, like Gecko; compatible; ClaudeBot/1.0; +claudebot@anthropic.com)"
216.73.217.53 - - [27/Aug/2026:02:46:57 -0700] "GET /2026/08/27/best-no-deposit-added-bonus-codes-within-the-august-2026/feed/ HTTP/2.0" 200 1982 "-" "Mozilla/5.0 AppleWebKit/537.36 (KHTML, like Gecko; compatible; ClaudeBot/1.0; +claudebot@anthropic.com)"
216.73.217.53 - - [27/Aug/2026:02:46:58 -0700] "GET /2026/08/27/gamble-thunderstruck-position-96-ten-rtp-real-money-game/feed/ HTTP/2.0" 200 1986 "-" "Mozilla/5.0 AppleWebKit/537.36 (KHTML, like Gecko; compatible; ClaudeBot/1.0; +claudebot@anthropic.com)"
216.73.217.53 - - [27/Aug/2026:02:46:57 -0700] "GET /2026/08/27/play-fruit-blast-free-80-spins-for-totally-free/ HTTP/2.0" 200 24846 "-" "Mozilla/5.0 AppleWebKit/537.36 (KHTML, like Gecko; compatible; ClaudeBot/1.0; +claudebot@anthropic.com)"
216.73.217.53 - - [27/Aug/2026:02:46:58 -0700] "GET /robots.txt HTTP/2.0" 200 270 "-" "Mozilla/5.0 AppleWebKit/537.36 (KHTML, like Gecko; compatible; ClaudeBot/1.0; +claudebot@anthropic.com)"
216.73.217.53 - - [27/Aug/2026:02:46:58 -0700] "GET /2026/08/27/thunderstruck-on-the-web-demonstration-play-slots-at-no-cost/feed/ HTTP/2.0" 200 1939 "-" "Mozilla/5.0 AppleWebKit/537.36 (KHTML, like Gecko; compatible; ClaudeBot/1.0; +claudebot@anthropic.com)"
216.73.217.53 - - [27/Aug/2026:02:46:58 -0700] "GET /2026/08/27/learning-to-make-a-hyperlink-inside-3-extremely-fortune-frenzy-bonus-casino-simple-steps/ HTTP/2.0" 200 25808 "-" "Mozilla/5.0 AppleWebKit/537.36 (KHTML, like Gecko; compatible; ClaudeBot/1.0; +claudebot@anthropic.com)"
216.73.217.53 - - [27/Aug/2026:02:46:58 -0700] "GET /2026/08/27/100-first-put-bonus-nz-50-bonuses-2026/ HTTP/2.0" 200 24190 "-" "Mozilla/5.0 AppleWebKit/537.36 (KHTML, like Gecko; compatible; ClaudeBot/1.0; +claudebot@anthropic.com)"
193.70.33.35 - - [27/Aug/2026:02:46:58 -0700] "GET /2026/08/27/everyday-game-enjoy-free-desert-nights-top-online-casino-online-games-to-the-poki/ HTTP/1.1" 200 29577 "-" "Mozilla/5.0 (compatible; MJ12bot/v1.4.8; http://mj12bot.com/)"
216.73.217.53 - - [27/Aug/2026:02:46:58 -0700] "GET /2026/08/27/yahtzee-instant-faucet-light-wonder-comment/ HTTP/2.0" 200 24217 "-" "Mozilla/5.0 AppleWebKit/537.36 (KHTML, like Gecko; compatible; ClaudeBot/1.0; +claudebot@anthropic.com)"
216.73.217.53 - - [27/Aug/2026:02:46:58 -0700] "GET /2026/08/27/slot-rtp-database-2026-examine-11299-position-rtps/feed/ HTTP/2.0" 200 1929 "-" "Mozilla/5.0 AppleWebKit/537.36 (KHTML, like Gecko; compatible; ClaudeBot/1.0; +claudebot@anthropic.com)"
216.73.217.53 - - [27/Aug/2026:02:46:58 -0700] "GET /2026/08/27/official-position-trial-real-cash/ HTTP/2.0" 200 25594 "-" "Mozilla/5.0 AppleWebKit/537.36 (KHTML, like Gecko; compatible; ClaudeBot/1.0; +claudebot@anthropic.com)"
216.73.217.53 - - [27/Aug/2026:02:46:58 -0700] "GET /?m=3812634421 HTTP/2.0" 200 19689 "-" "Mozilla/5.0 AppleWebKit/537.36 (KHTML, like Gecko; compatible; ClaudeBot/1.0; +claudebot@anthropic.com)"
216.73.217.53 - - [27/Aug/2026:02:46:59 -0700] "GET /2026/08/27/phoenix-suns-wikipedia/feed/ HTTP/2.0" 200 1942 "-" "Mozilla/5.0 AppleWebKit/537.36 (KHTML, like Gecko; compatible; ClaudeBot/1.0; +claudebot@anthropic.com)"
216.73.217.53 - - [27/Aug/2026:02:46:58 -0700] "GET /?m=20460758096 HTTP/2.0" 200 19688 "-" "Mozilla/5.0 AppleWebKit/537.36 (KHTML, like Gecko; compatible; ClaudeBot/1.0; +claudebot@anthropic.com)"
216.73.217.53 - - [27/Aug/2026:02:46:59 -0700] "GET /?m=61581450172 HTTP/2.0" 200 19679 "-" "Mozilla/5.0 AppleWebKit/537.36 (KHTML, like Gecko; compatible; ClaudeBot/1.0; +claudebot@anthropic.com)"
216.73.217.53 - - [27/Aug/2026:02:46:59 -0700] "GET /?m=70883468861 HTTP/2.0" 200 19688 "-" "Mozilla/5.0 AppleWebKit/537.36 (KHTML, like Gecko; compatible; ClaudeBot/1.0; +claudebot@anthropic.com)"
216.73.217.53 - - [27/Aug/2026:02:46:59 -0700] "GET /2026/08/27/greatest-wikipedia/ HTTP/2.0" 200 25682 "-" "Mozilla/5.0 AppleWebKit/537.36 (KHTML, like Gecko; compatible; ClaudeBot/1.0; +claudebot@anthropic.com)"
66.249.74.192 - - [27/Aug/2026:02:46:59 -0700] "GET /ajax/productstorestocklist/?sku=67565190394&lat= HTTP/1.1" 200 63647 "-" "Mozilla/5.0 (Linux; Android 6.0.1; Nexus 5X Build/MMB29P) AppleWebKit/537.36 (KHTML, like Gecko) Chrome/151.0.7922.173 Mobile Safari/537.36 (compatible; GoogleOther)"
216.73.217.53 - - [27/Aug/2026:02:46:59 -0700] "GET /?m=56843113484 HTTP/2.0" 200 19688 "-" "Mozilla/5.0 AppleWebKit/537.36 (KHTML, like Gecko; compatible; ClaudeBot/1.0; +claudebot@anthropic.com)"
216.73.217.53 - - [27/Aug/2026:02:46:59 -0700] "GET /?m=89860885285 HTTP/2.0" 200 19688 "-" "Mozilla/5.0 AppleWebKit/537.36 (KHTML, like Gecko; compatible; ClaudeBot/1.0; +claudebot@anthropic.com)"
193.70.33.35 - - [27/Aug/2026:02:47:00 -0700] "GET /2026/08/27/examine-plans-and-you-can-break-da-bank-again-real-money-slots-costs/feed/ HTTP/1.1" 200 6821 "-" "Mozilla/5.0 (compatible; MJ12bot/v1.4.8; http://mj12bot.com/)"
216.73.217.53 - - [27/Aug/2026:02:47:00 -0700] "GET /sitemap.xml HTTP/2.0" 200 8434 "-" "Mozilla/5.0 AppleWebKit/537.36 (KHTML, like Gecko; compatible; ClaudeBot/1.0; +claudebot@anthropic.com)"
66.249.74.195 - - [27/Aug/2026:02:47:03 -0700] "GET /goods.php?n=16017978366 HTTP/1.1" 200 34715 "-" "Mozilla/5.0 (Linux; Android 6.0.1; Nexus 5X Build/MMB29P) AppleWebKit/537.36 (KHTML, like Gecko) Chrome/151.0.7922.173 Mobile Safari/537.36 (compatible; GoogleOther)"
193.70.33.35 - - [27/Aug/2026:02:47:03 -0700] "GET /2026/08/27/fat-santa-demo-gamble-free-slots-book-of-ra-slot-machine-at-the-high-com/feed/ HTTP/1.1" 200 6825 "-" "Mozilla/5.0 (compatible; MJ12bot/v1.4.8; http://mj12bot.com/)"
216.73.217.53 - - [27/Aug/2026:02:47:03 -0700] "GET /?m=32423684994 HTTP/2.0" 200 19762 "-" "Mozilla/5.0 AppleWebKit/537.36 (KHTML, like Gecko; compatible; ClaudeBot/1.0; +claudebot@anthropic.com)"
216.73.217.53 - - [27/Aug/2026:02:47:03 -0700] "GET /?m=72960405709 HTTP/2.0" 200 19688 "-" "Mozilla/5.0 AppleWebKit/537.36 (KHTML, like Gecko; compatible; ClaudeBot/1.0; +claudebot@anthropic.com)"
216.73.217.53 - - [27/Aug/2026:02:47:03 -0700] "GET /?m=75611241467 HTTP/2.0" 200 19688 "-" "Mozilla/5.0 AppleWebKit/537.36 (KHTML, like Gecko; compatible; ClaudeBot/1.0; +claudebot@anthropic.com)"
216.73.217.53 - - [27/Aug/2026:02:47:03 -0700] "GET /?m=37165501287 HTTP/2.0" 200 19688 "-" "Mozilla/5.0 AppleWebKit/537.36 (KHTML, like Gecko; compatible; ClaudeBot/1.0; +claudebot@anthropic.com)"
216.73.217.53 - - [27/Aug/2026:02:47:03 -0700] "GET /?m=28530905269 HTTP/2.0" 200 19688 "-" "Mozilla/5.0 AppleWebKit/537.36 (KHTML, like Gecko; compatible; ClaudeBot/1.0; +claudebot@anthropic.com)"
216.73.217.53 - - [27/Aug/2026:02:47:04 -0700] "GET /?m=80993269624 HTTP/2.0" 200 19725 "-" "Mozilla/5.0 AppleWebKit/537.36 (KHTML, like Gecko; compatible; ClaudeBot/1.0; +claudebot@anthropic.com)"
216.73.217.53 - - [27/Aug/2026:02:47:04 -0700] "GET /?m=1953683272 HTTP/2.0" 200 19679 "-" "Mozilla/5.0 AppleWebKit/537.36 (KHTML, like Gecko; compatible; ClaudeBot/1.0; +claudebot@anthropic.com)"
216.73.217.53 - - [27/Aug/2026:02:47:04 -0700] "GET /?m=25409885093 HTTP/2.0" 200 19688 "-" "Mozilla/5.0 AppleWebKit/537.36 (KHTML, like Gecko; compatible; ClaudeBot/1.0; +claudebot@anthropic.com)"
216.73.217.53 - - [27/Aug/2026:02:47:05 -0700] "GET /?m=33830064316 HTTP/2.0" 200 19735 "-" "Mozilla/5.0 AppleWebKit/537.36 (KHTML, like Gecko; compatible; ClaudeBot/1.0; +claudebot@anthropic.com)"
216.73.217.53 - - [27/Aug/2026:02:47:05 -0700] "GET /?m=15373583845 HTTP/2.0" 200 19689 "-" "Mozilla/5.0 AppleWebKit/537.36 (KHTML, like Gecko; compatible; ClaudeBot/1.0; +claudebot@anthropic.com)"
216.73.217.53 - - [27/Aug/2026:02:47:05 -0700] "GET /?m=75129730805 HTTP/2.0" 200 19680 "-" "Mozilla/5.0 AppleWebKit/537.36 (KHTML, like Gecko; compatible; ClaudeBot/1.0; +claudebot@anthropic.com)"
193.70.33.35 - - [27/Aug/2026:02:47:05 -0700] "GET /2026/08/27/fifty-100-percent-24-casino-partner-app-free-revolves-also-offers/ HTTP/1.1" 200 30669 "-" "Mozilla/5.0 (compatible; MJ12bot/v1.4.8; http://mj12bot.com/)"
216.73.217.53 - - [27/Aug/2026:02:47:05 -0700] "GET /?m=42783430186 HTTP/2.0" 200 19680 "-" "Mozilla/5.0 AppleWebKit/537.36 (KHTML, like Gecko; compatible; ClaudeBot/1.0; +claudebot@anthropic.com)"
216.73.217.53 - - [27/Aug/2026:02:47:05 -0700] "GET /?m=74138997584 HTTP/2.0" 200 19689 "-" "Mozilla/5.0 AppleWebKit/537.36 (KHTML, like Gecko; compatible; ClaudeBot/1.0; +claudebot@anthropic.com)"
216.73.217.53 - - [27/Aug/2026:02:47:05 -0700] "GET /?m=97301382605 HTTP/2.0" 200 19689 "-" "Mozilla/5.0 AppleWebKit/537.36 (KHTML, like Gecko; compatible; ClaudeBot/1.0; +claudebot@anthropic.com)"
216.73.217.53 - - [27/Aug/2026:02:47:05 -0700] "GET /?m=26580291881 HTTP/2.0" 200 19688 "-" "Mozilla/5.0 AppleWebKit/537.36 (KHTML, like Gecko; compatible; ClaudeBot/1.0; +claudebot@anthropic.com)"
216.73.217.53 - - [27/Aug/2026:02:47:05 -0700] "GET /?m=42043783468 HTTP/2.0" 200 19688 "-" "Mozilla/5.0 AppleWebKit/537.36 (KHTML, like Gecko; compatible; ClaudeBot/1.0; +claudebot@anthropic.com)"
216.73.217.53 - - [27/Aug/2026:02:47:06 -0700] "GET /?m=75654851215 HTTP/2.0" 200 19725 "-" "Mozilla/5.0 AppleWebKit/537.36 (KHTML, like Gecko; compatible; ClaudeBot/1.0; +claudebot@anthropic.com)"
66.249.74.192 - - [27/Aug/2026:02:47:06 -0700] "GET /?m=74560894862 HTTP/1.1" 200 64266 "-" "Mozilla/5.0 (Linux; Android 6.0.1; Nexus 5X Build/MMB29P) AppleWebKit/537.36 (KHTML, like Gecko) Chrome/151.0.7922.173 Mobile Safari/537.36 (compatible; GoogleOther)"
57.141.0.22 - - [27/Aug/2026:02:47:06 -0700] "GET /?m=7662296247 HTTP/2.0" 200 19795 "-" "Mozilla/5.0 (Macintosh; Intel Mac OS X 10_15_7) AppleWebKit/537.36 (KHTML, like Gecko) Chrome/145.0.0.0 Safari/537.36 (compatible; meta-externalagent/1.1 (+https://developers.facebook.com/docs/sharing/webmasters/crawler))"
216.73.217.53 - - [27/Aug/2026:02:47:06 -0700] "GET /?m=27636743846 HTTP/2.0" 200 19688 "-" "Mozilla/5.0 AppleWebKit/537.36 (KHTML, like Gecko; compatible; ClaudeBot/1.0; +claudebot@anthropic.com)"
216.73.217.53 - - [27/Aug/2026:02:47:06 -0700] "GET /?m=97740850547 HTTP/2.0" 200 19679 "-" "Mozilla/5.0 AppleWebKit/537.36 (KHTML, like Gecko; compatible; ClaudeBot/1.0; +claudebot@anthropic.com)"
216.73.217.53 - - [27/Aug/2026:02:47:06 -0700] "GET /?m=82489420430 HTTP/2.0" 200 19688 "-" "Mozilla/5.0 AppleWebKit/537.36 (KHTML, like Gecko; compatible; ClaudeBot/1.0; +claudebot@anthropic.com)"
216.73.217.53 - - [27/Aug/2026:02:47:06 -0700] "GET /?m=27131703876 HTTP/2.0" 200 19679 "-" "Mozilla/5.0 AppleWebKit/537.36 (KHTML, like Gecko; compatible; ClaudeBot/1.0; +claudebot@anthropic.com)"
216.73.217.53 - - [27/Aug/2026:02:47:06 -0700] "GET /?m=47531774460 HTTP/2.0" 200 19688 "-" "Mozilla/5.0 AppleWebKit/537.36 (KHTML, like Gecko; compatible; ClaudeBot/1.0; +claudebot@anthropic.com)"
216.73.217.53 - - [27/Aug/2026:02:47:06 -0700] "GET /?m=76480633928 HTTP/2.0" 200 19688 "-" "Mozilla/5.0 AppleWebKit/537.36 (KHTML, like Gecko; compatible; ClaudeBot/1.0; +claudebot@anthropic.com)"
216.73.217.53 - - [27/Aug/2026:02:47:06 -0700] "GET /?m=93524459579 HTTP/2.0" 200 19688 "-" "Mozilla/5.0 AppleWebKit/537.36 (KHTML, like Gecko; compatible; ClaudeBot/1.0; +claudebot@anthropic.com)"
216.73.217.53 - - [27/Aug/2026:02:47:07 -0700] "GET /?m=92520673618 HTTP/2.0" 200 19734 "-" "Mozilla/5.0 AppleWebKit/537.36 (KHTML, like Gecko; compatible; ClaudeBot/1.0; +claudebot@anthropic.com)"
66.249.74.192 - - [27/Aug/2026:02:47:07 -0700] "GET /ajax/productdeliverycalendar/?sku=55260585463&offset= HTTP/1.1" 200 63719 "-" "Mozilla/5.0 (Linux; Android 6.0.1; Nexus 5X Build/MMB29P) AppleWebKit/537.36 (KHTML, like Gecko) Chrome/151.0.7922.173 Mobile Safari/537.36 (compatible; Googlebot/2.1; +http://www.google.com/bot.html)"
216.73.217.53 - - [27/Aug/2026:02:47:07 -0700] "GET /?m=65027654230 HTTP/2.0" 200 19688 "-" "Mozilla/5.0 AppleWebKit/537.36 (KHTML, like Gecko; compatible; ClaudeBot/1.0; +claudebot@anthropic.com)"
216.73.217.53 - - [27/Aug/2026:02:47:07 -0700] "GET /?m=63755304413 HTTP/2.0" 200 19679 "-" "Mozilla/5.0 AppleWebKit/537.36 (KHTML, like Gecko; compatible; ClaudeBot/1.0; +claudebot@anthropic.com)"
216.73.217.53 - - [27/Aug/2026:02:47:07 -0700] "GET /?m=51308992277 HTTP/2.0" 200 19688 "-" "Mozilla/5.0 AppleWebKit/537.36 (KHTML, like Gecko; compatible; ClaudeBot/1.0; +claudebot@anthropic.com)"
216.73.217.53 - - [27/Aug/2026:02:47:07 -0700] "GET /?m=17860022380 HTTP/2.0" 200 19688 "-" "Mozilla/5.0 AppleWebKit/537.36 (KHTML, like Gecko; compatible; ClaudeBot/1.0; +claudebot@anthropic.com)"
216.73.217.53 - - [27/Aug/2026:02:47:06 -0700] "GET /?m=77820916559 HTTP/2.0" 200 19688 "-" "Mozilla/5.0 AppleWebKit/537.36 (KHTML, like Gecko; compatible; ClaudeBot/1.0; +claudebot@anthropic.com)"
216.73.217.53 - - [27/Aug/2026:02:47:07 -0700] "GET /?m=98454974533 HTTP/2.0" 200 19679 "-" "Mozilla/5.0 AppleWebKit/537.36 (KHTML, like Gecko; compatible; ClaudeBot/1.0; +claudebot@anthropic.com)"
216.73.217.53 - - [27/Aug/2026:02:47:07 -0700] "GET /?m=91658831399 HTTP/2.0" 200 19679 "-" "Mozilla/5.0 AppleWebKit/537.36 (KHTML, like Gecko; compatible; ClaudeBot/1.0; +claudebot@anthropic.com)"
216.73.217.53 - - [27/Aug/2026:02:47:07 -0700] "GET /?m=58943744606 HTTP/2.0" 200 19679 "-" "Mozilla/5.0 AppleWebKit/537.36 (KHTML, like Gecko; compatible; ClaudeBot/1.0; +claudebot@anthropic.com)"
216.73.217.53 - - [27/Aug/2026:02:47:08 -0700] "GET /?m=40516951180 HTTP/2.0" 200 19734 "-" "Mozilla/5.0 AppleWebKit/537.36 (KHTML, like Gecko; compatible; ClaudeBot/1.0; +claudebot@anthropic.com)"
216.73.217.53 - - [27/Aug/2026:02:47:08 -0700] "GET /?m=93881233660 HTTP/2.0" 200 19688 "-" "Mozilla/5.0 AppleWebKit/537.36 (KHTML, like Gecko; compatible; ClaudeBot/1.0; +claudebot@anthropic.com)"
216.73.217.53 - - [27/Aug/2026:02:47:08 -0700] "GET /?m=71183958657 HTTP/2.0" 200 19688 "-" "Mozilla/5.0 AppleWebKit/537.36 (KHTML, like Gecko; compatible; ClaudeBot/1.0; +claudebot@anthropic.com)"
193.70.33.35 - - [27/Aug/2026:02:47:08 -0700] "GET /2026/08/27/fifty-free-revolves-no-deposit-%EF%B8%8F-2026-better-now-offers/ HTTP/1.1" 200 29264 "-" "Mozilla/5.0 (compatible; MJ12bot/v1.4.8; http://mj12bot.com/)"
216.73.217.53 - - [27/Aug/2026:02:47:08 -0700] "GET /?m=93758668931 HTTP/2.0" 200 19688 "-" "Mozilla/5.0 AppleWebKit/537.36 (KHTML, like Gecko; compatible; ClaudeBot/1.0; +claudebot@anthropic.com)"
216.73.217.53 - - [27/Aug/2026:02:47:08 -0700] "GET /?m=35735277387 HTTP/2.0" 200 19688 "-" "Mozilla/5.0 AppleWebKit/537.36 (KHTML, like Gecko; compatible; ClaudeBot/1.0; +claudebot@anthropic.com)"
216.73.217.53 - - [27/Aug/2026:02:47:08 -0700] "GET /?m=24965040575 HTTP/2.0" 200 19679 "-" "Mozilla/5.0 AppleWebKit/537.36 (KHTML, like Gecko; compatible; ClaudeBot/1.0; +claudebot@anthropic.com)"
216.73.217.53 - - [27/Aug/2026:02:47:07 -0700] "GET /?m=73650813362 HTTP/2.0" 200 19679 "-" "Mozilla/5.0 AppleWebKit/537.36 (KHTML, like Gecko; compatible; ClaudeBot/1.0; +claudebot@anthropic.com)"
216.73.217.53 - - [27/Aug/2026:02:47:08 -0700] "GET /?m=45186947453 HTTP/2.0" 200 19688 "-" "Mozilla/5.0 AppleWebKit/537.36 (KHTML, like Gecko; compatible; ClaudeBot/1.0; +claudebot@anthropic.com)"
216.73.217.53 - - [27/Aug/2026:02:47:08 -0700] "GET /?m=65767956786 HTTP/2.0" 200 19679 "-" "Mozilla/5.0 AppleWebKit/537.36 (KHTML, like Gecko; compatible; ClaudeBot/1.0; +claudebot@anthropic.com)"
216.73.217.53 - - [27/Aug/2026:02:47:08 -0700] "GET /?m=70165748500 HTTP/2.0" 200 19679 "-" "Mozilla/5.0 AppleWebKit/537.36 (KHTML, like Gecko; compatible; ClaudeBot/1.0; +claudebot@anthropic.com)"
216.73.217.53 - - [27/Aug/2026:02:47:09 -0700] "GET /?m=8177685833 HTTP/2.0" 200 19725 "-" "Mozilla/5.0 AppleWebKit/537.36 (KHTML, like Gecko; compatible; ClaudeBot/1.0; +claudebot@anthropic.com)"
216.73.217.53 - - [27/Aug/2026:02:47:09 -0700] "GET /?m=89057860202 HTTP/2.0" 200 19679 "-" "Mozilla/5.0 AppleWebKit/537.36 (KHTML, like Gecko; compatible; ClaudeBot/1.0; +claudebot@anthropic.com)"
216.73.217.53 - - [27/Aug/2026:02:47:09 -0700] "GET /?m=41346115417 HTTP/2.0" 200 19688 "-" "Mozilla/5.0 AppleWebKit/537.36 (KHTML, like Gecko; compatible; ClaudeBot/1.0; +claudebot@anthropic.com)"
216.73.217.53 - - [27/Aug/2026:02:47:09 -0700] "GET /?m=23273357572 HTTP/2.0" 200 19688 "-" "Mozilla/5.0 AppleWebKit/537.36 (KHTML, like Gecko; compatible; ClaudeBot/1.0; +claudebot@anthropic.com)"
216.73.217.53 - - [27/Aug/2026:02:47:09 -0700] "GET /?m=53877629706 HTTP/2.0" 200 19679 "-" "Mozilla/5.0 AppleWebKit/537.36 (KHTML, like Gecko; compatible; ClaudeBot/1.0; +claudebot@anthropic.com)"
88.185.15.136 - - [27/Aug/2026:02:47:08 -0700] "GET /ajax/productdeliverycalendar/?sku=28519314579 HTTP/2.0" 200 19795 "https://www.ablogformylove.com" "Mozilla/5.0 (Windows NT 10.0; Win64; x64) AppleWebKit/537.36 (KHTML, like Gecko) Chrome/145.0.0.0 Safari/537.36 Edg/145.0.0.0"
216.73.217.53 - - [27/Aug/2026:02:47:09 -0700] "GET /?m=32345678511 HTTP/2.0" 200 19688 "-" "Mozilla/5.0 AppleWebKit/537.36 (KHTML, like Gecko; compatible; ClaudeBot/1.0; +claudebot@anthropic.com)"
216.73.217.53 - - [27/Aug/2026:02:47:08 -0700] "GET /?m=44921893803 HTTP/2.0" 200 19688 "-" "Mozilla/5.0 AppleWebKit/537.36 (KHTML, like Gecko; compatible; ClaudeBot/1.0; +claudebot@anthropic.com)"
216.73.217.53 - - [27/Aug/2026:02:47:09 -0700] "GET /?m=37060300798 HTTP/2.0" 200 19689 "-" "Mozilla/5.0 AppleWebKit/537.36 (KHTML, like Gecko; compatible; ClaudeBot/1.0; +claudebot@anthropic.com)"
216.73.217.53 - - [27/Aug/2026:02:47:09 -0700] "GET /?m=51644136725 HTTP/2.0" 200 19689 "-" "Mozilla/5.0 AppleWebKit/537.36 (KHTML, like Gecko; compatible; ClaudeBot/1.0; +claudebot@anthropic.com)"
66.249.74.192 - - [27/Aug/2026:02:47:09 -0700] "GET /?m=38530144041 HTTP/1.1" 200 59195 "-" "Mozilla/5.0 (Linux; Android 6.0.1; Nexus 5X Build/MMB29P) AppleWebKit/537.36 (KHTML, like Gecko) Chrome/151.0.7922.173 Mobile Safari/537.36 (compatible; GoogleOther)"
193.70.33.35 - - [27/Aug/2026:02:47:11 -0700] "GET /2026/08/27/finest-cellular-casinos-usa-2026-best-real-cash-programs/feed/ HTTP/1.1" 200 6801 "-" "Mozilla/5.0 (compatible; MJ12bot/v1.4.8; http://mj12bot.com/)"
216.73.217.53 - - [27/Aug/2026:02:47:09 -0700] "GET /?m=10405992234 HTTP/2.0" 200 19689 "-" "Mozilla/5.0 AppleWebKit/537.36 (KHTML, like Gecko; compatible; ClaudeBot/1.0; +claudebot@anthropic.com)"
193.70.33.35 - - [27/Aug/2026:02:47:13 -0700] "GET /2026/08/27/finest-internet-casino-no-deposit-added-bonus-rules-2026/ HTTP/1.1" 200 30646 "-" "Mozilla/5.0 (compatible; MJ12bot/v1.4.8; http://mj12bot.com/)"
66.249.74.193 - - [27/Aug/2026:02:47:13 -0700] "GET /ajax/productstorestocklist/?sku=76814273411&lat= HTTP/1.1" 200 64634 "-" "Mozilla/5.0 (Linux; Android 6.0.1; Nexus 5X Build/MMB29P) AppleWebKit/537.36 (KHTML, like Gecko) Chrome/151.0.7922.173 Mobile Safari/537.36 (compatible; GoogleOther)"
193.70.33.35 - - [27/Aug/2026:02:47:15 -0700] "GET /2026/08/27/finest-step-one-put-web-based-casinos-2025-better-real-prime-20-free-spins-no-deposit-required-cash-internet-sites/feed/ HTTP/1.1" 200 6872 "-" "Mozilla/5.0 (compatible; MJ12bot/v1.4.8; http://mj12bot.com/)"
66.249.74.193 - - [27/Aug/2026:02:47:17 -0700] "GET /?m=88249136657 HTTP/1.1" 200 59475 "-" "Mozilla/5.0 (Linux; Android 6.0.1; Nexus 5X Build/MMB29P) AppleWebKit/537.36 (KHTML, like Gecko) Chrome/151.0.7922.173 Mobile Safari/537.36 (compatible; GoogleOther)"
193.70.33.35 - - [27/Aug/2026:02:47:18 -0700] "GET /2026/08/27/football-biggest-people-twenty-six-black-twin-spin-slot-colored-saturday-thunderstruck/feed/ HTTP/1.1" 200 6832 "-" "Mozilla/5.0 (compatible; MJ12bot/v1.4.8; http://mj12bot.com/)"
193.70.33.35 - - [27/Aug/2026:02:47:20 -0700] "GET /2026/08/27/free-harbors-enjoy-more-than-3000-position-video-cashpot-20-free-spins-no-deposit-game-online-100percent-free/feed/ HTTP/1.1" 200 6862 "-" "Mozilla/5.0 (compatible; MJ12bot/v1.4.8; http://mj12bot.com/)"
66.249.74.192 - - [27/Aug/2026:02:47:21 -0700] "GET /shop.php?e=71440310052842 HTTP/1.1" 200 32633 "-" "Mozilla/5.0 (Linux; Android 6.0.1; Nexus 5X Build/MMB29P) AppleWebKit/537.36 (KHTML, like Gecko) Chrome/151.0.7922.173 Mobile Safari/537.36 (compatible; GoogleOther)"
193.70.33.35 - - [27/Aug/2026:02:47:22 -0700] "GET /2026/08/27/free-position-demonstrations-all-of-the-facility/ HTTP/1.1" 200 29050 "-" "Mozilla/5.0 (compatible; MJ12bot/v1.4.8; http://mj12bot.com/)"
66.249.74.192 - - [27/Aug/2026:02:47:25 -0700] "GET /?m=72464319746 HTTP/1.1" 200 58116 "-" "Mozilla/5.0 (Linux; Android 6.0.1; Nexus 5X Build/MMB29P) AppleWebKit/537.36 (KHTML, like Gecko) Chrome/151.0.7922.173 Mobile Safari/537.36 (compatible; GoogleOther)"
193.70.33.35 - - [27/Aug/2026:02:47:25 -0700] "GET /2026/08/27/funciona-500-tragamonedas-gratuito-bonos-1xslot-sin-registrarte/ HTTP/1.1" 200 30357 "-" "Mozilla/5.0 (compatible; MJ12bot/v1.4.8; http://mj12bot.com/)"
193.70.33.35 - - [27/Aug/2026:02:47:28 -0700] "GET /2026/08/27/gamble-free-online-pokies-all-your-favourite-slot-casino-ilucky-100-free-spins-machines/ HTTP/1.1" 200 30886 "-" "Mozilla/5.0 (compatible; MJ12bot/v1.4.8; http://mj12bot.com/)"
66.249.74.192 - - [27/Aug/2026:02:47:28 -0700] "GET /ajax/productstorestocklist/?sku=62735194212&lat= HTTP/1.1" 200 60834 "-" "Mozilla/5.0 (Linux; Android 6.0.1; Nexus 5X Build/MMB29P) AppleWebKit/537.36 (KHTML, like Gecko) Chrome/151.0.7922.173 Mobile Safari/537.36 (compatible; Googlebot/2.1; +http://www.google.com/bot.html)"
66.249.74.192 - - [27/Aug/2026:02:47:29 -0700] "GET /ajax/productstorestocklist/?sku=20920243326&my_store=1 HTTP/1.1" 200 59326 "-" "Mozilla/5.0 (Linux; Android 6.0.1; Nexus 5X Build/MMB29P) AppleWebKit/537.36 (KHTML, like Gecko) Chrome/151.0.7922.173 Mobile Safari/537.36 (compatible; GoogleOther)"
57.141.0.7 - - [27/Aug/2026:02:47:29 -0700] "GET /?m=94757694355 HTTP/2.0" 200 19795 "-" "Mozilla/5.0 (Macintosh; Intel Mac OS X 10_15_7) AppleWebKit/537.36 (KHTML, like Gecko) Chrome/145.0.0.0 Safari/537.36 (compatible; meta-externalagent/1.1 (+https://developers.facebook.com/docs/sharing/webmasters/crawler))"
57.141.0.49 - - [27/Aug/2026:02:47:30 -0700] "GET /?m=10441052239 HTTP/2.0" 200 19795 "-" "Mozilla/5.0 (Windows NT 10.0; Win64; x64) AppleWebKit/537.36 (KHTML, like Gecko) Chrome/144.0.0.0 Safari/537.36 Edg/144.0.0.0 (compatible; meta-externalagent/1.1 (+https://developers.facebook.com/docs/sharing/webmasters/crawler))"
193.70.33.35 - - [27/Aug/2026:02:47:31 -0700] "GET /2026/08/27/gamble-noahs-ark-position-casino-lucky-31-casino-for-free-cute-graphics-and-you-can-unique/feed/ HTTP/1.1" 200 6853 "-" "Mozilla/5.0 (compatible; MJ12bot/v1.4.8; http://mj12bot.com/)"
192.178.4.32 - - [27/Aug/2026:02:47:33 -0700] "GET /ajax/productstorestocklist/?sku=40276906048&my_store=1 HTTP/1.1" 200 63113 "-" "Mozilla/5.0 (Linux; Android 6.0.1; Nexus 5X Build/MMB29P) AppleWebKit/537.36 (KHTML, like Gecko) Chrome/151.0.7922.173 Mobile Safari/537.36 (compatible; GoogleOther)"
193.70.33.35 - - [27/Aug/2026:02:47:33 -0700] "GET /2026/08/27/gamble-position-center-sizzling-hot-paypal-slot-games-courtroom-because-of-the-microgaming/feed/ HTTP/1.1" 200 6838 "-" "Mozilla/5.0 (compatible; MJ12bot/v1.4.8; http://mj12bot.com/)"
85.208.96.205 - - [27/Aug/2026:02:47:36 -0700] "GET /robots.txt HTTP/1.1" 200 5314 "-" "Mozilla/5.0 (compatible; SemrushBot/7~bl; +http://www.semrush.com/bot.html)"
193.70.33.35 - - [27/Aug/2026:02:47:35 -0700] "GET /2026/08/27/gamble-starburst-slot-a-real-income-games/ HTTP/1.1" 200 30305 "-" "Mozilla/5.0 (compatible; MJ12bot/v1.4.8; http://mj12bot.com/)"
85.208.96.201 - - [27/Aug/2026:02:47:36 -0700] "GET /2014/09/28/boney-baby/ HTTP/1.1" 200 26337 "-" "Mozilla/5.0 (compatible; SemrushBot/7~bl; +http://www.semrush.com/bot.html)"
66.249.74.192 - - [27/Aug/2026:02:47:37 -0700] "GET /?m=72754911533 HTTP/1.1" 200 63165 "-" "Mozilla/5.0 (Linux; Android 6.0.1; Nexus 5X Build/MMB29P) AppleWebKit/537.36 (KHTML, like Gecko) Chrome/151.0.7922.173 Mobile Safari/537.36 (compatible; GoogleOther)"
57.141.0.59 - - [27/Aug/2026:02:47:38 -0700] "GET /?m=14315248349 HTTP/2.0" 200 19797 "-" "Mozilla/5.0 (Windows NT 10.0; Win64; x64) AppleWebKit/537.36 (KHTML, like Gecko) Chrome/145.0.0.0 Safari/537.36 (compatible; meta-externalagent/1.1 (+https://developers.facebook.com/docs/sharing/webmasters/crawler))"
193.70.33.35 - - [27/Aug/2026:02:47:38 -0700] "GET /2026/08/27/gamble-thunderstruck-position-96-ten-rtp-real-money-game/ HTTP/1.1" 200 31007 "-" "Mozilla/5.0 (compatible; MJ12bot/v1.4.8; http://mj12bot.com/)"
57.141.0.34 - - [27/Aug/2026:02:47:38 -0700] "GET /?m=13082924199 HTTP/2.0" 200 19797 "-" "Mozilla/5.0 (Windows NT 10.0; Win64; x64) AppleWebKit/537.36 (KHTML, like Gecko) Chrome/145.0.0.0 Safari/537.36 Edg/145.0.0.0 (compatible; meta-externalagent/1.1 (+https://developers.facebook.com/docs/sharing/webmasters/crawler))"
66.249.74.192 - - [27/Aug/2026:02:47:40 -0700] "GET /shop.php?e=49901657232514 HTTP/1.1" 200 27371 "-" "Mozilla/5.0 (Linux; Android 6.0.1; Nexus 5X Build/MMB29P) AppleWebKit/537.36 (KHTML, like Gecko) Chrome/151.0.7922.173 Mobile Safari/537.36 (compatible; GoogleOther)"
193.70.33.35 - - [27/Aug/2026:02:47:41 -0700] "GET /2026/08/27/gamble-yatzy-classic-on-the-internet-free-online-video-game-today-during-the-speldome-com/ HTTP/1.1" 200 31555 "-" "Mozilla/5.0 (compatible; MJ12bot/v1.4.8; http://mj12bot.com/)"
193.70.33.35 - - [27/Aug/2026:02:47:44 -0700] "GET /2026/08/27/greatest-a-best-galera-bet-10-reais-deposit-bonus-real-income-casinos-on-the-internet-inside-the-2026-proven/ HTTP/1.1" 200 29501 "-" "Mozilla/5.0 (compatible; MJ12bot/v1.4.8; http://mj12bot.com/)"
66.249.74.193 - - [27/Aug/2026:02:47:44 -0700] "GET /goods.php?q=54769411085 HTTP/1.1" 200 34265 "-" "Mozilla/5.0 (Linux; Android 6.0.1; Nexus 5X Build/MMB29P) AppleWebKit/537.36 (KHTML, like Gecko) Chrome/151.0.7922.173 Mobile Safari/537.36 (compatible; GoogleOther)"
193.70.33.35 - - [27/Aug/2026:02:47:46 -0700] "GET /2026/08/27/greatest-a-real-income-pokies-2026-no-cash-deposit-roulettino-bien-au-pokies-the-real-deal-currency/feed/ HTTP/1.1" 200 6839 "-" "Mozilla/5.0 (compatible; MJ12bot/v1.4.8; http://mj12bot.com/)"
66.249.74.192 - - [27/Aug/2026:02:47:47 -0700] "GET /shop.php?e=57449921551907 HTTP/1.1" 200 31359 "-" "Mozilla/5.0 (Linux; Android 6.0.1; Nexus 5X Build/MMB29P) AppleWebKit/537.36 (KHTML, like Gecko) Chrome/151.0.7922.173 Mobile Safari/537.36 (compatible; GoogleOther)"
193.70.33.35 - - [27/Aug/2026:02:47:49 -0700] "GET /2026/08/27/greatest-australian-on-the-web-pokies-payout-slots-real-money-2026-greatest-a-real-income-pokies-websites/ HTTP/1.1" 200 30565 "-" "Mozilla/5.0 (compatible; MJ12bot/v1.4.8; http://mj12bot.com/)"
66.249.74.193 - - [27/Aug/2026:02:47:51 -0700] "GET /?m=10543013142 HTTP/1.1" 200 63956 "-" "Mozilla/5.0 (Linux; Android 6.0.1; Nexus 5X Build/MMB29P) AppleWebKit/537.36 (KHTML, like Gecko) Chrome/151.0.7922.173 Mobile Safari/537.36 (compatible; GoogleOther)"
57.141.0.66 - - [27/Aug/2026:02:47:51 -0700] "GET /?m=47520737974 HTTP/2.0" 200 19794 "-" "Mozilla/5.0 (Windows NT 10.0; Win64; x64) AppleWebKit/537.36 (KHTML, like Gecko) Chrome/145.0.0.0 Safari/537.36 (compatible; meta-externalagent/1.1 (+https://developers.facebook.com/docs/sharing/webmasters/crawler))"
193.70.33.35 - - [27/Aug/2026:02:47:51 -0700] "GET /2026/08/27/greatest-cent-slots-free-casumo-200-spins-no-deposit-to-try-out-on-the-web-better-cent-position-gambling-enterprises-2026/ HTTP/1.1" 200 30397 "-" "Mozilla/5.0 (compatible; MJ12bot/v1.4.8; http://mj12bot.com/)"
193.70.33.35 - - [27/Aug/2026:02:47:54 -0700] "GET /2026/08/27/greatest-low-deposit-gambling-enterprises-2026-minimum-deposit-possibilities-out-of-step-1/feed/ HTTP/1.1" 200 6835 "-" "Mozilla/5.0 (compatible; MJ12bot/v1.4.8; http://mj12bot.com/)"
66.249.74.193 - - [27/Aug/2026:02:47:54 -0700] "GET /?m=6371930868 HTTP/1.1" 200 58252 "-" "Mozilla/5.0 (Linux; Android 6.0.1; Nexus 5X Build/MMB29P) AppleWebKit/537.36 (KHTML, like Gecko) Chrome/151.0.7922.173 Mobile Safari/537.36 (compatible; GoogleOther)"
193.70.33.35 - - [27/Aug/2026:02:47:56 -0700] "GET /2026/08/27/happy-zodiac-ports-casino-mansion-20-free-spins-no-deposit-wager-100-percent-free-on-your-web-browser/ HTTP/1.1" 200 32058 "-" "Mozilla/5.0 (compatible; MJ12bot/v1.4.8; http://mj12bot.com/)"
66.249.74.192 - - [27/Aug/2026:02:47:58 -0700] "GET /goods.php?j=14029410890 HTTP/1.1" 200 33520 "-" "Mozilla/5.0 (Linux; Android 6.0.1; Nexus 5X Build/MMB29P) AppleWebKit/537.36 (KHTML, like Gecko) Chrome/151.0.7922.173 Mobile Safari/537.36 (compatible; GoogleOther)"
193.70.33.35 - - [27/Aug/2026:02:47:59 -0700] "GET /2026/08/27/high-high-quality-porno-videos-for-free-fairspin-old-version-login-xhamster-com/ HTTP/1.1" 200 30337 "-" "Mozilla/5.0 (compatible; MJ12bot/v1.4.8; http://mj12bot.com/)"
66.249.74.192 - - [27/Aug/2026:02:48:01 -0700] "GET /pc/index.php?m=89193155496 HTTP/1.1" 200 60874 "-" "Mozilla/5.0 (Linux; Android 6.0.1; Nexus 5X Build/MMB29P) AppleWebKit/537.36 (KHTML, like Gecko) Chrome/151.0.7922.173 Mobile Safari/537.36 (compatible; GoogleOther)"
193.70.33.35 - - [27/Aug/2026:02:48:01 -0700] "GET /2026/08/27/higher-5-gambling-enterprise-mobile-application-down-load-to-have-new-iphone-android/feed/ HTTP/1.1" 200 6835 "-" "Mozilla/5.0 (compatible; MJ12bot/v1.4.8; http://mj12bot.com/)"
193.70.33.35 - - [27/Aug/2026:02:48:04 -0700] "GET /2026/08/27/internet-casino/feed/ HTTP/1.1" 200 6748 "-" "Mozilla/5.0 (compatible; MJ12bot/v1.4.8; http://mj12bot.com/)"
66.249.74.193 - - [27/Aug/2026:02:48:05 -0700] "GET /pc/index.php?m=31872183156 HTTP/1.1" 200 63541 "-" "Mozilla/5.0 (Linux; Android 6.0.1; Nexus 5X Build/MMB29P) AppleWebKit/537.36 (KHTML, like Gecko) Chrome/151.0.7922.173 Mobile Safari/537.36 (compatible; GoogleOther)"
193.70.33.35 - - [27/Aug/2026:02:48:06 -0700] "GET /2026/08/27/jackpotcity-no-deposit-incentive-royalgame-casino-bonus-score-exclusive-100-free-spins/feed/ HTTP/1.1" 200 6841 "-" "Mozilla/5.0 (compatible; MJ12bot/v1.4.8; http://mj12bot.com/)"
66.249.74.192 - - [27/Aug/2026:02:48:08 -0700] "GET /?m=86818200450 HTTP/1.1" 200 63281 "-" "Mozilla/5.0 (Linux; Android 6.0.1; Nexus 5X Build/MMB29P) AppleWebKit/537.36 (KHTML, like Gecko) Chrome/151.0.7922.173 Mobile Safari/537.36 (compatible; GoogleOther)"
114.119.158.151 - - [27/Aug/2026:02:48:08 -0700] "GET /2026/08/23/obzor-1xbet-mobilnaia-versiia-saita-i-funktsii-dlia-stavok-v-puti/ HTTP/1.1" 200 28803 "https://www.ablogformylove.com/2026/08/23/les-donnees-online-ne-sont-vraiment-pas-actives-pour-ceci-accommodement/" "Mozilla/5.0 (Linux; Android 7.0;) AppleWebKit/537.36 (HTML, like Gecko) Mobile Safari/537.36 (compatible; PetalBot;+https://webmaster.petalsearch.com/site/petalbot)"
193.70.33.35 - - [27/Aug/2026:02:48:08 -0700] "GET /2026/08/27/king-of-ones-nile-slots-tips-enjoy-next-and-win/ HTTP/1.1" 200 30029 "-" "Mozilla/5.0 (compatible; MJ12bot/v1.4.8; http://mj12bot.com/)"
66.249.74.193 - - [27/Aug/2026:02:48:12 -0700] "GET /?m=28838223094 HTTP/1.1" 200 64490 "-" "Mozilla/5.0 (Linux; Android 6.0.1; Nexus 5X Build/MMB29P) AppleWebKit/537.36 (KHTML, like Gecko) Chrome/151.0.7922.173 Mobile Safari/537.36 (compatible; GoogleOther)"
193.70.33.35 - - [27/Aug/2026:02:48:11 -0700] "GET /2026/08/27/koi-princess-demo-sus-particulares-asi-como-juego-de-balde-96-aprende-mas-20percent-rtp/ HTTP/1.1" 200 29875 "-" "Mozilla/5.0 (compatible; MJ12bot/v1.4.8; http://mj12bot.com/)"
193.70.33.35 - - [27/Aug/2026:02:48:14 -0700] "GET /2026/08/27/learning-to-make-a-hyperlink-inside-3-extremely-fortune-frenzy-bonus-casino-simple-steps/ HTTP/1.1" 200 30896 "-" "Mozilla/5.0 (compatible; MJ12bot/v1.4.8; http://mj12bot.com/)"
66.249.74.192 - - [27/Aug/2026:02:48:15 -0700] "GET /?m=23333880657 HTTP/1.1" 200 64060 "-" "Mozilla/5.0 (Linux; Android 6.0.1; Nexus 5X Build/MMB29P) AppleWebKit/537.36 (KHTML, like Gecko) Chrome/151.0.7922.173 Mobile Safari/537.36 (compatible; GoogleOther)"
57.141.0.23 - - [27/Aug/2026:02:48:17 -0700] "GET /?m=15984382203 HTTP/2.0" 200 19786 "-" "Mozilla/5.0 (Windows NT 10.0; Win64; x64) AppleWebKit/537.36 (KHTML, like Gecko) Chrome/145.0.0.0 Safari/537.36 (compatible; meta-externalagent/1.1 (+https://developers.facebook.com/docs/sharing/webmasters/crawler))"
193.70.33.35 - - [27/Aug/2026:02:48:17 -0700] "GET /2026/08/27/leovegas-casino-opinion-1100000-deposit-fits-a-hundred-100-percent-free-revolves-within-the-2026/ HTTP/1.1" 200 28376 "-" "Mozilla/5.0 (compatible; MJ12bot/v1.4.8; http://mj12bot.com/)"
66.249.74.192 - - [27/Aug/2026:02:48:19 -0700] "GET /?m=71197716878 HTTP/1.1" 200 59208 "-" "Mozilla/5.0 (Linux; Android 6.0.1; Nexus 5X Build/MMB29P) AppleWebKit/537.36 (KHTML, like Gecko) Chrome/151.0.7922.173 Mobile Safari/537.36 (compatible; GoogleOther)"
193.70.33.35 - - [27/Aug/2026:02:48:20 -0700] "GET /2026/08/27/lightning-hook-up-video-game-hot-party-deluxe-slot-bonus-comment-2026-rtp-bonuses-demonstration/ HTTP/1.1" 200 29260 "-" "Mozilla/5.0 (compatible; MJ12bot/v1.4.8; http://mj12bot.com/)"
66.249.74.193 - - [27/Aug/2026:02:48:22 -0700] "GET /shop.php?e=33868689511441 HTTP/1.1" 200 31713 "-" "Mozilla/5.0 (Linux; Android 6.0.1; Nexus 5X Build/MMB29P) AppleWebKit/537.36 (KHTML, like Gecko) Chrome/151.0.7922.173 Mobile Safari/537.36 (compatible; GoogleOther)"
193.70.33.35 - - [27/Aug/2026:02:48:22 -0700] "GET /2026/08/27/local-casino-betchain-casino-live-blackjack-added-bonus-without-wagering-conditions-2026/feed/ HTTP/1.1" 200 6828 "-" "Mozilla/5.0 (compatible; MJ12bot/v1.4.8; http://mj12bot.com/)"
66.249.74.192 - - [27/Aug/2026:02:48:26 -0700] "GET /goods.php?c=24978716215 HTTP/1.1" 200 32868 "-" "Mozilla/5.0 (Linux; Android 6.0.1; Nexus 5X Build/MMB29P) AppleWebKit/537.36 (KHTML, like Gecko) Chrome/151.0.7922.173 Mobile Safari/537.36 (compatible; GoogleOther)"
193.70.33.35 - - [27/Aug/2026:02:48:26 -0700] "GET /missing.html HTTP/1.1" 200 6313 "-" "Mozilla/5.0 (compatible; MJ12bot/v1.4.8; http://mj12bot.com/)"
193.70.33.35 - - [27/Aug/2026:02:48:29 -0700] "GET /2026/08/27/loud-free-revolves-as-you-get-up-to-500x-the-bet/ HTTP/1.1" 200 29117 "-" "Mozilla/5.0 (compatible; MJ12bot/v1.4.8; http://mj12bot.com/)"
66.249.74.193 - - [27/Aug/2026:02:48:29 -0700] "GET /?m=98779952912 HTTP/1.1" 200 63788 "-" "Mozilla/5.0 (Linux; Android 6.0.1; Nexus 5X Build/MMB29P) AppleWebKit/537.36 (KHTML, like Gecko) Chrome/151.0.7922.173 Mobile Safari/537.36 (compatible; GoogleOther)"
57.141.0.8 - - [27/Aug/2026:02:48:31 -0700] "GET /?m=83956031172 HTTP/2.0" 200 19794 "-" "Mozilla/5.0 (Windows NT 10.0; Win64; x64) AppleWebKit/537.36 (KHTML, like Gecko) Chrome/145.0.0.0 Safari/537.36 (compatible; meta-externalagent/1.1 (+https://developers.facebook.com/docs/sharing/webmasters/crawler))"
193.70.33.35 - - [27/Aug/2026:02:48:31 -0700] "GET /2026/08/27/lucky-little-devil-tragamonedas-pin-up-mejor-juegos-sin-cargo-desprovisto-descargar/ HTTP/1.1" 200 31136 "-" "Mozilla/5.0 (compatible; MJ12bot/v1.4.8; http://mj12bot.com/)"
66.249.74.192 - - [27/Aug/2026:02:48:32 -0700] "GET /?m=84211933562 HTTP/1.1" 200 62651 "-" "Mozilla/5.0 (Linux; Android 6.0.1; Nexus 5X Build/MMB29P) AppleWebKit/537.36 (KHTML, like Gecko) Chrome/151.0.7922.173 Mobile Safari/537.36 (compatible; GoogleOther)"
193.70.33.35 - - [27/Aug/2026:02:48:34 -0700] "GET /2026/08/27/maquinas-infantilidade-slots-gratis-aquele-outros-jogos-puerilidade-cassino-jogue-online-ja/ HTTP/1.1" 200 30800 "-" "Mozilla/5.0 (compatible; MJ12bot/v1.4.8; http://mj12bot.com/)"
66.249.74.192 - - [27/Aug/2026:02:48:36 -0700] "GET /pc/index.php?m=38928435993 HTTP/1.1" 200 59404 "-" "Mozilla/5.0 (Linux; Android 6.0.1; Nexus 5X Build/MMB29P) AppleWebKit/537.36 (KHTML, like Gecko) Chrome/151.0.7922.173 Mobile Safari/537.36 (compatible; GoogleOther)"
193.70.33.35 - - [27/Aug/2026:02:48:37 -0700] "GET /2026/08/27/mega-joker-position-review-100-percent-free-demonstration-2026/ HTTP/1.1" 200 29806 "-" "Mozilla/5.0 (compatible; MJ12bot/v1.4.8; http://mj12bot.com/)"
66.249.74.192 - - [27/Aug/2026:02:48:39 -0700] "GET /goods.php?c=53651749965 HTTP/1.1" 200 30201 "-" "Mozilla/5.0 (Linux; Android 6.0.1; Nexus 5X Build/MMB29P) AppleWebKit/537.36 (KHTML, like Gecko) Chrome/151.0.7922.173 Mobile Safari/537.36 (compatible; GoogleOther)"
193.70.33.35 - - [27/Aug/2026:02:48:40 -0700] "GET /2026/08/27/melbet-local-casino-play-ports-gambling-games-simple-sign-on-accessibility/ HTTP/1.1" 200 28710 "-" "Mozilla/5.0 (compatible; MJ12bot/v1.4.8; http://mj12bot.com/)"
193.70.33.35 - - [27/Aug/2026:02:48:42 -0700] "GET /2026/08/27/minimal-deposit-casinos-on-the-internet-upgraded-august-2026/feed/ HTTP/1.1" 200 6803 "-" "Mozilla/5.0 (compatible; MJ12bot/v1.4.8; http://mj12bot.com/)"
66.249.74.193 - - [27/Aug/2026:02:48:43 -0700] "GET /ajax/productdeliverycalendar/?sku=77812926597&offset= HTTP/1.1" 200 63584 "-" "Mozilla/5.0 (Linux; Android 6.0.1; Nexus 5X Build/MMB29P) AppleWebKit/537.36 (KHTML, like Gecko) Chrome/151.0.7922.173 Mobile Safari/537.36 (compatible; GoogleOther)"
193.70.33.35 - - [27/Aug/2026:02:48:44 -0700] "GET /2026/08/27/mystery-art-pharaohs-fortune-1-deposit-gallery-slot-opinion-2026-100-percent-free-enjoy-trial/feed/ HTTP/1.1" 200 6849 "-" "Mozilla/5.0 (compatible; MJ12bot/v1.4.8; http://mj12bot.com/)"
66.249.74.193 - - [27/Aug/2026:02:48:46 -0700] "GET /?m=63541710379 HTTP/1.1" 200 61702 "-" "Mozilla/5.0 (Linux; Android 6.0.1; Nexus 5X Build/MMB29P) AppleWebKit/537.36 (KHTML, like Gecko) Chrome/151.0.7922.173 Mobile Safari/537.36 (compatible; GoogleOther)"
193.70.33.35 - - [27/Aug/2026:02:48:47 -0700] "GET /2026/08/27/neteller-gambling-enterprises-united-kingdom-directory-of-gambling-the-site-enterprise-internet-sites-taking-neteller-august-2026/feed/ HTTP/1.1" 200 6853 "-" "Mozilla/5.0 (compatible; MJ12bot/v1.4.8; http://mj12bot.com/)"
193.70.33.35 - - [27/Aug/2026:02:48:49 -0700] "GET /2026/08/27/nextgen-gaming-roulettino-espana-bono-tragaperras-la-pionera-de-los-casinos-en-internet/ HTTP/1.1" 200 29971 "-" "Mozilla/5.0 (compatible; MJ12bot/v1.4.8; http://mj12bot.com/)"
66.249.74.192 - - [27/Aug/2026:02:48:50 -0700] "GET /?m=82625746943 HTTP/1.1" 200 64269 "-" "Mozilla/5.0 (Linux; Android 6.0.1; Nexus 5X Build/MMB29P) AppleWebKit/537.36 (KHTML, like Gecko) Chrome/151.0.7922.173 Mobile Safari/537.36 (compatible; GoogleOther)"
193.70.33.35 - - [27/Aug/2026:02:48:52 -0700] "GET /2026/08/27/no-casino-boss-100-no-deposit-bonus-deposit-extra-rules-august-2026-lowest-betting-verified-every-day/feed/ HTTP/1.1" 200 6849 "-" "Mozilla/5.0 (compatible; MJ12bot/v1.4.8; http://mj12bot.com/)"
57.141.0.54 - - [27/Aug/2026:02:48:52 -0700] "GET /?m=87189752284 HTTP/2.0" 200 19795 "-" "Mozilla/5.0 (Macintosh; Intel Mac OS X 10_15_7) AppleWebKit/537.36 (KHTML, like Gecko) Chrome/145.0.0.0 Safari/537.36 (compatible; meta-externalagent/1.1 (+https://developers.facebook.com/docs/sharing/webmasters/crawler))"
