66.249.74.194 - - [27/Aug/2026:03:11:45 -0700] "GET /kaden/mtalk/?sku=33161659495 HTTP/1.1" 200 59335 "-" "Mozilla/5.0 (Linux; Android 6.0.1; Nexus 5X Build/MMB29P) AppleWebKit/537.36 (KHTML, like Gecko) Chrome/151.0.7922.173 Mobile Safari/537.36 (compatible; Googlebot/2.1; +http://www.google.com/bot.html)"
66.249.74.194 - - [27/Aug/2026:03:11:48 -0700] "GET /ajax/productstorestocklist/?sku=94907594238&lat= HTTP/1.1" 200 60336 "-" "Mozilla/5.0 (Linux; Android 6.0.1; Nexus 5X Build/MMB29P) AppleWebKit/537.36 (KHTML, like Gecko) Chrome/151.0.7922.173 Mobile Safari/537.36 (compatible; GoogleOther)"
57.141.0.63 - - [27/Aug/2026:03:11:49 -0700] "GET /?m=60911812557 HTTP/2.0" 200 19795 "-" "Mozilla/5.0 (Windows NT 10.0; Win64; x64) AppleWebKit/537.36 (KHTML, like Gecko) Chrome/145.0.0.0 Safari/537.36 (compatible; meta-externalagent/1.1 (+https://developers.facebook.com/docs/sharing/webmasters/crawler))"
57.141.0.10 - - [27/Aug/2026:03:11:52 -0700] "GET /?m=2097346947 HTTP/2.0" 200 19795 "-" "Mozilla/5.0 (Macintosh; Intel Mac OS X 10_15_7) AppleWebKit/537.36 (KHTML, like Gecko) Chrome/145.0.0.0 Safari/537.36 (compatible; meta-externalagent/1.1 (+https://developers.facebook.com/docs/sharing/webmasters/crawler))"
66.249.74.194 - - [27/Aug/2026:03:11:52 -0700] "GET /?m=78494121899 HTTP/1.1" 200 59659 "-" "Mozilla/5.0 (Linux; Android 6.0.1; Nexus 5X Build/MMB29P) AppleWebKit/537.36 (KHTML, like Gecko) Chrome/151.0.7922.173 Mobile Safari/537.36 (compatible; GoogleOther)"
66.249.74.192 - - [27/Aug/2026:03:11:56 -0700] "GET /?m=72809463529 HTTP/1.1" 200 62785 "-" "Mozilla/5.0 (Linux; Android 6.0.1; Nexus 5X Build/MMB29P) AppleWebKit/537.36 (KHTML, like Gecko) Chrome/151.0.7922.173 Mobile Safari/537.36 (compatible; GoogleOther)"
66.249.74.192 - - [27/Aug/2026:03:12:00 -0700] "GET /?m=56258624779 HTTP/1.1" 200 58358 "-" "Mozilla/5.0 (Linux; Android 6.0.1; Nexus 5X Build/MMB29P) AppleWebKit/537.36 (KHTML, like Gecko) Chrome/151.0.7922.173 Mobile Safari/537.36 (compatible; GoogleOther)"
66.249.74.193 - - [27/Aug/2026:03:12:04 -0700] "GET /ajax/productstorestocklist/?sku=77812926597&lat= HTTP/1.1" 200 64008 "-" "Mozilla/5.0 (Linux; Android 6.0.1; Nexus 5X Build/MMB29P) AppleWebKit/537.36 (KHTML, like Gecko) Chrome/151.0.7922.173 Mobile Safari/537.36 (compatible; GoogleOther)"
66.249.74.192 - - [27/Aug/2026:03:12:08 -0700] "GET /8ACDvV/jP/O1/UQ_c/fq24stIDQ08hY/z13NbrSDpfSVhcEVaY/AzUnIzcUNQ/V3M/zfjF8NBsB HTTP/1.1" 200 63246 "https://www.ablogformylove.com/ajax/productstorestocklist/?sku=77812926597&lat=" "Mozilla/5.0 (Linux; Android 6.0.1; Nexus 5X Build/MMB29P) AppleWebKit/537.36 (KHTML, like Gecko) Chrome/151.0.7922.173 Mobile Safari/537.36 (compatible; GoogleOther)"
66.249.74.193 - - [27/Aug/2026:03:12:08 -0700] "GET /shop.php?e=83433923542863 HTTP/1.1" 200 26620 "-" "Mozilla/5.0 (Linux; Android 6.0.1; Nexus 5X Build/MMB29P) AppleWebKit/537.36 (KHTML, like Gecko) Chrome/151.0.7922.173 Mobile Safari/537.36 (compatible; GoogleOther)"
66.249.74.192 - - [27/Aug/2026:03:12:12 -0700] "GET /ajax/productstorestocklist/?sku=64278402393&lat= HTTP/1.1" 200 60124 "-" "Mozilla/5.0 (Linux; Android 6.0.1; Nexus 5X Build/MMB29P) AppleWebKit/537.36 (KHTML, like Gecko) Chrome/151.0.7922.173 Mobile Safari/537.36 (compatible; GoogleOther)"
66.249.74.192 - - [27/Aug/2026:03:12:15 -0700] "GET /8ACDvV/jP/O1/UQ_c/fq24stIDQ08hY/z13NbrSDpfSVhcEVaY/AzUnIzcUNQ/V3M/zfjF8NBsB HTTP/1.1" 200 58439 "https://www.ablogformylove.com/ajax/productstorestocklist/?sku=64278402393&lat=" "Mozilla/5.0 (Linux; Android 6.0.1; Nexus 5X Build/MMB29P) AppleWebKit/537.36 (KHTML, like Gecko) Chrome/151.0.7922.173 Mobile Safari/537.36 (compatible; GoogleOther)"
66.249.74.192 - - [27/Aug/2026:03:12:16 -0700] "GET /?m=99885756031 HTTP/1.1" 200 58976 "-" "Mozilla/5.0 (Linux; Android 6.0.1; Nexus 5X Build/MMB29P) AppleWebKit/537.36 (KHTML, like Gecko) Chrome/151.0.7922.173 Mobile Safari/537.36 (compatible; GoogleOther)"
152.233.7.35 - - [27/Aug/2026:03:12:19 -0700] "GET /wp-login.php/wp-login.php HTTP/2.0" 200 2511 "-" "Mozilla/5.0 (Windows NT 10.0; Win64; x64) AppleWebKit/537.36 (KHTML, like Gecko) Chrome/151.0.0.0 Safari/537.36"
152.233.7.35 - - [27/Aug/2026:03:12:19 -0700] "GET /wp-admin/load-styles.php?c=0&dir=ltr&load%5Bchunk_0%5D=dashicons,buttons,forms,l10n,wp-base-styles,wp-tooltip,login&ver=7.1 HTTP/2.0" 200 47393 "https://www.ablogformylove.com/wp-login.php/wp-login.php" "Mozilla/5.0 (Windows NT 10.0; Win64; x64) AppleWebKit/537.36 (KHTML, like Gecko) Chrome/151.0.0.0 Safari/537.36"
152.233.7.35 - - [27/Aug/2026:03:12:19 -0700] "GET /wp-admin/load-scripts.php?c=0&load%5Bchunk_0%5D=clipboard,jquery-core,jquery-migrate,zxcvbn-async,wp-hooks&ver=7.1 HTTP/2.0" 200 39727 "https://www.ablogformylove.com/wp-login.php/wp-login.php" "Mozilla/5.0 (Windows NT 10.0; Win64; x64) AppleWebKit/537.36 (KHTML, like Gecko) Chrome/151.0.0.0 Safari/537.36"
152.233.7.35 - - [27/Aug/2026:03:12:20 -0700] "GET /wp-admin/js/password-strength-meter.min.js?ver=7.1 HTTP/2.0" 200 774 "https://www.ablogformylove.com/wp-login.php/wp-login.php" "Mozilla/5.0 (Windows NT 10.0; Win64; x64) AppleWebKit/537.36 (KHTML, like Gecko) Chrome/151.0.0.0 Safari/537.36"
66.249.74.193 - - [27/Aug/2026:03:12:20 -0700] "GET /?m=71148335074 HTTP/1.1" 200 63378 "-" "Mozilla/5.0 (Linux; Android 6.0.1; Nexus 5X Build/MMB29P) AppleWebKit/537.36 (KHTML, like Gecko) Chrome/151.0.7922.173 Mobile Safari/537.36 (compatible; GoogleOther)"
152.233.7.35 - - [27/Aug/2026:03:12:20 -0700] "GET /wp-admin/images/wordpress-logo-gray.svg?ver=20260303 HTTP/2.0" 200 908 "https://www.ablogformylove.com/wp-admin/load-styles.php?c=0&dir=ltr&load%5Bchunk_0%5D=dashicons,buttons,forms,l10n,wp-base-styles,wp-tooltip,login&ver=7.1" "Mozilla/5.0 (Windows NT 10.0; Win64; x64) AppleWebKit/537.36 (KHTML, like Gecko) Chrome/151.0.0.0 Safari/537.36"
152.233.7.35 - - [27/Aug/2026:03:12:20 -0700] "GET /wp-includes/js/dist/dom-ready.min.js?ver=3fe927cab37bf38d6a23 HTTP/2.0" 200 577 "https://www.ablogformylove.com/wp-login.php/wp-login.php" "Mozilla/5.0 (Windows NT 10.0; Win64; x64) AppleWebKit/537.36 (KHTML, like Gecko) Chrome/151.0.0.0 Safari/537.36"
152.233.7.35 - - [27/Aug/2026:03:12:20 -0700] "GET /wp-admin/js/user-profile.min.js?ver=7.1 HTTP/2.0" 200 3201 "https://www.ablogformylove.com/wp-login.php/wp-login.php" "Mozilla/5.0 (Windows NT 10.0; Win64; x64) AppleWebKit/537.36 (KHTML, like Gecko) Chrome/151.0.0.0 Safari/537.36"
152.233.7.35 - - [27/Aug/2026:03:12:20 -0700] "POST /wp-login.php HTTP/2.0" 302 781 "https://www.ablogformylove.com/wp-login.php/wp-login.php" "Mozilla/5.0 (Windows NT 10.0; Win64; x64) AppleWebKit/537.36 (KHTML, like Gecko) Chrome/151.0.0.0 Safari/537.36"
152.233.7.35 - - [27/Aug/2026:03:12:21 -0700] "GET /wp-includes/js/wp-tooltip.js?ver=7.1 HTTP/2.0" 200 797 "https://www.ablogformylove.com/wp-login.php/wp-login.php" "Mozilla/5.0 (Windows NT 10.0; Win64; x64) AppleWebKit/537.36 (KHTML, like Gecko) Chrome/151.0.0.0 Safari/537.36"
152.233.7.35 - - [27/Aug/2026:03:12:21 -0700] "GET /wp-admin/ HTTP/2.0" 200 27196 "https://www.ablogformylove.com/wp-login.php/wp-login.php" "Mozilla/5.0 (Windows NT 10.0; Win64; x64) AppleWebKit/537.36 (KHTML, like Gecko) Chrome/151.0.0.0 Safari/537.36"
152.233.7.35 - - [27/Aug/2026:03:12:21 -0700] "GET /wp-admin/load-styles.php?c=0&dir=ltr&load%5Bchunk_0%5D=dashicons,admin-bar,site-health,common,forms,admin-menu,dashboard,list-tables,edit,revisions,media,themes,about,nav-menus,wp-poi&load%5Bchunk_1%5D=nter,widgets,site-icon,l10n,wp-base-styles,wp-tooltip,buttons,wp-auth-check,wp-theme,wp-components,wp-commands&ver=7.1 HTTP/2.0" 200 125511 "https://www.ablogformylove.com/wp-admin/" "Mozilla/5.0 (Windows NT 10.0; Win64; x64) AppleWebKit/537.36 (KHTML, like Gecko) Chrome/151.0.0.0 Safari/537.36"
152.233.7.35 - - [27/Aug/2026:03:12:21 -0700] "GET /wp-includes/css/editor.min.css?ver=7.1 HTTP/2.0" 200 6203 "https://www.ablogformylove.com/wp-admin/" "Mozilla/5.0 (Windows NT 10.0; Win64; x64) AppleWebKit/537.36 (KHTML, like Gecko) Chrome/151.0.0.0 Safari/537.36"
152.233.7.35 - - [27/Aug/2026:03:12:21 -0700] "GET /wp-admin/js/common.min.js?ver=7.1 HTTP/2.0" 200 8626 "https://www.ablogformylove.com/wp-admin/" "Mozilla/5.0 (Windows NT 10.0; Win64; x64) AppleWebKit/537.36 (KHTML, like Gecko) Chrome/151.0.0.0 Safari/537.36"
152.233.7.35 - - [27/Aug/2026:03:12:21 -0700] "GET /wp-admin/plugin-install.php?tab=upload HTTP/2.0" 200 16823 "https://www.ablogformylove.com/wp-admin/" "Mozilla/5.0 (Windows NT 10.0; Win64; x64) AppleWebKit/537.36 (KHTML, like Gecko) Chrome/151.0.0.0 Safari/537.36"
152.233.7.35 - - [27/Aug/2026:03:12:22 -0700] "GET /wp-includes/js/clipboard.min.js?ver=2.0.11 HTTP/2.0" 200 3304 "https://www.ablogformylove.com/wp-admin/" "Mozilla/5.0 (Windows NT 10.0; Win64; x64) AppleWebKit/537.36 (KHTML, like Gecko) Chrome/151.0.0.0 Safari/537.36"
152.233.7.35 - - [27/Aug/2026:03:12:22 -0700] "GET /wp-includes/js/api-request.min.js?ver=7.1 HTTP/2.0" 200 646 "https://www.ablogformylove.com/wp-admin/" "Mozilla/5.0 (Windows NT 10.0; Win64; x64) AppleWebKit/537.36 (KHTML, like Gecko) Chrome/151.0.0.0 Safari/537.36"
152.233.7.35 - - [27/Aug/2026:03:12:22 -0700] "GET /wp-admin/load-styles.php?c=0&dir=ltr&load%5Bchunk_0%5D=dashicons,admin-bar,common,forms,admin-menu,dashboard,list-tables,edit,revisions,media,themes,about,nav-menus,wp-pointer,widgets&load%5Bchunk_1%5D=,site-icon,l10n,wp-base-styles,wp-tooltip,buttons,wp-auth-check,wp-theme,wp-components,wp-commands&ver=7.1 HTTP/2.0" 200 124375 "https://www.ablogformylove.com/wp-admin/plugin-install.php?tab=upload" "Mozilla/5.0 (Windows NT 10.0; Win64; x64) AppleWebKit/537.36 (KHTML, like Gecko) Chrome/151.0.0.0 Safari/537.36"
152.233.7.35 - - [27/Aug/2026:03:12:22 -0700] "GET /wp-includes/js/jquery/ui/core.min.js?ver=1.14.2 HTTP/2.0" 200 6635 "https://www.ablogformylove.com/wp-admin/plugin-install.php?tab=upload" "Mozilla/5.0 (Windows NT 10.0; Win64; x64) AppleWebKit/537.36 (KHTML, like Gecko) Chrome/151.0.0.0 Safari/537.36"
152.233.7.35 - - [27/Aug/2026:03:12:22 -0700] "GET /wp-includes/js/thickbox/thickbox.js?ver=3.1-20121105 HTTP/2.0" 200 4136 "https://www.ablogformylove.com/wp-admin/plugin-install.php?tab=upload" "Mozilla/5.0 (Windows NT 10.0; Win64; x64) AppleWebKit/537.36 (KHTML, like Gecko) Chrome/151.0.0.0 Safari/537.36"
152.233.7.35 - - [27/Aug/2026:03:12:22 -0700] "GET /wp-admin/js/plugin-install.min.js?ver=7.1 HTTP/2.0" 200 1077 "https://www.ablogformylove.com/wp-admin/plugin-install.php?tab=upload" "Mozilla/5.0 (Windows NT 10.0; Win64; x64) AppleWebKit/537.36 (KHTML, like Gecko) Chrome/151.0.0.0 Safari/537.36"
152.233.7.35 - - [27/Aug/2026:03:12:22 -0700] "GET /wp-admin/js/updates.min.js?ver=7.1 HTTP/2.0" 200 10758 "https://www.ablogformylove.com/wp-admin/plugin-install.php?tab=upload" "Mozilla/5.0 (Windows NT 10.0; Win64; x64) AppleWebKit/537.36 (KHTML, like Gecko) Chrome/151.0.0.0 Safari/537.36"
152.233.7.35 - - [27/Aug/2026:03:12:22 -0700] "GET /wp-includes/js/wp-sanitize.min.js?ver=7.1 HTTP/2.0" 200 325 "https://www.ablogformylove.com/wp-admin/plugin-install.php?tab=upload" "Mozilla/5.0 (Windows NT 10.0; Win64; x64) AppleWebKit/537.36 (KHTML, like Gecko) Chrome/151.0.0.0 Safari/537.36"
152.233.7.35 - - [27/Aug/2026:03:12:23 -0700] "GET /wp-includes/js/heartbeat.min.js?ver=7.1 HTTP/2.0" 200 2167 "https://www.ablogformylove.com/wp-admin/plugin-install.php?tab=upload" "Mozilla/5.0 (Windows NT 10.0; Win64; x64) AppleWebKit/537.36 (KHTML, like Gecko) Chrome/151.0.0.0 Safari/537.36"
152.233.7.35 - - [27/Aug/2026:03:12:23 -0700] "GET /wp-includes/js/wp-auth-check.min.js?ver=7.1 HTTP/2.0" 200 843 "https://www.ablogformylove.com/wp-admin/plugin-install.php?tab=upload" "Mozilla/5.0 (Windows NT 10.0; Win64; x64) AppleWebKit/537.36 (KHTML, like Gecko) Chrome/151.0.0.0 Safari/537.36"
152.233.7.35 - - [27/Aug/2026:03:12:23 -0700] "GET /wp-includes/js/dist/dom.min.js?ver=c95f94cbbc1ac3fde84f HTTP/2.0" 200 5192 "https://www.ablogformylove.com/wp-admin/plugin-install.php?tab=upload" "Mozilla/5.0 (Windows NT 10.0; Win64; x64) AppleWebKit/537.36 (KHTML, like Gecko) Chrome/151.0.0.0 Safari/537.36"
152.233.7.35 - - [27/Aug/2026:03:12:23 -0700] "GET /wp-includes/js/dist/escape-html.min.js?ver=87ebe53e97bba59805a5 HTTP/2.0" 200 669 "https://www.ablogformylove.com/wp-admin/plugin-install.php?tab=upload" "Mozilla/5.0 (Windows NT 10.0; Win64; x64) AppleWebKit/537.36 (KHTML, like Gecko) Chrome/151.0.0.0 Safari/537.36"
152.233.7.35 - - [27/Aug/2026:03:12:23 -0700] "GET /wp-includes/js/dist/element.min.js?ver=4a4370b2b349066fd440 HTTP/2.0" 200 5298 "https://www.ablogformylove.com/wp-admin/plugin-install.php?tab=upload" "Mozilla/5.0 (Windows NT 10.0; Win64; x64) AppleWebKit/537.36 (KHTML, like Gecko) Chrome/151.0.0.0 Safari/537.36"
152.233.7.35 - - [27/Aug/2026:03:12:23 -0700] "GET /wp-includes/js/dist/is-shallow-equal.min.js?ver=7ad271045c1fe60f5496 HTTP/2.0" 200 652 "https://www.ablogformylove.com/wp-admin/plugin-install.php?tab=upload" "Mozilla/5.0 (Windows NT 10.0; Win64; x64) AppleWebKit/537.36 (KHTML, like Gecko) Chrome/151.0.0.0 Safari/537.36"
152.233.7.35 - - [27/Aug/2026:03:12:23 -0700] "GET /wp-admin/options-general.php?page=wp-promtools-pro HTTP/2.0" 403 67770 "https://www.ablogformylove.com/wp-admin/plugin-install.php?tab=upload" "Mozilla/5.0 (Windows NT 10.0; Win64; x64) AppleWebKit/537.36 (KHTML, like Gecko) Chrome/151.0.0.0 Safari/537.36"
152.233.7.35 - - [27/Aug/2026:03:12:23 -0700] "GET /wp-includes/js/dist/keycodes.min.js?ver=d0b4204e4bbeb412df6e HTTP/2.0" 200 1637 "https://www.ablogformylove.com/wp-admin/plugin-install.php?tab=upload" "Mozilla/5.0 (Windows NT 10.0; Win64; x64) AppleWebKit/537.36 (KHTML, like Gecko) Chrome/151.0.0.0 Safari/537.36"
152.233.7.35 - - [27/Aug/2026:03:12:23 -0700] "GET /wp-includes/js/dist/priority-queue.min.js?ver=6c0aa59b65d55dfd509b HTTP/2.0" 200 1682 "https://www.ablogformylove.com/wp-admin/plugin-install.php?tab=upload" "Mozilla/5.0 (Windows NT 10.0; Win64; x64) AppleWebKit/537.36 (KHTML, like Gecko) Chrome/151.0.0.0 Safari/537.36"
66.249.74.192 - - [27/Aug/2026:03:12:23 -0700] "GET /shop.php?e=86653818938421 HTTP/1.1" 200 32371 "-" "Mozilla/5.0 (Linux; Android 6.0.1; Nexus 5X Build/MMB29P) AppleWebKit/537.36 (KHTML, like Gecko) Chrome/151.0.7922.173 Mobile Safari/537.36 (compatible; GoogleOther)"
152.233.7.35 - - [27/Aug/2026:03:12:24 -0700] "GET /wp-includes/js/dist/private-apis.min.js?ver=eb85f28c4c729bb4f002 HTTP/2.0" 200 1273 "https://www.ablogformylove.com/wp-admin/plugin-install.php?tab=upload" "Mozilla/5.0 (Windows NT 10.0; Win64; x64) AppleWebKit/537.36 (KHTML, like Gecko) Chrome/151.0.0.0 Safari/537.36"
152.233.7.35 - - [27/Aug/2026:03:12:24 -0700] "GET /wp-includes/css/admin-bar.min.css?ver=7.1 HTTP/2.0" 200 4157 "https://www.ablogformylove.com/wp-admin/options-general.php?page=wp-promtools-pro" "Mozilla/5.0 (Windows NT 10.0; Win64; x64) AppleWebKit/537.36 (KHTML, like Gecko) Chrome/151.0.0.0 Safari/537.36"
152.233.7.35 - - [27/Aug/2026:03:12:24 -0700] "GET /wp-includes/css/dashicons.min.css?ver=7.1 HTTP/2.0" 200 35852 "https://www.ablogformylove.com/wp-admin/options-general.php?page=wp-promtools-pro" "Mozilla/5.0 (Windows NT 10.0; Win64; x64) AppleWebKit/537.36 (KHTML, like Gecko) Chrome/151.0.0.0 Safari/537.36"
152.233.7.35 - - [27/Aug/2026:03:12:24 -0700] "GET /wp-content/themes/saraswati-blog/assets/css/font-awesome.min.css?ver=7.1 HTTP/2.0" 200 6340 "https://www.ablogformylove.com/wp-admin/options-general.php?page=wp-promtools-pro" "Mozilla/5.0 (Windows NT 10.0; Win64; x64) AppleWebKit/537.36 (KHTML, like Gecko) Chrome/151.0.0.0 Safari/537.36"
152.233.7.35 - - [27/Aug/2026:03:12:24 -0700] "GET /wp-content/themes/saraswati-blog/assets/css/bootstrap.min.css?ver=7.1 HTTP/2.0" 200 20052 "https://www.ablogformylove.com/wp-admin/options-general.php?page=wp-promtools-pro" "Mozilla/5.0 (Windows NT 10.0; Win64; x64) AppleWebKit/537.36 (KHTML, like Gecko) Chrome/151.0.0.0 Safari/537.36"
152.233.7.35 - - [27/Aug/2026:03:12:24 -0700] "GET /wp-content/themes/saraswati-blog/assets/css/selectize.bootstrap3.css?ver=7.1 HTTP/2.0" 200 2286 "https://www.ablogformylove.com/wp-admin/options-general.php?page=wp-promtools-pro" "Mozilla/5.0 (Windows NT 10.0; Win64; x64) AppleWebKit/537.36 (KHTML, like Gecko) Chrome/151.0.0.0 Safari/537.36"
152.233.7.35 - - [27/Aug/2026:03:12:24 -0700] "GET /wp-content/themes/saraswati-blog/assets/css/owl.carousel.css?ver=7.1 HTTP/2.0" 200 1175 "https://www.ablogformylove.com/wp-admin/options-general.php?page=wp-promtools-pro" "Mozilla/5.0 (Windows NT 10.0; Win64; x64) AppleWebKit/537.36 (KHTML, like Gecko) Chrome/151.0.0.0 Safari/537.36"
152.233.7.35 - - [27/Aug/2026:03:12:24 -0700] "GET /wp-content/themes/saraswati-blog/assets/css/owl.theme.default.min.css?ver=7.1 HTTP/2.0" 200 459 "https://www.ablogformylove.com/wp-admin/options-general.php?page=wp-promtools-pro" "Mozilla/5.0 (Windows NT 10.0; Win64; x64) AppleWebKit/537.36 (KHTML, like Gecko) Chrome/151.0.0.0 Safari/537.36"
152.233.7.35 - - [27/Aug/2026:03:12:24 -0700] "GET /wp-content/themes/saraswati-blog/assets/css/magnific-popup.css?ver=7.1 HTTP/2.0" 200 1904 "https://www.ablogformylove.com/wp-admin/options-general.php?page=wp-promtools-pro" "Mozilla/5.0 (Windows NT 10.0; Win64; x64) AppleWebKit/537.36 (KHTML, like Gecko) Chrome/151.0.0.0 Safari/537.36"
152.233.7.35 - - [27/Aug/2026:03:12:24 -0700] "GET /wp-content/themes/saraswati-blog/style.css?ver=1.0.0 HTTP/2.0" 200 13527 "https://www.ablogformylove.com/wp-admin/options-general.php?page=wp-promtools-pro" "Mozilla/5.0 (Windows NT 10.0; Win64; x64) AppleWebKit/537.36 (KHTML, like Gecko) Chrome/151.0.0.0 Safari/537.36"
152.233.7.35 - - [27/Aug/2026:03:12:24 -0700] "GET /wp-content/themes/saraswati-blog/assets/css/menu.css?ver=7.1 HTTP/2.0" 200 2100 "https://www.ablogformylove.com/wp-admin/options-general.php?page=wp-promtools-pro" "Mozilla/5.0 (Windows NT 10.0; Win64; x64) AppleWebKit/537.36 (KHTML, like Gecko) Chrome/151.0.0.0 Safari/537.36"
152.233.7.35 - - [27/Aug/2026:03:12:25 -0700] "GET /wp-content/themes/saraswati-blog/assets/css/responsive.css?ver=7.1 HTTP/2.0" 200 2515 "https://www.ablogformylove.com/wp-admin/options-general.php?page=wp-promtools-pro" "Mozilla/5.0 (Windows NT 10.0; Win64; x64) AppleWebKit/537.36 (KHTML, like Gecko) Chrome/151.0.0.0 Safari/537.36"
152.233.7.35 - - [27/Aug/2026:03:12:25 -0700] "GET /wp-includes/js/jquery/jquery-migrate.min.js?ver=3.4.1 HTTP/2.0" 200 4987 "https://www.ablogformylove.com/wp-admin/options-general.php?page=wp-promtools-pro" "Mozilla/5.0 (Windows NT 10.0; Win64; x64) AppleWebKit/537.36 (KHTML, like Gecko) Chrome/151.0.0.0 Safari/537.36"
152.233.7.35 - - [27/Aug/2026:03:12:25 -0700] "GET /wp-includes/js/jquery/jquery.min.js?ver=3.7.1 HTTP/2.0" 200 30973 "https://www.ablogformylove.com/wp-admin/options-general.php?page=wp-promtools-pro" "Mozilla/5.0 (Windows NT 10.0; Win64; x64) AppleWebKit/537.36 (KHTML, like Gecko) Chrome/151.0.0.0 Safari/537.36"
152.233.7.35 - - [27/Aug/2026:03:12:25 -0700] "GET /wp-content/themes/saraswati-blog/assets/js/bootstrap.min.js?ver=20151215 HTTP/2.0" 200 27847 "https://www.ablogformylove.com/wp-admin/options-general.php?page=wp-promtools-pro" "Mozilla/5.0 (Windows NT 10.0; Win64; x64) AppleWebKit/537.36 (KHTML, like Gecko) Chrome/151.0.0.0 Safari/537.36"
152.233.7.35 - - [27/Aug/2026:03:12:25 -0700] "GET /wp-content/themes/saraswati-blog/assets/js/owl.carousel.min.js?ver=1787825543 HTTP/2.0" 200 10809 "https://www.ablogformylove.com/wp-admin/options-general.php?page=wp-promtools-pro" "Mozilla/5.0 (Windows NT 10.0; Win64; x64) AppleWebKit/537.36 (KHTML, like Gecko) Chrome/151.0.0.0 Safari/537.36"
152.233.7.35 - - [27/Aug/2026:03:12:26 -0700] "GET /wp-content/themes/saraswati-blog/assets/js/jquery.fitvids.js?ver=20151215 HTTP/2.0" 200 1457 "https://www.ablogformylove.com/wp-admin/options-general.php?page=wp-promtools-pro" "Mozilla/5.0 (Windows NT 10.0; Win64; x64) AppleWebKit/537.36 (KHTML, like Gecko) Chrome/151.0.0.0 Safari/537.36"
152.233.7.35 - - [27/Aug/2026:03:12:26 -0700] "GET /wp-content/themes/saraswati-blog/assets/js/jquery.equalheights.min.js?ver=20151215 HTTP/2.0" 200 374 "https://www.ablogformylove.com/wp-admin/options-general.php?page=wp-promtools-pro" "Mozilla/5.0 (Windows NT 10.0; Win64; x64) AppleWebKit/537.36 (KHTML, like Gecko) Chrome/151.0.0.0 Safari/537.36"
152.233.7.35 - - [27/Aug/2026:03:12:26 -0700] "GET /wp-content/themes/saraswati-blog/assets/js/imgLiquid-min.js?ver=20151215 HTTP/2.0" 200 1953 "https://www.ablogformylove.com/wp-admin/options-general.php?page=wp-promtools-pro" "Mozilla/5.0 (Windows NT 10.0; Win64; x64) AppleWebKit/537.36 (KHTML, like Gecko) Chrome/151.0.0.0 Safari/537.36"
152.233.7.35 - - [27/Aug/2026:03:12:26 -0700] "GET /wp-content/themes/saraswati-blog/assets/js/jquery.magnific-popup.min.js?ver=20151215 HTTP/2.0" 200 7437 "https://www.ablogformylove.com/wp-admin/options-general.php?page=wp-promtools-pro" "Mozilla/5.0 (Windows NT 10.0; Win64; x64) AppleWebKit/537.36 (KHTML, like Gecko) Chrome/151.0.0.0 Safari/537.36"
152.233.7.35 - - [27/Aug/2026:03:12:26 -0700] "GET /wp-content/themes/saraswati-blog/assets/js/navigation.js?ver=20151215 HTTP/2.0" 200 1142 "https://www.ablogformylove.com/wp-admin/options-general.php?page=wp-promtools-pro" "Mozilla/5.0 (Windows NT 10.0; Win64; x64) AppleWebKit/537.36 (KHTML, like Gecko) Chrome/151.0.0.0 Safari/537.36"
66.249.74.193 - - [27/Aug/2026:03:12:27 -0700] "GET /goods.php?c=94538251020 HTTP/1.1" 200 33535 "-" "Mozilla/5.0 (Linux; Android 6.0.1; Nexus 5X Build/MMB29P) AppleWebKit/537.36 (KHTML, like Gecko) Chrome/151.0.7922.173 Mobile Safari/537.36 (compatible; GoogleOther)"
66.249.74.192 - - [27/Aug/2026:03:12:30 -0700] "GET /?m=76422438486 HTTP/1.1" 200 63078 "-" "Mozilla/5.0 (Linux; Android 6.0.1; Nexus 5X Build/MMB29P) AppleWebKit/537.36 (KHTML, like Gecko) Chrome/151.0.7922.173 Mobile Safari/537.36 (compatible; GoogleOther)"
66.249.74.194 - - [27/Aug/2026:03:12:34 -0700] "GET /shop.php?e=93785933769732 HTTP/1.1" 200 31688 "-" "Mozilla/5.0 (Linux; Android 6.0.1; Nexus 5X Build/MMB29P) AppleWebKit/537.36 (KHTML, like Gecko) Chrome/151.0.7922.173 Mobile Safari/537.36 (compatible; GoogleOther)"
66.249.74.193 - - [27/Aug/2026:03:12:37 -0700] "GET /?m=42131642493 HTTP/1.1" 200 63352 "-" "Mozilla/5.0 (Linux; Android 6.0.1; Nexus 5X Build/MMB29P) AppleWebKit/537.36 (KHTML, like Gecko) Chrome/151.0.7922.173 Mobile Safari/537.36 (compatible; GoogleOther)"
114.119.140.13 - - [27/Aug/2026:03:12:38 -0700] "GET /2015/10 HTTP/1.1" 200 6553 "https://ablogformylove.com/2015/10" "Mozilla/5.0 (Linux; Android 7.0;) AppleWebKit/537.36 (HTML, like Gecko) Mobile Safari/537.36 (compatible; PetalBot;+https://webmaster.petalsearch.com/site/petalbot)"
66.249.74.192 - - [27/Aug/2026:03:12:41 -0700] "GET /?m=29920009910 HTTP/1.1" 200 63161 "-" "Mozilla/5.0 (Linux; Android 6.0.1; Nexus 5X Build/MMB29P) AppleWebKit/537.36 (KHTML, like Gecko) Chrome/151.0.7922.173 Mobile Safari/537.36 (compatible; GoogleOther)"
66.249.74.194 - - [27/Aug/2026:03:12:45 -0700] "GET /pc/index.php?m=70100287631 HTTP/1.1" 200 63686 "-" "Mozilla/5.0 (Linux; Android 6.0.1; Nexus 5X Build/MMB29P) AppleWebKit/537.36 (KHTML, like Gecko) Chrome/151.0.7922.173 Mobile Safari/537.36 (compatible; GoogleOther)"
66.249.74.194 - - [27/Aug/2026:03:12:48 -0700] "GET /shop.php?e=83269239751273 HTTP/1.1" 200 27462 "-" "Mozilla/5.0 (Linux; Android 6.0.1; Nexus 5X Build/MMB29P) AppleWebKit/537.36 (KHTML, like Gecko) Chrome/151.0.7922.173 Mobile Safari/537.36 (compatible; GoogleOther)"
66.249.74.194 - - [27/Aug/2026:03:12:52 -0700] "GET /pc/index.php?m=43062541710 HTTP/1.1" 200 58427 "-" "Mozilla/5.0 (Linux; Android 6.0.1; Nexus 5X Build/MMB29P) AppleWebKit/537.36 (KHTML, like Gecko) Chrome/151.0.7922.173 Mobile Safari/537.36 (compatible; GoogleOther)"
57.141.0.24 - - [27/Aug/2026:03:12:51 -0700] "GET /?m=95417526642 HTTP/2.0" 200 19795 "-" "Mozilla/5.0 (Windows NT 10.0; Win64; x64) AppleWebKit/537.36 (KHTML, like Gecko) Chrome/145.0.0.0 Safari/537.36 (compatible; meta-externalagent/1.1 (+https://developers.facebook.com/docs/sharing/webmasters/crawler))"
66.249.74.194 - - [27/Aug/2026:03:12:55 -0700] "GET /shop.php?e=79275249081691 HTTP/1.1" 200 26424 "-" "Mozilla/5.0 (Linux; Android 6.0.1; Nexus 5X Build/MMB29P) AppleWebKit/537.36 (KHTML, like Gecko) Chrome/151.0.7922.173 Mobile Safari/537.36 (compatible; GoogleOther)"
57.141.0.7 - - [27/Aug/2026:03:12:57 -0700] "GET /?m=33699393622 HTTP/2.0" 200 19795 "-" "Mozilla/5.0 (Windows NT 10.0; Win64; x64) AppleWebKit/537.36 (KHTML, like Gecko) Chrome/145.0.0.0 Safari/537.36 (compatible; meta-externalagent/1.1 (+https://developers.facebook.com/docs/sharing/webmasters/crawler))"
66.249.74.194 - - [27/Aug/2026:03:12:59 -0700] "GET /ajax/productdeliverycalendar/?sku=49995439456&offset= HTTP/1.1" 200 58772 "-" "Mozilla/5.0 (Linux; Android 6.0.1; Nexus 5X Build/MMB29P) AppleWebKit/537.36 (KHTML, like Gecko) Chrome/151.0.7922.173 Mobile Safari/537.36 (compatible; Googlebot/2.1; +http://www.google.com/bot.html)"
66.249.74.195 - - [27/Aug/2026:03:12:59 -0700] "GET /?m=77941218529 HTTP/1.1" 200 64055 "-" "Mozilla/5.0 (Linux; Android 6.0.1; Nexus 5X Build/MMB29P) AppleWebKit/537.36 (KHTML, like Gecko) Chrome/151.0.7922.173 Mobile Safari/537.36 (compatible; GoogleOther)"
66.249.74.192 - - [27/Aug/2026:03:13:03 -0700] "GET /?m=85289089656 HTTP/1.1" 200 63033 "-" "Mozilla/5.0 (Linux; Android 6.0.1; Nexus 5X Build/MMB29P) AppleWebKit/537.36 (KHTML, like Gecko) Chrome/151.0.7922.173 Mobile Safari/537.36 (compatible; GoogleOther)"
66.249.74.193 - - [27/Aug/2026:03:13:06 -0700] "GET /pc/index.php?m=53001093142 HTTP/1.1" 200 65137 "-" "Mozilla/5.0 (Linux; Android 6.0.1; Nexus 5X Build/MMB29P) AppleWebKit/537.36 (KHTML, like Gecko) Chrome/151.0.7922.173 Mobile Safari/537.36 (compatible; GoogleOther)"
66.249.74.192 - - [27/Aug/2026:03:13:07 -0700] "GET /?m=92843489766 HTTP/1.1" 200 62598 "-" "Mozilla/5.0 (Linux; Android 6.0.1; Nexus 5X Build/MMB29P) AppleWebKit/537.36 (KHTML, like Gecko) Chrome/151.0.7922.173 Mobile Safari/537.36 (compatible; Googlebot/2.1; +http://www.google.com/bot.html)"
66.249.74.192 - - [27/Aug/2026:03:13:09 -0700] "GET /goods.php?y=62144443842 HTTP/1.1" 200 28315 "-" "Mozilla/5.0 (Linux; Android 6.0.1; Nexus 5X Build/MMB29P) AppleWebKit/537.36 (KHTML, like Gecko) Chrome/151.0.7922.173 Mobile Safari/537.36 (compatible; Googlebot/2.1; +http://www.google.com/bot.html)"
66.249.74.193 - - [27/Aug/2026:03:13:09 -0700] "GET /pc/index.php?m=22168034552 HTTP/1.1" 200 59183 "-" "Mozilla/5.0 (Linux; Android 6.0.1; Nexus 5X Build/MMB29P) AppleWebKit/537.36 (KHTML, like Gecko) Chrome/151.0.7922.173 Mobile Safari/537.36 (compatible; GoogleOther)"
66.249.74.192 - - [27/Aug/2026:03:13:11 -0700] "GET /goods.php?o=25344329455 HTTP/1.1" 200 35044 "-" "Mozilla/5.0 (Linux; Android 6.0.1; Nexus 5X Build/MMB29P) AppleWebKit/537.36 (KHTML, like Gecko) Chrome/151.0.7922.173 Mobile Safari/537.36 (compatible; Googlebot/2.1; +http://www.google.com/bot.html)"
66.249.74.192 - - [27/Aug/2026:03:13:13 -0700] "GET /shop.php?e=59112744847919 HTTP/1.1" 200 26850 "-" "Mozilla/5.0 (Linux; Android 6.0.1; Nexus 5X Build/MMB29P) AppleWebKit/537.36 (KHTML, like Gecko) Chrome/151.0.7922.173 Mobile Safari/537.36 (compatible; GoogleOther)"
66.249.74.193 - - [27/Aug/2026:03:13:16 -0700] "GET /goods.php?k=14879006607 HTTP/1.1" 200 33174 "-" "Mozilla/5.0 (Linux; Android 6.0.1; Nexus 5X Build/MMB29P) AppleWebKit/537.36 (KHTML, like Gecko) Chrome/151.0.7922.173 Mobile Safari/537.36 (compatible; GoogleOther)"
66.249.74.193 - - [27/Aug/2026:03:13:20 -0700] "GET /ajax/productdeliverycalendar/?sku=24772812858&offset= HTTP/1.1" 200 58375 "-" "Mozilla/5.0 (Linux; Android 6.0.1; Nexus 5X Build/MMB29P) AppleWebKit/537.36 (KHTML, like Gecko) Chrome/151.0.7922.173 Mobile Safari/537.36 (compatible; GoogleOther)"
66.249.74.193 - - [27/Aug/2026:03:13:23 -0700] "GET /ajax/productstorestocklist/?sku=46474428182&lat= HTTP/1.1" 200 59838 "-" "Mozilla/5.0 (Linux; Android 6.0.1; Nexus 5X Build/MMB29P) AppleWebKit/537.36 (KHTML, like Gecko) Chrome/151.0.7922.173 Mobile Safari/537.36 (compatible; GoogleOther)"
57.141.0.2 - - [27/Aug/2026:03:13:26 -0700] "GET /?m=76359852474 HTTP/2.0" 200 19795 "-" "Mozilla/5.0 (Windows NT 10.0; Win64; x64) AppleWebKit/537.36 (KHTML, like Gecko) Chrome/145.0.0.0 Safari/537.36 (compatible; meta-externalagent/1.1 (+https://developers.facebook.com/docs/sharing/webmasters/crawler))"
66.249.74.192 - - [27/Aug/2026:03:13:27 -0700] "GET /?m=3048567355 HTTP/1.1" 200 63483 "-" "Mozilla/5.0 (Linux; Android 6.0.1; Nexus 5X Build/MMB29P) AppleWebKit/537.36 (KHTML, like Gecko) Chrome/151.0.7922.173 Mobile Safari/537.36 (compatible; GoogleOther)"
57.141.0.51 - - [27/Aug/2026:03:13:29 -0700] "GET /?m=66628494661 HTTP/2.0" 200 19795 "-" "Mozilla/5.0 (Windows NT 10.0; Win64; x64) AppleWebKit/537.36 (KHTML, like Gecko) Chrome/145.0.0.0 Safari/537.36 (compatible; meta-externalagent/1.1 (+https://developers.facebook.com/docs/sharing/webmasters/crawler))"
66.249.74.193 - - [27/Aug/2026:03:13:30 -0700] "GET /shop.php?e=23107841482772 HTTP/1.1" 200 32329 "-" "Mozilla/5.0 (Linux; Android 6.0.1; Nexus 5X Build/MMB29P) AppleWebKit/537.36 (KHTML, like Gecko) Chrome/151.0.7922.173 Mobile Safari/537.36 (compatible; GoogleOther)"
57.141.0.67 - - [27/Aug/2026:03:13:31 -0700] "GET /?m=897412106 HTTP/2.0" 200 19795 "-" "Mozilla/5.0 (Windows NT 10.0; Win64; x64) AppleWebKit/537.36 (KHTML, like Gecko) Chrome/145.0.0.0 Safari/537.36 (compatible; meta-externalagent/1.1 (+https://developers.facebook.com/docs/sharing/webmasters/crawler))"
66.249.74.192 - - [27/Aug/2026:03:13:33 -0700] "GET /?m=89889675236 HTTP/1.1" 200 63411 "-" "Mozilla/5.0 (Linux; Android 6.0.1; Nexus 5X Build/MMB29P) AppleWebKit/537.36 (KHTML, like Gecko) Chrome/151.0.7922.173 Mobile Safari/537.36 (compatible; GoogleOther)"
66.249.74.192 - - [27/Aug/2026:03:13:37 -0700] "GET /ajax/productstorestocklist/?sku=511171890&my_store=1 HTTP/1.1" 200 59182 "-" "Mozilla/5.0 (Linux; Android 6.0.1; Nexus 5X Build/MMB29P) AppleWebKit/537.36 (KHTML, like Gecko) Chrome/151.0.7922.173 Mobile Safari/537.36 (compatible; GoogleOther)"
223.206.234.64 - - [27/Aug/2026:03:13:39 -0700] "POST /xmlrpc.php HTTP/1.1" 200 5047 "-" "Mozilla/5.0 (X11; Linux x86_64; rv:128.0) Gecko/20100101 Firefox/128.0"
75.119.195.61 - - [27/Aug/2026:03:13:40 -0700] "POST /wp-cron.php?doing_wp_cron=1787825620.4336009025573730468750 HTTP/1.1" 200 6592 "-" "WordPress/7.1; https://www.ablogformylove.com"
66.249.74.193 - - [27/Aug/2026:03:13:40 -0700] "GET /goods.php?j=82943468324 HTTP/1.1" 200 32595 "-" "Mozilla/5.0 (Linux; Android 6.0.1; Nexus 5X Build/MMB29P) AppleWebKit/537.36 (KHTML, like Gecko) Chrome/151.0.7922.173 Mobile Safari/537.36 (compatible; GoogleOther)"
66.249.74.194 - - [27/Aug/2026:03:13:44 -0700] "GET /?m=95524051513 HTTP/1.1" 200 64132 "-" "Mozilla/5.0 (Linux; Android 6.0.1; Nexus 5X Build/MMB29P) AppleWebKit/537.36 (KHTML, like Gecko) Chrome/151.0.7922.173 Mobile Safari/537.36 (compatible; GoogleOther)"
223.206.234.64 - - [27/Aug/2026:03:13:45 -0700] "POST /xmlrpc.php HTTP/1.1" 200 4942 "-" "Mozilla/5.0 (X11; Linux x86_64) AppleWebKit/537.36 Chrome/124.0"
57.141.0.16 - - [27/Aug/2026:03:13:45 -0700] "GET /?m=62057514090 HTTP/2.0" 200 19796 "-" "Mozilla/5.0 (Windows NT 10.0; Win64; x64) AppleWebKit/537.36 (KHTML, like Gecko) Chrome/145.0.0.0 Safari/537.36 (compatible; meta-externalagent/1.1 (+https://developers.facebook.com/docs/sharing/webmasters/crawler))"
57.141.0.40 - - [27/Aug/2026:03:13:46 -0700] "GET /?m=58487134856 HTTP/2.0" 200 19795 "-" "Mozilla/5.0 (X11; Linux x86_64) AppleWebKit/537.36 (KHTML, like Gecko) Chrome/145.0.0.0 Safari/537.36 (compatible; meta-externalagent/1.1 (+https://developers.facebook.com/docs/sharing/webmasters/crawler))"
66.249.74.192 - - [27/Aug/2026:03:13:49 -0700] "GET /pc/index.php?m=7929484260 HTTP/1.1" 200 63315 "-" "Mozilla/5.0 (Linux; Android 6.0.1; Nexus 5X Build/MMB29P) AppleWebKit/537.36 (KHTML, like Gecko) Chrome/151.0.7922.173 Mobile Safari/537.36 (compatible; GoogleOther)"
223.206.234.64 - - [27/Aug/2026:03:13:48 -0700] "GET /2026/08/27/premio-in-assenza-di-deposito-scompiglio-i-migliori-gratifica-casino-con-mastercard-immediati-di-agosto/ HTTP/1.1" 200 25298 "-" "Mozilla/5.0 (X11; Linux x86_64) AppleWebKit/537.36 (KHTML, like Gecko) Chrome/134.0.0.0 Safari/537.36"
66.249.74.194 - - [27/Aug/2026:03:13:54 -0700] "GET /?m=95754845390 HTTP/1.1" 200 63660 "-" "Mozilla/5.0 (Linux; Android 6.0.1; Nexus 5X Build/MMB29P) AppleWebKit/537.36 (KHTML, like Gecko) Chrome/151.0.7922.173 Mobile Safari/537.36 (compatible; GoogleOther)"
66.249.74.195 - - [27/Aug/2026:03:13:59 -0700] "GET /?m=66726949765 HTTP/1.1" 200 63348 "-" "Mozilla/5.0 (Linux; Android 6.0.1; Nexus 5X Build/MMB29P) AppleWebKit/537.36 (KHTML, like Gecko) Chrome/151.0.7922.173 Mobile Safari/537.36 (compatible; GoogleOther)"
66.249.74.193 - - [27/Aug/2026:03:14:03 -0700] "GET /?m=60891585045 HTTP/1.1" 200 63214 "-" "Mozilla/5.0 (Linux; Android 6.0.1; Nexus 5X Build/MMB29P) AppleWebKit/537.36 (KHTML, like Gecko) Chrome/151.0.7922.173 Mobile Safari/537.36 (compatible; GoogleOther)"
66.249.74.193 - - [27/Aug/2026:03:14:08 -0700] "GET /?m=73145654507 HTTP/1.1" 200 63515 "-" "Mozilla/5.0 (Linux; Android 6.0.1; Nexus 5X Build/MMB29P) AppleWebKit/537.36 (KHTML, like Gecko) Chrome/151.0.7922.173 Mobile Safari/537.36 (compatible; GoogleOther)"
57.141.0.37 - - [27/Aug/2026:03:14:11 -0700] "GET /?m=38336992342 HTTP/2.0" 200 19786 "-" "Mozilla/5.0 (Windows NT 10.0; Win64; x64) AppleWebKit/537.36 (KHTML, like Gecko) Chrome/145.0.0.0 Safari/537.36 (compatible; meta-externalagent/1.1 (+https://developers.facebook.com/docs/sharing/webmasters/crawler))"
66.249.74.192 - - [27/Aug/2026:03:14:13 -0700] "GET /shop.php?e=95416702812973 HTTP/1.1" 200 32047 "-" "Mozilla/5.0 (Linux; Android 6.0.1; Nexus 5X Build/MMB29P) AppleWebKit/537.36 (KHTML, like Gecko) Chrome/151.0.7922.173 Mobile Safari/537.36 (compatible; GoogleOther)"
66.249.74.192 - - [27/Aug/2026:03:14:17 -0700] "GET /shop.php?e=51295244858815 HTTP/1.1" 200 27586 "-" "Mozilla/5.0 (Linux; Android 6.0.1; Nexus 5X Build/MMB29P) AppleWebKit/537.36 (KHTML, like Gecko) Chrome/151.0.7922.173 Mobile Safari/537.36 (compatible; GoogleOther)"
107.20.105.74 - - [27/Aug/2026:03:14:20 -0700] "HEAD / HTTP/2.0" 200 105 "http://75.119.195.61" "DreamHost SiteMonitor 1.0"
66.249.74.192 - - [27/Aug/2026:03:14:21 -0700] "GET /?m=5383095708 HTTP/1.1" 200 58526 "-" "Mozilla/5.0 (Linux; Android 6.0.1; Nexus 5X Build/MMB29P) AppleWebKit/537.36 (KHTML, like Gecko) Chrome/151.0.7922.173 Mobile Safari/537.36 (compatible; GoogleOther)"
66.249.74.192 - - [27/Aug/2026:03:14:25 -0700] "GET /?m=77296653347 HTTP/1.1" 200 59789 "-" "Mozilla/5.0 (Linux; Android 6.0.1; Nexus 5X Build/MMB29P) AppleWebKit/537.36 (KHTML, like Gecko) Chrome/151.0.7922.173 Mobile Safari/537.36 (compatible; GoogleOther)"
66.249.74.192 - - [27/Aug/2026:03:14:28 -0700] "GET /shop.php?e=99273799267039 HTTP/1.1" 200 26988 "-" "Mozilla/5.0 (Linux; Android 6.0.1; Nexus 5X Build/MMB29P) AppleWebKit/537.36 (KHTML, like Gecko) Chrome/151.0.7922.173 Mobile Safari/537.36 (compatible; GoogleOther)"
66.249.74.193 - - [27/Aug/2026:03:14:32 -0700] "GET /?m=8533248828 HTTP/1.1" 200 62764 "-" "Mozilla/5.0 (Linux; Android 6.0.1; Nexus 5X Build/MMB29P) AppleWebKit/537.36 (KHTML, like Gecko) Chrome/151.0.7922.173 Mobile Safari/537.36 (compatible; GoogleOther)"
66.249.74.192 - - [27/Aug/2026:03:14:36 -0700] "GET /shop.php?e=95547441662849 HTTP/1.1" 200 31913 "-" "Mozilla/5.0 (Linux; Android 6.0.1; Nexus 5X Build/MMB29P) AppleWebKit/537.36 (KHTML, like Gecko) Chrome/151.0.7922.173 Mobile Safari/537.36 (compatible; GoogleOther)"
66.249.74.192 - - [27/Aug/2026:03:14:36 -0700] "GET /goods.php?p=94248058480 HTTP/1.1" 200 29685 "-" "Mozilla/5.0 (Linux; Android 6.0.1; Nexus 5X Build/MMB29P) AppleWebKit/537.36 (KHTML, like Gecko) Chrome/151.0.7922.173 Mobile Safari/537.36 (compatible; Googlebot/2.1; +http://www.google.com/bot.html)"
57.141.0.66 - - [27/Aug/2026:03:14:37 -0700] "GET /?m=81001507438 HTTP/2.0" 200 19795 "-" "Mozilla/5.0 (X11; Linux x86_64) AppleWebKit/537.36 (KHTML, like Gecko) Chrome/145.0.0.0 Safari/537.36 (compatible; meta-externalagent/1.1 (+https://developers.facebook.com/docs/sharing/webmasters/crawler))"
57.141.0.31 - - [27/Aug/2026:03:14:37 -0700] "GET /?m=47065710149 HTTP/2.0" 200 19795 "-" "Mozilla/5.0 (Windows NT 10.0; Win64; x64) AppleWebKit/537.36 (KHTML, like Gecko) Chrome/145.0.0.0 Safari/537.36 (compatible; meta-externalagent/1.1 (+https://developers.facebook.com/docs/sharing/webmasters/crawler))"
57.141.0.47 - - [27/Aug/2026:03:14:39 -0700] "GET /?m=65610220693 HTTP/2.0" 200 19795 "-" "Mozilla/5.0 (X11; Linux x86_64) AppleWebKit/537.36 (KHTML, like Gecko) Chrome/145.0.0.0 Safari/537.36 (compatible; meta-externalagent/1.1 (+https://developers.facebook.com/docs/sharing/webmasters/crawler))"
66.249.74.192 - - [27/Aug/2026:03:14:39 -0700] "GET /?m=22332601717 HTTP/1.1" 200 57961 "-" "Mozilla/5.0 (Linux; Android 6.0.1; Nexus 5X Build/MMB29P) AppleWebKit/537.36 (KHTML, like Gecko) Chrome/151.0.7922.173 Mobile Safari/537.36 (compatible; GoogleOther)"
57.141.0.6 - - [27/Aug/2026:03:14:42 -0700] "GET /?m=14985819726 HTTP/2.0" 200 19795 "-" "Mozilla/5.0 (Windows NT 10.0; Win64; x64) AppleWebKit/537.36 (KHTML, like Gecko) Chrome/145.0.0.0 Safari/537.36 (compatible; meta-externalagent/1.1 (+https://developers.facebook.com/docs/sharing/webmasters/crawler))"
66.249.74.192 - - [27/Aug/2026:03:14:42 -0700] "GET /ajax/productdeliverycalendar/?sku=44839977360&offset= HTTP/1.1" 200 58642 "-" "Mozilla/5.0 (Linux; Android 6.0.1; Nexus 5X Build/MMB29P) AppleWebKit/537.36 (KHTML, like Gecko) Chrome/151.0.7922.173 Mobile Safari/537.36 (compatible; GoogleOther)"
66.249.74.192 - - [27/Aug/2026:03:14:46 -0700] "GET /?m=86666423303 HTTP/1.1" 200 57996 "-" "Mozilla/5.0 (Linux; Android 6.0.1; Nexus 5X Build/MMB29P) AppleWebKit/537.36 (KHTML, like Gecko) Chrome/151.0.7922.173 Mobile Safari/537.36 (compatible; GoogleOther)"
57.141.0.23 - - [27/Aug/2026:03:14:46 -0700] "GET /?m=46197282407 HTTP/2.0" 200 19795 "-" "Mozilla/5.0 (Windows NT 10.0; Win64; x64) AppleWebKit/537.36 (KHTML, like Gecko) Chrome/145.0.0.0 Safari/537.36 (compatible; meta-externalagent/1.1 (+https://developers.facebook.com/docs/sharing/webmasters/crawler))"
66.249.74.192 - - [27/Aug/2026:03:14:49 -0700] "GET /pc/index.php?m=32041671167 HTTP/1.1" 200 60801 "-" "Mozilla/5.0 (Linux; Android 6.0.1; Nexus 5X Build/MMB29P) AppleWebKit/537.36 (KHTML, like Gecko) Chrome/151.0.7922.173 Mobile Safari/537.36 (compatible; GoogleOther)"
66.249.74.193 - - [27/Aug/2026:03:14:52 -0700] "GET /ajax/productstorestocklist/?sku=88969580166&my_store=1 HTTP/1.1" 200 63826 "-" "Mozilla/5.0 (Linux; Android 6.0.1; Nexus 5X Build/MMB29P) AppleWebKit/537.36 (KHTML, like Gecko) Chrome/151.0.7922.173 Mobile Safari/537.36 (compatible; GoogleOther)"
104.207.57.98 - - [27/Aug/2026:03:14:55 -0700] "GET /xmlrpc.php HTTP/2.0" 405 2525 "-" "Mozilla/5.0 (Windows NT 10.0; Win64; x64) AppleWebKit/537.36 (KHTML, like Gecko) Chrome/124.0.0.0 Safari/537.36"
57.141.0.47 - - [27/Aug/2026:03:14:55 -0700] "GET /?m=61488853390 HTTP/2.0" 200 19796 "-" "Mozilla/5.0 (Windows NT 10.0; Win64; x64) AppleWebKit/537.36 (KHTML, like Gecko) Chrome/145.0.0.0 Safari/537.36 (compatible; meta-externalagent/1.1 (+https://developers.facebook.com/docs/sharing/webmasters/crawler))"
57.141.0.38 - - [27/Aug/2026:03:14:55 -0700] "GET /?m=60694425784 HTTP/2.0" 200 19795 "-" "Mozilla/5.0 (Macintosh; Intel Mac OS X 10_15_7) AppleWebKit/537.36 (KHTML, like Gecko) Chrome/145.0.0.0 Safari/537.36 (compatible; meta-externalagent/1.1 (+https://developers.facebook.com/docs/sharing/webmasters/crawler))"
66.249.74.192 - - [27/Aug/2026:03:14:56 -0700] "GET /?m=52721041330 HTTP/1.1" 200 62746 "-" "Mozilla/5.0 (Linux; Android 6.0.1; Nexus 5X Build/MMB29P) AppleWebKit/537.36 (KHTML, like Gecko) Chrome/151.0.7922.173 Mobile Safari/537.36 (compatible; GoogleOther)"
75.119.195.61 - - [27/Aug/2026:03:14:57 -0700] "POST /wp-cron.php?doing_wp_cron=1787825697.5833699703216552734375 HTTP/1.1" 200 6592 "-" "WordPress/7.1; https://www.ablogformylove.com"
216.26.249.241 - - [27/Aug/2026:03:14:56 -0700] "POST /xmlrpc.php HTTP/2.0" 200 271 "-" "Mozilla/5.0 (Windows NT 10.0; Win64; x64) AppleWebKit/537.36 (KHTML, like Gecko) Chrome/124.0.0.0 Safari/537.36"
104.207.57.98 - - [27/Aug/2026:03:14:58 -0700] "POST /xmlrpc.php HTTP/2.0" 200 2635 "-" "Mozilla/5.0 (Windows NT 10.0; Win64; x64) AppleWebKit/537.36 (KHTML, like Gecko) Chrome/124.0.0.0 Safari/537.36"
66.249.74.192 - - [27/Aug/2026:03:14:59 -0700] "GET /?tags/%E3%81%8C%E3%81%BE%E3%81%8B%E3%81%A4 HTTP/1.1" 200 59222 "-" "Mozilla/5.0 (Linux; Android 6.0.1; Nexus 5X Build/MMB29P) AppleWebKit/537.36 (KHTML, like Gecko) Chrome/151.0.7922.173 Mobile Safari/537.36 (compatible; GoogleOther)"
66.249.74.192 - - [27/Aug/2026:03:15:03 -0700] "GET /ajax/productstorestocklist/?sku=45975139768&lat= HTTP/1.1" 200 59805 "-" "Mozilla/5.0 (Linux; Android 6.0.1; Nexus 5X Build/MMB29P) AppleWebKit/537.36 (KHTML, like Gecko) Chrome/151.0.7922.173 Mobile Safari/537.36 (compatible; GoogleOther)"
66.249.74.192 - - [27/Aug/2026:03:15:06 -0700] "GET /?m=19908348576 HTTP/1.1" 200 60074 "-" "Mozilla/5.0 (Linux; Android 6.0.1; Nexus 5X Build/MMB29P) AppleWebKit/537.36 (KHTML, like Gecko) Chrome/151.0.7922.173 Mobile Safari/537.36 (compatible; GoogleOther)"
66.249.74.192 - - [27/Aug/2026:03:15:10 -0700] "GET /goods.php?q=75330890391 HTTP/1.1" 200 28665 "-" "Mozilla/5.0 (Linux; Android 6.0.1; Nexus 5X Build/MMB29P) AppleWebKit/537.36 (KHTML, like Gecko) Chrome/151.0.7922.173 Mobile Safari/537.36 (compatible; GoogleOther)"
66.249.74.192 - - [27/Aug/2026:03:15:13 -0700] "GET /?m=46984710387 HTTP/1.1" 200 57816 "-" "Mozilla/5.0 (Linux; Android 6.0.1; Nexus 5X Build/MMB29P) AppleWebKit/537.36 (KHTML, like Gecko) Chrome/151.0.7922.173 Mobile Safari/537.36 (compatible; GoogleOther)"
66.249.74.192 - - [27/Aug/2026:03:15:16 -0700] "GET /?m=75007817796 HTTP/1.1" 200 63488 "-" "Mozilla/5.0 (Linux; Android 6.0.1; Nexus 5X Build/MMB29P) AppleWebKit/537.36 (KHTML, like Gecko) Chrome/151.0.7922.173 Mobile Safari/537.36 (compatible; Googlebot/2.1; +http://www.google.com/bot.html)"
66.249.74.192 - - [27/Aug/2026:03:15:16 -0700] "GET /shop.php?e=36150213491917 HTTP/1.1" 200 27001 "-" "Mozilla/5.0 (Linux; Android 6.0.1; Nexus 5X Build/MMB29P) AppleWebKit/537.36 (KHTML, like Gecko) Chrome/151.0.7922.173 Mobile Safari/537.36 (compatible; Googlebot/2.1; +http://www.google.com/bot.html)"
66.249.74.192 - - [27/Aug/2026:03:15:17 -0700] "GET /goods.php?e=24479144015 HTTP/1.1" 200 28051 "-" "Mozilla/5.0 (Linux; Android 6.0.1; Nexus 5X Build/MMB29P) AppleWebKit/537.36 (KHTML, like Gecko) Chrome/151.0.7922.173 Mobile Safari/537.36 (compatible; GoogleOther)"
66.249.74.192 - - [27/Aug/2026:03:15:17 -0700] "GET /?tags/%E3%83%81%E3%83%A3%E3%82%A4%E3%83%AB%E3%83%89%E3%82%B7%E3%83%BC%E3%83%88%E3%80%80%E3%82%A2%E3%83%83%E3%83%97%E3%83%AA%E3%82%AB%E3%80%80%E3%82%AF%E3%83%AB%E3%83%AA%E3%83%A9%E3%83%97%E3%83%A9%E3%82%B9%E3%80%80%E5%9B%9E%E8%BB%A2%E5%BC%8F%E3%80%80ISOFIX HTTP/1.1" 200 59752 "-" "Mozilla/5.0 (Linux; Android 6.0.1; Nexus 5X Build/MMB29P) AppleWebKit/537.36 (KHTML, like Gecko) Chrome/151.0.7922.173 Mobile Safari/537.36 (compatible; Googlebot/2.1; +http://www.google.com/bot.html)"
169.58.197.253 - - [27/Aug/2026:03:15:20 -0700] "GET /wp-admin/css/ HTTP/1.1" 403 7286 "binance.com" "Mozilla/5.0 (Windows NT 10.0; Win64; x64) AppleWebKit/537.36 (KHTML, like Gecko) Chrome/90.0.4430.85 Safari/537.36"
66.249.74.192 - - [27/Aug/2026:03:15:20 -0700] "GET /?m=83555480103 HTTP/1.1" 200 59132 "-" "Mozilla/5.0 (Linux; Android 6.0.1; Nexus 5X Build/MMB29P) AppleWebKit/537.36 (KHTML, like Gecko) Chrome/151.0.7922.173 Mobile Safari/537.36 (compatible; GoogleOther)"
57.141.0.50 - - [27/Aug/2026:03:15:23 -0700] "GET /wp-json/oembed/1.0/embed?url=https%3A%2F%2Fwww.ablogformylove.com%2F2026%2F08%2F24%2Fwarum-seriose-wettanbieter-fur-sportwetten-ohne-oasis-wichtig-sind-2%2F HTTP/2.0" 200 2784 "-" "Mozilla/5.0 (Windows NT 10.0; Win64; x64) AppleWebKit/537.36 (KHTML, like Gecko) Chrome/145.0.0.0 Safari/537.36 (compatible; meta-externalagent/1.1 (+https://developers.facebook.com/docs/sharing/webmasters/crawler))"
66.249.74.192 - - [27/Aug/2026:03:15:23 -0700] "GET /?m=46873220886 HTTP/1.1" 200 57946 "-" "Mozilla/5.0 (Linux; Android 6.0.1; Nexus 5X Build/MMB29P) AppleWebKit/537.36 (KHTML, like Gecko) Chrome/151.0.7922.173 Mobile Safari/537.36 (compatible; GoogleOther)"
66.249.74.192 - - [27/Aug/2026:03:15:26 -0700] "GET /pc/index.php?m=34728311221 HTTP/1.1" 200 58827 "-" "Mozilla/5.0 (Linux; Android 6.0.1; Nexus 5X Build/MMB29P) AppleWebKit/537.36 (KHTML, like Gecko) Chrome/151.0.7922.173 Mobile Safari/537.36 (compatible; GoogleOther)"
66.249.74.194 - - [27/Aug/2026:03:15:30 -0700] "GET /?m=70533260412 HTTP/1.1" 200 63011 "-" "Mozilla/5.0 (Linux; Android 6.0.1; Nexus 5X Build/MMB29P) AppleWebKit/537.36 (KHTML, like Gecko) Chrome/151.0.7922.173 Mobile Safari/537.36 (compatible; GoogleOther)"
66.249.74.194 - - [27/Aug/2026:03:15:33 -0700] "GET /?m=3807044197 HTTP/1.1" 200 59931 "-" "Mozilla/5.0 (Linux; Android 6.0.1; Nexus 5X Build/MMB29P) AppleWebKit/537.36 (KHTML, like Gecko) Chrome/151.0.7922.173 Mobile Safari/537.36 (compatible; GoogleOther)"
57.141.0.21 - - [27/Aug/2026:03:15:35 -0700] "GET /?m=88498474804 HTTP/2.0" 200 19796 "-" "Mozilla/5.0 (Windows NT 10.0; Win64; x64) AppleWebKit/537.36 (KHTML, like Gecko) Chrome/145.0.0.0 Safari/537.36 (compatible; meta-externalagent/1.1 (+https://developers.facebook.com/docs/sharing/webmasters/crawler))"
66.249.74.192 - - [27/Aug/2026:03:15:36 -0700] "GET /goods.php?h=43982276657 HTTP/1.1" 200 32942 "-" "Mozilla/5.0 (Linux; Android 6.0.1; Nexus 5X Build/MMB29P) AppleWebKit/537.36 (KHTML, like Gecko) Chrome/151.0.7922.173 Mobile Safari/537.36 (compatible; GoogleOther)"
66.249.74.194 - - [27/Aug/2026:03:15:39 -0700] "GET /?m=92864157642 HTTP/1.1" 200 62941 "-" "Mozilla/5.0 (Linux; Android 6.0.1; Nexus 5X Build/MMB29P) AppleWebKit/537.36 (KHTML, like Gecko) Chrome/151.0.7922.173 Mobile Safari/537.36 (compatible; GoogleOther)"
66.249.74.192 - - [27/Aug/2026:03:15:43 -0700] "GET /?m=17777797200 HTTP/1.1" 200 64336 "-" "Mozilla/5.0 (Linux; Android 6.0.1; Nexus 5X Build/MMB29P) AppleWebKit/537.36 (KHTML, like Gecko) Chrome/151.0.7922.173 Mobile Safari/537.36 (compatible; GoogleOther)"
57.141.0.70 - - [27/Aug/2026:03:15:44 -0700] "GET /?m=25181715142 HTTP/2.0" 200 19795 "-" "Mozilla/5.0 (Macintosh; Intel Mac OS X 10_15_7) AppleWebKit/537.36 (KHTML, like Gecko) Chrome/145.0.0.0 Safari/537.36 (compatible; meta-externalagent/1.1 (+https://developers.facebook.com/docs/sharing/webmasters/crawler))"
66.249.74.195 - - [27/Aug/2026:03:15:46 -0700] "GET /shop.php?e=92421642194287 HTTP/1.1" 200 31440 "-" "Mozilla/5.0 (Linux; Android 6.0.1; Nexus 5X Build/MMB29P) AppleWebKit/537.36 (KHTML, like Gecko) Chrome/151.0.7922.173 Mobile Safari/537.36 (compatible; GoogleOther)"
66.249.74.195 - - [27/Aug/2026:03:15:49 -0700] "GET /?m=37294420791 HTTP/1.1" 200 59203 "-" "Mozilla/5.0 (Linux; Android 6.0.1; Nexus 5X Build/MMB29P) AppleWebKit/537.36 (KHTML, like Gecko) Chrome/151.0.7922.173 Mobile Safari/537.36 (compatible; GoogleOther)"
66.249.74.193 - - [27/Aug/2026:03:15:53 -0700] "GET /goods.php?g=95828036065 HTTP/1.1" 200 32902 "-" "Mozilla/5.0 (Linux; Android 6.0.1; Nexus 5X Build/MMB29P) AppleWebKit/537.36 (KHTML, like Gecko) Chrome/151.0.7922.173 Mobile Safari/537.36 (compatible; GoogleOther)"
66.249.74.192 - - [27/Aug/2026:03:15:56 -0700] "GET /ajax/productstorestocklist/?sku=28122220070&my_store=1 HTTP/1.1" 200 64588 "-" "Mozilla/5.0 (Linux; Android 6.0.1; Nexus 5X Build/MMB29P) AppleWebKit/537.36 (KHTML, like Gecko) Chrome/151.0.7922.173 Mobile Safari/537.36 (compatible; GoogleOther)"
66.249.74.193 - - [27/Aug/2026:03:15:59 -0700] "GET /?m=15042580516 HTTP/1.1" 200 62940 "-" "Mozilla/5.0 (Linux; Android 6.0.1; Nexus 5X Build/MMB29P) AppleWebKit/537.36 (KHTML, like Gecko) Chrome/151.0.7922.173 Mobile Safari/537.36 (compatible; GoogleOther)"
66.249.74.194 - - [27/Aug/2026:03:16:02 -0700] "GET /kaden/mtalk/?sku=77830889082 HTTP/1.1" 200 64136 "-" "Mozilla/5.0 (Linux; Android 6.0.1; Nexus 5X Build/MMB29P) AppleWebKit/537.36 (KHTML, like Gecko) Chrome/151.0.7922.173 Mobile Safari/537.36 (compatible; Googlebot/2.1; +http://www.google.com/bot.html)"
66.249.74.194 - - [27/Aug/2026:03:16:03 -0700] "GET /?m=36858537710 HTTP/1.1" 200 58897 "-" "Mozilla/5.0 (Linux; Android 6.0.1; Nexus 5X Build/MMB29P) AppleWebKit/537.36 (KHTML, like Gecko) Chrome/151.0.7922.173 Mobile Safari/537.36 (compatible; GoogleOther)"
66.249.74.192 - - [27/Aug/2026:03:16:06 -0700] "GET /shop.php?e=75845353151249 HTTP/1.1" 200 31731 "-" "Mozilla/5.0 (Linux; Android 6.0.1; Nexus 5X Build/MMB29P) AppleWebKit/537.36 (KHTML, like Gecko) Chrome/151.0.7922.173 Mobile Safari/537.36 (compatible; GoogleOther)"
66.249.74.193 - - [27/Aug/2026:03:16:10 -0700] "GET /shop.php?e=62356345554717 HTTP/1.1" 200 31847 "-" "Mozilla/5.0 (Linux; Android 6.0.1; Nexus 5X Build/MMB29P) AppleWebKit/537.36 (KHTML, like Gecko) Chrome/151.0.7922.173 Mobile Safari/537.36 (compatible; GoogleOther)"
66.249.74.192 - - [27/Aug/2026:03:16:13 -0700] "GET /?m=58789435161 HTTP/1.1" 200 65173 "-" "Mozilla/5.0 (Linux; Android 6.0.1; Nexus 5X Build/MMB29P) AppleWebKit/537.36 (KHTML, like Gecko) Chrome/151.0.7922.173 Mobile Safari/537.36 (compatible; GoogleOther)"
45.3.35.197 - - [27/Aug/2026:03:16:15 -0700] "GET /xmlrpc.php HTTP/2.0" 405 2525 "-" "Mozilla/5.0 (Windows NT 10.0; Win64; x64; rv:133.0) Gecko/20100101 Firefox/133.0"
45.3.35.197 - - [27/Aug/2026:03:16:16 -0700] "POST /xmlrpc.php HTTP/2.0" 200 271 "-" "Mozilla/5.0 (Windows NT 10.0; Win64; x64) AppleWebKit/537.36 (KHTML, like Gecko) Chrome/124.0.0.0 Safari/537.36"
75.119.195.61 - - [27/Aug/2026:03:16:16 -0700] "POST /wp-cron.php?doing_wp_cron=1787825776.8358869552612304687500 HTTP/1.1" 200 6592 "-" "WordPress/7.1; https://www.ablogformylove.com"
