66.249.74.192 - - [27/Aug/2026:00:38:59 -0700] "GET /?m=58936360397/ HTTP/1.1" 200 58913 "-" "Mozilla/5.0 (Linux; Android 6.0.1; Nexus 5X Build/MMB29P) AppleWebKit/537.36 (KHTML, like Gecko) Chrome/151.0.7922.173 Mobile Safari/537.36 (compatible; GoogleOther)"
66.249.74.192 - - [27/Aug/2026:00:39:02 -0700] "GET /goods.php?q=45190580314 HTTP/1.1" 200 28276 "-" "Mozilla/5.0 (Linux; Android 6.0.1; Nexus 5X Build/MMB29P) AppleWebKit/537.36 (KHTML, like Gecko) Chrome/151.0.7922.173 Mobile Safari/537.36 (compatible; GoogleOther)"
116.98.1.121 - - [27/Aug/2026:00:39:01 -0700] "GET /2026/08/27/textualize-steeped-steeped-is-actually-a-great-python-library-to-possess-steeped-text-and-delightful-formatting-regarding-oshi-mobile-live-casino-the-terminal/ HTTP/1.1" 200 24180 "-" "Mozilla/5.0 (Windows NT 10.0; Win64; x64) AppleWebKit/537.36 (KHTML, like Gecko) Chrome/124.0 Safari/537.36"
66.249.74.192 - - [27/Aug/2026:00:39:06 -0700] "GET /shop.php?e=57477564730293 HTTP/1.1" 200 26866 "-" "Mozilla/5.0 (Linux; Android 6.0.1; Nexus 5X Build/MMB29P) AppleWebKit/537.36 (KHTML, like Gecko) Chrome/151.0.7922.173 Mobile Safari/537.36 (compatible; GoogleOther)"
66.249.74.192 - - [27/Aug/2026:00:39:11 -0700] "GET /?m=64150746116 HTTP/1.1" 200 63010 "-" "Mozilla/5.0 (Linux; Android 6.0.1; Nexus 5X Build/MMB29P) AppleWebKit/537.36 (KHTML, like Gecko) Chrome/151.0.7922.173 Mobile Safari/537.36 (compatible; GoogleOther)"
66.249.74.192 - - [27/Aug/2026:00:39:14 -0700] "GET /goods.php?r=53599569646 HTTP/1.1" 200 28195 "-" "Mozilla/5.0 (Linux; Android 6.0.1; Nexus 5X Build/MMB29P) AppleWebKit/537.36 (KHTML, like Gecko) Chrome/151.0.7922.173 Mobile Safari/537.36 (compatible; GoogleOther)"
116.98.1.121 - - [27/Aug/2026:00:39:17 -0700] "POST /xmlrpc.php HTTP/1.1" 200 612 "-" "Mozilla/5.0 (Macintosh; Intel Mac OS X 10.15; rv:137.0) Gecko/20100101 Firefox/137.0"
66.249.74.192 - - [27/Aug/2026:00:39:18 -0700] "GET /goods.php?d=74910897212 HTTP/1.1" 200 28403 "-" "Mozilla/5.0 (Linux; Android 6.0.1; Nexus 5X Build/MMB29P) AppleWebKit/537.36 (KHTML, like Gecko) Chrome/151.0.7922.173 Mobile Safari/537.36 (compatible; GoogleOther)"
118.179.5.154 - - [27/Aug/2026:00:39:18 -0700] "POST /xmlrpc.php HTTP/1.1" 200 5046 "-" "Mozilla/5.0 (X11; Linux x86_64) AppleWebKit/537.36 (KHTML, like Gecko) Chrome/124.0.0.0 Safari/537.36"
75.119.195.61 - - [27/Aug/2026:00:39:18 -0700] "POST /wp-cron.php?doing_wp_cron=1787816358.8219289779663085937500 HTTP/1.1" 200 6592 "-" "WordPress/7.1; https://www.ablogformylove.com"
107.20.105.74 - - [27/Aug/2026:00:39:20 -0700] "HEAD / HTTP/2.0" 200 105 "http://75.119.195.61" "DreamHost SiteMonitor 1.0"
66.249.74.192 - - [27/Aug/2026:00:39:20 -0700] "GET /ajax/productstorestocklist/?sku=6654991142&pref_cd= HTTP/1.1" 200 63999 "-" "Mozilla/5.0 (Linux; Android 6.0.1; Nexus 5X Build/MMB29P) AppleWebKit/537.36 (KHTML, like Gecko) Chrome/151.0.7922.173 Mobile Safari/537.36 (compatible; Googlebot/2.1; +http://www.google.com/bot.html)"
66.249.74.192 - - [27/Aug/2026:00:39:23 -0700] "GET /ajax/productstorestocklist/?sku=31197531088&lat= HTTP/1.1" 200 65215 "-" "Mozilla/5.0 (Linux; Android 6.0.1; Nexus 5X Build/MMB29P) AppleWebKit/537.36 (KHTML, like Gecko) Chrome/151.0.7922.173 Mobile Safari/537.36 (compatible; GoogleOther)"
66.249.74.192 - - [27/Aug/2026:00:39:24 -0700] "GET /goods.php?y=45328707142 HTTP/1.1" 200 28174 "-" "Mozilla/5.0 (Linux; Android 6.0.1; Nexus 5X Build/MMB29P) AppleWebKit/537.36 (KHTML, like Gecko) Chrome/151.0.7922.173 Mobile Safari/537.36 (compatible; Googlebot/2.1; +http://www.google.com/bot.html)"
118.179.5.154 - - [27/Aug/2026:00:39:24 -0700] "POST /xmlrpc.php HTTP/1.1" 200 3840 "-" "Mozilla/5.0 (X11; Linux x86_64) AppleWebKit/537.36 (KHTML, like Gecko) Chrome/134.0.0.0 Safari/537.36"
66.249.74.192 - - [27/Aug/2026:00:39:28 -0700] "GET /?m=41991563220 HTTP/1.1" 200 57980 "-" "Mozilla/5.0 (Linux; Android 6.0.1; Nexus 5X Build/MMB29P) AppleWebKit/537.36 (KHTML, like Gecko) Chrome/151.0.7922.173 Mobile Safari/537.36 (compatible; GoogleOther)"
66.249.74.193 - - [27/Aug/2026:00:39:33 -0700] "GET /?m=1918131087 HTTP/1.1" 200 63759 "-" "Mozilla/5.0 (Linux; Android 6.0.1; Nexus 5X Build/MMB29P) AppleWebKit/537.36 (KHTML, like Gecko) Chrome/151.0.7922.173 Mobile Safari/537.36 (compatible; GoogleOther)"
118.179.5.154 - - [27/Aug/2026:00:39:29 -0700] "GET /2026/08/27/lower-lowest-deposit-casinos-step-one-5-put-gambling-enterprise-sites/ HTTP/1.1" 200 24071 "-" "Mozilla/5.0 (Macintosh; Intel Mac OS X 10_15_7) AppleWebKit/605.1.15 (KHTML, like Gecko) Version/18.3.1 Safari/605.1.15"
66.249.74.193 - - [27/Aug/2026:00:39:36 -0700] "GET /?m=97191066889 HTTP/1.1" 200 59512 "-" "Mozilla/5.0 (Linux; Android 6.0.1; Nexus 5X Build/MMB29P) AppleWebKit/537.36 (KHTML, like Gecko) Chrome/151.0.7922.173 Mobile Safari/537.36 (compatible; GoogleOther)"
66.249.74.192 - - [27/Aug/2026:00:39:40 -0700] "GET /shop.php?e=39216625851157 HTTP/1.1" 200 31917 "-" "Mozilla/5.0 (Linux; Android 6.0.1; Nexus 5X Build/MMB29P) AppleWebKit/537.36 (KHTML, like Gecko) Chrome/151.0.7922.173 Mobile Safari/537.36 (compatible; GoogleOther)"
57.141.0.32 - - [27/Aug/2026:00:39:40 -0700] "GET /?m=82449952888 HTTP/2.0" 200 19795 "-" "Mozilla/5.0 (Windows NT 10.0; Win64; x64) AppleWebKit/537.36 (KHTML, like Gecko) Chrome/145.0.0.0 Safari/537.36 (compatible; meta-externalagent/1.1 (+https://developers.facebook.com/docs/sharing/webmasters/crawler))"
49.43.157.28 - - [27/Aug/2026:00:39:43 -0700] "POST /xmlrpc.php HTTP/1.1" 200 614 "-" "Mozilla/5.0 (Macintosh; Intel Mac OS X 10.15; rv:138.0) Gecko/20100101 Firefox/138.0"
66.249.74.192 - - [27/Aug/2026:00:39:44 -0700] "GET /shop.php?e=9179443643940 HTTP/1.1" 200 26535 "-" "Mozilla/5.0 (Linux; Android 6.0.1; Nexus 5X Build/MMB29P) AppleWebKit/537.36 (KHTML, like Gecko) Chrome/151.0.7922.173 Mobile Safari/537.36 (compatible; GoogleOther)"
75.119.195.61 - - [27/Aug/2026:00:39:43 -0700] "POST /wp-cron.php?doing_wp_cron=1787816383.4196379184722900390625 HTTP/1.1" 200 6592 "-" "WordPress/7.1; https://www.ablogformylove.com"
66.249.74.192 - - [27/Aug/2026:00:39:48 -0700] "GET /?m=88631472432 HTTP/1.1" 200 63695 "-" "Mozilla/5.0 (Linux; Android 6.0.1; Nexus 5X Build/MMB29P) AppleWebKit/537.36 (KHTML, like Gecko) Chrome/151.0.7922.173 Mobile Safari/537.36 (compatible; GoogleOther)"
49.43.157.28 - - [27/Aug/2026:00:39:48 -0700] "POST /xmlrpc.php HTTP/1.1" 200 5769 "-" "Mozilla/5.0 (Macintosh; Intel Mac OS X 10_15_7) AppleWebKit/605.1.15 (KHTML, like Gecko) Version/18.2 Safari/605.1.15"
66.249.74.192 - - [27/Aug/2026:00:39:52 -0700] "GET /pc/index.php?m=60032016389 HTTP/1.1" 200 59539 "-" "Mozilla/5.0 (Linux; Android 6.0.1; Nexus 5X Build/MMB29P) AppleWebKit/537.36 (KHTML, like Gecko) Chrome/151.0.7922.173 Mobile Safari/537.36 (compatible; GoogleOther)"
57.141.0.21 - - [27/Aug/2026:00:39:52 -0700] "GET /?m=16862268270 HTTP/2.0" 200 19796 "-" "Mozilla/5.0 (Windows NT 10.0; Win64; x64) AppleWebKit/537.36 (KHTML, like Gecko) Chrome/145.0.0.0 Safari/537.36 (compatible; meta-externalagent/1.1 (+https://developers.facebook.com/docs/sharing/webmasters/crawler))"
57.141.0.54 - - [27/Aug/2026:00:39:54 -0700] "GET /?m=67199242264 HTTP/2.0" 200 19799 "-" "Mozilla/5.0 (Macintosh; Intel Mac OS X 10_15_7) AppleWebKit/537.36 (KHTML, like Gecko) Chrome/145.0.0.0 Safari/537.36 (compatible; meta-externalagent/1.1 (+https://developers.facebook.com/docs/sharing/webmasters/crawler))"
49.43.157.28 - - [27/Aug/2026:00:39:52 -0700] "GET /2026/08/27/a-no-deposit-grand-mondial-100-free-spins-real-income-online-pokies-2026/ HTTP/1.1" 200 26041 "-" "Mozilla/5.0 (Macintosh; Intel Mac OS X 10_15_7) AppleWebKit/605.1.15 (KHTML, like Gecko) Version/16.6 Safari/605.1.15"
66.249.74.194 - - [27/Aug/2026:00:40:01 -0700] "GET /?m=75247553137 HTTP/1.1" 200 62986 "-" "Mozilla/5.0 (Linux; Android 6.0.1; Nexus 5X Build/MMB29P) AppleWebKit/537.36 (KHTML, like Gecko) Chrome/151.0.7922.173 Mobile Safari/537.36 (compatible; GoogleOther)"
66.249.74.194 - - [27/Aug/2026:00:40:05 -0700] "GET /?m=86596965282 HTTP/1.1" 200 58273 "-" "Mozilla/5.0 (Linux; Android 6.0.1; Nexus 5X Build/MMB29P) AppleWebKit/537.36 (KHTML, like Gecko) Chrome/151.0.7922.173 Mobile Safari/537.36 (compatible; GoogleOther)"
49.42.140.168 - - [27/Aug/2026:00:40:04 -0700] "POST /xmlrpc.php HTTP/1.1" 200 5046 "-" "Mozilla/5.0 (Windows NT 10.0; Win64; x64; rv:151.0) Gecko/20100101 Firefox/151.0"
75.119.195.61 - - [27/Aug/2026:00:40:04 -0700] "POST /wp-cron.php?doing_wp_cron=1787816404.8300399780273437500000 HTTP/1.1" 200 6592 "-" "WordPress/7.1; https://www.ablogformylove.com"
66.249.74.193 - - [27/Aug/2026:00:40:08 -0700] "GET /shop.php?e=35811130179605 HTTP/1.1" 200 31929 "-" "Mozilla/5.0 (Linux; Android 6.0.1; Nexus 5X Build/MMB29P) AppleWebKit/537.36 (KHTML, like Gecko) Chrome/151.0.7922.173 Mobile Safari/537.36 (compatible; GoogleOther)"
66.249.74.193 - - [27/Aug/2026:00:40:09 -0700] "GET /goods.php?b=81802324178 HTTP/1.1" 200 29476 "-" "Mozilla/5.0 (Linux; Android 6.0.1; Nexus 5X Build/MMB29P) AppleWebKit/537.36 (KHTML, like Gecko) Chrome/151.0.7922.173 Mobile Safari/537.36 (compatible; Googlebot/2.1; +http://www.google.com/bot.html)"
66.249.74.193 - - [27/Aug/2026:00:40:10 -0700] "GET /ajax/productstorestocklist/?sku=11247075417&lat= HTTP/1.1" 200 63043 "-" "Mozilla/5.0 (Linux; Android 6.0.1; Nexus 5X Build/MMB29P) AppleWebKit/537.36 (KHTML, like Gecko) Chrome/151.0.7922.173 Mobile Safari/537.36 (compatible; Googlebot/2.1; +http://www.google.com/bot.html)"
49.42.140.168 - - [27/Aug/2026:00:40:10 -0700] "POST /xmlrpc.php HTTP/1.1" 200 5817 "-" "Mozilla/5.0 (Macintosh; Intel Mac OS X 10_15_7) AppleWebKit/605.1.15 (KHTML, like Gecko) Version/16.6 Safari/605.1.15"
66.249.74.192 - - [27/Aug/2026:00:40:11 -0700] "GET /shop.php?e=48066395887077 HTTP/1.1" 200 31575 "-" "Mozilla/5.0 (Linux; Android 6.0.1; Nexus 5X Build/MMB29P) AppleWebKit/537.36 (KHTML, like Gecko) Chrome/151.0.7922.173 Mobile Safari/537.36 (compatible; Googlebot/2.1; +http://www.google.com/bot.html)"
66.249.74.193 - - [27/Aug/2026:00:40:12 -0700] "GET /shop.php?e=26643170998740 HTTP/1.1" 200 27088 "-" "Mozilla/5.0 (Linux; Android 6.0.1; Nexus 5X Build/MMB29P) AppleWebKit/537.36 (KHTML, like Gecko) Chrome/151.0.7922.173 Mobile Safari/537.36 (compatible; Googlebot/2.1; +http://www.google.com/bot.html)"
57.141.0.30 - - [27/Aug/2026:00:40:11 -0700] "GET /?m=36619681795 HTTP/2.0" 200 19795 "-" "Mozilla/5.0 (X11; Linux x86_64) AppleWebKit/537.36 (KHTML, like Gecko) Chrome/145.0.0.0 Safari/537.36 (compatible; meta-externalagent/1.1 (+https://developers.facebook.com/docs/sharing/webmasters/crawler))"
66.249.74.192 - - [27/Aug/2026:00:40:12 -0700] "GET /goods.php?w=54467908676 HTTP/1.1" 200 28128 "-" "Mozilla/5.0 (Linux; Android 6.0.1; Nexus 5X Build/MMB29P) AppleWebKit/537.36 (KHTML, like Gecko) Chrome/151.0.7922.173 Mobile Safari/537.36 (compatible; Googlebot/2.1; +http://www.google.com/bot.html)"
66.249.74.192 - - [27/Aug/2026:00:40:13 -0700] "GET /?m=45539967192 HTTP/1.1" 200 58635 "-" "Mozilla/5.0 (Linux; Android 6.0.1; Nexus 5X Build/MMB29P) AppleWebKit/537.36 (KHTML, like Gecko) Chrome/151.0.7922.173 Mobile Safari/537.36 (compatible; Googlebot/2.1; +http://www.google.com/bot.html)"
66.249.74.192 - - [27/Aug/2026:00:40:14 -0700] "GET /shop.php?e=15836159402505 HTTP/1.1" 200 31393 "-" "Mozilla/5.0 (Linux; Android 6.0.1; Nexus 5X Build/MMB29P) AppleWebKit/537.36 (KHTML, like Gecko) Chrome/151.0.7922.173 Mobile Safari/537.36 (compatible; GoogleOther)"
66.249.74.193 - - [27/Aug/2026:00:40:17 -0700] "GET /goods.php?g=52383157266 HTTP/1.1" 200 32604 "-" "Mozilla/5.0 (Linux; Android 6.0.1; Nexus 5X Build/MMB29P) AppleWebKit/537.36 (KHTML, like Gecko) Chrome/151.0.7922.173 Mobile Safari/537.36 (compatible; GoogleOther)"
49.42.140.168 - - [27/Aug/2026:00:40:14 -0700] "GET /2026/08/27/online-casino-slots-wager-free/ HTTP/1.1" 200 26076 "-" "Mozilla/5.0 (Macintosh; Intel Mac OS X 10_15_7) AppleWebKit/537.36 (KHTML, like Gecko) Chrome/131.0.0.0 Safari/537.36"
66.249.74.193 - - [27/Aug/2026:00:40:20 -0700] "GET /?m=98852542998 HTTP/1.1" 200 58811 "-" "Mozilla/5.0 (Linux; Android 6.0.1; Nexus 5X Build/MMB29P) AppleWebKit/537.36 (KHTML, like Gecko) Chrome/151.0.7922.173 Mobile Safari/537.36 (compatible; GoogleOther)"
66.249.74.193 - - [27/Aug/2026:00:40:28 -0700] "GET /shop.php?e=76373171066927 HTTP/1.1" 200 32685 "-" "Mozilla/5.0 (Linux; Android 6.0.1; Nexus 5X Build/MMB29P) AppleWebKit/537.36 (KHTML, like Gecko) Chrome/151.0.7922.173 Mobile Safari/537.36 (compatible; GoogleOther)"
77.239.165.16 - - [27/Aug/2026:00:40:29 -0700] "POST /xmlrpc.php HTTP/1.1" 200 614 "-" "Mozilla/5.0 (Macintosh; Intel Mac OS X 10_15_7) AppleWebKit/537.36 (KHTML, like Gecko) Chrome/136.0.0.0 Safari/537.36 Edg/136.0.0.0"
75.119.195.61 - - [27/Aug/2026:00:40:30 -0700] "POST /wp-cron.php?doing_wp_cron=1787816430.0459740161895751953125 HTTP/1.1" 200 6592 "-" "WordPress/7.1; https://www.ablogformylove.com"
66.249.74.193 - - [27/Aug/2026:00:40:32 -0700] "GET /goods.php?v=35306140476 HTTP/1.1" 200 29228 "-" "Mozilla/5.0 (Linux; Android 6.0.1; Nexus 5X Build/MMB29P) AppleWebKit/537.36 (KHTML, like Gecko) Chrome/151.0.7922.173 Mobile Safari/537.36 (compatible; GoogleOther)"
77.239.165.16 - - [27/Aug/2026:00:40:33 -0700] "POST /xmlrpc.php HTTP/1.1" 200 4682 "-" "Mozilla/5.0 (X11; Linux x86_64) AppleWebKit/537.36 Chrome/124.0"
66.249.74.192 - - [27/Aug/2026:00:40:35 -0700] "GET /?m=26418522034 HTTP/1.1" 200 62689 "-" "Mozilla/5.0 (Linux; Android 6.0.1; Nexus 5X Build/MMB29P) AppleWebKit/537.36 (KHTML, like Gecko) Chrome/151.0.7922.173 Mobile Safari/537.36 (compatible; GoogleOther)"
77.239.165.16 - - [27/Aug/2026:00:40:35 -0700] "GET /2026/08/27/safari-sam-lucky-koi-1-deposit-2-betsoft-gambling-games/ HTTP/1.1" 200 24980 "-" "Mozilla/5.0 (Windows NT 10.0; Win64; x64; rv:138.0) Gecko/20100101 Firefox/138.0"
66.249.74.194 - - [27/Aug/2026:00:40:38 -0700] "GET /shop.php?e=93027771314328 HTTP/1.1" 200 31699 "-" "Mozilla/5.0 (Linux; Android 6.0.1; Nexus 5X Build/MMB29P) AppleWebKit/537.36 (KHTML, like Gecko) Chrome/151.0.7922.173 Mobile Safari/537.36 (compatible; GoogleOther)"
57.141.0.64 - - [27/Aug/2026:00:40:39 -0700] "GET /?m=93353293222 HTTP/2.0" 200 19796 "-" "Mozilla/5.0 (Macintosh; Intel Mac OS X 10_15_7) AppleWebKit/537.36 (KHTML, like Gecko) Chrome/145.0.0.0 Safari/537.36 (compatible; meta-externalagent/1.1 (+https://developers.facebook.com/docs/sharing/webmasters/crawler))"
66.249.74.192 - - [27/Aug/2026:00:40:42 -0700] "GET /?m=20206899217 HTTP/1.1" 200 68376 "-" "Mozilla/5.0 (Linux; Android 6.0.1; Nexus 5X Build/MMB29P) AppleWebKit/537.36 (KHTML, like Gecko) Chrome/151.0.7922.173 Mobile Safari/537.36 (compatible; GoogleOther)"
66.249.74.192 - - [27/Aug/2026:00:40:45 -0700] "GET /?m=68372076987 HTTP/1.1" 200 59689 "-" "Mozilla/5.0 (Linux; Android 6.0.1; Nexus 5X Build/MMB29P) AppleWebKit/537.36 (KHTML, like Gecko) Chrome/151.0.7922.173 Mobile Safari/537.36 (compatible; GoogleOther)"
66.249.74.192 - - [27/Aug/2026:00:40:48 -0700] "GET /shop.php?e=30812627369109 HTTP/1.1" 200 27148 "-" "Mozilla/5.0 (Linux; Android 6.0.1; Nexus 5X Build/MMB29P) AppleWebKit/537.36 (KHTML, like Gecko) Chrome/151.0.7922.173 Mobile Safari/537.36 (compatible; GoogleOther)"
14.224.163.68 - - [27/Aug/2026:00:40:47 -0700] "POST /xmlrpc.php HTTP/1.1" 200 614 "-" "Mozilla/5.0 (Macintosh; Intel Mac OS X 10_15_7) AppleWebKit/537.36 (KHTML, like Gecko) Chrome/130.0.0.0 Safari/537.36"
75.119.195.61 - - [27/Aug/2026:00:40:48 -0700] "POST /wp-cron.php?doing_wp_cron=1787816448.2751460075378417968750 HTTP/1.1" 200 6592 "-" "WordPress/7.1; https://www.ablogformylove.com"
66.249.74.192 - - [27/Aug/2026:00:40:51 -0700] "GET /pc/index.php?m=20357449283 HTTP/1.1" 200 58526 "-" "Mozilla/5.0 (Linux; Android 6.0.1; Nexus 5X Build/MMB29P) AppleWebKit/537.36 (KHTML, like Gecko) Chrome/151.0.7922.173 Mobile Safari/537.36 (compatible; GoogleOther)"
117.4.137.134 - - [27/Aug/2026:00:40:52 -0700] "POST /xmlrpc.php HTTP/1.1" 200 4442 "-" "Mozilla/5.0 (Macintosh; Intel Mac OS X 10.15; rv:138.0) Gecko/20100101 Firefox/138.0"
66.249.74.194 - - [27/Aug/2026:00:40:55 -0700] "GET /?m=67066465493 HTTP/1.1" 200 63514 "-" "Mozilla/5.0 (Linux; Android 6.0.1; Nexus 5X Build/MMB29P) AppleWebKit/537.36 (KHTML, like Gecko) Chrome/151.0.7922.173 Mobile Safari/537.36 (compatible; GoogleOther)"
66.249.74.194 - - [27/Aug/2026:00:40:58 -0700] "GET /shop.php?e=84282791987394 HTTP/1.1" 200 26967 "-" "Mozilla/5.0 (Linux; Android 6.0.1; Nexus 5X Build/MMB29P) AppleWebKit/537.36 (KHTML, like Gecko) Chrome/151.0.7922.173 Mobile Safari/537.36 (compatible; GoogleOther)"
66.249.74.194 - - [27/Aug/2026:00:41:01 -0700] "GET /goods.php?l=32758994315 HTTP/1.1" 200 29364 "-" "Mozilla/5.0 (Linux; Android 6.0.1; Nexus 5X Build/MMB29P) AppleWebKit/537.36 (KHTML, like Gecko) Chrome/151.0.7922.173 Mobile Safari/537.36 (compatible; GoogleOther)"
66.249.74.192 - - [27/Aug/2026:00:41:02 -0700] "GET /ajax/productdeliverycalendar/?sku=50501824360&offset= HTTP/1.1" 200 63541 "-" "Mozilla/5.0 (Linux; Android 6.0.1; Nexus 5X Build/MMB29P) AppleWebKit/537.36 (KHTML, like Gecko) Chrome/151.0.7922.173 Mobile Safari/537.36 (compatible; Googlebot/2.1; +http://www.google.com/bot.html)"
14.224.163.68 - - [27/Aug/2026:00:40:56 -0700] "GET /2026/08/27/thunderstruck-harbors-open-totally-free-spins-and-you-will-incredible-benefits/ HTTP/1.1" 200 24798 "-" "Mozilla/5.0 (Windows NT 10.0; Win64; x64; rv:151.0) Gecko/20100101 Firefox/151.0"
66.249.74.192 - - [27/Aug/2026:00:41:02 -0700] "GET /goods.php?a=45271472201 HTTP/1.1" 200 28284 "-" "Mozilla/5.0 (Linux; Android 6.0.1; Nexus 5X Build/MMB29P) AppleWebKit/537.36 (KHTML, like Gecko) Chrome/151.0.7922.173 Mobile Safari/537.36 (compatible; Googlebot/2.1; +http://www.google.com/bot.html)"
66.249.74.193 - - [27/Aug/2026:00:41:06 -0700] "GET /?m=92213550079 HTTP/1.1" 200 64996 "-" "Mozilla/5.0 (Linux; Android 6.0.1; Nexus 5X Build/MMB29P) AppleWebKit/537.36 (KHTML, like Gecko) Chrome/151.0.7922.173 Mobile Safari/537.36 (compatible; GoogleOther)"
66.249.74.193 - - [27/Aug/2026:00:41:09 -0700] "GET /?m=61292059766 HTTP/1.1" 200 58674 "-" "Mozilla/5.0 (Linux; Android 6.0.1; Nexus 5X Build/MMB29P) AppleWebKit/537.36 (KHTML, like Gecko) Chrome/151.0.7922.173 Mobile Safari/537.36 (compatible; GoogleOther)"
66.249.74.192 - - [27/Aug/2026:00:41:12 -0700] "GET /shop.php?e=41476919040275 HTTP/1.1" 200 31426 "-" "Mozilla/5.0 (Linux; Android 6.0.1; Nexus 5X Build/MMB29P) AppleWebKit/537.36 (KHTML, like Gecko) Chrome/151.0.7922.173 Mobile Safari/537.36 (compatible; GoogleOther)"
57.141.0.6 - - [27/Aug/2026:00:41:16 -0700] "GET /?m=35760391255 HTTP/2.0" 200 19796 "-" "Mozilla/5.0 (Macintosh; Intel Mac OS X 10_15_7) AppleWebKit/537.36 (KHTML, like Gecko) Chrome/145.0.0.0 Safari/537.36 (compatible; meta-externalagent/1.1 (+https://developers.facebook.com/docs/sharing/webmasters/crawler))"
109.184.196.99 - - [27/Aug/2026:00:41:18 -0700] "POST /xmlrpc.php HTTP/1.1" 200 5046 "-" "Mozilla/5.0 (Windows NT 10.0; Win64; x64) AppleWebKit/537.36 (KHTML, like Gecko) Chrome/148.0.0.0 Safari/537.36 Edg/148.0.0.0"
66.249.74.192 - - [27/Aug/2026:00:41:20 -0700] "GET /pc/index.php?m=65596418727 HTTP/1.1" 200 63556 "-" "Mozilla/5.0 (Linux; Android 6.0.1; Nexus 5X Build/MMB29P) AppleWebKit/537.36 (KHTML, like Gecko) Chrome/151.0.7922.173 Mobile Safari/537.36 (compatible; GoogleOther)"
57.141.0.65 - - [27/Aug/2026:00:41:20 -0700] "GET /?m=3593314478 HTTP/2.0" 200 19796 "-" "Mozilla/5.0 (Macintosh; Intel Mac OS X 10_15_7) AppleWebKit/537.36 (KHTML, like Gecko) Chrome/145.0.0.0 Safari/537.36 (compatible; meta-externalagent/1.1 (+https://developers.facebook.com/docs/sharing/webmasters/crawler))"
109.184.196.99 - - [27/Aug/2026:00:41:21 -0700] "POST /xmlrpc.php HTTP/1.1" 200 5128 "-" "Mozilla/5.0 (Macintosh; Intel Mac OS X 10_15_7) AppleWebKit/537.36 (KHTML, like Gecko) Chrome/129.0.0.0 Safari/537.36"
66.249.74.192 - - [27/Aug/2026:00:41:23 -0700] "GET /?m=77330284989 HTTP/1.1" 200 58142 "-" "Mozilla/5.0 (Linux; Android 6.0.1; Nexus 5X Build/MMB29P) AppleWebKit/537.36 (KHTML, like Gecko) Chrome/151.0.7922.173 Mobile Safari/537.36 (compatible; GoogleOther)"
109.184.196.99 - - [27/Aug/2026:00:41:23 -0700] "GET /2026/08/27/safari-web-browser-primebetz-apk-login-wikipedia/ HTTP/1.1" 200 25488 "-" "Mozilla/5.0 (Macintosh; Intel Mac OS X 10_15_7) AppleWebKit/605.1.15 (KHTML, like Gecko) Version/17.5 Safari/605.1.15"
75.119.195.61 - - [27/Aug/2026:00:41:18 -0700] "POST /wp-cron.php?doing_wp_cron=1787816478.2620439529418945312500 HTTP/1.1" 200 6592 "-" "WordPress/7.1; https://www.ablogformylove.com"
44.215.210.112 - - [27/Aug/2026:00:41:32 -0700] "GET /wp-json/wp/v2/posts/388 HTTP/1.1" 200 7541 "-" "Mozilla/5.0 AppleWebKit/537.36 (KHTML, like Gecko; compatible; Amazonbot/0.1; +https://developer.amazon.com/support/amazonbot) Chrome/119.0.6045.214 Safari/537.36"
66.249.74.192 - - [27/Aug/2026:00:41:35 -0700] "GET /?m=93043535878 HTTP/1.1" 200 62679 "-" "Mozilla/5.0 (Linux; Android 6.0.1; Nexus 5X Build/MMB29P) AppleWebKit/537.36 (KHTML, like Gecko) Chrome/151.0.7922.173 Mobile Safari/537.36 (compatible; GoogleOther)"
178.219.164.42 - - [27/Aug/2026:00:41:37 -0700] "POST /xmlrpc.php HTTP/1.1" 200 614 "-" "Mozilla/5.0 (X11; Linux x86_64) AppleWebKit/537.36 (KHTML, like Gecko) Chrome/130.0.0.0 Safari/537.36"
66.249.74.192 - - [27/Aug/2026:00:41:40 -0700] "GET /shop.php?e=8821683554064 HTTP/1.1" 200 31688 "-" "Mozilla/5.0 (Linux; Android 6.0.1; Nexus 5X Build/MMB29P) AppleWebKit/537.36 (KHTML, like Gecko) Chrome/151.0.7922.173 Mobile Safari/537.36 (compatible; GoogleOther)"
75.119.195.61 - - [27/Aug/2026:00:41:37 -0700] "POST /wp-cron.php?doing_wp_cron=1787816497.4597520828247070312500 HTTP/1.1" 200 6592 "-" "WordPress/7.1; https://www.ablogformylove.com"
178.219.164.42 - - [27/Aug/2026:00:41:41 -0700] "POST /xmlrpc.php HTTP/1.1" 200 6318 "-" "Mozilla/5.0 (Windows NT 10.0; Win64; x64) AppleWebKit/537.36 (KHTML, like Gecko) Chrome/58.0.3029.110 Safari/537.3"
66.249.74.192 - - [27/Aug/2026:00:41:43 -0700] "GET /?m=18502625989 HTTP/1.1" 200 58662 "-" "Mozilla/5.0 (Linux; Android 6.0.1; Nexus 5X Build/MMB29P) AppleWebKit/537.36 (KHTML, like Gecko) Chrome/151.0.7922.173 Mobile Safari/537.36 (compatible; GoogleOther)"
178.219.164.42 - - [27/Aug/2026:00:41:45 -0700] "GET /2026/08/27/like-poem-creator/ HTTP/1.1" 200 26546 "-" "Mozilla/5.0 (X11; Ubuntu; Linux x86_64; rv:137.0) Gecko/20100101 Firefox/137.0"
57.141.0.31 - - [27/Aug/2026:00:41:46 -0700] "GET /?m=58575002929 HTTP/2.0" 200 19787 "-" "Mozilla/5.0 (Windows NT 10.0; Win64; x64) AppleWebKit/537.36 (KHTML, like Gecko) Chrome/145.0.0.0 Safari/537.36 (compatible; meta-externalagent/1.1 (+https://developers.facebook.com/docs/sharing/webmasters/crawler))"
66.249.74.193 - - [27/Aug/2026:00:41:46 -0700] "GET /shop.php?e=14545003384199 HTTP/1.1" 200 31609 "-" "Mozilla/5.0 (Linux; Android 6.0.1; Nexus 5X Build/MMB29P) AppleWebKit/537.36 (KHTML, like Gecko) Chrome/151.0.7922.173 Mobile Safari/537.36 (compatible; GoogleOther)"
66.249.74.192 - - [27/Aug/2026:00:41:50 -0700] "GET /goods.php?x=85140498790 HTTP/1.1" 200 32722 "-" "Mozilla/5.0 (Linux; Android 6.0.1; Nexus 5X Build/MMB29P) AppleWebKit/537.36 (KHTML, like Gecko) Chrome/151.0.7922.173 Mobile Safari/537.36 (compatible; GoogleOther)"
57.141.0.14 - - [27/Aug/2026:00:41:50 -0700] "GET /?m=83588599 HTTP/2.0" 200 19796 "-" "Mozilla/5.0 (Macintosh; Intel Mac OS X 10_15_7) AppleWebKit/537.36 (KHTML, like Gecko) Chrome/145.0.0.0 Safari/537.36 (compatible; meta-externalagent/1.1 (+https://developers.facebook.com/docs/sharing/webmasters/crawler))"
66.249.74.192 - - [27/Aug/2026:00:41:54 -0700] "GET /goods.php?u=42430653115 HTTP/1.1" 200 28339 "-" "Mozilla/5.0 (Linux; Android 6.0.1; Nexus 5X Build/MMB29P) AppleWebKit/537.36 (KHTML, like Gecko) Chrome/151.0.7922.173 Mobile Safari/537.36 (compatible; GoogleOther)"
66.249.74.194 - - [27/Aug/2026:00:41:54 -0700] "GET /pc/index.php?m=26805401588 HTTP/1.1" 200 62924 "-" "Mozilla/5.0 (Linux; Android 6.0.1; Nexus 5X Build/MMB29P) AppleWebKit/537.36 (KHTML, like Gecko) Chrome/151.0.7922.173 Mobile Safari/537.36 (compatible; Googlebot/2.1; +http://www.google.com/bot.html)"
66.249.74.194 - - [27/Aug/2026:00:41:57 -0700] "GET /shop.php?e=80019477956523 HTTP/1.1" 200 27422 "-" "Mozilla/5.0 (Linux; Android 6.0.1; Nexus 5X Build/MMB29P) AppleWebKit/537.36 (KHTML, like Gecko) Chrome/151.0.7922.173 Mobile Safari/537.36 (compatible; GoogleOther)"
66.249.74.194 - - [27/Aug/2026:00:42:00 -0700] "GET /goods.php?l=41817439561 HTTP/1.1" 200 28138 "-" "Mozilla/5.0 (Linux; Android 6.0.1; Nexus 5X Build/MMB29P) AppleWebKit/537.36 (KHTML, like Gecko) Chrome/151.0.7922.173 Mobile Safari/537.36 (compatible; GoogleOther)"
57.141.0.63 - - [27/Aug/2026:00:42:01 -0700] "GET /?m=54327009016 HTTP/2.0" 200 19795 "-" "Mozilla/5.0 (Windows NT 10.0; Win64; x64) AppleWebKit/537.36 (KHTML, like Gecko) Chrome/145.0.0.0 Safari/537.36 (compatible; meta-externalagent/1.1 (+https://developers.facebook.com/docs/sharing/webmasters/crawler))"
66.249.74.194 - - [27/Aug/2026:00:42:04 -0700] "GET /?m=66796036797 HTTP/1.1" 200 59169 "-" "Mozilla/5.0 (Linux; Android 6.0.1; Nexus 5X Build/MMB29P) AppleWebKit/537.36 (KHTML, like Gecko) Chrome/151.0.7922.173 Mobile Safari/537.36 (compatible; GoogleOther)"
66.249.74.193 - - [27/Aug/2026:00:42:07 -0700] "GET /?m=43080624860 HTTP/1.1" 200 63382 "-" "Mozilla/5.0 (Linux; Android 6.0.1; Nexus 5X Build/MMB29P) AppleWebKit/537.36 (KHTML, like Gecko) Chrome/151.0.7922.173 Mobile Safari/537.36 (compatible; GoogleOther)"
75.119.195.61 - - [27/Aug/2026:00:42:08 -0700] "POST /wp-cron.php?doing_wp_cron=1787816528.4485299587249755859375 HTTP/1.1" 200 6592 "-" "WordPress/7.1; https://www.ablogformylove.com"
14.191.238.253 - - [27/Aug/2026:00:42:07 -0700] "POST /xmlrpc.php HTTP/1.1" 200 5046 "-" "Mozilla/5.0 (Macintosh; Intel Mac OS X 10_15_7) AppleWebKit/537.36 (KHTML, like Gecko) obsidian/1.6.5 Chrome/124.0.6367.243 Electron/30.1.2 Safari/537.36"
66.249.74.192 - - [27/Aug/2026:00:42:10 -0700] "GET /shop.php?e=39851428311416 HTTP/1.1" 200 31312 "-" "Mozilla/5.0 (Linux; Android 6.0.1; Nexus 5X Build/MMB29P) AppleWebKit/537.36 (KHTML, like Gecko) Chrome/151.0.7922.173 Mobile Safari/537.36 (compatible; GoogleOther)"
14.191.238.253 - - [27/Aug/2026:00:42:13 -0700] "POST /xmlrpc.php HTTP/1.1" 200 5102 "-" "Mozilla/5.0 (Windows NT 10.0; Win64; x64) AppleWebKit/537.36 (KHTML, like Gecko) Chrome/131.0.0.0 Safari/537.36"
66.249.74.192 - - [27/Aug/2026:00:42:13 -0700] "GET /shop.php?e=18282605331657 HTTP/1.1" 200 26838 "-" "Mozilla/5.0 (Linux; Android 6.0.1; Nexus 5X Build/MMB29P) AppleWebKit/537.36 (KHTML, like Gecko) Chrome/151.0.7922.173 Mobile Safari/537.36 (compatible; GoogleOther)"
66.249.74.192 - - [27/Aug/2026:00:42:17 -0700] "GET /?m=54823792199 HTTP/1.1" 200 58330 "-" "Mozilla/5.0 (Linux; Android 6.0.1; Nexus 5X Build/MMB29P) AppleWebKit/537.36 (KHTML, like Gecko) Chrome/151.0.7922.173 Mobile Safari/537.36 (compatible; GoogleOther)"
14.191.238.253 - - [27/Aug/2026:00:42:16 -0700] "GET /2026/08/27/play-fruit-blast-free-80-spins-for-totally-free/ HTTP/1.1" 200 25388 "-" "Mozilla/5.0 (Windows NT 10.0; Win64; x64) AppleWebKit/537.36 (KHTML, like Gecko) Chrome/131.0.0.0 Safari/537.36"
66.249.74.192 - - [27/Aug/2026:00:42:20 -0700] "GET /?m=80998472831 HTTP/1.1" 200 58775 "-" "Mozilla/5.0 (Linux; Android 6.0.1; Nexus 5X Build/MMB29P) AppleWebKit/537.36 (KHTML, like Gecko) Chrome/151.0.7922.173 Mobile Safari/537.36 (compatible; GoogleOther)"
66.249.74.192 - - [27/Aug/2026:00:42:24 -0700] "GET /goods.php?u=25409864064 HTTP/1.1" 200 28576 "-" "Mozilla/5.0 (Linux; Android 6.0.1; Nexus 5X Build/MMB29P) AppleWebKit/537.36 (KHTML, like Gecko) Chrome/151.0.7922.173 Mobile Safari/537.36 (compatible; GoogleOther)"
57.141.0.6 - - [27/Aug/2026:00:42:24 -0700] "GET /?m=60234252197 HTTP/2.0" 200 19796 "-" "Mozilla/5.0 (X11; Linux x86_64) AppleWebKit/537.36 (KHTML, like Gecko) Chrome/145.0.0.0 Safari/537.36 (compatible; meta-externalagent/1.1 (+https://developers.facebook.com/docs/sharing/webmasters/crawler))"
57.141.0.49 - - [27/Aug/2026:00:42:25 -0700] "GET /?m=28383826360 HTTP/2.0" 200 19788 "-" "Mozilla/5.0 (Windows NT 10.0; Win64; x64) AppleWebKit/537.36 (KHTML, like Gecko) Chrome/145.0.0.0 Safari/537.36 (compatible; meta-externalagent/1.1 (+https://developers.facebook.com/docs/sharing/webmasters/crawler))"
212.112.122.124 - - [27/Aug/2026:00:42:28 -0700] "POST /xmlrpc.php HTTP/1.1" 200 5046 "-" "Mozilla/5.0 (Windows NT 10.0; Win64; x64) AppleWebKit/537.36 (KHTML, like Gecko) Chrome/134.0.0.0 YaBrowser/25.4.0.0 Safari/537.36"
75.119.195.61 - - [27/Aug/2026:00:42:28 -0700] "POST /wp-cron.php?doing_wp_cron=1787816548.6076059341430664062500 HTTP/1.1" 200 6592 "-" "WordPress/7.1; https://www.ablogformylove.com"
66.249.74.192 - - [27/Aug/2026:00:42:29 -0700] "GET /?m=53356964669 HTTP/1.1" 200 65417 "-" "Mozilla/5.0 (Linux; Android 6.0.1; Nexus 5X Build/MMB29P) AppleWebKit/537.36 (KHTML, like Gecko) Chrome/151.0.7922.173 Mobile Safari/537.36 (compatible; GoogleOther)"
212.112.122.124 - - [27/Aug/2026:00:42:32 -0700] "POST /xmlrpc.php HTTP/1.1" 200 4502 "-" "Mozilla/5.0 (X11; Linux x86_64; rv:138.0) Gecko/20100101 Firefox/138.0"
66.249.74.193 - - [27/Aug/2026:00:42:32 -0700] "GET /goods.php?r=43526714470 HTTP/1.1" 200 32969 "-" "Mozilla/5.0 (Linux; Android 6.0.1; Nexus 5X Build/MMB29P) AppleWebKit/537.36 (KHTML, like Gecko) Chrome/151.0.7922.173 Mobile Safari/537.36 (compatible; GoogleOther)"
66.249.74.193 - - [27/Aug/2026:00:42:35 -0700] "GET /?m=64010539587 HTTP/1.1" 200 58584 "-" "Mozilla/5.0 (Linux; Android 6.0.1; Nexus 5X Build/MMB29P) AppleWebKit/537.36 (KHTML, like Gecko) Chrome/151.0.7922.173 Mobile Safari/537.36 (compatible; GoogleOther)"
212.112.122.124 - - [27/Aug/2026:00:42:35 -0700] "GET /2026/08/27/best-on-line-slot-web-sites-in-the-usa-2026-enjoy-a-real-income-slots/ HTTP/1.1" 200 24846 "-" "Mozilla/5.0 (Windows NT 10.0; Win64; x64) AppleWebKit/537.36 (KHTML, like Gecko) Chrome/120.0.0.0 Safari/537.36"
66.249.74.192 - - [27/Aug/2026:00:42:39 -0700] "GET /goods.php?g=84905493244 HTTP/1.1" 200 33199 "-" "Mozilla/5.0 (Linux; Android 6.0.1; Nexus 5X Build/MMB29P) AppleWebKit/537.36 (KHTML, like Gecko) Chrome/151.0.7922.173 Mobile Safari/537.36 (compatible; GoogleOther)"
66.249.74.192 - - [27/Aug/2026:00:42:40 -0700] "GET /kaden/mtalk/?sku=50193443849 HTTP/1.1" 200 63907 "-" "Mozilla/5.0 (Linux; Android 6.0.1; Nexus 5X Build/MMB29P) AppleWebKit/537.36 (KHTML, like Gecko) Chrome/151.0.7922.173 Mobile Safari/537.36 (compatible; Googlebot/2.1; +http://www.google.com/bot.html)"
66.249.74.193 - - [27/Aug/2026:00:42:43 -0700] "GET /shop.php?e=41329422640593 HTTP/1.1" 200 31794 "-" "Mozilla/5.0 (Linux; Android 6.0.1; Nexus 5X Build/MMB29P) AppleWebKit/537.36 (KHTML, like Gecko) Chrome/151.0.7922.173 Mobile Safari/537.36 (compatible; GoogleOther)"
66.249.74.194 - - [27/Aug/2026:00:42:46 -0700] "GET /?m=14237119232 HTTP/1.1" 200 63425 "-" "Mozilla/5.0 (Linux; Android 6.0.1; Nexus 5X Build/MMB29P) AppleWebKit/537.36 (KHTML, like Gecko) Chrome/151.0.7922.173 Mobile Safari/537.36 (compatible; GoogleOther)"
66.249.74.193 - - [27/Aug/2026:00:42:54 -0700] "GET /?m=65399997787 HTTP/1.1" 200 64629 "-" "Mozilla/5.0 (Linux; Android 6.0.1; Nexus 5X Build/MMB29P) AppleWebKit/537.36 (KHTML, like Gecko) Chrome/151.0.7922.173 Mobile Safari/537.36 (compatible; GoogleOther)"
46.33.50.117 - - [27/Aug/2026:00:42:54 -0700] "POST /xmlrpc.php HTTP/1.1" 200 5046 "-" "Mozilla/5.0 (X11; Ubuntu; Linux x86_64; rv:136.0) Gecko/20100101 Firefox/136.0"
75.119.195.61 - - [27/Aug/2026:00:42:55 -0700] "POST /wp-cron.php?doing_wp_cron=1787816575.1693298816680908203125 HTTP/1.1" 200 6592 "-" "WordPress/7.1; https://www.ablogformylove.com"
46.33.50.117 - - [27/Aug/2026:00:42:58 -0700] "POST /xmlrpc.php HTTP/1.1" 200 4537 "-" "Mozilla/5.0 (Windows NT 10.0; Win64; x64) AppleWebKit/537.36 (KHTML, like Gecko) Chrome/136.0.0.0 Safari/537.36"
46.33.50.117 - - [27/Aug/2026:00:43:00 -0700] "GET /2026/08/27/greatest-christmas-time-casino-incentives-mamamia-bingo-casino-game-2026-casino-christmas-diary/ HTTP/1.1" 200 24915 "-" "Mozilla/5.0 (X11; Ubuntu; Linux x86_64; rv:136.0) Gecko/20100101 Firefox/136.0"
66.249.74.193 - - [27/Aug/2026:00:43:02 -0700] "GET /?m=58596810338 HTTP/1.1" 200 63015 "-" "Mozilla/5.0 (Linux; Android 6.0.1; Nexus 5X Build/MMB29P) AppleWebKit/537.36 (KHTML, like Gecko) Chrome/151.0.7922.173 Mobile Safari/537.36 (compatible; GoogleOther)"
47.79.11.97 - - [27/Aug/2026:00:43:03 -0700] "GET /2015/09/02/ HTTP/2.0" 200 20401 "-" "Mozilla/5.0 (Macintosh; Intel Mac OS X 10_15_7) AppleWebKit/537.36 (KHTML, like Gecko) Chrome/143.0.0.0 Safari/537.36"
57.141.0.34 - - [27/Aug/2026:00:43:04 -0700] "GET /?m=74623246987 HTTP/2.0" 200 19796 "-" "Mozilla/5.0 (Windows NT 10.0; Win64; x64) AppleWebKit/537.36 (KHTML, like Gecko) Chrome/145.0.0.0 Safari/537.36 (compatible; meta-externalagent/1.1 (+https://developers.facebook.com/docs/sharing/webmasters/crawler))"
66.249.74.193 - - [27/Aug/2026:00:43:08 -0700] "GET /pc/index.php?m=84336124788 HTTP/1.1" 200 63162 "-" "Mozilla/5.0 (Linux; Android 6.0.1; Nexus 5X Build/MMB29P) AppleWebKit/537.36 (KHTML, like Gecko) Chrome/151.0.7922.173 Mobile Safari/537.36 (compatible; GoogleOther)"
140.213.175.139 - - [27/Aug/2026:00:43:09 -0700] "POST /xmlrpc.php HTTP/1.1" 200 614 "-" "Mozilla/5.0 (Macintosh; Intel Mac OS X 10_15_7) AppleWebKit/537.36 (KHTML, like Gecko) Chrome/133.0.0.0 Safari/537.36"
66.249.74.192 - - [27/Aug/2026:00:43:13 -0700] "GET /?m=28920313918 HTTP/1.1" 200 64873 "-" "Mozilla/5.0 (Linux; Android 6.0.1; Nexus 5X Build/MMB29P) AppleWebKit/537.36 (KHTML, like Gecko) Chrome/151.0.7922.173 Mobile Safari/537.36 (compatible; GoogleOther)"
75.119.195.61 - - [27/Aug/2026:00:43:10 -0700] "POST /wp-cron.php?doing_wp_cron=1787816590.3007740974426269531250 HTTP/1.1" 200 6592 "-" "WordPress/7.1; https://www.ablogformylove.com"
140.213.165.150 - - [27/Aug/2026:00:43:15 -0700] "POST /xmlrpc.php HTTP/1.1" 200 5925 "-" "Mozilla/5.0 (Windows NT 10.0; Win64; x64; rv:137.0) Gecko/20100101 Firefox/137.0"
66.249.74.192 - - [27/Aug/2026:00:43:16 -0700] "GET /shop.php?e=80105951026943 HTTP/1.1" 200 26585 "-" "Mozilla/5.0 (Linux; Android 6.0.1; Nexus 5X Build/MMB29P) AppleWebKit/537.36 (KHTML, like Gecko) Chrome/151.0.7922.173 Mobile Safari/537.36 (compatible; GoogleOther)"
66.249.74.192 - - [27/Aug/2026:00:43:20 -0700] "GET /shop.php?e=35484754461611 HTTP/1.1" 200 27170 "-" "Mozilla/5.0 (Linux; Android 6.0.1; Nexus 5X Build/MMB29P) AppleWebKit/537.36 (KHTML, like Gecko) Chrome/151.0.7922.173 Mobile Safari/537.36 (compatible; GoogleOther)"
140.213.165.150 - - [27/Aug/2026:00:43:19 -0700] "GET /2026/08/27/official-position-trial-real-cash/ HTTP/1.1" 200 26164 "-" "Mozilla/5.0 (Windows NT 10.0; Win64; x64) AppleWebKit/537.36 (KHTML, like Gecko) obsidian/1.8.9 Chrome/132.0.6834.210 Electron/34.3.0 Safari/537.36"
66.249.74.192 - - [27/Aug/2026:00:43:23 -0700] "GET /?m=37374365680 HTTP/1.1" 200 60094 "-" "Mozilla/5.0 (Linux; Android 6.0.1; Nexus 5X Build/MMB29P) AppleWebKit/537.36 (KHTML, like Gecko) Chrome/151.0.7922.173 Mobile Safari/537.36 (compatible; GoogleOther)"
66.249.74.193 - - [27/Aug/2026:00:43:27 -0700] "GET /?m=59790587241 HTTP/1.1" 200 62651 "-" "Mozilla/5.0 (Linux; Android 6.0.1; Nexus 5X Build/MMB29P) AppleWebKit/537.36 (KHTML, like Gecko) Chrome/151.0.7922.173 Mobile Safari/537.36 (compatible; GoogleOther)"
66.249.74.193 - - [27/Aug/2026:00:43:30 -0700] "GET /goods.php?w=55760101422 HTTP/1.1" 200 28463 "-" "Mozilla/5.0 (Linux; Android 6.0.1; Nexus 5X Build/MMB29P) AppleWebKit/537.36 (KHTML, like Gecko) Chrome/151.0.7922.173 Mobile Safari/537.36 (compatible; GoogleOther)"
66.249.74.192 - - [27/Aug/2026:00:43:35 -0700] "GET /?m=33089033250 HTTP/1.1" 200 63123 "-" "Mozilla/5.0 (Linux; Android 6.0.1; Nexus 5X Build/MMB29P) AppleWebKit/537.36 (KHTML, like Gecko) Chrome/151.0.7922.173 Mobile Safari/537.36 (compatible; GoogleOther)"
66.249.74.193 - - [27/Aug/2026:00:43:39 -0700] "GET /goods.php?x=22969452560 HTTP/1.1" 200 32878 "-" "Mozilla/5.0 (Linux; Android 6.0.1; Nexus 5X Build/MMB29P) AppleWebKit/537.36 (KHTML, like Gecko) Chrome/151.0.7922.173 Mobile Safari/537.36 (compatible; GoogleOther)"
57.141.0.10 - - [27/Aug/2026:00:43:39 -0700] "GET /?m=74371541216 HTTP/2.0" 200 19798 "-" "Mozilla/5.0 (Windows NT 10.0; Win64; x64) AppleWebKit/537.36 (KHTML, like Gecko) Chrome/145.0.0.0 Safari/537.36 (compatible; meta-externalagent/1.1 (+https://developers.facebook.com/docs/sharing/webmasters/crawler))"
66.249.74.193 - - [27/Aug/2026:00:43:40 -0700] "GET /pc/index.php?m=66726806631 HTTP/1.1" 200 58408 "-" "Mozilla/5.0 (Linux; Android 6.0.1; Nexus 5X Build/MMB29P) AppleWebKit/537.36 (KHTML, like Gecko) Chrome/151.0.7922.173 Mobile Safari/537.36 (compatible; Googlebot/2.1; +http://www.google.com/bot.html)"
116.97.105.140 - - [27/Aug/2026:00:43:42 -0700] "POST /xmlrpc.php HTTP/1.1" 200 5046 "-" "Mozilla/5.0 (Windows NT 10.0; Win64; x64) AppleWebKit/537.36 (KHTML, like Gecko) Chrome/135.0.0.0 Safari/537.36"
57.141.0.27 - - [27/Aug/2026:00:43:44 -0700] "GET /?m=30691270608 HTTP/2.0" 200 19798 "-" "Mozilla/5.0 (Windows NT 10.0; Win64; x64) AppleWebKit/537.36 (KHTML, like Gecko) Chrome/145.0.0.0 Safari/537.36 (compatible; meta-externalagent/1.1 (+https://developers.facebook.com/docs/sharing/webmasters/crawler))"
75.119.195.61 - - [27/Aug/2026:00:43:43 -0700] "POST /wp-cron.php?doing_wp_cron=1787816623.2245049476623535156250 HTTP/1.1" 200 6592 "-" "WordPress/7.1; https://www.ablogformylove.com"
66.249.74.192 - - [27/Aug/2026:00:43:45 -0700] "GET /shop.php?e=13479600867358 HTTP/1.1" 200 31704 "-" "Mozilla/5.0 (Linux; Android 6.0.1; Nexus 5X Build/MMB29P) AppleWebKit/537.36 (KHTML, like Gecko) Chrome/151.0.7922.173 Mobile Safari/537.36 (compatible; GoogleOther)"
116.97.105.140 - - [27/Aug/2026:00:43:48 -0700] "POST /xmlrpc.php HTTP/1.1" 200 5116 "-" "Mozilla/5.0 (Windows NT 10.0; Win64; x64) AppleWebKit/537.36 (KHTML, like Gecko) Chrome/126.0.0.0 Safari/537.36"
66.249.74.193 - - [27/Aug/2026:00:43:48 -0700] "GET /?m=3413674843 HTTP/1.1" 200 64067 "-" "Mozilla/5.0 (Linux; Android 6.0.1; Nexus 5X Build/MMB29P) AppleWebKit/537.36 (KHTML, like Gecko) Chrome/151.0.7922.173 Mobile Safari/537.36 (compatible; GoogleOther)"
116.97.105.140 - - [27/Aug/2026:00:43:50 -0700] "GET /2026/08/27/peace-slot-by-the-microgaming-casino-red-stag-casino-sign-up-bonus-remark-enjoy-on-the-web-at-no-cost/ HTTP/1.1" 200 25462 "-" "Mozilla/5.0 (Macintosh; Intel Mac OS X 10_15_7) AppleWebKit/537.36 (KHTML, like Gecko) Chrome/133.0.0.0 Safari/537.36"
66.249.74.192 - - [27/Aug/2026:00:43:52 -0700] "GET /shop.php?e=47348618752222 HTTP/1.1" 200 31690 "-" "Mozilla/5.0 (Linux; Android 6.0.1; Nexus 5X Build/MMB29P) AppleWebKit/537.36 (KHTML, like Gecko) Chrome/151.0.7922.173 Mobile Safari/537.36 (compatible; GoogleOther)"
45.147.120.196 - - [27/Aug/2026:00:43:54 -0700] "POST /xmlrpc.php HTTP/1.1" 200 614 "-" "Mozilla/5.0 (Macintosh; Intel Mac OS X 10_15_7) AppleWebKit/605.1.15 (KHTML, like Gecko) Version/26.4 Safari/605.1.15"
75.119.195.61 - - [27/Aug/2026:00:43:55 -0700] "POST /wp-cron.php?doing_wp_cron=1787816634.9275870323181152343750 HTTP/1.1" 200 6592 "-" "WordPress/7.1; https://www.ablogformylove.com"
66.249.74.192 - - [27/Aug/2026:00:43:58 -0700] "GET /?m=36184591065 HTTP/1.1" 200 62955 "-" "Mozilla/5.0 (Linux; Android 6.0.1; Nexus 5X Build/MMB29P) AppleWebKit/537.36 (KHTML, like Gecko) Chrome/151.0.7922.173 Mobile Safari/537.36 (compatible; GoogleOther)"
45.147.120.196 - - [27/Aug/2026:00:43:59 -0700] "POST /xmlrpc.php HTTP/1.1" 200 4413 "-" "Mozilla/5.0 (Macintosh; Intel Mac OS X 10_15_7) AppleWebKit/605.1.15 (KHTML, like Gecko) Version/17.6 Safari/605.1.15"
45.147.120.196 - - [27/Aug/2026:00:44:01 -0700] "GET /2026/08/27/yahtzee-instant-faucet-light-wonder-comment/ HTTP/1.1" 200 24761 "-" "Mozilla/5.0 (Windows NT 10.0; Win64; x64) AppleWebKit/537.36 (KHTML, like Gecko) Chrome/120.0.0.0 Safari/537.36"
66.249.74.193 - - [27/Aug/2026:00:44:04 -0700] "GET /goods.php?l=22072095581 HTTP/1.1" 200 32818 "-" "Mozilla/5.0 (Linux; Android 6.0.1; Nexus 5X Build/MMB29P) AppleWebKit/537.36 (KHTML, like Gecko) Chrome/151.0.7922.173 Mobile Safari/537.36 (compatible; GoogleOther)"
57.141.0.58 - - [27/Aug/2026:00:44:09 -0700] "GET /?m=47293529376 HTTP/2.0" 200 19796 "-" "Mozilla/5.0 (Macintosh; Intel Mac OS X 10_15_7) AppleWebKit/537.36 (KHTML, like Gecko) Chrome/145.0.0.0 Safari/537.36 (compatible; meta-externalagent/1.1 (+https://developers.facebook.com/docs/sharing/webmasters/crawler))"
66.249.74.193 - - [27/Aug/2026:00:44:11 -0700] "GET /?m=71234073698 HTTP/1.1" 200 62967 "-" "Mozilla/5.0 (Linux; Android 6.0.1; Nexus 5X Build/MMB29P) AppleWebKit/537.36 (KHTML, like Gecko) Chrome/151.0.7922.173 Mobile Safari/537.36 (compatible; GoogleOther)"
66.249.74.192 - - [27/Aug/2026:00:44:15 -0700] "GET /pc/index.php?m=66148140927 HTTP/1.1" 200 63964 "-" "Mozilla/5.0 (Linux; Android 6.0.1; Nexus 5X Build/MMB29P) AppleWebKit/537.36 (KHTML, like Gecko) Chrome/151.0.7922.173 Mobile Safari/537.36 (compatible; GoogleOther)"
66.249.74.192 - - [27/Aug/2026:00:44:18 -0700] "GET /shop.php?e=4981201972509 HTTP/1.1" 200 27199 "-" "Mozilla/5.0 (Linux; Android 6.0.1; Nexus 5X Build/MMB29P) AppleWebKit/537.36 (KHTML, like Gecko) Chrome/151.0.7922.173 Mobile Safari/537.36 (compatible; GoogleOther)"
107.20.105.74 - - [27/Aug/2026:00:44:20 -0700] "HEAD / HTTP/2.0" 200 105 "http://75.119.195.61" "DreamHost SiteMonitor 1.0"
66.249.74.192 - - [27/Aug/2026:00:44:20 -0700] "GET /?tags/%E3%80%90%E3%83%AA%E3%82%B5%E3%82%A4%E3%82%AF%E3%83%AB%E3%82%B7%E3%83%A7%E3%83%83%E3%83%97%E3%81%A9%E3%82%8A%E3%83%BC%E3%82%80%E9%B9%BF%E5%A4%A7%E5%89%8D%E5%BA%97%E3%80%91No.10223%E3%80%80%E3%83%8F%E3%82%A4%E3%82%A2%E3%83%BC%E3%83%AB%E3%80%80%E6%B4%97%E6%BF%AF%E6%A9%9F%E3%80%802021%E5%B9%B4%E8%A3%BD%E3%80%80%E6%B4%97%E6%BF%AF%E5%AE%B9%E9%87%8F5.5%E3%8E%8F%E3%80%801%EF%BD%9E2%E6%9A%AE%E3%82%89%E3%81%97%E3%81%AB%E6%9C%80%E9%81%A9%E3%81%AA%E3%82%B5%E3%82%A4%E3%82%BA HTTP/1.1" 200 63598 "-" "Mozilla/5.0 (Linux; Android 6.0.1; Nexus 5X Build/MMB29P) AppleWebKit/537.36 (KHTML, like Gecko) Chrome/151.0.7922.173 Mobile Safari/537.36 (compatible; Googlebot/2.1; +http://www.google.com/bot.html)"
57.141.0.43 - - [27/Aug/2026:00:44:22 -0700] "GET /?m=26689577469 HTTP/2.0" 200 19796 "-" "Mozilla/5.0 (Windows NT 10.0; Win64; x64) AppleWebKit/537.36 (KHTML, like Gecko) Chrome/145.0.0.0 Safari/537.36 (compatible; meta-externalagent/1.1 (+https://developers.facebook.com/docs/sharing/webmasters/crawler))"
66.249.74.192 - - [27/Aug/2026:00:44:24 -0700] "GET /?m=50766716662 HTTP/1.1" 200 62926 "-" "Mozilla/5.0 (Linux; Android 6.0.1; Nexus 5X Build/MMB29P) AppleWebKit/537.36 (KHTML, like Gecko) Chrome/151.0.7922.173 Mobile Safari/537.36 (compatible; GoogleOther)"
66.249.74.192 - - [27/Aug/2026:00:44:27 -0700] "GET /shop.php?e=12048044113158 HTTP/1.1" 200 26765 "-" "Mozilla/5.0 (Linux; Android 6.0.1; Nexus 5X Build/MMB29P) AppleWebKit/537.36 (KHTML, like Gecko) Chrome/151.0.7922.173 Mobile Safari/537.36 (compatible; GoogleOther)"
88.8.111.251 - - [27/Aug/2026:00:44:28 -0700] "POST /xmlrpc.php HTTP/1.1" 200 5046 "-" "Mozilla/5.0 (Windows NT 10.0; Win64; x64) AppleWebKit/537.36 (KHTML, like Gecko) Chrome/134.0.0.0 Safari/537.36 Edg/134.0.0.0"
75.119.195.61 - - [27/Aug/2026:00:44:29 -0700] "POST /wp-cron.php?doing_wp_cron=1787816669.3253819942474365234375 HTTP/1.1" 200 6592 "-" "WordPress/7.1; https://www.ablogformylove.com"
57.141.24.21 - - [27/Aug/2026:00:44:31 -0700] "GET / HTTP/2.0" 200 24365 "-" "facebookexternalhit/1.1 (+http://www.facebook.com/externalhit_uatext.php)"
66.249.74.193 - - [27/Aug/2026:00:44:32 -0700] "GET /?m=59880602658 HTTP/1.1" 200 63823 "-" "Mozilla/5.0 (Linux; Android 6.0.1; Nexus 5X Build/MMB29P) AppleWebKit/537.36 (KHTML, like Gecko) Chrome/151.0.7922.173 Mobile Safari/537.36 (compatible; GoogleOther)"
57.141.0.26 - - [27/Aug/2026:00:44:32 -0700] "GET /?m=33010950316 HTTP/2.0" 200 19796 "-" "Mozilla/5.0 (Macintosh; Intel Mac OS X 10_15_7) AppleWebKit/537.36 (KHTML, like Gecko) Chrome/145.0.0.0 Safari/537.36 (compatible; meta-externalagent/1.1 (+https://developers.facebook.com/docs/sharing/webmasters/crawler))"
88.8.111.251 - - [27/Aug/2026:00:44:33 -0700] "POST /xmlrpc.php HTTP/1.1" 200 6216 "-" "Mozilla/5.0 (Windows NT 10.0; Win64; x64) AppleWebKit/537.36 (KHTML, like Gecko) Chrome/137.0.0.0 Safari/537.36"
57.141.0.37 - - [27/Aug/2026:00:44:34 -0700] "GET /?m=32950791868 HTTP/2.0" 200 19798 "-" "Mozilla/5.0 (Windows NT 10.0; Win64; x64) AppleWebKit/537.36 (KHTML, like Gecko) Chrome/145.0.0.0 Safari/537.36 Edg/145.0.0.0 (compatible; meta-externalagent/1.1 (+https://developers.facebook.com/docs/sharing/webmasters/crawler))"
66.249.74.193 - - [27/Aug/2026:00:44:36 -0700] "GET /goods.php?o=85329200985 HTTP/1.1" 200 28471 "-" "Mozilla/5.0 (Linux; Android 6.0.1; Nexus 5X Build/MMB29P) AppleWebKit/537.36 (KHTML, like Gecko) Chrome/151.0.7922.173 Mobile Safari/537.36 (compatible; GoogleOther)"
88.8.111.251 - - [27/Aug/2026:00:44:36 -0700] "GET /2026/08/27/learning-to-make-a-hyperlink-inside-3-extremely-fortune-frenzy-bonus-casino-simple-steps/ HTTP/1.1" 200 26391 "-" "Mozilla/5.0 (X11; Linux x86_64; rv:128.0) Gecko/20100101 Firefox/128.0"
66.249.74.192 - - [27/Aug/2026:00:44:39 -0700] "GET /?m=73082094002 HTTP/1.1" 200 63367 "-" "Mozilla/5.0 (Linux; Android 6.0.1; Nexus 5X Build/MMB29P) AppleWebKit/537.36 (KHTML, like Gecko) Chrome/151.0.7922.173 Mobile Safari/537.36 (compatible; GoogleOther)"
223.223.138.42 - - [27/Aug/2026:00:44:41 -0700] "POST /xmlrpc.php HTTP/1.1" 200 5046 "-" "Mozilla/5.0 (Macintosh; Intel Mac OS X 10_15_7) AppleWebKit/537.36 (KHTML, like Gecko) Chrome/135.0.0.0 Safari/537.36"
75.119.195.61 - - [27/Aug/2026:00:44:42 -0700] "POST /wp-cron.php?doing_wp_cron=1787816682.2093229293823242187500 HTTP/1.1" 200 6592 "-" "WordPress/7.1; https://www.ablogformylove.com"
66.249.74.192 - - [27/Aug/2026:00:44:42 -0700] "GET /?m=41665582428 HTTP/1.1" 200 57942 "-" "Mozilla/5.0 (Linux; Android 6.0.1; Nexus 5X Build/MMB29P) AppleWebKit/537.36 (KHTML, like Gecko) Chrome/151.0.7922.173 Mobile Safari/537.36 (compatible; GoogleOther)"
66.249.74.193 - - [27/Aug/2026:00:44:46 -0700] "GET /goods.php?f=83250162503 HTTP/1.1" 200 32466 "-" "Mozilla/5.0 (Linux; Android 6.0.1; Nexus 5X Build/MMB29P) AppleWebKit/537.36 (KHTML, like Gecko) Chrome/151.0.7922.173 Mobile Safari/537.36 (compatible; GoogleOther)"
223.223.138.42 - - [27/Aug/2026:00:44:48 -0700] "POST /xmlrpc.php HTTP/1.1" 200 5705 "-" "Mozilla/5.0 (Macintosh; Intel Mac OS X 10_15_7) AppleWebKit/605.1.15 (KHTML, like Gecko) Version/17.5 Safari/605.1.15"
66.249.74.193 - - [27/Aug/2026:00:44:49 -0700] "GET /?m=80355260564 HTTP/1.1" 200 58031 "-" "Mozilla/5.0 (Linux; Android 6.0.1; Nexus 5X Build/MMB29P) AppleWebKit/537.36 (KHTML, like Gecko) Chrome/151.0.7922.173 Mobile Safari/537.36 (compatible; GoogleOther)"
66.249.74.193 - - [27/Aug/2026:00:44:52 -0700] "GET /?m=47346981012 HTTP/1.1" 200 58425 "-" "Mozilla/5.0 (Linux; Android 6.0.1; Nexus 5X Build/MMB29P) AppleWebKit/537.36 (KHTML, like Gecko) Chrome/151.0.7922.173 Mobile Safari/537.36 (compatible; GoogleOther)"
223.223.138.42 - - [27/Aug/2026:00:44:51 -0700] "GET /2026/08/27/aztec-riches-casino-opinion-incentives-profits-much-more/ HTTP/1.1" 200 25984 "-" "Mozilla/5.0 (Windows NT 10.0; Win64; x64) AppleWebKit/537.36 (KHTML, like Gecko) Chrome/136.0.0.0 Safari/537.36 Edg/136.0.0.0"
66.249.74.193 - - [27/Aug/2026:00:44:56 -0700] "GET /shop.php?e=28275918716021 HTTP/1.1" 200 27076 "-" "Mozilla/5.0 (Linux; Android 6.0.1; Nexus 5X Build/MMB29P) AppleWebKit/537.36 (KHTML, like Gecko) Chrome/151.0.7922.173 Mobile Safari/537.36 (compatible; GoogleOther)"
114.119.155.153 - - [27/Aug/2026:00:44:56 -0700] "GET /?m=26382543398 HTTP/1.1" 200 24947 "https://www.ablogformylove.com/sitemap.xml" "Mozilla/5.0 (Linux; Android 7.0;) AppleWebKit/537.36 (HTML, like Gecko) Mobile Safari/537.36 (compatible; PetalBot;+https://webmaster.petalsearch.com/site/petalbot)"
66.249.74.192 - - [27/Aug/2026:00:44:59 -0700] "GET /shop.php?e=54573610044900 HTTP/1.1" 200 31458 "-" "Mozilla/5.0 (Linux; Android 6.0.1; Nexus 5X Build/MMB29P) AppleWebKit/537.36 (KHTML, like Gecko) Chrome/151.0.7922.173 Mobile Safari/537.36 (compatible; GoogleOther)"
66.249.74.192 - - [27/Aug/2026:00:45:02 -0700] "GET /shop.php?e=47920597565594 HTTP/1.1" 200 27195 "-" "Mozilla/5.0 (Linux; Android 6.0.1; Nexus 5X Build/MMB29P) AppleWebKit/537.36 (KHTML, like Gecko) Chrome/151.0.7922.173 Mobile Safari/537.36 (compatible; GoogleOther)"
66.249.74.193 - - [27/Aug/2026:00:45:05 -0700] "GET /?m=30525672409 HTTP/1.1" 200 63072 "-" "Mozilla/5.0 (Linux; Android 6.0.1; Nexus 5X Build/MMB29P) AppleWebKit/537.36 (KHTML, like Gecko) Chrome/151.0.7922.173 Mobile Safari/537.36 (compatible; GoogleOther)"
66.249.74.192 - - [27/Aug/2026:00:45:08 -0700] "GET /?m=99828934355 HTTP/1.1" 200 63154 "-" "Mozilla/5.0 (Linux; Android 6.0.1; Nexus 5X Build/MMB29P) AppleWebKit/537.36 (KHTML, like Gecko) Chrome/151.0.7922.173 Mobile Safari/537.36 (compatible; GoogleOther)"
57.141.0.28 - - [27/Aug/2026:00:45:08 -0700] "GET /?m=17375960985 HTTP/2.0" 200 19796 "-" "Mozilla/5.0 (Macintosh; Intel Mac OS X 10_15_7) AppleWebKit/537.36 (KHTML, like Gecko) Chrome/145.0.0.0 Safari/537.36 (compatible; meta-externalagent/1.1 (+https://developers.facebook.com/docs/sharing/webmasters/crawler))"
66.249.74.192 - - [27/Aug/2026:00:45:09 -0700] "GET /?m=70657044636/ HTTP/1.1" 200 66091 "-" "Mozilla/5.0 (Linux; Android 6.0.1; Nexus 5X Build/MMB29P) AppleWebKit/537.36 (KHTML, like Gecko) Chrome/151.0.7922.173 Mobile Safari/537.36 (compatible; Googlebot/2.1; +http://www.google.com/bot.html)"
66.249.74.192 - - [27/Aug/2026:00:45:13 -0700] "GET /shop.php?e=97120460909109 HTTP/1.1" 200 27413 "-" "Mozilla/5.0 (Linux; Android 6.0.1; Nexus 5X Build/MMB29P) AppleWebKit/537.36 (KHTML, like Gecko) Chrome/151.0.7922.173 Mobile Safari/537.36 (compatible; GoogleOther)"
