216.73.217.53 - - [27/Aug/2026:02:43:51 -0700] "GET /?m=58437642654 HTTP/2.0" 200 19688 "-" "Mozilla/5.0 AppleWebKit/537.36 (KHTML, like Gecko; compatible; ClaudeBot/1.0; +claudebot@anthropic.com)"
193.70.33.35 - - [27/Aug/2026:02:43:51 -0700] "GET /2026/08/24/kak-proverit-podlinnost-1khbet-ofitsialnyi-sait-pered-skachivaniem-2/ HTTP/1.1" 200 24540 "-" "Mozilla/5.0 (compatible; MJ12bot/v1.4.8; http://mj12bot.com/)"
216.73.217.53 - - [27/Aug/2026:02:43:51 -0700] "GET /?m=60516662272 HTTP/2.0" 200 19688 "-" "Mozilla/5.0 AppleWebKit/537.36 (KHTML, like Gecko; compatible; ClaudeBot/1.0; +claudebot@anthropic.com)"
66.249.74.194 - - [27/Aug/2026:02:43:52 -0700] "GET /?m=5393949137 HTTP/1.1" 200 58078 "-" "Mozilla/5.0 (Linux; Android 6.0.1; Nexus 5X Build/MMB29P) AppleWebKit/537.36 (KHTML, like Gecko) Chrome/151.0.7922.173 Mobile Safari/537.36 (compatible; GoogleOther)"
216.73.217.53 - - [27/Aug/2026:02:43:52 -0700] "GET /?m=58866887808 HTTP/2.0" 200 19734 "-" "Mozilla/5.0 AppleWebKit/537.36 (KHTML, like Gecko; compatible; ClaudeBot/1.0; +claudebot@anthropic.com)"
216.73.217.53 - - [27/Aug/2026:02:43:52 -0700] "GET /?m=49859110972 HTTP/2.0" 200 19688 "-" "Mozilla/5.0 AppleWebKit/537.36 (KHTML, like Gecko; compatible; ClaudeBot/1.0; +claudebot@anthropic.com)"
216.73.217.53 - - [27/Aug/2026:02:43:52 -0700] "GET /?m=87797521281 HTTP/2.0" 200 19688 "-" "Mozilla/5.0 AppleWebKit/537.36 (KHTML, like Gecko; compatible; ClaudeBot/1.0; +claudebot@anthropic.com)"
216.73.217.53 - - [27/Aug/2026:02:43:53 -0700] "GET /?m=91171703058 HTTP/2.0" 200 19727 "-" "Mozilla/5.0 AppleWebKit/537.36 (KHTML, like Gecko; compatible; ClaudeBot/1.0; +claudebot@anthropic.com)"
216.73.217.53 - - [27/Aug/2026:02:43:53 -0700] "GET /?m=82231687443 HTTP/2.0" 200 19688 "-" "Mozilla/5.0 AppleWebKit/537.36 (KHTML, like Gecko; compatible; ClaudeBot/1.0; +claudebot@anthropic.com)"
216.73.217.53 - - [27/Aug/2026:02:43:53 -0700] "GET /?m=95120227607 HTTP/2.0" 200 19688 "-" "Mozilla/5.0 AppleWebKit/537.36 (KHTML, like Gecko; compatible; ClaudeBot/1.0; +claudebot@anthropic.com)"
75.119.195.61 - - [27/Aug/2026:02:43:47 -0700] "POST /wp-cron.php?doing_wp_cron=1787823827.0354089736938476562500 HTTP/1.1" 200 6592 "-" "WordPress/7.1; https://www.ablogformylove.com"
216.73.217.53 - - [27/Aug/2026:02:43:53 -0700] "GET /?m=98912100444 HTTP/2.0" 200 19688 "-" "Mozilla/5.0 AppleWebKit/537.36 (KHTML, like Gecko; compatible; ClaudeBot/1.0; +claudebot@anthropic.com)"
216.73.217.53 - - [27/Aug/2026:02:43:53 -0700] "GET /?m=32514634672 HTTP/2.0" 200 19688 "-" "Mozilla/5.0 AppleWebKit/537.36 (KHTML, like Gecko; compatible; ClaudeBot/1.0; +claudebot@anthropic.com)"
216.73.217.53 - - [27/Aug/2026:02:43:53 -0700] "GET /?m=58087460041 HTTP/2.0" 200 19679 "-" "Mozilla/5.0 AppleWebKit/537.36 (KHTML, like Gecko; compatible; ClaudeBot/1.0; +claudebot@anthropic.com)"
216.73.217.53 - - [27/Aug/2026:02:43:53 -0700] "GET /?m=36941622065 HTTP/2.0" 200 19688 "-" "Mozilla/5.0 AppleWebKit/537.36 (KHTML, like Gecko; compatible; ClaudeBot/1.0; +claudebot@anthropic.com)"
216.73.217.53 - - [27/Aug/2026:02:43:53 -0700] "GET /?m=10031217370 HTTP/2.0" 200 19688 "-" "Mozilla/5.0 AppleWebKit/537.36 (KHTML, like Gecko; compatible; ClaudeBot/1.0; +claudebot@anthropic.com)"
193.70.33.35 - - [27/Aug/2026:02:43:53 -0700] "GET /2026/08/24/kakovy-preimushchestva/ HTTP/1.1" 200 24365 "-" "Mozilla/5.0 (compatible; MJ12bot/v1.4.8; http://mj12bot.com/)"
216.73.217.53 - - [27/Aug/2026:02:43:54 -0700] "GET /?m=93461371498 HTTP/2.0" 200 19736 "-" "Mozilla/5.0 AppleWebKit/537.36 (KHTML, like Gecko; compatible; ClaudeBot/1.0; +claudebot@anthropic.com)"
216.73.217.53 - - [27/Aug/2026:02:43:54 -0700] "GET /?m=84131296459 HTTP/2.0" 200 19688 "-" "Mozilla/5.0 AppleWebKit/537.36 (KHTML, like Gecko; compatible; ClaudeBot/1.0; +claudebot@anthropic.com)"
216.73.217.53 - - [27/Aug/2026:02:43:54 -0700] "GET /?m=36771655567 HTTP/2.0" 200 19679 "-" "Mozilla/5.0 AppleWebKit/537.36 (KHTML, like Gecko; compatible; ClaudeBot/1.0; +claudebot@anthropic.com)"
216.73.217.53 - - [27/Aug/2026:02:43:54 -0700] "GET /?m=73399437133 HTTP/2.0" 200 19688 "-" "Mozilla/5.0 AppleWebKit/537.36 (KHTML, like Gecko; compatible; ClaudeBot/1.0; +claudebot@anthropic.com)"
216.73.217.53 - - [27/Aug/2026:02:43:54 -0700] "GET /?m=36672841593 HTTP/2.0" 200 19679 "-" "Mozilla/5.0 AppleWebKit/537.36 (KHTML, like Gecko; compatible; ClaudeBot/1.0; +claudebot@anthropic.com)"
216.73.217.53 - - [27/Aug/2026:02:43:54 -0700] "GET /?m=8803416598 HTTP/2.0" 200 19688 "-" "Mozilla/5.0 AppleWebKit/537.36 (KHTML, like Gecko; compatible; ClaudeBot/1.0; +claudebot@anthropic.com)"
216.73.217.53 - - [27/Aug/2026:02:43:54 -0700] "GET /?m=17779256831 HTTP/2.0" 200 19688 "-" "Mozilla/5.0 AppleWebKit/537.36 (KHTML, like Gecko; compatible; ClaudeBot/1.0; +claudebot@anthropic.com)"
216.73.217.53 - - [27/Aug/2026:02:43:55 -0700] "GET /?m=64761642654 HTTP/2.0" 200 19727 "-" "Mozilla/5.0 AppleWebKit/537.36 (KHTML, like Gecko; compatible; ClaudeBot/1.0; +claudebot@anthropic.com)"
216.73.217.53 - - [27/Aug/2026:02:43:55 -0700] "GET /?m=58244531172 HTTP/2.0" 200 19688 "-" "Mozilla/5.0 AppleWebKit/537.36 (KHTML, like Gecko; compatible; ClaudeBot/1.0; +claudebot@anthropic.com)"
216.73.217.53 - - [27/Aug/2026:02:43:55 -0700] "GET /?m=72271331355 HTTP/2.0" 200 19688 "-" "Mozilla/5.0 AppleWebKit/537.36 (KHTML, like Gecko; compatible; ClaudeBot/1.0; +claudebot@anthropic.com)"
66.249.74.194 - - [27/Aug/2026:02:43:55 -0700] "GET /ajax/productdeliverycalendar/?sku=28189039623&offset= HTTP/1.1" 200 59061 "-" "Mozilla/5.0 (Linux; Android 6.0.1; Nexus 5X Build/MMB29P) AppleWebKit/537.36 (KHTML, like Gecko) Chrome/151.0.7922.173 Mobile Safari/537.36 (compatible; GoogleOther)"
216.73.217.53 - - [27/Aug/2026:02:43:55 -0700] "GET /?m=87350571703 HTTP/2.0" 200 19688 "-" "Mozilla/5.0 AppleWebKit/537.36 (KHTML, like Gecko; compatible; ClaudeBot/1.0; +claudebot@anthropic.com)"
216.73.217.53 - - [27/Aug/2026:02:43:55 -0700] "GET /?m=84099814968 HTTP/2.0" 200 19688 "-" "Mozilla/5.0 AppleWebKit/537.36 (KHTML, like Gecko; compatible; ClaudeBot/1.0; +claudebot@anthropic.com)"
216.73.217.53 - - [27/Aug/2026:02:43:55 -0700] "GET /?m=26565180187 HTTP/2.0" 200 19679 "-" "Mozilla/5.0 AppleWebKit/537.36 (KHTML, like Gecko; compatible; ClaudeBot/1.0; +claudebot@anthropic.com)"
216.73.217.53 - - [27/Aug/2026:02:43:55 -0700] "GET /?m=24250963744 HTTP/2.0" 200 19688 "-" "Mozilla/5.0 AppleWebKit/537.36 (KHTML, like Gecko; compatible; ClaudeBot/1.0; +claudebot@anthropic.com)"
177.251.254.90 - - [27/Aug/2026:02:43:54 -0700] "GET /2026/08/27/toutes-dernieres-nouvelles-instrument-a-jeux-de-machines-a-sous-la-riviera-avec-abusives-2026-distraire-sans-nul-telechargement/ HTTP/1.1" 200 24477 "-" "Mozilla/5.0 (Windows NT 10.0; Win64; x64) AppleWebKit/537.36 (KHTML, like Gecko) Chrome/133.0.0.0 Safari/537.36 OPR/118.0.0.0"
216.73.217.53 - - [27/Aug/2026:02:43:55 -0700] "GET /?m=46191441608 HTTP/2.0" 200 19688 "-" "Mozilla/5.0 AppleWebKit/537.36 (KHTML, like Gecko; compatible; ClaudeBot/1.0; +claudebot@anthropic.com)"
216.73.217.53 - - [27/Aug/2026:02:43:55 -0700] "GET /?m=70298883309 HTTP/2.0" 200 19688 "-" "Mozilla/5.0 AppleWebKit/537.36 (KHTML, like Gecko; compatible; ClaudeBot/1.0; +claudebot@anthropic.com)"
57.141.0.23 - - [27/Aug/2026:02:43:56 -0700] "GET /?m=80492990389 HTTP/2.0" 200 19797 "-" "Mozilla/5.0 (Windows NT 10.0; Win64; x64) AppleWebKit/537.36 (KHTML, like Gecko) Chrome/145.0.0.0 Safari/537.36 (compatible; meta-externalagent/1.1 (+https://developers.facebook.com/docs/sharing/webmasters/crawler))"
216.73.217.53 - - [27/Aug/2026:02:43:56 -0700] "GET /?m=58170609617 HTTP/2.0" 200 19736 "-" "Mozilla/5.0 AppleWebKit/537.36 (KHTML, like Gecko; compatible; ClaudeBot/1.0; +claudebot@anthropic.com)"
216.73.217.53 - - [27/Aug/2026:02:43:56 -0700] "GET /?m=45728948247 HTTP/2.0" 200 19688 "-" "Mozilla/5.0 AppleWebKit/537.36 (KHTML, like Gecko; compatible; ClaudeBot/1.0; +claudebot@anthropic.com)"
216.73.217.53 - - [27/Aug/2026:02:43:56 -0700] "GET /?m=10628703170 HTTP/2.0" 200 19688 "-" "Mozilla/5.0 AppleWebKit/537.36 (KHTML, like Gecko; compatible; ClaudeBot/1.0; +claudebot@anthropic.com)"
193.70.33.35 - - [27/Aug/2026:02:43:56 -0700] "GET /2026/08/24/kakovy-preimushchestva-2/ HTTP/1.1" 200 24273 "-" "Mozilla/5.0 (compatible; MJ12bot/v1.4.8; http://mj12bot.com/)"
216.73.217.53 - - [27/Aug/2026:02:43:56 -0700] "GET /?m=10722249473 HTTP/2.0" 200 19688 "-" "Mozilla/5.0 AppleWebKit/537.36 (KHTML, like Gecko; compatible; ClaudeBot/1.0; +claudebot@anthropic.com)"
216.73.217.53 - - [27/Aug/2026:02:43:56 -0700] "GET /?m=76230691140 HTTP/2.0" 200 19688 "-" "Mozilla/5.0 AppleWebKit/537.36 (KHTML, like Gecko; compatible; ClaudeBot/1.0; +claudebot@anthropic.com)"
66.249.74.194 - - [27/Aug/2026:02:43:56 -0700] "GET /js/searchbox/1777250054 HTTP/1.1" 200 59161 "https://www.ablogformylove.com/kaden/mtalk/?sku=38358807384" "Mozilla/5.0 (Linux; Android 6.0.1; Nexus 5X Build/MMB29P) AppleWebKit/537.36 (KHTML, like Gecko) Chrome/151.0.7922.173 Mobile Safari/537.36 (compatible; GoogleOther)"
216.73.217.53 - - [27/Aug/2026:02:43:56 -0700] "GET /?m=67430879499 HTTP/2.0" 200 19688 "-" "Mozilla/5.0 AppleWebKit/537.36 (KHTML, like Gecko; compatible; ClaudeBot/1.0; +claudebot@anthropic.com)"
216.73.217.53 - - [27/Aug/2026:02:43:56 -0700] "GET /?m=76924822763 HTTP/2.0" 200 19688 "-" "Mozilla/5.0 AppleWebKit/537.36 (KHTML, like Gecko; compatible; ClaudeBot/1.0; +claudebot@anthropic.com)"
216.73.217.53 - - [27/Aug/2026:02:43:56 -0700] "GET /?m=60976679143 HTTP/2.0" 200 19688 "-" "Mozilla/5.0 AppleWebKit/537.36 (KHTML, like Gecko; compatible; ClaudeBot/1.0; +claudebot@anthropic.com)"
216.73.217.53 - - [27/Aug/2026:02:43:56 -0700] "GET /?m=35177196690 HTTP/2.0" 200 19679 "-" "Mozilla/5.0 AppleWebKit/537.36 (KHTML, like Gecko; compatible; ClaudeBot/1.0; +claudebot@anthropic.com)"
193.70.33.35 - - [27/Aug/2026:02:43:58 -0700] "GET /2026/08/24/kakovy-preimushchestva-3/feed/ HTTP/1.1" 200 2287 "-" "Mozilla/5.0 (compatible; MJ12bot/v1.4.8; http://mj12bot.com/)"
66.249.74.193 - - [27/Aug/2026:02:43:58 -0700] "GET /?m=8593144862 HTTP/1.1" 200 64223 "-" "Mozilla/5.0 (Linux; Android 6.0.1; Nexus 5X Build/MMB29P) AppleWebKit/537.36 (KHTML, like Gecko) Chrome/151.0.7922.173 Mobile Safari/537.36 (compatible; GoogleOther)"
193.70.33.35 - - [27/Aug/2026:02:44:00 -0700] "GET /2026/08/24/mostbet-oferuje-darmowe-spiny-co-musisz-wiedziec-przed-gra/ HTTP/1.1" 200 23528 "-" "Mozilla/5.0 (compatible; MJ12bot/v1.4.8; http://mj12bot.com/)"
66.249.74.194 - - [27/Aug/2026:02:44:02 -0700] "GET /?m=44243695580 HTTP/1.1" 200 63479 "-" "Mozilla/5.0 (Linux; Android 6.0.1; Nexus 5X Build/MMB29P) AppleWebKit/537.36 (KHTML, like Gecko) Chrome/151.0.7922.173 Mobile Safari/537.36 (compatible; GoogleOther)"
193.70.33.35 - - [27/Aug/2026:02:44:02 -0700] "GET /2026/08/24/mostbet-oferuje-darmowe-spiny-co-musisz-wiedziec-przed-gra-2/ HTTP/1.1" 200 23313 "-" "Mozilla/5.0 (compatible; MJ12bot/v1.4.8; http://mj12bot.com/)"
193.70.33.35 - - [27/Aug/2026:02:44:05 -0700] "GET /2026/08/24/mostbet-oferuje-darmowe-spiny-co-musisz-wiedziec-przed-gra-3/ HTTP/1.1" 200 23362 "-" "Mozilla/5.0 (compatible; MJ12bot/v1.4.8; http://mj12bot.com/)"
66.249.74.192 - - [27/Aug/2026:02:44:05 -0700] "GET /?m=26281373021 HTTP/1.1" 200 65580 "-" "Mozilla/5.0 (Linux; Android 6.0.1; Nexus 5X Build/MMB29P) AppleWebKit/537.36 (KHTML, like Gecko) Chrome/151.0.7922.173 Mobile Safari/537.36 (compatible; GoogleOther)"
57.141.0.59 - - [27/Aug/2026:02:44:06 -0700] "GET /?m=18046728492 HTTP/2.0" 200 19795 "-" "Mozilla/5.0 (Windows NT 10.0; Win64; x64) AppleWebKit/537.36 (KHTML, like Gecko) Chrome/145.0.0.0 Safari/537.36 (compatible; meta-externalagent/1.1 (+https://developers.facebook.com/docs/sharing/webmasters/crawler))"
193.70.33.35 - - [27/Aug/2026:02:44:07 -0700] "GET /2026/08/24/page/4/ HTTP/1.1" 200 23993 "-" "Mozilla/5.0 (compatible; MJ12bot/v1.4.8; http://mj12bot.com/)"
216.73.217.53 - - [27/Aug/2026:02:44:07 -0700] "GET /?m=8222357410 HTTP/2.0" 200 19792 "-" "Mozilla/5.0 AppleWebKit/537.36 (KHTML, like Gecko; compatible; ClaudeBot/1.0; +claudebot@anthropic.com)"
216.73.217.53 - - [27/Aug/2026:02:44:07 -0700] "GET /?m=55648856581 HTTP/2.0" 200 19679 "-" "Mozilla/5.0 AppleWebKit/537.36 (KHTML, like Gecko; compatible; ClaudeBot/1.0; +claudebot@anthropic.com)"
216.73.217.53 - - [27/Aug/2026:02:44:07 -0700] "GET /?m=29796664974 HTTP/2.0" 200 19679 "-" "Mozilla/5.0 AppleWebKit/537.36 (KHTML, like Gecko; compatible; ClaudeBot/1.0; +claudebot@anthropic.com)"
216.73.217.53 - - [27/Aug/2026:02:44:07 -0700] "GET /?m=47640096297 HTTP/2.0" 200 19679 "-" "Mozilla/5.0 AppleWebKit/537.36 (KHTML, like Gecko; compatible; ClaudeBot/1.0; +claudebot@anthropic.com)"
216.73.217.53 - - [27/Aug/2026:02:44:07 -0700] "GET /?m=27455550963 HTTP/2.0" 200 19679 "-" "Mozilla/5.0 AppleWebKit/537.36 (KHTML, like Gecko; compatible; ClaudeBot/1.0; +claudebot@anthropic.com)"
216.73.217.53 - - [27/Aug/2026:02:44:07 -0700] "GET /?m=62008673941 HTTP/2.0" 200 19688 "-" "Mozilla/5.0 AppleWebKit/537.36 (KHTML, like Gecko; compatible; ClaudeBot/1.0; +claudebot@anthropic.com)"
216.73.217.53 - - [27/Aug/2026:02:44:07 -0700] "GET /?m=83388425926 HTTP/2.0" 200 19679 "-" "Mozilla/5.0 AppleWebKit/537.36 (KHTML, like Gecko; compatible; ClaudeBot/1.0; +claudebot@anthropic.com)"
216.73.217.53 - - [27/Aug/2026:02:44:08 -0700] "GET /?m=90573795133 HTTP/2.0" 200 19734 "-" "Mozilla/5.0 AppleWebKit/537.36 (KHTML, like Gecko; compatible; ClaudeBot/1.0; +claudebot@anthropic.com)"
216.73.217.53 - - [27/Aug/2026:02:44:07 -0700] "GET /?m=92041827135 HTTP/2.0" 200 19688 "-" "Mozilla/5.0 AppleWebKit/537.36 (KHTML, like Gecko; compatible; ClaudeBot/1.0; +claudebot@anthropic.com)"
216.73.217.53 - - [27/Aug/2026:02:44:08 -0700] "GET /?m=68349475727 HTTP/2.0" 200 19688 "-" "Mozilla/5.0 AppleWebKit/537.36 (KHTML, like Gecko; compatible; ClaudeBot/1.0; +claudebot@anthropic.com)"
216.73.217.53 - - [27/Aug/2026:02:44:08 -0700] "GET /?m=77005957496 HTTP/2.0" 200 19688 "-" "Mozilla/5.0 AppleWebKit/537.36 (KHTML, like Gecko; compatible; ClaudeBot/1.0; +claudebot@anthropic.com)"
66.249.74.193 - - [27/Aug/2026:02:44:09 -0700] "GET /pc/index.php?m=53710091244 HTTP/1.1" 200 63583 "-" "Mozilla/5.0 (Linux; Android 6.0.1; Nexus 5X Build/MMB29P) AppleWebKit/537.36 (KHTML, like Gecko) Chrome/151.0.7922.173 Mobile Safari/537.36 (compatible; GoogleOther)"
193.70.33.35 - - [27/Aug/2026:02:44:09 -0700] "GET /2026/08/24/real-player-reviews-casino-non-aams-experiences/ HTTP/1.1" 200 23611 "-" "Mozilla/5.0 (compatible; MJ12bot/v1.4.8; http://mj12bot.com/)"
216.73.217.53 - - [27/Aug/2026:02:44:10 -0700] "GET /?m=34240017310 HTTP/2.0" 200 19734 "-" "Mozilla/5.0 AppleWebKit/537.36 (KHTML, like Gecko; compatible; ClaudeBot/1.0; +claudebot@anthropic.com)"
216.73.217.53 - - [27/Aug/2026:02:44:11 -0700] "GET /?m=28696713926 HTTP/2.0" 200 19725 "-" "Mozilla/5.0 AppleWebKit/537.36 (KHTML, like Gecko; compatible; ClaudeBot/1.0; +claudebot@anthropic.com)"
216.73.217.53 - - [27/Aug/2026:02:44:11 -0700] "GET /?m=69066079877 HTTP/2.0" 200 19688 "-" "Mozilla/5.0 AppleWebKit/537.36 (KHTML, like Gecko; compatible; ClaudeBot/1.0; +claudebot@anthropic.com)"
216.73.217.53 - - [27/Aug/2026:02:44:11 -0700] "GET /?m=56623287524 HTTP/2.0" 200 19688 "-" "Mozilla/5.0 AppleWebKit/537.36 (KHTML, like Gecko; compatible; ClaudeBot/1.0; +claudebot@anthropic.com)"
216.73.217.53 - - [27/Aug/2026:02:44:11 -0700] "GET /?m=91849686842 HTTP/2.0" 200 19688 "-" "Mozilla/5.0 AppleWebKit/537.36 (KHTML, like Gecko; compatible; ClaudeBot/1.0; +claudebot@anthropic.com)"
216.73.217.53 - - [27/Aug/2026:02:44:11 -0700] "GET /?m=5639916444 HTTP/2.0" 200 19688 "-" "Mozilla/5.0 AppleWebKit/537.36 (KHTML, like Gecko; compatible; ClaudeBot/1.0; +claudebot@anthropic.com)"
193.70.33.35 - - [27/Aug/2026:02:44:12 -0700] "GET /2026/08/24/real-player-reviews-casino-non-aams-experiences-2/ HTTP/1.1" 200 23494 "-" "Mozilla/5.0 (compatible; MJ12bot/v1.4.8; http://mj12bot.com/)"
216.73.217.53 - - [27/Aug/2026:02:44:12 -0700] "GET /?m=66444820998 HTTP/2.0" 200 19734 "-" "Mozilla/5.0 AppleWebKit/537.36 (KHTML, like Gecko; compatible; ClaudeBot/1.0; +claudebot@anthropic.com)"
66.249.74.193 - - [27/Aug/2026:02:44:12 -0700] "GET /shop.php?e=49265389742377 HTTP/1.1" 200 28032 "-" "Mozilla/5.0 (Linux; Android 6.0.1; Nexus 5X Build/MMB29P) AppleWebKit/537.36 (KHTML, like Gecko) Chrome/151.0.7922.173 Mobile Safari/537.36 (compatible; GoogleOther)"
216.73.217.53 - - [27/Aug/2026:02:44:12 -0700] "GET /?m=41095695064 HTTP/2.0" 200 19688 "-" "Mozilla/5.0 AppleWebKit/537.36 (KHTML, like Gecko; compatible; ClaudeBot/1.0; +claudebot@anthropic.com)"
216.73.217.53 - - [27/Aug/2026:02:44:12 -0700] "GET /?m=90769210079 HTTP/2.0" 200 19688 "-" "Mozilla/5.0 AppleWebKit/537.36 (KHTML, like Gecko; compatible; ClaudeBot/1.0; +claudebot@anthropic.com)"
216.73.217.53 - - [27/Aug/2026:02:44:13 -0700] "GET /?m=80467345914 HTTP/2.0" 200 19734 "-" "Mozilla/5.0 AppleWebKit/537.36 (KHTML, like Gecko; compatible; ClaudeBot/1.0; +claudebot@anthropic.com)"
216.73.217.53 - - [27/Aug/2026:02:44:13 -0700] "GET /?m=82441441185 HTTP/2.0" 200 19688 "-" "Mozilla/5.0 AppleWebKit/537.36 (KHTML, like Gecko; compatible; ClaudeBot/1.0; +claudebot@anthropic.com)"
216.73.217.53 - - [27/Aug/2026:02:44:13 -0700] "GET /?m=90592679593 HTTP/2.0" 200 19688 "-" "Mozilla/5.0 AppleWebKit/537.36 (KHTML, like Gecko; compatible; ClaudeBot/1.0; +claudebot@anthropic.com)"
216.73.217.53 - - [27/Aug/2026:02:44:13 -0700] "GET /?m=17423798354 HTTP/2.0" 200 19688 "-" "Mozilla/5.0 AppleWebKit/537.36 (KHTML, like Gecko; compatible; ClaudeBot/1.0; +claudebot@anthropic.com)"
216.73.217.53 - - [27/Aug/2026:02:44:13 -0700] "GET /?m=80678248619 HTTP/2.0" 200 19688 "-" "Mozilla/5.0 AppleWebKit/537.36 (KHTML, like Gecko; compatible; ClaudeBot/1.0; +claudebot@anthropic.com)"
181.26.156.102 - - [27/Aug/2026:02:44:13 -0700] "GET / HTTP/1.1" 200 6590 "-" "Mozilla/5.0 (Windows NT 10.0; Win64; x64) AppleWebKit/537.36 (KHTML, like Gecko) Chrome/120.0.0.0 Safari/537.36"
193.70.33.35 - - [27/Aug/2026:02:44:14 -0700] "GET /2026/08/24/seriose-wettanbieter-gelenkige-strategien-fur-sportwetten-ohne-oasis-2/feed/ HTTP/1.1" 200 2216 "-" "Mozilla/5.0 (compatible; MJ12bot/v1.4.8; http://mj12bot.com/)"
216.73.217.53 - - [27/Aug/2026:02:44:14 -0700] "GET /?m=50327155750 HTTP/2.0" 200 19734 "-" "Mozilla/5.0 AppleWebKit/537.36 (KHTML, like Gecko; compatible; ClaudeBot/1.0; +claudebot@anthropic.com)"
216.73.217.53 - - [27/Aug/2026:02:44:14 -0700] "GET /?m=99585148250 HTTP/2.0" 200 19688 "-" "Mozilla/5.0 AppleWebKit/537.36 (KHTML, like Gecko; compatible; ClaudeBot/1.0; +claudebot@anthropic.com)"
216.73.217.53 - - [27/Aug/2026:02:44:14 -0700] "GET /?m=1719884473 HTTP/2.0" 200 19688 "-" "Mozilla/5.0 AppleWebKit/537.36 (KHTML, like Gecko; compatible; ClaudeBot/1.0; +claudebot@anthropic.com)"
216.73.217.53 - - [27/Aug/2026:02:44:14 -0700] "GET /?m=13121309830 HTTP/2.0" 200 19688 "-" "Mozilla/5.0 AppleWebKit/537.36 (KHTML, like Gecko; compatible; ClaudeBot/1.0; +claudebot@anthropic.com)"
216.73.217.53 - - [27/Aug/2026:02:44:14 -0700] "GET /?m=91459437773 HTTP/2.0" 200 19680 "-" "Mozilla/5.0 AppleWebKit/537.36 (KHTML, like Gecko; compatible; ClaudeBot/1.0; +claudebot@anthropic.com)"
216.73.217.53 - - [27/Aug/2026:02:44:15 -0700] "GET /?m=54756706990 HTTP/2.0" 200 19735 "-" "Mozilla/5.0 AppleWebKit/537.36 (KHTML, like Gecko; compatible; ClaudeBot/1.0; +claudebot@anthropic.com)"
216.73.217.53 - - [27/Aug/2026:02:44:15 -0700] "GET /?m=27811311566 HTTP/2.0" 200 19689 "-" "Mozilla/5.0 AppleWebKit/537.36 (KHTML, like Gecko; compatible; ClaudeBot/1.0; +claudebot@anthropic.com)"
216.73.217.53 - - [27/Aug/2026:02:44:15 -0700] "GET /?m=36858109854 HTTP/2.0" 200 19689 "-" "Mozilla/5.0 AppleWebKit/537.36 (KHTML, like Gecko; compatible; ClaudeBot/1.0; +claudebot@anthropic.com)"
216.73.217.53 - - [27/Aug/2026:02:44:15 -0700] "GET /?m=30915967125 HTTP/2.0" 200 19689 "-" "Mozilla/5.0 AppleWebKit/537.36 (KHTML, like Gecko; compatible; ClaudeBot/1.0; +claudebot@anthropic.com)"
216.73.217.53 - - [27/Aug/2026:02:44:15 -0700] "GET /?m=25737750084 HTTP/2.0" 200 19689 "-" "Mozilla/5.0 AppleWebKit/537.36 (KHTML, like Gecko; compatible; ClaudeBot/1.0; +claudebot@anthropic.com)"
216.73.217.53 - - [27/Aug/2026:02:44:15 -0700] "GET /?m=14787319030 HTTP/2.0" 200 19680 "-" "Mozilla/5.0 AppleWebKit/537.36 (KHTML, like Gecko; compatible; ClaudeBot/1.0; +claudebot@anthropic.com)"
193.70.33.35 - - [27/Aug/2026:02:44:16 -0700] "GET /2026/08/24/seriose-wettanbieter-gelenkige-strategien-fur-sportwetten-ohne-oasis/feed/ HTTP/1.1" 200 2214 "-" "Mozilla/5.0 (compatible; MJ12bot/v1.4.8; http://mj12bot.com/)"
66.249.74.192 - - [27/Aug/2026:02:44:16 -0700] "GET /?m=39233670521 HTTP/1.1" 200 63179 "-" "Mozilla/5.0 (Linux; Android 6.0.1; Nexus 5X Build/MMB29P) AppleWebKit/537.36 (KHTML, like Gecko) Chrome/151.0.7922.173 Mobile Safari/537.36 (compatible; GoogleOther)"
216.73.217.53 - - [27/Aug/2026:02:44:16 -0700] "GET /?m=19717613555 HTTP/2.0" 200 19734 "-" "Mozilla/5.0 AppleWebKit/537.36 (KHTML, like Gecko; compatible; ClaudeBot/1.0; +claudebot@anthropic.com)"
216.73.217.53 - - [27/Aug/2026:02:44:16 -0700] "GET /?m=26821656959 HTTP/2.0" 200 19688 "-" "Mozilla/5.0 AppleWebKit/537.36 (KHTML, like Gecko; compatible; ClaudeBot/1.0; +claudebot@anthropic.com)"
216.73.217.53 - - [27/Aug/2026:02:44:16 -0700] "GET /?m=99256220540 HTTP/2.0" 200 19679 "-" "Mozilla/5.0 AppleWebKit/537.36 (KHTML, like Gecko; compatible; ClaudeBot/1.0; +claudebot@anthropic.com)"
216.73.217.53 - - [27/Aug/2026:02:44:16 -0700] "GET /?m=48375272742 HTTP/2.0" 200 19688 "-" "Mozilla/5.0 AppleWebKit/537.36 (KHTML, like Gecko; compatible; ClaudeBot/1.0; +claudebot@anthropic.com)"
216.73.217.53 - - [27/Aug/2026:02:44:16 -0700] "GET /?m=56164057483 HTTP/2.0" 200 19688 "-" "Mozilla/5.0 AppleWebKit/537.36 (KHTML, like Gecko; compatible; ClaudeBot/1.0; +claudebot@anthropic.com)"
216.73.217.53 - - [27/Aug/2026:02:44:16 -0700] "GET /?m=81289518303 HTTP/2.0" 200 19688 "-" "Mozilla/5.0 AppleWebKit/537.36 (KHTML, like Gecko; compatible; ClaudeBot/1.0; +claudebot@anthropic.com)"
216.73.217.53 - - [27/Aug/2026:02:44:16 -0700] "GET /?m=20722498742 HTTP/2.0" 200 19688 "-" "Mozilla/5.0 AppleWebKit/537.36 (KHTML, like Gecko; compatible; ClaudeBot/1.0; +claudebot@anthropic.com)"
216.73.217.53 - - [27/Aug/2026:02:44:17 -0700] "GET /?m=37284000645 HTTP/2.0" 200 19734 "-" "Mozilla/5.0 AppleWebKit/537.36 (KHTML, like Gecko; compatible; ClaudeBot/1.0; +claudebot@anthropic.com)"
216.73.217.53 - - [27/Aug/2026:02:44:17 -0700] "GET /?m=84822958345 HTTP/2.0" 200 19688 "-" "Mozilla/5.0 AppleWebKit/537.36 (KHTML, like Gecko; compatible; ClaudeBot/1.0; +claudebot@anthropic.com)"
216.73.217.53 - - [27/Aug/2026:02:44:17 -0700] "GET /?m=48243057667 HTTP/2.0" 200 19688 "-" "Mozilla/5.0 AppleWebKit/537.36 (KHTML, like Gecko; compatible; ClaudeBot/1.0; +claudebot@anthropic.com)"
216.73.217.53 - - [27/Aug/2026:02:44:17 -0700] "GET /?m=66715834107 HTTP/2.0" 200 19688 "-" "Mozilla/5.0 AppleWebKit/537.36 (KHTML, like Gecko; compatible; ClaudeBot/1.0; +claudebot@anthropic.com)"
216.73.217.53 - - [27/Aug/2026:02:44:17 -0700] "GET /?m=97605762206 HTTP/2.0" 200 19688 "-" "Mozilla/5.0 AppleWebKit/537.36 (KHTML, like Gecko; compatible; ClaudeBot/1.0; +claudebot@anthropic.com)"
193.70.33.35 - - [27/Aug/2026:02:44:17 -0700] "GET /2026/08/24/sichere-wettplattformen-rezension-zu-den-besten-sportwetten-ohne-oase-in-deutschland-2/feed/ HTTP/1.1" 200 2222 "-" "Mozilla/5.0 (compatible; MJ12bot/v1.4.8; http://mj12bot.com/)"
216.73.217.53 - - [27/Aug/2026:02:44:17 -0700] "GET /?m=33771231643 HTTP/2.0" 200 19688 "-" "Mozilla/5.0 AppleWebKit/537.36 (KHTML, like Gecko; compatible; ClaudeBot/1.0; +claudebot@anthropic.com)"
216.73.217.53 - - [27/Aug/2026:02:44:18 -0700] "GET /?m=72333883846 HTTP/2.0" 200 19734 "-" "Mozilla/5.0 AppleWebKit/537.36 (KHTML, like Gecko; compatible; ClaudeBot/1.0; +claudebot@anthropic.com)"
216.73.217.53 - - [27/Aug/2026:02:44:18 -0700] "GET /?m=85685815277 HTTP/2.0" 200 19688 "-" "Mozilla/5.0 AppleWebKit/537.36 (KHTML, like Gecko; compatible; ClaudeBot/1.0; +claudebot@anthropic.com)"
216.73.217.53 - - [27/Aug/2026:02:44:18 -0700] "GET /?m=38851867830 HTTP/2.0" 200 19688 "-" "Mozilla/5.0 AppleWebKit/537.36 (KHTML, like Gecko; compatible; ClaudeBot/1.0; +claudebot@anthropic.com)"
193.70.33.35 - - [27/Aug/2026:02:44:19 -0700] "GET /2026/08/24/the-evolution-of-online-casinos-canada-past-present-and-future/ HTTP/1.1" 200 23666 "-" "Mozilla/5.0 (compatible; MJ12bot/v1.4.8; http://mj12bot.com/)"
66.249.74.192 - - [27/Aug/2026:02:44:20 -0700] "GET /?m=29847028616 HTTP/1.1" 200 58638 "-" "Mozilla/5.0 (Linux; Android 6.0.1; Nexus 5X Build/MMB29P) AppleWebKit/537.36 (KHTML, like Gecko) Chrome/151.0.7922.173 Mobile Safari/537.36 (compatible; GoogleOther)"
107.20.105.74 - - [27/Aug/2026:02:44:20 -0700] "HEAD / HTTP/2.0" 200 105 "http://75.119.195.61" "DreamHost SiteMonitor 1.0"
193.70.33.35 - - [27/Aug/2026:02:44:22 -0700] "GET /2026/08/24/w-tym-nie-wlaczy-nam-w-obstawienie-ze-wszystkich-liczb-w-sprawie-kolorze-czerwonym-na-ruletce/feed/ HTTP/1.1" 200 2230 "-" "Mozilla/5.0 (compatible; MJ12bot/v1.4.8; http://mj12bot.com/)"
66.249.74.192 - - [27/Aug/2026:02:44:23 -0700] "GET /?m=26533208755 HTTP/1.1" 200 58838 "-" "Mozilla/5.0 (Linux; Android 6.0.1; Nexus 5X Build/MMB29P) AppleWebKit/537.36 (KHTML, like Gecko) Chrome/151.0.7922.173 Mobile Safari/537.36 (compatible; GoogleOther)"
193.70.33.35 - - [27/Aug/2026:02:44:23 -0700] "GET /2026/08/26/150-free-spins-live-casino-for-the-mask-of-your-golden-sphinx-from-the-limitless-casino/feed/ HTTP/1.1" 200 2238 "-" "Mozilla/5.0 (compatible; MJ12bot/v1.4.8; http://mj12bot.com/)"
193.70.33.35 - - [27/Aug/2026:02:44:25 -0700] "GET /2026/08/26/2026/feed/ HTTP/1.1" 200 2124 "-" "Mozilla/5.0 (compatible; MJ12bot/v1.4.8; http://mj12bot.com/)"
66.249.74.193 - - [27/Aug/2026:02:44:27 -0700] "GET /ajax/productdeliverycalendar/?sku=61567329047&offset= HTTP/1.1" 200 64288 "-" "Mozilla/5.0 (Linux; Android 6.0.1; Nexus 5X Build/MMB29P) AppleWebKit/537.36 (KHTML, like Gecko) Chrome/151.0.7922.173 Mobile Safari/537.36 (compatible; GoogleOther)"
193.70.33.35 - - [27/Aug/2026:02:44:27 -0700] "GET /2026/08/26/2026s-minimum-5-deposit-casino-better-real-money-position-casinos/feed/ HTTP/1.1" 200 2210 "-" "Mozilla/5.0 (compatible; MJ12bot/v1.4.8; http://mj12bot.com/)"
193.70.33.35 - - [27/Aug/2026:02:44:29 -0700] "GET /2026/08/26/50-no-deposit-totally-free-revolves-in-casino-two-up-real-money-the-web-based-casinos-better-2026-offers/ HTTP/1.1" 200 24786 "-" "Mozilla/5.0 (compatible; MJ12bot/v1.4.8; http://mj12bot.com/)"
216.73.217.53 - - [27/Aug/2026:02:44:29 -0700] "GET /?m=8818206157 HTTP/2.0" 200 19792 "-" "Mozilla/5.0 AppleWebKit/537.36 (KHTML, like Gecko; compatible; ClaudeBot/1.0; +claudebot@anthropic.com)"
216.73.217.53 - - [27/Aug/2026:02:44:29 -0700] "GET /?m=14911837315 HTTP/2.0" 200 19679 "-" "Mozilla/5.0 AppleWebKit/537.36 (KHTML, like Gecko; compatible; ClaudeBot/1.0; +claudebot@anthropic.com)"
216.73.217.53 - - [27/Aug/2026:02:44:29 -0700] "GET /?m=39677050523 HTTP/2.0" 200 19688 "-" "Mozilla/5.0 AppleWebKit/537.36 (KHTML, like Gecko; compatible; ClaudeBot/1.0; +claudebot@anthropic.com)"
216.73.217.53 - - [27/Aug/2026:02:44:30 -0700] "GET /?m=15135741805 HTTP/2.0" 200 19734 "-" "Mozilla/5.0 AppleWebKit/537.36 (KHTML, like Gecko; compatible; ClaudeBot/1.0; +claudebot@anthropic.com)"
216.73.217.53 - - [27/Aug/2026:02:44:30 -0700] "GET /?m=97356106297 HTTP/2.0" 200 19688 "-" "Mozilla/5.0 AppleWebKit/537.36 (KHTML, like Gecko; compatible; ClaudeBot/1.0; +claudebot@anthropic.com)"
216.73.217.53 - - [27/Aug/2026:02:44:30 -0700] "GET /?m=65513210475 HTTP/2.0" 200 19688 "-" "Mozilla/5.0 AppleWebKit/537.36 (KHTML, like Gecko; compatible; ClaudeBot/1.0; +claudebot@anthropic.com)"
66.249.74.193 - - [27/Aug/2026:02:44:30 -0700] "GET /?m=23207467484 HTTP/1.1" 200 58292 "-" "Mozilla/5.0 (Linux; Android 6.0.1; Nexus 5X Build/MMB29P) AppleWebKit/537.36 (KHTML, like Gecko) Chrome/151.0.7922.173 Mobile Safari/537.36 (compatible; GoogleOther)"
216.73.217.53 - - [27/Aug/2026:02:44:30 -0700] "GET /?m=8858763268 HTTP/2.0" 200 19688 "-" "Mozilla/5.0 AppleWebKit/537.36 (KHTML, like Gecko; compatible; ClaudeBot/1.0; +claudebot@anthropic.com)"
193.70.33.35 - - [27/Aug/2026:02:44:31 -0700] "GET /2026/08/26/anbietervergleich-ein-tagesordnungspunkt-40/ HTTP/1.1" 200 23966 "-" "Mozilla/5.0 (compatible; MJ12bot/v1.4.8; http://mj12bot.com/)"
216.73.217.53 - - [27/Aug/2026:02:44:31 -0700] "GET /?m=36527286009 HTTP/2.0" 200 19734 "-" "Mozilla/5.0 AppleWebKit/537.36 (KHTML, like Gecko; compatible; ClaudeBot/1.0; +claudebot@anthropic.com)"
216.73.217.53 - - [27/Aug/2026:02:44:32 -0700] "GET /?m=99635602107 HTTP/2.0" 200 19734 "-" "Mozilla/5.0 AppleWebKit/537.36 (KHTML, like Gecko; compatible; ClaudeBot/1.0; +claudebot@anthropic.com)"
216.73.217.53 - - [27/Aug/2026:02:44:32 -0700] "GET /?m=79018553132 HTTP/2.0" 200 19688 "-" "Mozilla/5.0 AppleWebKit/537.36 (KHTML, like Gecko; compatible; ClaudeBot/1.0; +claudebot@anthropic.com)"
216.73.217.53 - - [27/Aug/2026:02:44:33 -0700] "GET /?m=24190645631 HTTP/2.0" 200 19736 "-" "Mozilla/5.0 AppleWebKit/537.36 (KHTML, like Gecko; compatible; ClaudeBot/1.0; +claudebot@anthropic.com)"
193.70.33.35 - - [27/Aug/2026:02:44:33 -0700] "GET /2026/08/26/beste-angeschlossen-casinos-qua-echtgeld-within-land-der-dichter-und-denker-2026/ HTTP/1.1" 200 25334 "-" "Mozilla/5.0 (compatible; MJ12bot/v1.4.8; http://mj12bot.com/)"
66.249.74.193 - - [27/Aug/2026:02:44:34 -0700] "GET /?m=57430154880 HTTP/1.1" 200 58859 "-" "Mozilla/5.0 (Linux; Android 6.0.1; Nexus 5X Build/MMB29P) AppleWebKit/537.36 (KHTML, like Gecko) Chrome/151.0.7922.173 Mobile Safari/537.36 (compatible; GoogleOther)"
216.73.217.53 - - [27/Aug/2026:02:44:34 -0700] "GET /?m=24962338555 HTTP/2.0" 200 19736 "-" "Mozilla/5.0 AppleWebKit/537.36 (KHTML, like Gecko; compatible; ClaudeBot/1.0; +claudebot@anthropic.com)"
216.73.217.53 - - [27/Aug/2026:02:44:34 -0700] "GET /?m=39266536548 HTTP/2.0" 200 19680 "-" "Mozilla/5.0 AppleWebKit/537.36 (KHTML, like Gecko; compatible; ClaudeBot/1.0; +claudebot@anthropic.com)"
216.73.217.53 - - [27/Aug/2026:02:44:34 -0700] "GET /?m=50424033130 HTTP/2.0" 200 19680 "-" "Mozilla/5.0 AppleWebKit/537.36 (KHTML, like Gecko; compatible; ClaudeBot/1.0; +claudebot@anthropic.com)"
216.73.217.53 - - [27/Aug/2026:02:44:34 -0700] "GET /?m=75122718879 HTTP/2.0" 200 19689 "-" "Mozilla/5.0 AppleWebKit/537.36 (KHTML, like Gecko; compatible; ClaudeBot/1.0; +claudebot@anthropic.com)"
216.73.217.53 - - [27/Aug/2026:02:44:35 -0700] "GET /?m=83927656840 HTTP/2.0" 200 19737 "-" "Mozilla/5.0 AppleWebKit/537.36 (KHTML, like Gecko; compatible; ClaudeBot/1.0; +claudebot@anthropic.com)"
216.73.217.53 - - [27/Aug/2026:02:44:35 -0700] "GET /?m=16076518685 HTTP/2.0" 200 19689 "-" "Mozilla/5.0 AppleWebKit/537.36 (KHTML, like Gecko; compatible; ClaudeBot/1.0; +claudebot@anthropic.com)"
216.73.217.53 - - [27/Aug/2026:02:44:35 -0700] "GET /?m=52652420506 HTTP/2.0" 200 19689 "-" "Mozilla/5.0 AppleWebKit/537.36 (KHTML, like Gecko; compatible; ClaudeBot/1.0; +claudebot@anthropic.com)"
216.73.217.53 - - [27/Aug/2026:02:44:35 -0700] "GET /?m=88042946042 HTTP/2.0" 200 19680 "-" "Mozilla/5.0 AppleWebKit/537.36 (KHTML, like Gecko; compatible; ClaudeBot/1.0; +claudebot@anthropic.com)"
216.73.217.53 - - [27/Aug/2026:02:44:35 -0700] "GET /?m=11892380523 HTTP/2.0" 200 19680 "-" "Mozilla/5.0 AppleWebKit/537.36 (KHTML, like Gecko; compatible; ClaudeBot/1.0; +claudebot@anthropic.com)"
193.70.33.35 - - [27/Aug/2026:02:44:36 -0700] "GET /2026/08/26/beste-angeschlossen-casinos-spielotheken-2026/feed/ HTTP/1.1" 200 2178 "-" "Mozilla/5.0 (compatible; MJ12bot/v1.4.8; http://mj12bot.com/)"
216.73.217.53 - - [27/Aug/2026:02:44:35 -0700] "GET /?m=95924003269 HTTP/2.0" 200 19679 "-" "Mozilla/5.0 AppleWebKit/537.36 (KHTML, like Gecko; compatible; ClaudeBot/1.0; +claudebot@anthropic.com)"
216.73.217.53 - - [27/Aug/2026:02:44:35 -0700] "GET /?m=90956993955 HTTP/2.0" 200 19679 "-" "Mozilla/5.0 AppleWebKit/537.36 (KHTML, like Gecko; compatible; ClaudeBot/1.0; +claudebot@anthropic.com)"
216.73.217.53 - - [27/Aug/2026:02:44:36 -0700] "GET /?m=30613481781 HTTP/2.0" 200 19727 "-" "Mozilla/5.0 AppleWebKit/537.36 (KHTML, like Gecko; compatible; ClaudeBot/1.0; +claudebot@anthropic.com)"
216.73.217.53 - - [27/Aug/2026:02:44:36 -0700] "GET /?m=73887461631 HTTP/2.0" 200 19679 "-" "Mozilla/5.0 AppleWebKit/537.36 (KHTML, like Gecko; compatible; ClaudeBot/1.0; +claudebot@anthropic.com)"
66.249.74.194 - - [27/Aug/2026:02:44:36 -0700] "GET /ajax/productstorestocklist/?sku=76246819580&lat= HTTP/1.1" 200 63643 "-" "Mozilla/5.0 (Linux; Android 6.0.1; Nexus 5X Build/MMB29P) AppleWebKit/537.36 (KHTML, like Gecko) Chrome/151.0.7922.173 Mobile Safari/537.36 (compatible; Googlebot/2.1; +http://www.google.com/bot.html)"
216.73.217.53 - - [27/Aug/2026:02:44:36 -0700] "GET /?m=38019614155 HTTP/2.0" 200 19688 "-" "Mozilla/5.0 AppleWebKit/537.36 (KHTML, like Gecko; compatible; ClaudeBot/1.0; +claudebot@anthropic.com)"
216.73.217.53 - - [27/Aug/2026:02:44:36 -0700] "GET /?m=47851239570 HTTP/2.0" 200 19679 "-" "Mozilla/5.0 AppleWebKit/537.36 (KHTML, like Gecko; compatible; ClaudeBot/1.0; +claudebot@anthropic.com)"
216.73.217.53 - - [27/Aug/2026:02:44:36 -0700] "GET /?m=54641339119 HTTP/2.0" 200 19688 "-" "Mozilla/5.0 AppleWebKit/537.36 (KHTML, like Gecko; compatible; ClaudeBot/1.0; +claudebot@anthropic.com)"
216.73.217.53 - - [27/Aug/2026:02:44:36 -0700] "GET /?m=12406960507 HTTP/2.0" 200 19688 "-" "Mozilla/5.0 AppleWebKit/537.36 (KHTML, like Gecko; compatible; ClaudeBot/1.0; +claudebot@anthropic.com)"
216.73.217.53 - - [27/Aug/2026:02:44:37 -0700] "GET /?m=29694659071 HTTP/2.0" 200 19736 "-" "Mozilla/5.0 AppleWebKit/537.36 (KHTML, like Gecko; compatible; ClaudeBot/1.0; +claudebot@anthropic.com)"
216.73.217.53 - - [27/Aug/2026:02:44:37 -0700] "GET /?m=10702383863 HTTP/2.0" 200 19688 "-" "Mozilla/5.0 AppleWebKit/537.36 (KHTML, like Gecko; compatible; ClaudeBot/1.0; +claudebot@anthropic.com)"
66.249.74.193 - - [27/Aug/2026:02:44:37 -0700] "GET /shop.php?e=61103851923891 HTTP/1.1" 200 32022 "-" "Mozilla/5.0 (Linux; Android 6.0.1; Nexus 5X Build/MMB29P) AppleWebKit/537.36 (KHTML, like Gecko) Chrome/151.0.7922.173 Mobile Safari/537.36 (compatible; Googlebot/2.1; +http://www.google.com/bot.html)"
216.73.217.53 - - [27/Aug/2026:02:44:37 -0700] "GET /?m=82157304212 HTTP/2.0" 200 19688 "-" "Mozilla/5.0 AppleWebKit/537.36 (KHTML, like Gecko; compatible; ClaudeBot/1.0; +claudebot@anthropic.com)"
216.73.217.53 - - [27/Aug/2026:02:44:37 -0700] "GET /?m=86828610161 HTTP/2.0" 200 19688 "-" "Mozilla/5.0 AppleWebKit/537.36 (KHTML, like Gecko; compatible; ClaudeBot/1.0; +claudebot@anthropic.com)"
216.73.217.53 - - [27/Aug/2026:02:44:37 -0700] "GET /?m=92959188498 HTTP/2.0" 200 19688 "-" "Mozilla/5.0 AppleWebKit/537.36 (KHTML, like Gecko; compatible; ClaudeBot/1.0; +claudebot@anthropic.com)"
216.73.217.53 - - [27/Aug/2026:02:44:37 -0700] "GET /?m=67875242225 HTTP/2.0" 200 19688 "-" "Mozilla/5.0 AppleWebKit/537.36 (KHTML, like Gecko; compatible; ClaudeBot/1.0; +claudebot@anthropic.com)"
66.249.74.194 - - [27/Aug/2026:02:44:38 -0700] "GET /kaden/mtalk/?sku=20920243326 HTTP/1.1" 200 59825 "-" "Mozilla/5.0 (Linux; Android 6.0.1; Nexus 5X Build/MMB29P) AppleWebKit/537.36 (KHTML, like Gecko) Chrome/151.0.7922.173 Mobile Safari/537.36 (compatible; GoogleOther)"
216.73.217.53 - - [27/Aug/2026:02:44:37 -0700] "GET /?m=59813556039 HTTP/2.0" 200 19687 "-" "Mozilla/5.0 AppleWebKit/537.36 (KHTML, like Gecko; compatible; ClaudeBot/1.0; +claudebot@anthropic.com)"
216.73.217.53 - - [27/Aug/2026:02:44:37 -0700] "GET /?m=63768149849 HTTP/2.0" 200 19687 "-" "Mozilla/5.0 AppleWebKit/537.36 (KHTML, like Gecko; compatible; ClaudeBot/1.0; +claudebot@anthropic.com)"
193.70.33.35 - - [27/Aug/2026:02:44:38 -0700] "GET /2026/08/26/beste-erreichbar-casinos-via-echtgeld-2026-test-vergleich/ HTTP/1.1" 200 24931 "-" "Mozilla/5.0 (compatible; MJ12bot/v1.4.8; http://mj12bot.com/)"
216.73.217.53 - - [27/Aug/2026:02:44:38 -0700] "GET /?m=52143225746 HTTP/2.0" 200 19735 "-" "Mozilla/5.0 AppleWebKit/537.36 (KHTML, like Gecko; compatible; ClaudeBot/1.0; +claudebot@anthropic.com)"
216.73.217.53 - - [27/Aug/2026:02:44:38 -0700] "GET /?m=84866371505 HTTP/2.0" 200 19687 "-" "Mozilla/5.0 AppleWebKit/537.36 (KHTML, like Gecko; compatible; ClaudeBot/1.0; +claudebot@anthropic.com)"
216.73.217.53 - - [27/Aug/2026:02:44:38 -0700] "GET /?m=88631660245 HTTP/2.0" 200 19687 "-" "Mozilla/5.0 AppleWebKit/537.36 (KHTML, like Gecko; compatible; ClaudeBot/1.0; +claudebot@anthropic.com)"
216.73.217.53 - - [27/Aug/2026:02:44:38 -0700] "GET /?m=59438835203 HTTP/2.0" 200 19687 "-" "Mozilla/5.0 AppleWebKit/537.36 (KHTML, like Gecko; compatible; ClaudeBot/1.0; +claudebot@anthropic.com)"
216.73.217.53 - - [27/Aug/2026:02:44:38 -0700] "GET /?m=3677421912 HTTP/2.0" 200 19687 "-" "Mozilla/5.0 AppleWebKit/537.36 (KHTML, like Gecko; compatible; ClaudeBot/1.0; +claudebot@anthropic.com)"
216.73.217.53 - - [27/Aug/2026:02:44:38 -0700] "GET /?m=30978341336 HTTP/2.0" 200 19687 "-" "Mozilla/5.0 AppleWebKit/537.36 (KHTML, like Gecko; compatible; ClaudeBot/1.0; +claudebot@anthropic.com)"
216.73.217.53 - - [27/Aug/2026:02:44:39 -0700] "GET /?m=18196360326 HTTP/2.0" 200 19736 "-" "Mozilla/5.0 AppleWebKit/537.36 (KHTML, like Gecko; compatible; ClaudeBot/1.0; +claudebot@anthropic.com)"
216.73.217.53 - - [27/Aug/2026:02:44:39 -0700] "GET /?m=39270421676 HTTP/2.0" 200 19688 "-" "Mozilla/5.0 AppleWebKit/537.36 (KHTML, like Gecko; compatible; ClaudeBot/1.0; +claudebot@anthropic.com)"
216.73.217.53 - - [27/Aug/2026:02:44:39 -0700] "GET /?m=14485700248 HTTP/2.0" 200 19688 "-" "Mozilla/5.0 AppleWebKit/537.36 (KHTML, like Gecko; compatible; ClaudeBot/1.0; +claudebot@anthropic.com)"
216.73.217.53 - - [27/Aug/2026:02:44:39 -0700] "GET /?m=52779630672 HTTP/2.0" 200 19679 "-" "Mozilla/5.0 AppleWebKit/537.36 (KHTML, like Gecko; compatible; ClaudeBot/1.0; +claudebot@anthropic.com)"
216.73.217.53 - - [27/Aug/2026:02:44:39 -0700] "GET /?m=20883550032 HTTP/2.0" 200 19679 "-" "Mozilla/5.0 AppleWebKit/537.36 (KHTML, like Gecko; compatible; ClaudeBot/1.0; +claudebot@anthropic.com)"
216.73.217.53 - - [27/Aug/2026:02:44:39 -0700] "GET /?m=29057446320 HTTP/2.0" 200 19679 "-" "Mozilla/5.0 AppleWebKit/537.36 (KHTML, like Gecko; compatible; ClaudeBot/1.0; +claudebot@anthropic.com)"
216.73.217.53 - - [27/Aug/2026:02:44:39 -0700] "GET /?m=97239562609 HTTP/2.0" 200 19688 "-" "Mozilla/5.0 AppleWebKit/537.36 (KHTML, like Gecko; compatible; ClaudeBot/1.0; +claudebot@anthropic.com)"
216.73.217.53 - - [27/Aug/2026:02:44:40 -0700] "GET /?m=93042896511 HTTP/2.0" 200 19734 "-" "Mozilla/5.0 AppleWebKit/537.36 (KHTML, like Gecko; compatible; ClaudeBot/1.0; +claudebot@anthropic.com)"
216.73.217.53 - - [27/Aug/2026:02:44:40 -0700] "GET /?m=12222078810 HTTP/2.0" 200 19688 "-" "Mozilla/5.0 AppleWebKit/537.36 (KHTML, like Gecko; compatible; ClaudeBot/1.0; +claudebot@anthropic.com)"
216.73.217.53 - - [27/Aug/2026:02:44:40 -0700] "GET /?m=96838250589 HTTP/2.0" 200 19688 "-" "Mozilla/5.0 AppleWebKit/537.36 (KHTML, like Gecko; compatible; ClaudeBot/1.0; +claudebot@anthropic.com)"
193.70.33.35 - - [27/Aug/2026:02:44:40 -0700] "GET /2026/08/26/better-10-deposit-added-bonus-united-kingdom-local-casino-labels/ HTTP/1.1" 200 26325 "-" "Mozilla/5.0 (compatible; MJ12bot/v1.4.8; http://mj12bot.com/)"
66.249.74.192 - - [27/Aug/2026:02:44:41 -0700] "GET /shop.php?e=84528089437649 HTTP/1.1" 200 32098 "-" "Mozilla/5.0 (Linux; Android 6.0.1; Nexus 5X Build/MMB29P) AppleWebKit/537.36 (KHTML, like Gecko) Chrome/151.0.7922.173 Mobile Safari/537.36 (compatible; GoogleOther)"
193.70.33.35 - - [27/Aug/2026:02:44:42 -0700] "GET /2026/08/26/casinos-via-schneller-ausschuttung-2026-gewinne-geradlinig-auf-das-kontoverbindung/feed/ HTTP/1.1" 200 2218 "-" "Mozilla/5.0 (compatible; MJ12bot/v1.4.8; http://mj12bot.com/)"
193.70.33.35 - - [27/Aug/2026:02:44:44 -0700] "GET /2026/08/26/cleopatra-25-pound-free-no-deposit-online-casinos-slot-online-trial-play-for-totally-free/ HTTP/1.1" 200 25716 "-" "Mozilla/5.0 (compatible; MJ12bot/v1.4.8; http://mj12bot.com/)"
66.249.74.194 - - [27/Aug/2026:02:44:44 -0700] "GET /pc/index.php?m=92298947578 HTTP/1.1" 200 63798 "-" "Mozilla/5.0 (Linux; Android 6.0.1; Nexus 5X Build/MMB29P) AppleWebKit/537.36 (KHTML, like Gecko) Chrome/151.0.7922.173 Mobile Safari/537.36 (compatible; GoogleOther)"
114.119.146.109 - - [27/Aug/2026:02:44:44 -0700] "GET /?m=9142779785 HTTP/1.1" 200 24947 "https://www.ablogformylove.com/sitemap.xml" "Mozilla/5.0 (Linux; Android 7.0;) AppleWebKit/537.36 (HTML, like Gecko) Mobile Safari/537.36 (compatible; PetalBot;+https://webmaster.petalsearch.com/site/petalbot)"
193.70.33.35 - - [27/Aug/2026:02:44:46 -0700] "GET /2026/08/26/cracking-newest-development-and-online-casino-1-dollar-minimum-deposit-videos-to-own-canada/feed/ HTTP/1.1" 200 2234 "-" "Mozilla/5.0 (compatible; MJ12bot/v1.4.8; http://mj12bot.com/)"
66.249.74.192 - - [27/Aug/2026:02:44:48 -0700] "GET /?m=80116050378 HTTP/1.1" 200 62936 "-" "Mozilla/5.0 (Linux; Android 6.0.1; Nexus 5X Build/MMB29P) AppleWebKit/537.36 (KHTML, like Gecko) Chrome/151.0.7922.173 Mobile Safari/537.36 (compatible; GoogleOther)"
193.70.33.35 - - [27/Aug/2026:02:44:48 -0700] "GET /2026/08/26/dolphins-pearl-free-slot-machine-on-the-web-gamble-game-%E1%90%88-novomatic/ HTTP/1.1" 200 25323 "-" "Mozilla/5.0 (compatible; MJ12bot/v1.4.8; http://mj12bot.com/)"
193.70.33.35 - - [27/Aug/2026:02:44:50 -0700] "GET /2026/08/26/dr-wager-casino-finalized-to-united-kingdom-residents-inside-the-2023/ HTTP/1.1" 200 26142 "-" "Mozilla/5.0 (compatible; MJ12bot/v1.4.8; http://mj12bot.com/)"
66.249.74.192 - - [27/Aug/2026:02:44:51 -0700] "GET /goods.php?s=13754936369 HTTP/1.1" 200 29327 "-" "Mozilla/5.0 (Linux; Android 6.0.1; Nexus 5X Build/MMB29P) AppleWebKit/537.36 (KHTML, like Gecko) Chrome/151.0.7922.173 Mobile Safari/537.36 (compatible; GoogleOther)"
57.141.0.56 - - [27/Aug/2026:02:44:52 -0700] "GET /?m=21339404954 HTTP/2.0" 200 19794 "-" "Mozilla/5.0 (Macintosh; Intel Mac OS X 10_15_7) AppleWebKit/537.36 (KHTML, like Gecko) Chrome/145.0.0.0 Safari/537.36 (compatible; meta-externalagent/1.1 (+https://developers.facebook.com/docs/sharing/webmasters/crawler))"
57.141.0.25 - - [27/Aug/2026:02:44:52 -0700] "GET /?m=86544325500 HTTP/2.0" 200 19794 "-" "Mozilla/5.0 (Macintosh; Intel Mac OS X 10_15_7) AppleWebKit/537.36 (KHTML, like Gecko) Chrome/145.0.0.0 Safari/537.36 (compatible; meta-externalagent/1.1 (+https://developers.facebook.com/docs/sharing/webmasters/crawler))"
193.70.33.35 - - [27/Aug/2026:02:44:52 -0700] "GET /2026/08/26/dunder-der-grose-beste-legale-online-casinos-dunder-kasino-probe-600-maklercourtage-200-freispiele/ HTTP/1.1" 200 25930 "-" "Mozilla/5.0 (compatible; MJ12bot/v1.4.8; http://mj12bot.com/)"
66.249.74.195 - - [27/Aug/2026:02:44:54 -0700] "GET /?m=98358646448 HTTP/1.1" 200 63309 "-" "Mozilla/5.0 (Linux; Android 6.0.1; Nexus 5X Build/MMB29P) AppleWebKit/537.36 (KHTML, like Gecko) Chrome/151.0.7922.173 Mobile Safari/537.36 (compatible; GoogleOther)"
193.70.33.35 - - [27/Aug/2026:02:44:55 -0700] "GET /2026/08/26/energy-gambling-establishment-bonus-codes-no-deposit-also-offers-august-2026/ HTTP/1.1" 200 26727 "-" "Mozilla/5.0 (compatible; MJ12bot/v1.4.8; http://mj12bot.com/)"
193.70.33.35 - - [27/Aug/2026:02:44:57 -0700] "GET /2026/08/26/eye-of-horus-fur-nusse-auffuhren-and-bonus-gewinnchancen-sizzling-hot-online-schutzen/ HTTP/1.1" 200 26474 "-" "Mozilla/5.0 (compatible; MJ12bot/v1.4.8; http://mj12bot.com/)"
66.249.74.195 - - [27/Aug/2026:02:44:58 -0700] "GET /?m=13496162921 HTTP/1.1" 200 57698 "-" "Mozilla/5.0 (Linux; Android 6.0.1; Nexus 5X Build/MMB29P) AppleWebKit/537.36 (KHTML, like Gecko) Chrome/151.0.7922.173 Mobile Safari/537.36 (compatible; GoogleOther)"
193.70.33.35 - - [27/Aug/2026:02:44:59 -0700] "GET /2026/08/26/fur-nusse-live-texas-holdem-echtes-geld-spielen-im-browser/feed/ HTTP/1.1" 200 2209 "-" "Mozilla/5.0 (compatible; MJ12bot/v1.4.8; http://mj12bot.com/)"
66.249.74.194 - - [27/Aug/2026:02:45:01 -0700] "GET /pc/index.php?m=49848687212 HTTP/1.1" 200 63316 "-" "Mozilla/5.0 (Linux; Android 6.0.1; Nexus 5X Build/MMB29P) AppleWebKit/537.36 (KHTML, like Gecko) Chrome/151.0.7922.173 Mobile Safari/537.36 (compatible; GoogleOther)"
193.70.33.35 - - [27/Aug/2026:02:45:01 -0700] "GET /2026/08/26/gamble-3d-ports-on-the-internet-100percent-free-no-download-no-subscription/feed/ HTTP/1.1" 200 2215 "-" "Mozilla/5.0 (compatible; MJ12bot/v1.4.8; http://mj12bot.com/)"
193.70.33.35 - - [27/Aug/2026:02:45:03 -0700] "GET /2026/08/26/greatest-internet-mobile-casino-bonuses-casino-incentives-2026-finest-sign-up-also-provides/feed/ HTTP/1.1" 200 2224 "-" "Mozilla/5.0 (compatible; MJ12bot/v1.4.8; http://mj12bot.com/)"
66.249.74.194 - - [27/Aug/2026:02:45:04 -0700] "GET /pc/index.php?m=90184072072 HTTP/1.1" 200 59550 "-" "Mozilla/5.0 (Linux; Android 6.0.1; Nexus 5X Build/MMB29P) AppleWebKit/537.36 (KHTML, like Gecko) Chrome/151.0.7922.173 Mobile Safari/537.36 (compatible; GoogleOther)"
193.70.33.35 - - [27/Aug/2026:02:45:05 -0700] "GET /2026/08/26/immediate-on-the-internet/feed/ HTTP/1.1" 200 2159 "-" "Mozilla/5.0 (compatible; MJ12bot/v1.4.8; http://mj12bot.com/)"
193.70.33.35 - - [27/Aug/2026:02:45:07 -0700] "GET /2026/08/26/masterplan-spiele-verbunden-gratis-zum-besten-geben/feed/ HTTP/1.1" 200 2183 "-" "Mozilla/5.0 (compatible; MJ12bot/v1.4.8; http://mj12bot.com/)"
66.249.74.193 - - [27/Aug/2026:02:45:08 -0700] "GET /shop.php?e=54973111910258 HTTP/1.1" 200 31804 "-" "Mozilla/5.0 (Linux; Android 6.0.1; Nexus 5X Build/MMB29P) AppleWebKit/537.36 (KHTML, like Gecko) Chrome/151.0.7922.173 Mobile Safari/537.36 (compatible; GoogleOther)"
193.70.33.35 - - [27/Aug/2026:02:45:08 -0700] "GET /2026/08/26/mega-many-lottery-effective-number-performance/feed/ HTTP/1.1" 200 2187 "-" "Mozilla/5.0 (compatible; MJ12bot/v1.4.8; http://mj12bot.com/)"
193.70.33.35 - - [27/Aug/2026:02:45:10 -0700] "GET /2026/08/26/merkur-slot-casinos-online-power-stars-kostenlos-slots-exklusive-anmeldung-abschmecken/ HTTP/1.1" 200 25777 "-" "Mozilla/5.0 (compatible; MJ12bot/v1.4.8; http://mj12bot.com/)"
66.249.74.193 - - [27/Aug/2026:02:45:11 -0700] "GET /goods.php?i=82050813664 HTTP/1.1" 200 30189 "-" "Mozilla/5.0 (Linux; Android 6.0.1; Nexus 5X Build/MMB29P) AppleWebKit/537.36 (KHTML, like Gecko) Chrome/151.0.7922.173 Mobile Safari/537.36 (compatible; GoogleOther)"
193.70.33.35 - - [27/Aug/2026:02:45:12 -0700] "GET /2026/08/26/no-down-free-spins-bet365-load-2026/ HTTP/1.1" 200 24701 "-" "Mozilla/5.0 (compatible; MJ12bot/v1.4.8; http://mj12bot.com/)"
57.141.0.63 - - [27/Aug/2026:02:45:14 -0700] "GET /?m=90652660404 HTTP/2.0" 200 19795 "-" "Mozilla/5.0 (Macintosh; Intel Mac OS X 10_15_7) AppleWebKit/537.36 (KHTML, like Gecko) Chrome/145.0.0.0 Safari/537.36 (compatible; meta-externalagent/1.1 (+https://developers.facebook.com/docs/sharing/webmasters/crawler))"
66.249.74.192 - - [27/Aug/2026:02:45:15 -0700] "GET /pc/index.php?m=64330402828 HTTP/1.1" 200 64256 "-" "Mozilla/5.0 (Linux; Android 6.0.1; Nexus 5X Build/MMB29P) AppleWebKit/537.36 (KHTML, like Gecko) Chrome/151.0.7922.173 Mobile Safari/537.36 (compatible; GoogleOther)"
193.70.33.35 - - [27/Aug/2026:02:45:15 -0700] "GET /2026/08/26/online-slots-play-position-games-on-the-casino-ego-free-spins-sign-up-internet/ HTTP/1.1" 200 25511 "-" "Mozilla/5.0 (compatible; MJ12bot/v1.4.8; http://mj12bot.com/)"
193.70.33.35 - - [27/Aug/2026:02:45:17 -0700] "GET /2026/08/26/page/4/ HTTP/1.1" 200 25178 "-" "Mozilla/5.0 (compatible; MJ12bot/v1.4.8; http://mj12bot.com/)"
66.249.74.192 - - [27/Aug/2026:02:45:18 -0700] "GET /?m=41623239620 HTTP/1.1" 200 58547 "-" "Mozilla/5.0 (Linux; Android 6.0.1; Nexus 5X Build/MMB29P) AppleWebKit/537.36 (KHTML, like Gecko) Chrome/151.0.7922.173 Mobile Safari/537.36 (compatible; GoogleOther)"
193.70.33.35 - - [27/Aug/2026:02:45:19 -0700] "GET /2026/08/26/position-entire-gold-fish-80-free-spins-world/ HTTP/1.1" 200 24530 "-" "Mozilla/5.0 (compatible; MJ12bot/v1.4.8; http://mj12bot.com/)"
57.141.0.11 - - [27/Aug/2026:02:45:21 -0700] "GET /?m=78507279928 HTTP/2.0" 200 19795 "-" "Mozilla/5.0 (Macintosh; Intel Mac OS X 10_15_7) AppleWebKit/537.36 (KHTML, like Gecko) Chrome/145.0.0.0 Safari/537.36 (compatible; meta-externalagent/1.1 (+https://developers.facebook.com/docs/sharing/webmasters/crawler))"
193.70.33.35 - - [27/Aug/2026:02:45:22 -0700] "GET /2026/08/26/seriose-erreichbar-casinos-2026-top-selektion-je-land-der-dichter-und-denker/feed/ HTTP/1.1" 200 2221 "-" "Mozilla/5.0 (compatible; MJ12bot/v1.4.8; http://mj12bot.com/)"
66.249.74.192 - - [27/Aug/2026:02:45:22 -0700] "GET /goods.php?a=85880991159 HTTP/1.1" 200 28963 "-" "Mozilla/5.0 (Linux; Android 6.0.1; Nexus 5X Build/MMB29P) AppleWebKit/537.36 (KHTML, like Gecko) Chrome/151.0.7922.173 Mobile Safari/537.36 (compatible; GoogleOther)"
193.70.33.35 - - [27/Aug/2026:02:45:23 -0700] "GET /2026/08/26/seriose-verbunden-casinos-inside-brd-2026/feed/ HTTP/1.1" 200 2180 "-" "Mozilla/5.0 (compatible; MJ12bot/v1.4.8; http://mj12bot.com/)"
216.73.217.53 - - [27/Aug/2026:02:45:23 -0700] "GET /?m=71254834498 HTTP/2.0" 200 19792 "-" "Mozilla/5.0 AppleWebKit/537.36 (KHTML, like Gecko; compatible; ClaudeBot/1.0; +claudebot@anthropic.com)"
216.73.217.53 - - [27/Aug/2026:02:45:23 -0700] "GET /?m=96612113399 HTTP/2.0" 200 19679 "-" "Mozilla/5.0 AppleWebKit/537.36 (KHTML, like Gecko; compatible; ClaudeBot/1.0; +claudebot@anthropic.com)"
216.73.217.53 - - [27/Aug/2026:02:45:23 -0700] "GET /?m=77163327866 HTTP/2.0" 200 19688 "-" "Mozilla/5.0 AppleWebKit/537.36 (KHTML, like Gecko; compatible; ClaudeBot/1.0; +claudebot@anthropic.com)"
216.73.217.53 - - [27/Aug/2026:02:45:23 -0700] "GET /?m=34395854105 HTTP/2.0" 200 19688 "-" "Mozilla/5.0 AppleWebKit/537.36 (KHTML, like Gecko; compatible; ClaudeBot/1.0; +claudebot@anthropic.com)"
216.73.217.53 - - [27/Aug/2026:02:45:23 -0700] "GET /?m=66540380989 HTTP/2.0" 200 19688 "-" "Mozilla/5.0 AppleWebKit/537.36 (KHTML, like Gecko; compatible; ClaudeBot/1.0; +claudebot@anthropic.com)"
