66.249.74.192 - - [27/Aug/2026:01:43:25 -0700] "GET /?m=49134880990 HTTP/1.1" 200 58488 "-" "Mozilla/5.0 (Linux; Android 6.0.1; Nexus 5X Build/MMB29P) AppleWebKit/537.36 (KHTML, like Gecko) Chrome/151.0.7922.173 Mobile Safari/537.36 (compatible; GoogleOther)"
66.249.74.192 - - [27/Aug/2026:01:43:28 -0700] "GET /?m=6564194577 HTTP/1.1" 200 59133 "-" "Mozilla/5.0 (Linux; Android 6.0.1; Nexus 5X Build/MMB29P) AppleWebKit/537.36 (KHTML, like Gecko) Chrome/151.0.7922.173 Mobile Safari/537.36 (compatible; GoogleOther)"
66.249.74.192 - - [27/Aug/2026:01:43:30 -0700] "GET /?m=95691736991 HTTP/1.1" 200 63176 "-" "Mozilla/5.0 (Linux; Android 6.0.1; Nexus 5X Build/MMB29P) AppleWebKit/537.36 (KHTML, like Gecko) Chrome/151.0.7922.173 Mobile Safari/537.36 (compatible; Googlebot/2.1; +http://www.google.com/bot.html)"
66.249.74.192 - - [27/Aug/2026:01:43:31 -0700] "GET /?m=6565690645 HTTP/1.1" 200 59174 "-" "Mozilla/5.0 (Linux; Android 6.0.1; Nexus 5X Build/MMB29P) AppleWebKit/537.36 (KHTML, like Gecko) Chrome/151.0.7922.173 Mobile Safari/537.36 (compatible; Googlebot/2.1; +http://www.google.com/bot.html)"
66.249.74.193 - - [27/Aug/2026:01:43:32 -0700] "GET /pc/index.php?m=39136746697 HTTP/1.1" 200 65145 "-" "Mozilla/5.0 (Linux; Android 6.0.1; Nexus 5X Build/MMB29P) AppleWebKit/537.36 (KHTML, like Gecko) Chrome/151.0.7922.173 Mobile Safari/537.36 (compatible; GoogleOther)"
66.249.74.193 - - [27/Aug/2026:01:43:38 -0700] "GET /?m=10998975103 HTTP/1.1" 200 63710 "-" "Mozilla/5.0 (Linux; Android 6.0.1; Nexus 5X Build/MMB29P) AppleWebKit/537.36 (KHTML, like Gecko) Chrome/151.0.7922.173 Mobile Safari/537.36 (compatible; GoogleOther)"
66.249.74.192 - - [27/Aug/2026:01:43:40 -0700] "GET /ajax/productstorestocklist/?sku=18165345708&my_store=1 HTTP/1.1" 200 63378 "-" "Mozilla/5.0 (Linux; Android 6.0.1; Nexus 5X Build/MMB29P) AppleWebKit/537.36 (KHTML, like Gecko) Chrome/151.0.7922.173 Mobile Safari/537.36 (compatible; Googlebot/2.1; +http://www.google.com/bot.html)"
216.73.217.53 - - [27/Aug/2026:01:43:42 -0700] "GET /?p=9558 HTTP/2.0" 200 1553 "-" "Mozilla/5.0 AppleWebKit/537.36 (KHTML, like Gecko; compatible; ClaudeBot/1.0; +claudebot@anthropic.com)"
216.73.217.53 - - [27/Aug/2026:01:43:43 -0700] "GET /?p=9548 HTTP/2.0" 200 1497 "-" "Mozilla/5.0 AppleWebKit/537.36 (KHTML, like Gecko; compatible; ClaudeBot/1.0; +claudebot@anthropic.com)"
66.249.74.193 - - [27/Aug/2026:01:43:42 -0700] "GET /ajax/productdeliverycalendar/?sku=42957352948&offset= HTTP/1.1" 200 59012 "-" "Mozilla/5.0 (Linux; Android 6.0.1; Nexus 5X Build/MMB29P) AppleWebKit/537.36 (KHTML, like Gecko) Chrome/151.0.7922.173 Mobile Safari/537.36 (compatible; GoogleOther)"
216.73.217.53 - - [27/Aug/2026:01:43:43 -0700] "GET /?p=9550 HTTP/2.0" 200 1449 "-" "Mozilla/5.0 AppleWebKit/537.36 (KHTML, like Gecko; compatible; ClaudeBot/1.0; +claudebot@anthropic.com)"
66.249.74.192 - - [27/Aug/2026:01:43:46 -0700] "GET /?m=65398783361 HTTP/1.1" 200 63340 "-" "Mozilla/5.0 (Linux; Android 6.0.1; Nexus 5X Build/MMB29P) AppleWebKit/537.36 (KHTML, like Gecko) Chrome/151.0.7922.173 Mobile Safari/537.36 (compatible; GoogleOther)"
66.249.74.193 - - [27/Aug/2026:01:43:50 -0700] "GET /shop.php?e=32748765771170 HTTP/1.1" 200 31700 "-" "Mozilla/5.0 (Linux; Android 6.0.1; Nexus 5X Build/MMB29P) AppleWebKit/537.36 (KHTML, like Gecko) Chrome/151.0.7922.173 Mobile Safari/537.36 (compatible; GoogleOther)"
66.249.74.195 - - [27/Aug/2026:01:43:54 -0700] "GET /goods.php?i=23204815874 HTTP/1.1" 200 32314 "-" "Mozilla/5.0 (Linux; Android 6.0.1; Nexus 5X Build/MMB29P) AppleWebKit/537.36 (KHTML, like Gecko) Chrome/151.0.7922.173 Mobile Safari/537.36 (compatible; GoogleOther)"
66.249.74.192 - - [27/Aug/2026:01:43:58 -0700] "GET /ajax/productstorestocklist/?sku=12235531277&my_store=1 HTTP/1.1" 200 63568 "-" "Mozilla/5.0 (Linux; Android 6.0.1; Nexus 5X Build/MMB29P) AppleWebKit/537.36 (KHTML, like Gecko) Chrome/151.0.7922.173 Mobile Safari/537.36 (compatible; GoogleOther)"
44.205.180.155 - - [27/Aug/2026:01:44:00 -0700] "GET /wp-json/oembed/1.0/embed?format=xml&url=https://www.ablogformylove.com/2014/06/26/our-first-baby-gear/ HTTP/1.1" 200 7804 "-" "Mozilla/5.0 AppleWebKit/537.36 (KHTML, like Gecko; compatible; Amazonbot/0.1; +https://developer.amazon.com/support/amazonbot) Chrome/119.0.6045.214 Safari/537.36"
216.73.217.53 - - [27/Aug/2026:01:44:01 -0700] "GET /?p=9574 HTTP/2.0" 200 1553 "-" "Mozilla/5.0 AppleWebKit/537.36 (KHTML, like Gecko; compatible; ClaudeBot/1.0; +claudebot@anthropic.com)"
216.73.217.53 - - [27/Aug/2026:01:44:01 -0700] "GET /?p=9562 HTTP/2.0" 200 1449 "-" "Mozilla/5.0 AppleWebKit/537.36 (KHTML, like Gecko; compatible; ClaudeBot/1.0; +claudebot@anthropic.com)"
216.73.217.53 - - [27/Aug/2026:01:44:02 -0700] "GET /?p=9560 HTTP/2.0" 200 1495 "-" "Mozilla/5.0 AppleWebKit/537.36 (KHTML, like Gecko; compatible; ClaudeBot/1.0; +claudebot@anthropic.com)"
66.249.74.194 - - [27/Aug/2026:01:44:01 -0700] "GET /?m=60970161963 HTTP/1.1" 200 68033 "-" "Mozilla/5.0 (Linux; Android 6.0.1; Nexus 5X Build/MMB29P) AppleWebKit/537.36 (KHTML, like Gecko) Chrome/151.0.7922.173 Mobile Safari/537.36 (compatible; GoogleOther)"
66.249.74.192 - - [27/Aug/2026:01:44:06 -0700] "GET /ajax/productdeliverycalendar/?sku=19680806932&offset= HTTP/1.1" 200 63349 "-" "Mozilla/5.0 (Linux; Android 6.0.1; Nexus 5X Build/MMB29P) AppleWebKit/537.36 (KHTML, like Gecko) Chrome/151.0.7922.173 Mobile Safari/537.36 (compatible; GoogleOther)"
66.249.74.192 - - [27/Aug/2026:01:44:07 -0700] "GET /?m=77576133566 HTTP/1.1" 200 63253 "-" "Mozilla/5.0 (Linux; Android 6.0.1; Nexus 5X Build/MMB29P) AppleWebKit/537.36 (KHTML, like Gecko) Chrome/151.0.7922.173 Mobile Safari/537.36 (compatible; Googlebot/2.1; +http://www.google.com/bot.html)"
216.73.217.53 - - [27/Aug/2026:01:44:08 -0700] "GET /?p=9556 HTTP/2.0" 200 1553 "-" "Mozilla/5.0 AppleWebKit/537.36 (KHTML, like Gecko; compatible; ClaudeBot/1.0; +claudebot@anthropic.com)"
216.73.217.53 - - [27/Aug/2026:01:44:09 -0700] "GET /?p=9576 HTTP/2.0" 200 1495 "-" "Mozilla/5.0 AppleWebKit/537.36 (KHTML, like Gecko; compatible; ClaudeBot/1.0; +claudebot@anthropic.com)"
216.73.217.53 - - [27/Aug/2026:01:44:09 -0700] "GET /?p=9542 HTTP/2.0" 200 1449 "-" "Mozilla/5.0 AppleWebKit/537.36 (KHTML, like Gecko; compatible; ClaudeBot/1.0; +claudebot@anthropic.com)"
57.141.0.11 - - [27/Aug/2026:01:44:10 -0700] "GET /?m=84157450950 HTTP/2.0" 200 19796 "-" "Mozilla/5.0 (Macintosh; Intel Mac OS X 10_15_7) AppleWebKit/537.36 (KHTML, like Gecko) Chrome/145.0.0.0 Safari/537.36 (compatible; meta-externalagent/1.1 (+https://developers.facebook.com/docs/sharing/webmasters/crawler))"
66.249.74.192 - - [27/Aug/2026:01:44:10 -0700] "GET /?m=91117582749 HTTP/1.1" 200 58729 "-" "Mozilla/5.0 (Linux; Android 6.0.1; Nexus 5X Build/MMB29P) AppleWebKit/537.36 (KHTML, like Gecko) Chrome/151.0.7922.173 Mobile Safari/537.36 (compatible; GoogleOther)"
103.3.220.14 - - [27/Aug/2026:01:44:15 -0700] "POST /xmlrpc.php HTTP/1.1" 200 5046 "-" "Mozilla/5.0 (Macintosh; Intel Mac OS X 10_15_7) AppleWebKit/537.36 (KHTML, like Gecko) Chrome/135.0.0.0 Safari/537.36"
75.119.195.61 - - [27/Aug/2026:01:44:15 -0700] "POST /wp-cron.php?doing_wp_cron=1787820255.8366470336914062500000 HTTP/1.1" 200 6592 "-" "WordPress/7.1; https://www.ablogformylove.com"
216.73.217.53 - - [27/Aug/2026:01:44:15 -0700] "GET /2026/08/27/slot-rtp-database-2026-examine-11299-position-rtps/ HTTP/2.0" 200 25630 "-" "Mozilla/5.0 AppleWebKit/537.36 (KHTML, like Gecko; compatible; ClaudeBot/1.0; +claudebot@anthropic.com)"
66.249.74.192 - - [27/Aug/2026:01:44:16 -0700] "GET /shop.php?e=26255230585261 HTTP/1.1" 200 31922 "-" "Mozilla/5.0 (Linux; Android 6.0.1; Nexus 5X Build/MMB29P) AppleWebKit/537.36 (KHTML, like Gecko) Chrome/151.0.7922.173 Mobile Safari/537.36 (compatible; GoogleOther)"
216.73.217.53 - - [27/Aug/2026:01:44:16 -0700] "GET /2026/08/27/phoenix-suns-wikipedia/ HTTP/2.0" 200 26008 "-" "Mozilla/5.0 AppleWebKit/537.36 (KHTML, like Gecko; compatible; ClaudeBot/1.0; +claudebot@anthropic.com)"
216.73.217.53 - - [27/Aug/2026:01:44:18 -0700] "GET /2026/08/27/page/3/ HTTP/2.0" 200 24750 "-" "Mozilla/5.0 AppleWebKit/537.36 (KHTML, like Gecko; compatible; ClaudeBot/1.0; +claudebot@anthropic.com)"
107.20.105.74 - - [27/Aug/2026:01:44:20 -0700] "HEAD / HTTP/2.0" 200 105 "http://75.119.195.61" "DreamHost SiteMonitor 1.0"
103.3.220.14 - - [27/Aug/2026:01:44:20 -0700] "POST /xmlrpc.php HTTP/1.1" 200 4651 "-" "Mozilla/5.0 (Macintosh; Intel Mac OS X 10_15_7) AppleWebKit/537.36 (KHTML, like Gecko) Chrome/134.0.0.0 Safari/537.36"
66.249.74.192 - - [27/Aug/2026:01:44:21 -0700] "GET /ajax/productdeliverycalendar/?sku=36552108459&offset= HTTP/1.1" 200 58219 "-" "Mozilla/5.0 (Linux; Android 6.0.1; Nexus 5X Build/MMB29P) AppleWebKit/537.36 (KHTML, like Gecko) Chrome/151.0.7922.173 Mobile Safari/537.36 (compatible; GoogleOther)"
103.3.220.14 - - [27/Aug/2026:01:44:23 -0700] "GET /2026/08/27/7-melhores-ato-sem-deposito-para-casino-agosto-2026/ HTTP/1.1" 200 25041 "-" "Mozilla/5.0 (X11; Linux x86_64) AppleWebKit/537.36 Chrome/124.0"
118.99.104.251 - - [27/Aug/2026:01:44:24 -0700] "POST /xmlrpc.php HTTP/1.1" 200 614 "-" "Mozilla/5.0 (Windows NT 10.0; Win64; x64) AppleWebKit/537.36 (KHTML, like Gecko) obsidian/1.8.9 Chrome/132.0.6834.210 Electron/34.3.0 Safari/537.36"
66.249.74.192 - - [27/Aug/2026:01:44:26 -0700] "GET /?m=82900729879 HTTP/1.1" 200 64703 "-" "Mozilla/5.0 (Linux; Android 6.0.1; Nexus 5X Build/MMB29P) AppleWebKit/537.36 (KHTML, like Gecko) Chrome/151.0.7922.173 Mobile Safari/537.36 (compatible; GoogleOther)"
75.119.195.61 - - [27/Aug/2026:01:44:24 -0700] "POST /wp-cron.php?doing_wp_cron=1787820264.6014320850372314453125 HTTP/1.1" 200 6592 "-" "WordPress/7.1; https://www.ablogformylove.com"
118.99.104.251 - - [27/Aug/2026:01:44:29 -0700] "POST /xmlrpc.php HTTP/1.1" 200 6332 "-" "Mozilla/5.0 (Windows NT 10.0; Win64; x64) AppleWebKit/537.36 (KHTML, like Gecko) Chrome/134.0.0.0 Safari/537.36 Edg/134.0.0.0"
66.249.74.193 - - [27/Aug/2026:01:44:31 -0700] "GET /?m=56407061963 HTTP/1.1" 200 65574 "-" "Mozilla/5.0 (Linux; Android 6.0.1; Nexus 5X Build/MMB29P) AppleWebKit/537.36 (KHTML, like Gecko) Chrome/151.0.7922.173 Mobile Safari/537.36 (compatible; GoogleOther)"
118.99.104.251 - - [27/Aug/2026:01:44:33 -0700] "GET /2026/08/27/apuestas-double-bubble-1-deposito-casino-888-codigos-de-bono-deportivas-apuestas-online-casino-online-en-linea/ HTTP/1.1" 200 26552 "-" "Mozilla/5.0 (Macintosh; Intel Mac OS X 10_15_7) AppleWebKit/605.1.15 (KHTML, like Gecko) Version/18.5 Safari/605.1.15"
66.249.74.192 - - [27/Aug/2026:01:44:36 -0700] "GET /?m=22608246320 HTTP/1.1" 200 63483 "-" "Mozilla/5.0 (Linux; Android 6.0.1; Nexus 5X Build/MMB29P) AppleWebKit/537.36 (KHTML, like Gecko) Chrome/151.0.7922.173 Mobile Safari/537.36 (compatible; GoogleOther)"
66.249.74.192 - - [27/Aug/2026:01:44:42 -0700] "GET /?m=76009123315 HTTP/1.1" 200 63139 "-" "Mozilla/5.0 (Linux; Android 6.0.1; Nexus 5X Build/MMB29P) AppleWebKit/537.36 (KHTML, like Gecko) Chrome/151.0.7922.173 Mobile Safari/537.36 (compatible; Googlebot/2.1; +http://www.google.com/bot.html)"
66.249.74.193 - - [27/Aug/2026:01:44:44 -0700] "GET /?m=83897154060 HTTP/1.1" 200 63703 "-" "Mozilla/5.0 (Linux; Android 6.0.1; Nexus 5X Build/MMB29P) AppleWebKit/537.36 (KHTML, like Gecko) Chrome/151.0.7922.173 Mobile Safari/537.36 (compatible; GoogleOther)"
216.73.217.53 - - [27/Aug/2026:01:44:46 -0700] "GET /2026/08/27/enjoy-twelve089-free-position-games-inside-canada/feed/ HTTP/2.0" 200 2038 "-" "Mozilla/5.0 AppleWebKit/537.36 (KHTML, like Gecko; compatible; ClaudeBot/1.0; +claudebot@anthropic.com)"
216.73.217.53 - - [27/Aug/2026:01:44:46 -0700] "GET /2026/08/27/pharaoh-silver-slots-software-on-the-internet-gamble/feed/ HTTP/2.0" 200 1930 "-" "Mozilla/5.0 AppleWebKit/537.36 (KHTML, like Gecko; compatible; ClaudeBot/1.0; +claudebot@anthropic.com)"
216.73.217.53 - - [27/Aug/2026:01:44:46 -0700] "GET /2026/08/27/thunderstruck-on-the-web-demonstration-play-slots-at-no-cost/ HTTP/2.0" 200 25738 "-" "Mozilla/5.0 AppleWebKit/537.36 (KHTML, like Gecko; compatible; ClaudeBot/1.0; +claudebot@anthropic.com)"
66.249.74.193 - - [27/Aug/2026:01:44:50 -0700] "GET /ajax/productstorestocklist/?sku=19680806932&my_store=1 HTTP/1.1" 200 65538 "-" "Mozilla/5.0 (Linux; Android 6.0.1; Nexus 5X Build/MMB29P) AppleWebKit/537.36 (KHTML, like Gecko) Chrome/151.0.7922.173 Mobile Safari/537.36 (compatible; GoogleOther)"
66.249.74.194 - - [27/Aug/2026:01:44:54 -0700] "GET /goods.php?i=74553546779 HTTP/1.1" 200 34074 "-" "Mozilla/5.0 (Linux; Android 6.0.1; Nexus 5X Build/MMB29P) AppleWebKit/537.36 (KHTML, like Gecko) Chrome/151.0.7922.173 Mobile Safari/537.36 (compatible; GoogleOther)"
66.249.74.194 - - [27/Aug/2026:01:44:58 -0700] "GET /?m=58662054193 HTTP/1.1" 200 59297 "-" "Mozilla/5.0 (Linux; Android 6.0.1; Nexus 5X Build/MMB29P) AppleWebKit/537.36 (KHTML, like Gecko) Chrome/151.0.7922.173 Mobile Safari/537.36 (compatible; GoogleOther)"
66.249.74.192 - - [27/Aug/2026:01:45:02 -0700] "GET /ajax/productstorestocklist/?sku=31197531088&pref_cd= HTTP/1.1" 200 64936 "-" "Mozilla/5.0 (Linux; Android 6.0.1; Nexus 5X Build/MMB29P) AppleWebKit/537.36 (KHTML, like Gecko) Chrome/151.0.7922.173 Mobile Safari/537.36 (compatible; GoogleOther)"
66.249.74.192 - - [27/Aug/2026:01:45:06 -0700] "GET /goods.php?x=95654359995 HTTP/1.1" 200 28911 "-" "Mozilla/5.0 (Linux; Android 6.0.1; Nexus 5X Build/MMB29P) AppleWebKit/537.36 (KHTML, like Gecko) Chrome/151.0.7922.173 Mobile Safari/537.36 (compatible; GoogleOther)"
66.249.74.193 - - [27/Aug/2026:01:45:10 -0700] "GET /?m=20854101780 HTTP/1.1" 200 62861 "-" "Mozilla/5.0 (Linux; Android 6.0.1; Nexus 5X Build/MMB29P) AppleWebKit/537.36 (KHTML, like Gecko) Chrome/151.0.7922.173 Mobile Safari/537.36 (compatible; GoogleOther)"
66.249.74.193 - - [27/Aug/2026:01:45:13 -0700] "GET /?m=22368825257 HTTP/1.1" 200 59947 "-" "Mozilla/5.0 (Linux; Android 6.0.1; Nexus 5X Build/MMB29P) AppleWebKit/537.36 (KHTML, like Gecko) Chrome/151.0.7922.173 Mobile Safari/537.36 (compatible; GoogleOther)"
66.249.74.192 - - [27/Aug/2026:01:45:17 -0700] "GET /?m=14362862255 HTTP/1.1" 200 69292 "-" "Mozilla/5.0 (Linux; Android 6.0.1; Nexus 5X Build/MMB29P) AppleWebKit/537.36 (KHTML, like Gecko) Chrome/151.0.7922.173 Mobile Safari/537.36 (compatible; GoogleOther)"
66.249.74.192 - - [27/Aug/2026:01:45:18 -0700] "GET /?m=79130822288 HTTP/1.1" 200 63484 "-" "Mozilla/5.0 (Linux; Android 6.0.1; Nexus 5X Build/MMB29P) AppleWebKit/537.36 (KHTML, like Gecko) Chrome/151.0.7922.173 Mobile Safari/537.36 (compatible; Googlebot/2.1; +http://www.google.com/bot.html)"
66.249.74.192 - - [27/Aug/2026:01:45:18 -0700] "GET /goods.php?x=11989019610 HTTP/1.1" 200 28564 "-" "Mozilla/5.0 (Linux; Android 6.0.1; Nexus 5X Build/MMB29P) AppleWebKit/537.36 (KHTML, like Gecko) Chrome/151.0.7922.173 Mobile Safari/537.36 (compatible; Googlebot/2.1; +http://www.google.com/bot.html)"
66.249.74.192 - - [27/Aug/2026:01:45:21 -0700] "GET /?m=68461741202 HTTP/1.1" 200 58169 "-" "Mozilla/5.0 (Linux; Android 6.0.1; Nexus 5X Build/MMB29P) AppleWebKit/537.36 (KHTML, like Gecko) Chrome/151.0.7922.173 Mobile Safari/537.36 (compatible; GoogleOther)"
66.249.74.193 - - [27/Aug/2026:01:45:24 -0700] "GET /ajax/productdeliverycalendar/?sku=18656487665&offset= HTTP/1.1" 200 63591 "-" "Mozilla/5.0 (Linux; Android 6.0.1; Nexus 5X Build/MMB29P) AppleWebKit/537.36 (KHTML, like Gecko) Chrome/151.0.7922.173 Mobile Safari/537.36 (compatible; GoogleOther)"
216.73.217.53 - - [27/Aug/2026:01:45:26 -0700] "GET /2026/08/27/finest-canadian-gambling-enterprise-websites/ HTTP/2.0" 200 24751 "-" "Mozilla/5.0 AppleWebKit/537.36 (KHTML, like Gecko; compatible; ClaudeBot/1.0; +claudebot@anthropic.com)"
216.73.217.53 - - [27/Aug/2026:01:45:26 -0700] "GET /2026/08/27/gamble-thunderstruck-position-96-ten-rtp-real-money-game/ HTTP/2.0" 200 25926 "-" "Mozilla/5.0 AppleWebKit/537.36 (KHTML, like Gecko; compatible; ClaudeBot/1.0; +claudebot@anthropic.com)"
66.249.74.192 - - [27/Aug/2026:01:45:28 -0700] "GET /?m=61229274981 HTTP/1.1" 200 62732 "-" "Mozilla/5.0 (Linux; Android 6.0.1; Nexus 5X Build/MMB29P) AppleWebKit/537.36 (KHTML, like Gecko) Chrome/151.0.7922.173 Mobile Safari/537.36 (compatible; GoogleOther)"
216.73.217.53 - - [27/Aug/2026:01:45:28 -0700] "GET /2026/08/27/best-no-deposit-added-bonus-codes-within-the-august-2026/ HTTP/2.0" 200 24489 "-" "Mozilla/5.0 AppleWebKit/537.36 (KHTML, like Gecko; compatible; ClaudeBot/1.0; +claudebot@anthropic.com)"
66.249.74.192 - - [27/Aug/2026:01:45:31 -0700] "GET /?m=78993557707 HTTP/1.1" 200 58086 "-" "Mozilla/5.0 (Linux; Android 6.0.1; Nexus 5X Build/MMB29P) AppleWebKit/537.36 (KHTML, like Gecko) Chrome/151.0.7922.173 Mobile Safari/537.36 (compatible; GoogleOther)"
57.141.0.66 - - [27/Aug/2026:01:45:32 -0700] "GET /?m=689681805 HTTP/2.0" 200 19796 "-" "Mozilla/5.0 (Macintosh; Intel Mac OS X 10_15_7) AppleWebKit/537.36 (KHTML, like Gecko) Chrome/145.0.0.0 Safari/537.36 (compatible; meta-externalagent/1.1 (+https://developers.facebook.com/docs/sharing/webmasters/crawler))"
177.136.171.51 - - [27/Aug/2026:01:45:32 -0700] "POST /xmlrpc.php HTTP/1.1" 200 5046 "-" "Mozilla/5.0 (Windows NT 10.0; Win64; x64) AppleWebKit/537.36 (KHTML, like Gecko) Chrome/109.0.0.0 Safari/537.36"
75.119.195.61 - - [27/Aug/2026:01:45:33 -0700] "POST /wp-cron.php?doing_wp_cron=1787820333.2458610534667968750000 HTTP/1.1" 200 6592 "-" "WordPress/7.1; https://www.ablogformylove.com"
66.249.74.193 - - [27/Aug/2026:01:45:35 -0700] "GET /ajax/productdeliverycalendar/?sku=66214731496&offset= HTTP/1.1" 200 65411 "-" "Mozilla/5.0 (Linux; Android 6.0.1; Nexus 5X Build/MMB29P) AppleWebKit/537.36 (KHTML, like Gecko) Chrome/151.0.7922.173 Mobile Safari/537.36 (compatible; GoogleOther)"
177.136.171.51 - - [27/Aug/2026:01:45:37 -0700] "POST /xmlrpc.php HTTP/1.1" 200 5842 "-" "Mozilla/5.0 (Windows NT 10.0; Win64; x64) AppleWebKit/537.36 (KHTML, like Gecko) Chrome/134.0.0.0 Safari/537.36"
66.249.74.193 - - [27/Aug/2026:01:45:39 -0700] "GET /?m=82505992040 HTTP/1.1" 200 58318 "-" "Mozilla/5.0 (Linux; Android 6.0.1; Nexus 5X Build/MMB29P) AppleWebKit/537.36 (KHTML, like Gecko) Chrome/151.0.7922.173 Mobile Safari/537.36 (compatible; GoogleOther)"
177.136.171.51 - - [27/Aug/2026:01:45:40 -0700] "GET /2026/08/27/autopsia-da-slot-duck-hunters-rtp-como-demonio-gratis/ HTTP/1.1" 200 26246 "-" "Mozilla/5.0 (X11; Linux x86_64) AppleWebKit/537.36 (KHTML, like Gecko) Chrome/133.0.0.0 Safari/537.36"
54.92.171.106 - - [27/Aug/2026:01:45:44 -0700] "GET /?p=4896 HTTP/1.1" 200 6612 "-" "Mozilla/5.0 AppleWebKit/537.36 (KHTML, like Gecko; compatible; Amazonbot/0.1; +https://developer.amazon.com/support/amazonbot) Chrome/119.0.6045.214 Safari/537.36"
66.249.74.194 - - [27/Aug/2026:01:45:44 -0700] "GET /ajax/productdeliverycalendar/?sku=20440002132&offset= HTTP/1.1" 200 63758 "-" "Mozilla/5.0 (Linux; Android 6.0.1; Nexus 5X Build/MMB29P) AppleWebKit/537.36 (KHTML, like Gecko) Chrome/151.0.7922.173 Mobile Safari/537.36 (compatible; Googlebot/2.1; +http://www.google.com/bot.html)"
66.249.74.194 - - [27/Aug/2026:01:45:47 -0700] "GET /?m=22343494112 HTTP/1.1" 200 59578 "-" "Mozilla/5.0 (Linux; Android 6.0.1; Nexus 5X Build/MMB29P) AppleWebKit/537.36 (KHTML, like Gecko) Chrome/151.0.7922.173 Mobile Safari/537.36 (compatible; GoogleOther)"
216.73.217.53 - - [27/Aug/2026:01:45:47 -0700] "GET /2026/08/27/play-no-deposit-1xslot-2025-today/feed/ HTTP/2.0" 200 2020 "-" "Mozilla/5.0 AppleWebKit/537.36 (KHTML, like Gecko; compatible; ClaudeBot/1.0; +claudebot@anthropic.com)"
216.73.217.53 - - [27/Aug/2026:01:45:48 -0700] "GET /2026/08/27/fifty-100-percent-24-casino-partner-app-free-revolves-also-offers/ HTTP/2.0" 200 25628 "-" "Mozilla/5.0 AppleWebKit/537.36 (KHTML, like Gecko; compatible; ClaudeBot/1.0; +claudebot@anthropic.com)"
216.73.217.53 - - [27/Aug/2026:01:45:48 -0700] "GET /2026/08/27/fifty-free-revolves-no-deposit-%ef%b8%8f-2026-better-now-offers/ HTTP/2.0" 200 24158 "-" "Mozilla/5.0 AppleWebKit/537.36 (KHTML, like Gecko; compatible; ClaudeBot/1.0; +claudebot@anthropic.com)"
54.159.18.27 - - [27/Aug/2026:01:45:48 -0700] "GET /2015/05/28/ HTTP/1.1" 200 25455 "-" "Mozilla/5.0 AppleWebKit/537.36 (KHTML, like Gecko; compatible; Amazonbot/0.1; +https://developer.amazon.com/support/amazonbot) Chrome/119.0.6045.214 Safari/537.36"
66.249.74.195 - - [27/Aug/2026:01:45:51 -0700] "GET /shop.php?e=95472162390699 HTTP/1.1" 200 31699 "-" "Mozilla/5.0 (Linux; Android 6.0.1; Nexus 5X Build/MMB29P) AppleWebKit/537.36 (KHTML, like Gecko) Chrome/151.0.7922.173 Mobile Safari/537.36 (compatible; GoogleOther)"
3.210.29.96 - - [27/Aug/2026:01:45:52 -0700] "GET /2026/08/24/exploring-casino-online-canada-and-eco-friendly-practices-a-comparison-guide-2/feed/ HTTP/1.1" 200 7124 "-" "Mozilla/5.0 AppleWebKit/537.36 (KHTML, like Gecko; compatible; Amazonbot/0.1; +https://developer.amazon.com/support/amazonbot) Chrome/119.0.6045.214 Safari/537.36"
216.73.217.53 - - [27/Aug/2026:01:45:54 -0700] "GET /2026/08/27/mega-joker-position-review-100-percent-free-demonstration-2026/ HTTP/2.0" 200 24812 "-" "Mozilla/5.0 AppleWebKit/537.36 (KHTML, like Gecko; compatible; ClaudeBot/1.0; +claudebot@anthropic.com)"
216.73.217.53 - - [27/Aug/2026:01:45:55 -0700] "GET /2026/08/27/loud-free-revolves-as-you-get-up-to-500x-the-bet/ HTTP/2.0" 200 24075 "-" "Mozilla/5.0 AppleWebKit/537.36 (KHTML, like Gecko; compatible; ClaudeBot/1.0; +claudebot@anthropic.com)"
66.249.74.195 - - [27/Aug/2026:01:45:55 -0700] "GET /kaden/mtalk/?sku=19680806932 HTTP/1.1" 200 59272 "-" "Mozilla/5.0 (Linux; Android 6.0.1; Nexus 5X Build/MMB29P) AppleWebKit/537.36 (KHTML, like Gecko) Chrome/151.0.7922.173 Mobile Safari/537.36 (compatible; GoogleOther)"
216.73.217.53 - - [27/Aug/2026:01:45:56 -0700] "GET /2026/08/27/best-boku-gambling-bitcoincom-casino-paypal-enterprises-2026/feed/ HTTP/2.0" 200 1983 "-" "Mozilla/5.0 AppleWebKit/537.36 (KHTML, like Gecko; compatible; ClaudeBot/1.0; +claudebot@anthropic.com)"
34.230.124.21 - - [27/Aug/2026:01:45:56 -0700] "GET /wp-json/wp/v2/posts/5238 HTTP/1.1" 200 9908 "-" "Mozilla/5.0 AppleWebKit/537.36 (KHTML, like Gecko; compatible; Amazonbot/0.1; +https://developer.amazon.com/support/amazonbot) Chrome/119.0.6045.214 Safari/537.36"
66.249.74.192 - - [27/Aug/2026:01:45:59 -0700] "GET /?m=8736000325 HTTP/1.1" 200 65083 "-" "Mozilla/5.0 (Linux; Android 6.0.1; Nexus 5X Build/MMB29P) AppleWebKit/537.36 (KHTML, like Gecko) Chrome/151.0.7922.173 Mobile Safari/537.36 (compatible; GoogleOther)"
52.203.152.231 - - [27/Aug/2026:01:46:00 -0700] "GET /wp-json/wp/v2/posts/5982 HTTP/1.1" 200 11711 "-" "Mozilla/5.0 AppleWebKit/537.36 (KHTML, like Gecko; compatible; Amazonbot/0.1; +https://developer.amazon.com/support/amazonbot) Chrome/119.0.6045.214 Safari/537.36"
66.249.74.192 - - [27/Aug/2026:01:46:02 -0700] "GET /goods.php?t=82451107866 HTTP/1.1" 200 29821 "-" "Mozilla/5.0 (Linux; Android 6.0.1; Nexus 5X Build/MMB29P) AppleWebKit/537.36 (KHTML, like Gecko) Chrome/151.0.7922.173 Mobile Safari/537.36 (compatible; GoogleOther)"
98.83.177.42 - - [27/Aug/2026:01:46:04 -0700] "GET /wp-json/wp/v2/posts/6560 HTTP/1.1" 200 11290 "-" "Mozilla/5.0 AppleWebKit/537.36 (KHTML, like Gecko; compatible; Amazonbot/0.1; +https://developer.amazon.com/support/amazonbot) Chrome/119.0.6045.214 Safari/537.36"
57.141.18.47 - - [27/Aug/2026:01:46:04 -0700] "GET / HTTP/2.0" 200 24876 "-" "facebookexternalhit/1.1 (+http://www.facebook.com/externalhit_uatext.php)"
66.249.74.192 - - [27/Aug/2026:01:46:06 -0700] "GET /?m=60290213089 HTTP/1.1" 200 68229 "-" "Mozilla/5.0 (Linux; Android 6.0.1; Nexus 5X Build/MMB29P) AppleWebKit/537.36 (KHTML, like Gecko) Chrome/151.0.7922.173 Mobile Safari/537.36 (compatible; GoogleOther)"
54.80.73.122 - - [27/Aug/2026:01:46:08 -0700] "GET /2015/03/25/2-months/embed/ HTTP/1.1" 200 12889 "-" "Mozilla/5.0 AppleWebKit/537.36 (KHTML, like Gecko; compatible; Amazonbot/0.1; +https://developer.amazon.com/support/amazonbot) Chrome/119.0.6045.214 Safari/537.36"
216.73.217.53 - - [27/Aug/2026:01:46:10 -0700] "GET /2026/08/27/greatest-web-based-jackpot-paradise-50-no-deposit-free-spins-casinos-recognizing-neteller/feed/ HTTP/2.0" 200 2080 "-" "Mozilla/5.0 AppleWebKit/537.36 (KHTML, like Gecko; compatible; ClaudeBot/1.0; +claudebot@anthropic.com)"
216.73.217.53 - - [27/Aug/2026:01:46:10 -0700] "GET /2026/08/27/holly-jolly-bonanza-on-the-internet-slot-check-this-out-complete-remark/feed/ HTTP/2.0" 200 1956 "-" "Mozilla/5.0 AppleWebKit/537.36 (KHTML, like Gecko; compatible; ClaudeBot/1.0; +claudebot@anthropic.com)"
66.249.74.192 - - [27/Aug/2026:01:46:11 -0700] "GET /pc/index.php?tags/%E3%82%B0%E3%83%AA%E3%83%89%E3%83%AB%E2%98%8694491%E9%89%84%E6%9D%BF%E7%84%BC%E9%83%BD%E5%B8%82%E3%82%AC%E3%82%B9750%C3%97600%E5%8D%93%E4%B8%8A HTTP/1.1" 200 64537 "-" "Mozilla/5.0 (Linux; Android 6.0.1; Nexus 5X Build/MMB29P) AppleWebKit/537.36 (KHTML, like Gecko) Chrome/151.0.7922.173 Mobile Safari/537.36 (compatible; GoogleOther)"
216.73.217.53 - - [27/Aug/2026:01:46:11 -0700] "GET /2026/08/27/thunderbolt-casino-coupon-codes-2026-100-percent-free-chips-suits-incentives/ HTTP/2.0" 200 25048 "-" "Mozilla/5.0 AppleWebKit/537.36 (KHTML, like Gecko; compatible; ClaudeBot/1.0; +claudebot@anthropic.com)"
52.200.58.199 - - [27/Aug/2026:01:46:12 -0700] "GET /wp-json/wp/v2/posts/6765 HTTP/1.1" 200 9864 "-" "Mozilla/5.0 AppleWebKit/537.36 (KHTML, like Gecko; compatible; Amazonbot/0.1; +https://developer.amazon.com/support/amazonbot) Chrome/119.0.6045.214 Safari/537.36"
54.85.7.119 - - [27/Aug/2026:01:46:16 -0700] "GET /wp-json/wp/v2/posts/6777 HTTP/1.1" 200 9496 "-" "Mozilla/5.0 AppleWebKit/537.36 (KHTML, like Gecko; compatible; Amazonbot/0.1; +https://developer.amazon.com/support/amazonbot) Chrome/119.0.6045.214 Safari/537.36"
62.210.114.85 - - [27/Aug/2026:01:46:16 -0700] "GET /wp-login.php HTTP/1.1" 429 5291 "-" "Mozilla/5.0 (Windows NT 10.0; Win64; x64) AppleWebKit/537.36 (KHTML, like Gecko) Chrome/115.0.0.0 Safari/537.36 Edg/115.0.1901.203"
66.249.74.192 - - [27/Aug/2026:01:46:15 -0700] "GET /shop.php?e=89972386440917 HTTP/1.1" 200 26563 "-" "Mozilla/5.0 (Linux; Android 6.0.1; Nexus 5X Build/MMB29P) AppleWebKit/537.36 (KHTML, like Gecko) Chrome/151.0.7922.173 Mobile Safari/537.36 (compatible; GoogleOther)"
66.249.74.192 - - [27/Aug/2026:01:46:19 -0700] "GET /?m=74954987081 HTTP/1.1" 200 58331 "-" "Mozilla/5.0 (Linux; Android 6.0.1; Nexus 5X Build/MMB29P) AppleWebKit/537.36 (KHTML, like Gecko) Chrome/151.0.7922.173 Mobile Safari/537.36 (compatible; GoogleOther)"
184.73.167.217 - - [27/Aug/2026:01:46:20 -0700] "GET /wp-json/oembed/1.0/embed?url=https://www.ablogformylove.com/2026/08/20/betandyou-rdc-mobile-jouez-a-vos-jeux-de-casino-en-ligne-preferes-ou/ HTTP/1.1" 200 7851 "-" "Mozilla/5.0 AppleWebKit/537.36 (KHTML, like Gecko; compatible; Amazonbot/0.1; +https://developer.amazon.com/support/amazonbot) Chrome/119.0.6045.214 Safari/537.36"
66.249.74.192 - - [27/Aug/2026:01:46:23 -0700] "GET /goods.php?q=23781822564 HTTP/1.1" 200 28354 "-" "Mozilla/5.0 (Linux; Android 6.0.1; Nexus 5X Build/MMB29P) AppleWebKit/537.36 (KHTML, like Gecko) Chrome/151.0.7922.173 Mobile Safari/537.36 (compatible; GoogleOther)"
54.83.180.239 - - [27/Aug/2026:01:46:24 -0700] "GET /wp-json/wp/v2/posts/6877 HTTP/1.1" 200 9791 "-" "Mozilla/5.0 AppleWebKit/537.36 (KHTML, like Gecko; compatible; Amazonbot/0.1; +https://developer.amazon.com/support/amazonbot) Chrome/119.0.6045.214 Safari/537.36"
66.249.74.192 - - [27/Aug/2026:01:46:27 -0700] "GET /?m=93941771416 HTTP/1.1" 200 60210 "-" "Mozilla/5.0 (Linux; Android 6.0.1; Nexus 5X Build/MMB29P) AppleWebKit/537.36 (KHTML, like Gecko) Chrome/151.0.7922.173 Mobile Safari/537.36 (compatible; GoogleOther)"
52.71.203.206 - - [27/Aug/2026:01:46:28 -0700] "GET /2026/08/23/jak-skutecznie-wykorzystac-50-darmowych-spinow-od-mostbet-i-wygrac-3/ HTTP/1.1" 200 28426 "-" "Mozilla/5.0 AppleWebKit/537.36 (KHTML, like Gecko; compatible; Amazonbot/0.1; +https://developer.amazon.com/support/amazonbot) Chrome/119.0.6045.214 Safari/537.36"
66.249.74.192 - - [27/Aug/2026:01:46:29 -0700] "GET /?m=47082314051 HTTP/1.1" 200 63432 "-" "Mozilla/5.0 (Linux; Android 6.0.1; Nexus 5X Build/MMB29P) AppleWebKit/537.36 (KHTML, like Gecko) Chrome/151.0.7922.173 Mobile Safari/537.36 (compatible; Googlebot/2.1; +http://www.google.com/bot.html)"
66.249.74.192 - - [27/Aug/2026:01:46:30 -0700] "GET /?m=72054533763 HTTP/1.1" 200 57858 "-" "Mozilla/5.0 (Linux; Android 6.0.1; Nexus 5X Build/MMB29P) AppleWebKit/537.36 (KHTML, like Gecko) Chrome/151.0.7922.173 Mobile Safari/537.36 (compatible; Googlebot/2.1; +http://www.google.com/bot.html)"
66.249.74.193 - - [27/Aug/2026:01:46:30 -0700] "GET /?m=35902815949 HTTP/1.1" 200 63648 "-" "Mozilla/5.0 (Linux; Android 6.0.1; Nexus 5X Build/MMB29P) AppleWebKit/537.36 (KHTML, like Gecko) Chrome/151.0.7922.173 Mobile Safari/537.36 (compatible; Googlebot/2.1; +http://www.google.com/bot.html)"
66.249.74.192 - - [27/Aug/2026:01:46:31 -0700] "GET /?m=72953820922 HTTP/1.1" 200 58050 "-" "Mozilla/5.0 (Linux; Android 6.0.1; Nexus 5X Build/MMB29P) AppleWebKit/537.36 (KHTML, like Gecko) Chrome/151.0.7922.173 Mobile Safari/537.36 (compatible; GoogleOther)"
23.20.178.124 - - [27/Aug/2026:01:46:32 -0700] "GET /wp-json/wp/v2/posts/4680 HTTP/1.1" 200 10216 "-" "Mozilla/5.0 AppleWebKit/537.36 (KHTML, like Gecko; compatible; Amazonbot/0.1; +https://developer.amazon.com/support/amazonbot) Chrome/119.0.6045.214 Safari/537.36"
57.141.0.19 - - [27/Aug/2026:01:46:33 -0700] "GET /wp-json/wp/v2/posts/6761 HTTP/2.0" 200 4861 "-" "Mozilla/5.0 (Macintosh; Intel Mac OS X 10_15_7) AppleWebKit/537.36 (KHTML, like Gecko) Chrome/145.0.0.0 Safari/537.36 (compatible; meta-externalagent/1.1 (+https://developers.facebook.com/docs/sharing/webmasters/crawler))"
66.249.74.194 - - [27/Aug/2026:01:46:35 -0700] "GET /ajax/productstorestocklist/?sku=93384725736&lat= HTTP/1.1" 200 65163 "-" "Mozilla/5.0 (Linux; Android 6.0.1; Nexus 5X Build/MMB29P) AppleWebKit/537.36 (KHTML, like Gecko) Chrome/151.0.7922.173 Mobile Safari/537.36 (compatible; GoogleOther)"
35.169.102.85 - - [27/Aug/2026:01:46:36 -0700] "GET /wp-json/oembed/1.0/embed?url=https://www.ablogformylove.com/2026/08/23/pinco-casinos-success-story-a-model-for-azerbaijans-hospitality/ HTTP/1.1" 200 7837 "-" "Mozilla/5.0 AppleWebKit/537.36 (KHTML, like Gecko; compatible; Amazonbot/0.1; +https://developer.amazon.com/support/amazonbot) Chrome/119.0.6045.214 Safari/537.36"
180.191.234.248 - - [27/Aug/2026:01:46:36 -0700] "POST /xmlrpc.php HTTP/1.1" 200 5046 "-" "Mozilla/5.0 (X11; Linux x86_64) AppleWebKit/537.36 (KHTML, like Gecko) Chrome/135.0.0.0 Safari/537.36"
75.119.195.61 - - [27/Aug/2026:01:46:36 -0700] "POST /wp-cron.php?doing_wp_cron=1787820396.5491130352020263671875 HTTP/1.1" 200 6592 "-" "WordPress/7.1; https://www.ablogformylove.com"
66.249.74.194 - - [27/Aug/2026:01:46:38 -0700] "GET /ajax/productdeliverycalendar/?sku=92603873233&offset= HTTP/1.1" 200 59205 "-" "Mozilla/5.0 (Linux; Android 6.0.1; Nexus 5X Build/MMB29P) AppleWebKit/537.36 (KHTML, like Gecko) Chrome/151.0.7922.173 Mobile Safari/537.36 (compatible; GoogleOther)"
18.213.70.100 - - [27/Aug/2026:01:46:40 -0700] "GET /wp-json/oembed/1.0/embed?format=xml&url=https://www.ablogformylove.com/2026/08/23/pinco-casinos-success-story-a-model-for-azerbaijans-hospitality/ HTTP/1.1" 200 7873 "-" "Mozilla/5.0 AppleWebKit/537.36 (KHTML, like Gecko; compatible; Amazonbot/0.1; +https://developer.amazon.com/support/amazonbot) Chrome/119.0.6045.214 Safari/537.36"
180.191.234.248 - - [27/Aug/2026:01:46:41 -0700] "POST /xmlrpc.php HTTP/1.1" 200 4775 "-" "Mozilla/5.0 (Windows NT 10.0; Win64; x64) AppleWebKit/537.36 (KHTML, like Gecko) Chrome/133.0.0.0 Safari/537.36"
84.75.148.172 - - [27/Aug/2026:01:46:42 -0700] "GET /wp-json/oembed/1.0/embed?url=https%3A%2F%2Fwww.ablogformylove.com%2F2021%2F02%2F01%2Fhappy-6th-birthday%2F2021-01-24-12-36-36%2F HTTP/1.1" 429 5287 "-" "Mozilla/5.0 (Macintosh; Intel Mac OS X 10_15_7) AppleWebKit/537.36 (KHTML, like Gecko) Chrome/136.0.0.0 Safari/537.36"
66.249.74.192 - - [27/Aug/2026:01:46:42 -0700] "GET /?m=42371565064 HTTP/1.1" 200 62779 "-" "Mozilla/5.0 (Linux; Android 6.0.1; Nexus 5X Build/MMB29P) AppleWebKit/537.36 (KHTML, like Gecko) Chrome/151.0.7922.173 Mobile Safari/537.36 (compatible; GoogleOther)"
18.210.58.238 - - [27/Aug/2026:01:46:45 -0700] "GET /wp-json/oembed/1.0/embed?format=xml&url=https://www.ablogformylove.com/2026/08/24/kak-ispolzovat-1khbet-zerkalo-dlia-polucheniia-pooshchritelnykh-predlozhenii/ HTTP/1.1" 200 7984 "-" "Mozilla/5.0 AppleWebKit/537.36 (KHTML, like Gecko; compatible; Amazonbot/0.1; +https://developer.amazon.com/support/amazonbot) Chrome/119.0.6045.214 Safari/537.36"
180.191.234.248 - - [27/Aug/2026:01:46:44 -0700] "GET /2026/08/27/los-excelentes-lugares-sobre-keno-20-super-hot-en-linea-adonde-los-jugadores-modernos-ganan-premios-reales/ HTTP/1.1" 200 25098 "-" "Mozilla/5.0 (Macintosh; Intel Mac OS X 10_15_7) AppleWebKit/605.1.15 (KHTML, like Gecko) Version/18.3 Safari/605.1.15"
66.249.74.194 - - [27/Aug/2026:01:46:46 -0700] "GET /goods.php?q=31922779554 HTTP/1.1" 200 33272 "-" "Mozilla/5.0 (Linux; Android 6.0.1; Nexus 5X Build/MMB29P) AppleWebKit/537.36 (KHTML, like Gecko) Chrome/151.0.7922.173 Mobile Safari/537.36 (compatible; GoogleOther)"
66.249.74.193 - - [27/Aug/2026:01:46:47 -0700] "GET /?m=73113374650/ HTTP/1.1" 200 64877 "-" "Mozilla/5.0 (Linux; Android 6.0.1; Nexus 5X Build/MMB29P) AppleWebKit/537.36 (KHTML, like Gecko) Chrome/151.0.7922.173 Mobile Safari/537.36 (compatible; Googlebot/2.1; +http://www.google.com/bot.html)"
54.225.148.123 - - [27/Aug/2026:01:46:48 -0700] "GET /2026/08/24/guide-away-from-ra-deluxe-position-on-the-web-play-online-deuces-wild-100-hand-wager-free/embed/ HTTP/1.1" 200 13154 "-" "Mozilla/5.0 AppleWebKit/537.36 (KHTML, like Gecko; compatible; Amazonbot/0.1; +https://developer.amazon.com/support/amazonbot) Chrome/119.0.6045.214 Safari/537.36"
66.249.74.194 - - [27/Aug/2026:01:46:49 -0700] "GET /ajax/productstorestocklist/?sku=59994603272&my_store=1 HTTP/1.1" 200 59636 "-" "Mozilla/5.0 (Linux; Android 6.0.1; Nexus 5X Build/MMB29P) AppleWebKit/537.36 (KHTML, like Gecko) Chrome/151.0.7922.173 Mobile Safari/537.36 (compatible; GoogleOther)"
216.73.217.53 - - [27/Aug/2026:01:46:53 -0700] "GET /robots.txt HTTP/2.0" 200 270 "-" "Mozilla/5.0 AppleWebKit/537.36 (KHTML, like Gecko; compatible; ClaudeBot/1.0; +claudebot@anthropic.com)"
66.249.74.194 - - [27/Aug/2026:01:46:55 -0700] "GET /?m=35764831081 HTTP/1.1" 200 64590 "-" "Mozilla/5.0 (Linux; Android 6.0.1; Nexus 5X Build/MMB29P) AppleWebKit/537.36 (KHTML, like Gecko) Chrome/151.0.7922.173 Mobile Safari/537.36 (compatible; GoogleOther)"
216.73.217.53 - - [27/Aug/2026:01:46:56 -0700] "GET /2026/08/27/penny-harbors-online-ten-better-video-game-and-you-may-where-you-should-enjoy-them/feed/ HTTP/2.0" 200 2051 "-" "Mozilla/5.0 AppleWebKit/537.36 (KHTML, like Gecko; compatible; ClaudeBot/1.0; +claudebot@anthropic.com)"
216.73.217.53 - - [27/Aug/2026:01:46:57 -0700] "GET /2026/08/27/online-casinos-24-casino-promo-us-2026-checked-and-ranked/feed/ HTTP/2.0" 200 1981 "-" "Mozilla/5.0 AppleWebKit/537.36 (KHTML, like Gecko; compatible; ClaudeBot/1.0; +claudebot@anthropic.com)"
216.73.217.53 - - [27/Aug/2026:01:46:58 -0700] "GET /2026/08/27/looking-an-excellent-50-no-deposit-bonus-heres-where-youll-get-they/feed/ HTTP/2.0" 200 2011 "-" "Mozilla/5.0 AppleWebKit/537.36 (KHTML, like Gecko; compatible; ClaudeBot/1.0; +claudebot@anthropic.com)"
66.249.74.194 - - [27/Aug/2026:01:47:01 -0700] "GET /?m=43704794515 HTTP/1.1" 200 64874 "-" "Mozilla/5.0 (Linux; Android 6.0.1; Nexus 5X Build/MMB29P) AppleWebKit/537.36 (KHTML, like Gecko) Chrome/151.0.7922.173 Mobile Safari/537.36 (compatible; GoogleOther)"
57.141.0.26 - - [27/Aug/2026:01:47:02 -0700] "GET /?m=5896200064 HTTP/2.0" 200 19795 "-" "Mozilla/5.0 (Windows NT 10.0; Win64; x64) AppleWebKit/537.36 (KHTML, like Gecko) Chrome/145.0.0.0 Safari/537.36 (compatible; meta-externalagent/1.1 (+https://developers.facebook.com/docs/sharing/webmasters/crawler))"
216.73.217.53 - - [27/Aug/2026:01:47:02 -0700] "GET /2026/08/27/finest-no-put-online-casino-incentives-in-the-usa-august-2026/ HTTP/2.0" 200 24205 "-" "Mozilla/5.0 AppleWebKit/537.36 (KHTML, like Gecko; compatible; ClaudeBot/1.0; +claudebot@anthropic.com)"
216.73.217.53 - - [27/Aug/2026:01:47:02 -0700] "GET /2026/08/27/ramses-primebetz-original-app-revenge-relax-gambling-trial-and-you-will-slot-remark/ HTTP/2.0" 200 25232 "-" "Mozilla/5.0 AppleWebKit/537.36 (KHTML, like Gecko; compatible; ClaudeBot/1.0; +claudebot@anthropic.com)"
216.73.217.53 - - [27/Aug/2026:01:47:04 -0700] "GET /2026/08/27/best-online-slots-games-2026-enjoy-ports-for-real-money/feed/ HTTP/2.0" 200 1983 "-" "Mozilla/5.0 AppleWebKit/537.36 (KHTML, like Gecko; compatible; ClaudeBot/1.0; +claudebot@anthropic.com)"
66.249.74.193 - - [27/Aug/2026:01:47:08 -0700] "GET /?m=34967797411 HTTP/1.1" 200 62929 "-" "Mozilla/5.0 (Linux; Android 6.0.1; Nexus 5X Build/MMB29P) AppleWebKit/537.36 (KHTML, like Gecko) Chrome/151.0.7922.173 Mobile Safari/537.36 (compatible; GoogleOther)"
66.249.74.193 - - [27/Aug/2026:01:47:10 -0700] "GET /?m=78671513214 HTTP/1.1" 200 63401 "-" "Mozilla/5.0 (Linux; Android 6.0.1; Nexus 5X Build/MMB29P) AppleWebKit/537.36 (KHTML, like Gecko) Chrome/151.0.7922.173 Mobile Safari/537.36 (compatible; Googlebot/2.1; +http://www.google.com/bot.html)"
66.249.74.192 - - [27/Aug/2026:01:47:12 -0700] "GET /kaden/mtalk/?sku=69792899009 HTTP/1.1" 200 64272 "-" "Mozilla/5.0 (Linux; Android 6.0.1; Nexus 5X Build/MMB29P) AppleWebKit/537.36 (KHTML, like Gecko) Chrome/151.0.7922.173 Mobile Safari/537.36 (compatible; GoogleOther)"
66.249.74.192 - - [27/Aug/2026:01:47:15 -0700] "GET /?m=47326487408 HTTP/1.1" 200 62744 "-" "Mozilla/5.0 (Linux; Android 6.0.1; Nexus 5X Build/MMB29P) AppleWebKit/537.36 (KHTML, like Gecko) Chrome/151.0.7922.173 Mobile Safari/537.36 (compatible; Googlebot/2.1; +http://www.google.com/bot.html)"
66.249.74.192 - - [27/Aug/2026:01:47:16 -0700] "GET /?m=92873122848 HTTP/1.1" 200 58533 "-" "Mozilla/5.0 (Linux; Android 6.0.1; Nexus 5X Build/MMB29P) AppleWebKit/537.36 (KHTML, like Gecko) Chrome/151.0.7922.173 Mobile Safari/537.36 (compatible; GoogleOther)"
66.249.74.193 - - [27/Aug/2026:01:47:20 -0700] "GET /goods.php?t=94329421098 HTTP/1.1" 200 33468 "-" "Mozilla/5.0 (Linux; Android 6.0.1; Nexus 5X Build/MMB29P) AppleWebKit/537.36 (KHTML, like Gecko) Chrome/151.0.7922.173 Mobile Safari/537.36 (compatible; GoogleOther)"
66.249.74.192 - - [27/Aug/2026:01:47:23 -0700] "GET /?m=27433753161 HTTP/1.1" 200 62535 "-" "Mozilla/5.0 (Linux; Android 6.0.1; Nexus 5X Build/MMB29P) AppleWebKit/537.36 (KHTML, like Gecko) Chrome/151.0.7922.173 Mobile Safari/537.36 (compatible; GoogleOther)"
66.249.74.192 - - [27/Aug/2026:01:47:33 -0700] "GET /shop.php?e=17140542731734 HTTP/1.1" 200 32084 "-" "Mozilla/5.0 (Linux; Android 6.0.1; Nexus 5X Build/MMB29P) AppleWebKit/537.36 (KHTML, like Gecko) Chrome/151.0.7922.173 Mobile Safari/537.36 (compatible; GoogleOther)"
66.249.74.192 - - [27/Aug/2026:01:47:36 -0700] "GET /?m=92937842839 HTTP/1.1" 200 57942 "-" "Mozilla/5.0 (Linux; Android 6.0.1; Nexus 5X Build/MMB29P) AppleWebKit/537.36 (KHTML, like Gecko) Chrome/151.0.7922.173 Mobile Safari/537.36 (compatible; GoogleOther)"
66.249.74.192 - - [27/Aug/2026:01:47:40 -0700] "GET /goods.php?y=42163034888 HTTP/1.1" 200 28599 "-" "Mozilla/5.0 (Linux; Android 6.0.1; Nexus 5X Build/MMB29P) AppleWebKit/537.36 (KHTML, like Gecko) Chrome/151.0.7922.173 Mobile Safari/537.36 (compatible; GoogleOther)"
111.225.214.167 - - [27/Aug/2026:01:47:41 -0700] "GET /robots.txt HTTP/2.0" 200 269 "-" "Mozilla/5.0 (Windows NT 10.0; WOW64) AppleWebKit/537.36 (KHTML, like Gecko) Chrome/48.0.2564.116 Safari/537.36"
111.225.214.176 - - [27/Aug/2026:01:47:41 -0700] "GET /robots.txt HTTP/2.0" 200 269 "-" "Mozilla/5.0 (Windows NT 10.0; WOW64) AppleWebKit/537.36 (KHTML, like Gecko) Chrome/48.0.2564.116 Safari/537.36"
220.181.108.176 - - [27/Aug/2026:01:47:40 -0700] "GET /2015/07/12/ HTTP/2.0" 200 20213 "-" "Mozilla/5.0 (compatible; Baiduspider/2.0; +http://www.baidu.com/search/spider.html)"
66.249.74.193 - - [27/Aug/2026:01:47:43 -0700] "GET /kaden/mtalk/?sku=38982416252 HTTP/1.1" 200 63548 "-" "Mozilla/5.0 (Linux; Android 6.0.1; Nexus 5X Build/MMB29P) AppleWebKit/537.36 (KHTML, like Gecko) Chrome/151.0.7922.173 Mobile Safari/537.36 (compatible; GoogleOther)"
116.179.37.98 - - [27/Aug/2026:01:47:45 -0700] "GET /wp-includes/js/jquery/jquery-migrate.min.js?ver=3.4.1 HTTP/1.1" 200 10139 "https://www.ablogformylove.com/2015/07/12/" "Mozilla/5.0 (compatible; Baiduspider-render/2.0; +http://www.baidu.com/search/spider.html)"
116.179.37.92 - - [27/Aug/2026:01:47:45 -0700] "GET /wp-content/themes/saraswati-blog/assets/js/theia-sticky-sidebar.js?ver=20151215 HTTP/1.1" 200 8557 "https://www.ablogformylove.com/2015/07/12/" "Mozilla/5.0 (compatible; Baiduspider-render/2.0; +http://www.baidu.com/search/spider.html)"
116.179.37.238 - - [27/Aug/2026:01:47:45 -0700] "GET /wp-content/themes/saraswati-blog/assets/js/scripts.js?ver=20151215 HTTP/1.1" 200 7696 "https://www.ablogformylove.com/2015/07/12/" "Mozilla/5.0 (compatible; Baiduspider-render/2.0; +http://www.baidu.com/search/spider.html)"
116.179.37.235 - - [27/Aug/2026:01:47:45 -0700] "GET /wp-content/themes/saraswati-blog/assets/js/owl.carousel.min.js?ver=1787820460 HTTP/1.1" 200 16051 "https://www.ablogformylove.com/2015/07/12/" "Mozilla/5.0 (compatible; Baiduspider-render/2.0; +http://www.baidu.com/search/spider.html)"
66.249.74.194 - - [27/Aug/2026:01:47:47 -0700] "GET /pc/index.php?m=60377781289 HTTP/1.1" 200 64676 "-" "Mozilla/5.0 (Linux; Android 6.0.1; Nexus 5X Build/MMB29P) AppleWebKit/537.36 (KHTML, like Gecko) Chrome/151.0.7922.173 Mobile Safari/537.36 (compatible; GoogleOther)"
66.249.74.193 - - [27/Aug/2026:01:47:48 -0700] "GET /goods.php?o=92742108389 HTTP/1.1" 200 33814 "-" "Mozilla/5.0 (Linux; Android 6.0.1; Nexus 5X Build/MMB29P) AppleWebKit/537.36 (KHTML, like Gecko) Chrome/151.0.7922.173 Mobile Safari/537.36 (compatible; Googlebot/2.1; +http://www.google.com/bot.html)"
66.249.74.192 - - [27/Aug/2026:01:47:50 -0700] "GET /?m=39598213367 HTTP/1.1" 200 63667 "-" "Mozilla/5.0 (Linux; Android 6.0.1; Nexus 5X Build/MMB29P) AppleWebKit/537.36 (KHTML, like Gecko) Chrome/151.0.7922.173 Mobile Safari/537.36 (compatible; GoogleOther)"
66.249.74.193 - - [27/Aug/2026:01:47:51 -0700] "GET /8ACDvV/jP/O1/UQ_c/fq24stIDQ08hY/z13NbrSDpfSVhcEVaY/AzUnIzcUNQ/V3M/zfjF8NBsB HTTP/1.1" 200 58439 "https://www.ablogformylove.com/pc/index.php?m=60377781289" "Mozilla/5.0 (Linux; Android 6.0.1; Nexus 5X Build/MMB29P) AppleWebKit/537.36 (KHTML, like Gecko) Chrome/151.0.7922.173 Mobile Safari/537.36 (compatible; GoogleOther)"
216.73.217.53 - - [27/Aug/2026:01:47:52 -0700] "GET /2026/08/27/finest-pokies-incentives-2026-most-significant-bien-au-casino-incentives/feed/ HTTP/2.0" 200 2049 "-" "Mozilla/5.0 AppleWebKit/537.36 (KHTML, like Gecko; compatible; ClaudeBot/1.0; +claudebot@anthropic.com)"
216.73.217.53 - - [27/Aug/2026:01:47:53 -0700] "GET /2026/08/27/no-deposit-added-bonus-requirements-dolphins-pearl-online-slot-us-affirmed-offers-august-2026/feed/ HTTP/2.0" 200 2023 "-" "Mozilla/5.0 AppleWebKit/537.36 (KHTML, like Gecko; compatible; ClaudeBot/1.0; +claudebot@anthropic.com)"
216.73.217.53 - - [27/Aug/2026:01:47:52 -0700] "GET /2026/08/27/better-ten-put-gambling-tiki-torch-pokie-for-money-establishment-incentives-uk-contrast-better-also-offers/ HTTP/2.0" 200 24509 "-" "Mozilla/5.0 AppleWebKit/537.36 (KHTML, like Gecko; compatible; ClaudeBot/1.0; +claudebot@anthropic.com)"
66.249.74.193 - - [27/Aug/2026:01:47:54 -0700] "GET /ajax/productdeliverycalendar/?sku=78537940769&offset= HTTP/1.1" 200 59281 "-" "Mozilla/5.0 (Linux; Android 6.0.1; Nexus 5X Build/MMB29P) AppleWebKit/537.36 (KHTML, like Gecko) Chrome/151.0.7922.173 Mobile Safari/537.36 (compatible; GoogleOther)"
66.249.74.194 - - [27/Aug/2026:01:47:58 -0700] "GET /ajax/productstorestocklist/?sku=78481717665&pref_cd= HTTP/1.1" 200 63394 "-" "Mozilla/5.0 (Linux; Android 6.0.1; Nexus 5X Build/MMB29P) AppleWebKit/537.36 (KHTML, like Gecko) Chrome/151.0.7922.173 Mobile Safari/537.36 (compatible; GoogleOther)"
66.249.74.193 - - [27/Aug/2026:01:48:01 -0700] "GET /ajax/productstorestocklist/?sku=54493920544&my_store=1 HTTP/1.1" 200 64293 "-" "Mozilla/5.0 (Linux; Android 6.0.1; Nexus 5X Build/MMB29P) AppleWebKit/537.36 (KHTML, like Gecko) Chrome/151.0.7922.173 Mobile Safari/537.36 (compatible; GoogleOther)"
66.249.74.192 - - [27/Aug/2026:01:48:04 -0700] "GET /goods.php?l=52116832307 HTTP/1.1" 200 32473 "-" "Mozilla/5.0 (Linux; Android 6.0.1; Nexus 5X Build/MMB29P) AppleWebKit/537.36 (KHTML, like Gecko) Chrome/151.0.7922.173 Mobile Safari/537.36 (compatible; GoogleOther)"
216.73.217.53 - - [27/Aug/2026:01:48:06 -0700] "GET /2026/08/27/greatest-australian-on-the-web-pokies-payout-slots-real-money-2026-greatest-a-real-income-pokies-websites/ HTTP/2.0" 200 25570 "-" "Mozilla/5.0 AppleWebKit/537.36 (KHTML, like Gecko; compatible; ClaudeBot/1.0; +claudebot@anthropic.com)"
216.73.217.53 - - [27/Aug/2026:01:48:06 -0700] "GET /2026/08/27/pirates-charm-totally-free-pokies-game-away-from-casino-ignition-100-free-spins-quickspin-that-have-limitless-loans/ HTTP/2.0" 200 24903 "-" "Mozilla/5.0 AppleWebKit/537.36 (KHTML, like Gecko; compatible; ClaudeBot/1.0; +claudebot@anthropic.com)"
66.249.74.193 - - [27/Aug/2026:01:48:08 -0700] "GET /?m=78207985597 HTTP/1.1" 200 63272 "-" "Mozilla/5.0 (Linux; Android 6.0.1; Nexus 5X Build/MMB29P) AppleWebKit/537.36 (KHTML, like Gecko) Chrome/151.0.7922.173 Mobile Safari/537.36 (compatible; GoogleOther)"
216.73.217.53 - - [27/Aug/2026:01:48:09 -0700] "GET /2026/08/27/finest-free-spins-no-deposit-incentives-to-possess-2026-winnings-real-cash/ HTTP/2.0" 200 25417 "-" "Mozilla/5.0 AppleWebKit/537.36 (KHTML, like Gecko; compatible; ClaudeBot/1.0; +claudebot@anthropic.com)"
66.249.74.193 - - [27/Aug/2026:01:48:11 -0700] "GET /?m=6382712208 HTTP/1.1" 200 57636 "-" "Mozilla/5.0 (Linux; Android 6.0.1; Nexus 5X Build/MMB29P) AppleWebKit/537.36 (KHTML, like Gecko) Chrome/151.0.7922.173 Mobile Safari/537.36 (compatible; GoogleOther)"
75.119.195.61 - - [27/Aug/2026:01:48:14 -0700] "POST /wp-cron.php?doing_wp_cron=1787820494.2551729679107666015625 HTTP/1.1" 200 6592 "-" "WordPress/7.1; https://www.ablogformylove.com"
5.58.166.118 - - [27/Aug/2026:01:48:14 -0700] "POST /xmlrpc.php HTTP/1.1" 200 5046 "-" "Mozilla/5.0 (X11; Ubuntu; Linux x86_64; rv:136.0) Gecko/20100101 Firefox/136.0"
66.249.74.193 - - [27/Aug/2026:01:48:15 -0700] "GET /?m=81028553970 HTTP/1.1" 200 58570 "-" "Mozilla/5.0 (Linux; Android 6.0.1; Nexus 5X Build/MMB29P) AppleWebKit/537.36 (KHTML, like Gecko) Chrome/151.0.7922.173 Mobile Safari/537.36 (compatible; GoogleOther)"
5.58.166.118 - - [27/Aug/2026:01:48:17 -0700] "POST /xmlrpc.php HTTP/1.1" 200 4691 "-" "Mozilla/5.0 (X11; Linux x86_64) AppleWebKit/537.36 (KHTML, like Gecko) Chrome/134.0.0.0 Safari/537.36"
66.249.74.192 - - [27/Aug/2026:01:48:18 -0700] "GET /ajax/productdeliverycalendar/?sku=54493920544&offset= HTTP/1.1" 200 63741 "-" "Mozilla/5.0 (Linux; Android 6.0.1; Nexus 5X Build/MMB29P) AppleWebKit/537.36 (KHTML, like Gecko) Chrome/151.0.7922.173 Mobile Safari/537.36 (compatible; GoogleOther)"
5.58.166.118 - - [27/Aug/2026:01:48:19 -0700] "GET /2026/08/27/slots-e-mais-pagam-veja-quejando-jogo-e-mais-honorario-acercade-2026/ HTTP/1.1" 200 25159 "-" "Mozilla/5.0 (Windows NT 10.0; Win64; x64) AppleWebKit/537.36 (KHTML, like Gecko) Chrome/132.0.0.0 Safari/537.36 OPR/117.0.0.0"
66.249.74.192 - - [27/Aug/2026:01:48:22 -0700] "GET /?m=67591534641 HTTP/1.1" 200 58417 "-" "Mozilla/5.0 (Linux; Android 6.0.1; Nexus 5X Build/MMB29P) AppleWebKit/537.36 (KHTML, like Gecko) Chrome/151.0.7922.173 Mobile Safari/537.36 (compatible; GoogleOther)"
66.249.74.193 - - [27/Aug/2026:01:48:25 -0700] "GET /?m=58561254151 HTTP/1.1" 200 63160 "-" "Mozilla/5.0 (Linux; Android 6.0.1; Nexus 5X Build/MMB29P) AppleWebKit/537.36 (KHTML, like Gecko) Chrome/151.0.7922.173 Mobile Safari/537.36 (compatible; GoogleOther)"
66.249.74.193 - - [27/Aug/2026:01:48:28 -0700] "GET /?m=47850332845 HTTP/1.1" 200 63377 "-" "Mozilla/5.0 (Linux; Android 6.0.1; Nexus 5X Build/MMB29P) AppleWebKit/537.36 (KHTML, like Gecko) Chrome/151.0.7922.173 Mobile Safari/537.36 (compatible; Googlebot/2.1; +http://www.google.com/bot.html)"
66.249.74.193 - - [27/Aug/2026:01:48:28 -0700] "GET /?m=55014798189 HTTP/1.1" 200 59535 "-" "Mozilla/5.0 (Linux; Android 6.0.1; Nexus 5X Build/MMB29P) AppleWebKit/537.36 (KHTML, like Gecko) Chrome/151.0.7922.173 Mobile Safari/537.36 (compatible; Googlebot/2.1; +http://www.google.com/bot.html)"
66.249.74.193 - - [27/Aug/2026:01:48:29 -0700] "GET /ajax/productstorestocklist/?sku=60633723028&lat= HTTP/1.1" 200 59465 "-" "Mozilla/5.0 (Linux; Android 6.0.1; Nexus 5X Build/MMB29P) AppleWebKit/537.36 (KHTML, like Gecko) Chrome/151.0.7922.173 Mobile Safari/537.36 (compatible; GoogleOther)"
66.249.74.193 - - [27/Aug/2026:01:48:32 -0700] "GET /?m=68787260931 HTTP/1.1" 200 58409 "-" "Mozilla/5.0 (Linux; Android 6.0.1; Nexus 5X Build/MMB29P) AppleWebKit/537.36 (KHTML, like Gecko) Chrome/151.0.7922.173 Mobile Safari/537.36 (compatible; GoogleOther)"
216.73.217.53 - - [27/Aug/2026:01:48:33 -0700] "GET /2026/08/27/fifty-totally-palace-of-chance-100-no-deposit-free-spins-2024-free-revolves-no-deposit-2026-greatest-now-offers/ HTTP/2.0" 200 23801 "-" "Mozilla/5.0 AppleWebKit/537.36 (KHTML, like Gecko; compatible; ClaudeBot/1.0; +claudebot@anthropic.com)"
216.73.217.53 - - [27/Aug/2026:01:48:34 -0700] "GET /2026/08/27/no-deposit-100-island-eyes-1-deposit-percent-free-revolves-to-own-pretty-cat-by-online-game-around-the-world/ HTTP/2.0" 200 24787 "-" "Mozilla/5.0 AppleWebKit/537.36 (KHTML, like Gecko; compatible; ClaudeBot/1.0; +claudebot@anthropic.com)"
